[INFO] fetching crate dsfb-battery 0.1.0...
[INFO] testing dsfb-battery-0.1.0 against 1.99.0-beta.8+cargoflags=--release for beta-release-1.100-2
[INFO] extracting crate dsfb-battery 0.1.0 into /workspace/builds/worker-2-tc1/source
[INFO] started tweaking crates.io crate dsfb-battery 0.1.0
[INFO] finished tweaking crates.io crate dsfb-battery 0.1.0
[INFO] tweaked toml for crates.io crate dsfb-battery 0.1.0 written to /workspace/builds/worker-2-tc1/source/Cargo.toml
[INFO] validating manifest of crates.io crate dsfb-battery 0.1.0 on toolchain 1.99.0-beta.8
[INFO] running `Command { std: CARGO_HOME="/workspace/cargo-home" RUSTUP_HOME="/workspace/rustup-home" "/workspace/cargo-home/bin/cargo" "+1.99.0-beta.8" "metadata" "--manifest-path" "Cargo.toml" "--no-deps", kill_on_drop: false }`
[INFO] crate crates.io crate dsfb-battery 0.1.0 already has a lockfile, it will not be regenerated
[INFO] running `Command { std: CARGO_HOME="/workspace/cargo-home" RUSTUP_HOME="/workspace/rustup-home" "/workspace/cargo-home/bin/cargo" "+1.99.0-beta.8" "fetch" "--manifest-path" "Cargo.toml", kill_on_drop: false }`
[INFO] [stderr]  Downloading crates ...
[INFO] [stderr]   Downloaded wasm-bindgen-macro v0.2.115
[INFO] [stderr]   Downloaded wasm-bindgen-shared v0.2.115
[INFO] [stderr]   Downloaded wasm-bindgen-macro-support v0.2.115
[INFO] [stderr]   Downloaded wasm-bindgen v0.2.115
[INFO] [stderr]   Downloaded clap_derive v4.5.18
[INFO] [stderr]   Downloaded clap v4.5.23
[INFO] [stderr]   Downloaded js-sys v0.3.92
[INFO] [stderr]   Downloaded cc v1.2.58
[INFO] [stderr]   Downloaded clap_builder v4.5.23
[INFO] [stderr]   Downloaded web-sys v0.3.92
[INFO] running `Command { std: "docker" "create" "-v" "/var/lib/crater-agent-workspace/builds/worker-2-tc1/source:/opt/rustwide/workdir:ro,Z" "-v" "/var/lib/crater-agent-workspace/builds/worker-2-tc1/target:/opt/rustwide/target:rw,Z" "-v" "/var/lib/crater-agent-workspace/cargo-home:/opt/rustwide/cargo-home:ro,Z" "-v" "/var/lib/crater-agent-workspace/rustup-home:/opt/rustwide/rustup-home:ro,Z" "-m" "1610612736" "--network" "none" "ghcr.io/rust-lang/crates-build-env/linux@sha256:77db811e55d90add9212f6832c23229e3de5f1c1f9905e8cb07319ea15df73ac" "sleep" "infinity", kill_on_drop: false }`
[INFO] [stdout] ed277a143ae96eb25c0614af74e1ad2cee57a18e06f88be3f20025dc1711ffc3
[INFO] running `Command { std: "docker" "start" "ed277a143ae96eb25c0614af74e1ad2cee57a18e06f88be3f20025dc1711ffc3", kill_on_drop: false }`
[INFO] running `Command { std: "docker" "inspect" "ed277a143ae96eb25c0614af74e1ad2cee57a18e06f88be3f20025dc1711ffc3", kill_on_drop: false }`
[INFO] running `Command { std: "docker" "exec" "-e" "SOURCE_DIR=/opt/rustwide/workdir" "-e" "CARGO_HOME=/opt/rustwide/cargo-home" "-e" "RUSTUP_HOME=/opt/rustwide/rustup-home" "-e" "CARGO_TARGET_DIR=/opt/rustwide/target" "-w" "/opt/rustwide/workdir" "--user" "0:0" "ed277a143ae96eb25c0614af74e1ad2cee57a18e06f88be3f20025dc1711ffc3" "/opt/rustwide/cargo-home/bin/cargo" "+1.99.0-beta.8" "metadata" "--no-deps" "--format-version=1", kill_on_drop: false }`
[INFO] running `Command { std: "docker" "inspect" "ed277a143ae96eb25c0614af74e1ad2cee57a18e06f88be3f20025dc1711ffc3", kill_on_drop: false }`
[INFO] running `Command { std: "docker" "exec" "-e" "SOURCE_DIR=/opt/rustwide/workdir" "-e" "CARGO_HOME=/opt/rustwide/cargo-home" "-e" "RUSTUP_HOME=/opt/rustwide/rustup-home" "-e" "CARGO_TARGET_DIR=/opt/rustwide/target" "-e" "CARGO_INCREMENTAL=0" "-e" "RUST_BACKTRACE=full" "-e" "RUSTFLAGS=--cap-lints=warn" "-e" "RUSTDOCFLAGS=--cap-lints=warn" "-w" "/opt/rustwide/workdir" "--user" "0:0" "ed277a143ae96eb25c0614af74e1ad2cee57a18e06f88be3f20025dc1711ffc3" "/opt/rustwide/cargo-home/bin/cargo" "+1.99.0-beta.8" "build" "--frozen" "--message-format=json" "--release", kill_on_drop: false }`
[INFO] [stderr]    Compiling typenum v1.19.0
[INFO] [stderr]    Compiling serde_core v1.0.228
[INFO] [stderr]    Compiling simd-adler32 v0.3.9
[INFO] [stderr]    Compiling generic-array v0.14.7
[INFO] [stderr]    Compiling num-traits v0.2.19
[INFO] [stderr]    Compiling anstyle-parse v0.2.7
[INFO] [stderr]    Compiling clap_lex v0.7.7
[INFO] [stderr]    Compiling serde_json v1.0.149
[INFO] [stderr]    Compiling plotters-backend v0.3.7
[INFO] [stderr]    Compiling log v0.4.29
[INFO] [stderr]    Compiling bumpalo v3.20.2
[INFO] [stderr]    Compiling serde v1.0.228
[INFO] [stderr]    Compiling zip v2.4.2
[INFO] [stderr]    Compiling hashbrown v0.16.1
[INFO] [stderr]    Compiling thiserror-impl v2.0.18
[INFO] [stderr]    Compiling clap_derive v4.5.18
[INFO] [stderr]    Compiling serde_derive v1.0.228
[INFO] [stderr]    Compiling displaydoc v0.2.5
[INFO] [stderr]    Compiling csv-core v0.1.13
[INFO] [stderr]    Compiling iana-time-zone v0.1.65
[INFO] [stderr]    Compiling miniz_oxide v0.8.9
[INFO] [stderr]    Compiling anstream v0.6.21
[INFO] [stderr]    Compiling zopfli v0.8.3
[INFO] [stderr]    Compiling plotters-svg v0.3.7
[INFO] [stderr]    Compiling clap_builder v4.5.23
[INFO] [stderr]    Compiling cpufeatures v0.2.17
[INFO] [stderr]    Compiling static_assertions v1.1.0
[INFO] [stderr]    Compiling flate2 v1.1.9
[INFO] [stderr]    Compiling indexmap v2.13.0
[INFO] [stderr]    Compiling crypto-common v0.1.7
[INFO] [stderr]    Compiling block-buffer v0.10.4
[INFO] [stderr]    Compiling thiserror v2.0.18
[INFO] [stderr]    Compiling plotters v0.3.7
[INFO] [stderr]    Compiling chrono v0.4.44
[INFO] [stderr]    Compiling digest v0.10.7
[INFO] [stderr]    Compiling sha2 v0.10.9
[INFO] [stderr]    Compiling csv v1.4.0
[INFO] [stderr]    Compiling clap v4.5.23
[INFO] [stderr]    Compiling dsfb-battery v0.1.0 (/opt/rustwide/workdir)
[INFO] [stderr]     Finished `release` profile [optimized] target(s) in 52.91s
[INFO] running `Command { std: "docker" "inspect" "ed277a143ae96eb25c0614af74e1ad2cee57a18e06f88be3f20025dc1711ffc3", kill_on_drop: false }`
[INFO] running `Command { std: "docker" "exec" "-e" "SOURCE_DIR=/opt/rustwide/workdir" "-e" "CARGO_HOME=/opt/rustwide/cargo-home" "-e" "RUSTUP_HOME=/opt/rustwide/rustup-home" "-e" "CARGO_TARGET_DIR=/opt/rustwide/target" "-e" "CARGO_INCREMENTAL=0" "-e" "RUST_BACKTRACE=full" "-e" "RUSTFLAGS=--cap-lints=warn" "-e" "RUSTDOCFLAGS=--cap-lints=warn" "-w" "/opt/rustwide/workdir" "--user" "0:0" "ed277a143ae96eb25c0614af74e1ad2cee57a18e06f88be3f20025dc1711ffc3" "/opt/rustwide/cargo-home/bin/cargo" "+1.99.0-beta.8" "test" "--frozen" "--no-run" "--message-format=json" "--release", kill_on_drop: false }`
[INFO] [stderr]    Compiling dsfb-battery v0.1.0 (/opt/rustwide/workdir)
[INFO] [stderr]     Finished `release` profile [optimized] target(s) in 19.07s
[INFO] running `Command { std: "docker" "inspect" "ed277a143ae96eb25c0614af74e1ad2cee57a18e06f88be3f20025dc1711ffc3", kill_on_drop: false }`
[INFO] running `Command { std: "docker" "exec" "-e" "SOURCE_DIR=/opt/rustwide/workdir" "-e" "CARGO_HOME=/opt/rustwide/cargo-home" "-e" "RUSTUP_HOME=/opt/rustwide/rustup-home" "-e" "CARGO_TARGET_DIR=/opt/rustwide/target" "-e" "CARGO_INCREMENTAL=0" "-e" "RUST_BACKTRACE=full" "-e" "RUSTFLAGS=--cap-lints=warn" "-e" "RUSTDOCFLAGS=--cap-lints=warn" "-w" "/opt/rustwide/workdir" "--user" "0:0" "ed277a143ae96eb25c0614af74e1ad2cee57a18e06f88be3f20025dc1711ffc3" "/opt/rustwide/cargo-home/bin/cargo" "+1.99.0-beta.8" "test" "--frozen" "--release", kill_on_drop: false }`
[INFO] [stderr]     Finished `release` profile [optimized] target(s) in 0.13s
[INFO] [stderr]      Running unittests src/lib.rs (/opt/rustwide/target/release/deps/dsfb_battery-cba4190751fcbfb8)
[INFO] [stdout] 
[INFO] [stdout] running 56 tests
[INFO] [stdout] test ablation::tests::ablation_workflow_writes_only_to_its_output_directory ... ok
[INFO] [stdout] test addendum::tests::tri_state_mapping_matches_declared_colors ... ok
[INFO] [stdout] test audit::tests::audit_trace_context_can_override_cell_metadata ... ok
[INFO] [stdout] test compliance::tests::resolve_compliance_output_dir_defaults_to_timestamped_directory ... ok
[INFO] [stdout] test complexity::tests::complexity_report_mentions_batch_vs_update_shape ... ok
[INFO] [stdout] test addendum::tests::resolve_addendum_output_dir_defaults_to_timestamped_directory ... ok
[INFO] [stdout] test audit::tests::audit_trace_records_return_to_admissible_transitions ... ok
[INFO] [stdout] test detection::tests::test_invalid_stream_samples_are_suppressed_and_can_resume ... ok
[INFO] [stdout] test detection::tests::test_pipeline_runs_on_constant_data ... ok
[INFO] [stdout] test detection::tests::test_pipeline_runs_on_slightly_noisy_data ... ok
[INFO] [stdout] test audit::tests::audit_trace_emits_invalid_stream_gap_and_suppresses_classification ... ok
[INFO] [stdout] test audit::tests::audit_trace_contract_serializes_expected_structure ... ok
[INFO] [stdout] test export::tests::audit_trace_export_sets_expected_artifact_type ... ok
[INFO] [stdout] test ffi::tests::ffi_capacity_summary_runs ... ok
[INFO] [stdout] test ffi::tests::ffi_state_eval_returns_boundary_code ... ok
[INFO] [stdout] test heuristics::tests::heuristics_bank_verification_passes_for_tracked_bank ... ok
[INFO] [stdout] test ffi::tests::ffi_step_status_returns_color_and_reason ... ok
[INFO] [stdout] test integration::tests::knee_onset_narrative_emits_when_persistence_confirms ... ok
[INFO] [stdout] test math::tests::test_compute_drift_telescoping ... ok
[INFO] [stdout] test compliance::tests::unique_named_output_dir_avoids_overwrite ... ok
[INFO] [stdout] test export::tests::stage2_detection_results_emission_still_succeeds ... ok
[INFO] [stdout] test detection::tests::test_detect_threshold_alarm ... ok
[INFO] [stdout] test heuristics::tests::production_figure_filenames_remain_unchanged_for_heuristics_helper ... ok
[INFO] [stdout] test math::tests::test_compute_envelope_basic ... ok
[INFO] [stdout] test heuristics::tests::heuristics_bank_workflow_writes_only_to_its_output_directory ... FAILED
[INFO] [stdout] test math::tests::test_theorem1_bound ... ok
[INFO] [stdout] test math::tests::test_compute_residual ... ok
[INFO] [stdout] test addendum::tests::tamper_evident_trace_detects_mutation ... ok
[INFO] [stdout] test math::tests::test_theorem1_rejects_non_positive_net_drift ... ok
[INFO] [stdout] test integration::tests::integration_summary_writes_outside_production_paths ... ok
[INFO] [stdout] test integration::tests::external_residual_mode_evaluates_sequence ... ok
[INFO] [stdout] test compliance::tests::compliance_workflow_writes_only_to_its_output_directory ... ok
[INFO] [stdout] test heuristics::tests::nasa_heuristics_bank_verification_passes_for_tracked_bank ... ok
[INFO] [stdout] test resource_trace::tests::resource_trace_output_dir_uses_isolated_root ... ok
[INFO] [stdout] test output_paths::tests::helper_output_preserves_explicit_override ... ok
[INFO] [stdout] test output_paths::tests::helper_output_defaults_to_timestamped_nested_directory ... ok
[INFO] [stdout] test resource_trace::tests::window_integrity_holds_for_default_config ... ok
[INFO] [stdout] test sbir_demo::tests::sbir_output_defaults_to_isolated_root ... ok
[INFO] [stdout] test resource_trace::tests::resource_trace_workflow_writes_only_to_its_output_directory ... FAILED
[INFO] [stdout] test sbir_demo::tests::cargo_manifest_retains_existing_bins_and_staticlib ... ok
[INFO] [stdout] test sbir_demo::tests::docs_and_readme_keep_conservative_language ... ok
[INFO] [stdout] test resource_trace::tests::resource_trace_hash_round_trips ... FAILED
[INFO] [stdout] test sbir_demo::tests::sbir_demo_refuses_to_overwrite_non_empty_directory ... ok
[INFO] [stdout] test noise_robustness::tests::noise_workflow_writes_only_to_its_output_directory ... ok
[INFO] [stdout] test sensitivity::tests::sensitivity_workflow_writes_only_to_its_output_directory ... ok
[INFO] [stdout] test sbir_demo::tests::sbir_output_treats_single_component_override_as_bundle_name ... ok
[INFO] [stdout] test sota::tests::sota_workflow_writes_only_to_its_output_directory ... ok
[INFO] [stdout] test detection::tests::test_detect_eol ... ok
[INFO] [stdout] test heuristics::tests::retrieval_is_deterministic_for_b0007 ... FAILED
[INFO] [stdout] test addendum::tests::addendum_workflow_writes_only_to_its_output_directory ... ok
[INFO] [stdout] test compliance::tests::misra_report_mentions_unsafe_and_alloc_findings ... ok
[INFO] [stdout] test multicell::tests::production_figure_filenames_remain_unchanged ... ok
[INFO] [stdout] test multicell::tests::multicell_workflow_writes_only_to_its_output_directory ... ok
[INFO] [stdout] test sbir_demo::tests::sha256_manifest_covers_manifest_and_reviewer_summary ... ok
[INFO] [stdout] test sbir_demo::tests::sbir_demo_default_bundle_keeps_optional_outputs_opt_in ... ok
[INFO] [stdout] test sbir_demo::tests::sbir_demo_optional_bundle_generates_multicell_and_resource_trace_outputs ... ok
[INFO] [stdout] 
[INFO] [stdout] failures:
[INFO] [stdout] 
[INFO] [stdout] ---- heuristics::tests::heuristics_bank_workflow_writes_only_to_its_output_directory stdout ----
[INFO] [stdout] 
[INFO] [stdout] thread 'heuristics::tests::heuristics_bank_workflow_writes_only_to_its_output_directory' (1797) panicked at src/heuristics.rs:1216:18:
[INFO] [stdout] called `Result::unwrap()` on an `Err` value: NoCellData("/opt/rustwide/workdir/data")
[INFO] [stdout] stack backtrace:
[INFO] [stdout]    0:     0x5d12d9ab74a1 - <<std[70759c8f55707aa4]::sys::backtrace::BacktraceLock>::print::DisplayBacktrace as core[df12db4294e9bfd3]::fmt::Display>::fmt
[INFO] [stdout]    1:     0x5d12d9ace91a - core[df12db4294e9bfd3]::fmt::write
[INFO] [stdout]    2:     0x5d12d9abbcdc - <alloc[2182bb758b4b3781]::vec::Vec<u8> as core[df12db4294e9bfd3]::io::write::Write>::write_fmt
[INFO] [stdout]    3:     0x5d12d9a90196 - std[70759c8f55707aa4]::panicking::default_hook::{closure#0}
[INFO] [stdout]    4:     0x5d12d9aadb89 - std[70759c8f55707aa4]::panicking::default_hook
[INFO] [stdout]    5:     0x5d12d9a30c90 - test[9d35eded1c95d3be]::test_main_inner::<test[9d35eded1c95d3be]::test_main_static::{closure#0}>::{closure#0}
[INFO] [stdout]    6:     0x5d12d9aadd42 - std[70759c8f55707aa4]::panicking::panic_with_hook
[INFO] [stdout]    7:     0x5d12d9a90242 - std[70759c8f55707aa4]::panicking::panic_handler::{closure#0}
[INFO] [stdout]    8:     0x5d12d9a88c49 - std[70759c8f55707aa4]::sys::backtrace::__rust_end_short_backtrace::<std[70759c8f55707aa4]::panicking::panic_handler::{closure#0}, !>
[INFO] [stdout]    9:     0x5d12d9a90e3d - __rustc[8fa7c3cbc660c2b3]::rust_begin_unwind
[INFO] [stdout]   10:     0x5d12d9acf07c - core[df12db4294e9bfd3]::panicking::panic_fmt
[INFO] [stdout]   11:     0x5d12d9acee52 - core[df12db4294e9bfd3]::result::unwrap_failed
[INFO] [stdout]   12:     0x5d12d998adc9 - dsfb_battery[2458fcdac37d3678]::heuristics::tests::heuristics_bank_workflow_writes_only_to_its_output_directory
[INFO] [stdout]   13:     0x5d12d99ada89 - <dsfb_battery[2458fcdac37d3678]::heuristics::tests::heuristics_bank_workflow_writes_only_to_its_output_directory::{closure#0} as core[df12db4294e9bfd3]::ops::function::FnOnce<()>>::call_once
[INFO] [stdout]   14:     0x5d12d9a23f7b - test[9d35eded1c95d3be]::__rust_begin_short_backtrace::<core[df12db4294e9bfd3]::result::Result<(), alloc[2182bb758b4b3781]::string::String>, fn() -> core[df12db4294e9bfd3]::result::Result<(), alloc[2182bb758b4b3781]::string::String>>
[INFO] [stdout]   15:     0x5d12d9a315e5 - test[9d35eded1c95d3be]::run_test::{closure#0}
[INFO] [stdout]   16:     0x5d12d9a2aea4 - std[70759c8f55707aa4]::sys::backtrace::__rust_begin_short_backtrace::<test[9d35eded1c95d3be]::run_test::{closure#1}, ()>
[INFO] [stdout]   17:     0x5d12d9a34742 - <std[70759c8f55707aa4]::thread::lifecycle::spawn_unchecked<test[9d35eded1c95d3be]::run_test::{closure#1}, ()>::{closure#1} as core[df12db4294e9bfd3]::ops::function::FnOnce<()>>::call_once::{shim:vtable#0}
[INFO] [stdout]   18:     0x5d12d9ab6439 - <std[70759c8f55707aa4]::sys::thread::unix::Thread>::new::thread_start
[INFO] [stdout]   19:     0x7abb75391dfa - <unknown>
[INFO] [stdout]   20:     0x7abb754253d4 - clone
[INFO] [stdout]   21:                0x0 - <unknown>
[INFO] [stdout] 
[INFO] [stdout] ---- resource_trace::tests::resource_trace_workflow_writes_only_to_its_output_directory stdout ----
[INFO] [stdout] 
[INFO] [stdout] thread 'resource_trace::tests::resource_trace_workflow_writes_only_to_its_output_directory' (1816) panicked at src/resource_trace.rs:867:10:
[INFO] [stdout] called `Result::unwrap()` on an `Err` value: Error(Io(Os { code: 2, kind: NotFound, message: "No such file or directory" }))
[INFO] [stdout] stack backtrace:
[INFO] [stdout]    0:     0x5d12d9ab74a1 - <<std[70759c8f55707aa4]::sys::backtrace::BacktraceLock>::print::DisplayBacktrace as core[df12db4294e9bfd3]::fmt::Display>::fmt
[INFO] [stdout]    1:     0x5d12d9ace91a - core[df12db4294e9bfd3]::fmt::write
[INFO] [stdout]    2:     0x5d12d9abbcdc - <alloc[2182bb758b4b3781]::vec::Vec<u8> as core[df12db4294e9bfd3]::io::write::Write>::write_fmt
[INFO] [stdout]    3:     0x5d12d9a90196 - std[70759c8f55707aa4]::panicking::default_hook::{closure#0}
[INFO] [stdout]    4:     0x5d12d9aadb89 - std[70759c8f55707aa4]::panicking::default_hook
[INFO] [stdout]    5:     0x5d12d9a30c90 - test[9d35eded1c95d3be]::test_main_inner::<test[9d35eded1c95d3be]::test_main_static::{closure#0}>::{closure#0}
[INFO] [stdout]    6:     0x5d12d9aadd42 - std[70759c8f55707aa4]::panicking::panic_with_hook
[INFO] [stdout]    7:     0x5d12d9a90242 - std[70759c8f55707aa4]::panicking::panic_handler::{closure#0}
[INFO] [stdout]    8:     0x5d12d9a88c49 - std[70759c8f55707aa4]::sys::backtrace::__rust_end_short_backtrace::<std[70759c8f55707aa4]::panicking::panic_handler::{closure#0}, !>
[INFO] [stdout]    9:     0x5d12d9a90e3d - __rustc[8fa7c3cbc660c2b3]::rust_begin_unwind
[INFO] [stdout]   10:     0x5d12d9acf07c - core[df12db4294e9bfd3]::panicking::panic_fmt
[INFO] [stdout]   11:     0x5d12d9acee52 - core[df12db4294e9bfd3]::result::unwrap_failed
[INFO] [stdout]   12:     0x5d12d998c620 - dsfb_battery[2458fcdac37d3678]::resource_trace::tests::resource_trace_workflow_writes_only_to_its_output_directory
[INFO] [stdout]   13:     0x5d12d99adbd9 - <dsfb_battery[2458fcdac37d3678]::resource_trace::tests::resource_trace_workflow_writes_only_to_its_output_directory::{closure#0} as core[df12db4294e9bfd3]::ops::function::FnOnce<()>>::call_once
[INFO] [stdout]   14:     0x5d12d9a23f7b - test[9d35eded1c95d3be]::__rust_begin_short_backtrace::<core[df12db4294e9bfd3]::result::Result<(), alloc[2182bb758b4b3781]::string::String>, fn() -> core[df12db4294e9bfd3]::result::Result<(), alloc[2182bb758b4b3781]::string::String>>
[INFO] [stdout]   15:     0x5d12d9a315e5 - test[9d35eded1c95d3be]::run_test::{closure#0}
[INFO] [stdout]   16:     0x5d12d9a2aea4 - std[70759c8f55707aa4]::sys::backtrace::__rust_begin_short_backtrace::<test[9d35eded1c95d3be]::run_test::{closure#1}, ()>
[INFO] [stdout]   17:     0x5d12d9a34742 - <std[70759c8f55707aa4]::thread::lifecycle::spawn_unchecked<test[9d35eded1c95d3be]::run_test::{closure#1}, ()>::{closure#1} as core[df12db4294e9bfd3]::ops::function::FnOnce<()>>::call_once::{shim:vtable#0}
[INFO] [stdout]   18:     0x5d12d9ab6439 - <std[70759c8f55707aa4]::sys::thread::unix::Thread>::new::thread_start
[INFO] [stdout]   19:     0x7abb75391dfa - <unknown>
[INFO] [stdout]   20:     0x7abb754253d4 - clone
[INFO] [stdout]   21:                0x0 - <unknown>
[INFO] [stdout] 
[INFO] [stdout] ---- resource_trace::tests::resource_trace_hash_round_trips stdout ----
[INFO] [stdout] 
[INFO] [stdout] thread 'resource_trace::tests::resource_trace_hash_round_trips' (1814) panicked at src/resource_trace.rs:851:10:
[INFO] [stdout] called `Result::unwrap()` on an `Err` value: Error(Io(Os { code: 2, kind: NotFound, message: "No such file or directory" }))
[INFO] [stdout] stack backtrace:
[INFO] [stdout]    0:     0x5d12d9ab74a1 - <<std[70759c8f55707aa4]::sys::backtrace::BacktraceLock>::print::DisplayBacktrace as core[df12db4294e9bfd3]::fmt::Display>::fmt
[INFO] [stdout]    1:     0x5d12d9ace91a - core[df12db4294e9bfd3]::fmt::write
[INFO] [stdout]    2:     0x5d12d9abbcdc - <alloc[2182bb758b4b3781]::vec::Vec<u8> as core[df12db4294e9bfd3]::io::write::Write>::write_fmt
[INFO] [stdout]    3:     0x5d12d9a90196 - std[70759c8f55707aa4]::panicking::default_hook::{closure#0}
[INFO] [stdout]    4:     0x5d12d9aadb89 - std[70759c8f55707aa4]::panicking::default_hook
[INFO] [stdout]    5:     0x5d12d9a30c90 - test[9d35eded1c95d3be]::test_main_inner::<test[9d35eded1c95d3be]::test_main_static::{closure#0}>::{closure#0}
[INFO] [stdout]    6:     0x5d12d9aadd42 - std[70759c8f55707aa4]::panicking::panic_with_hook
[INFO] [stdout]    7:     0x5d12d9a90242 - std[70759c8f55707aa4]::panicking::panic_handler::{closure#0}
[INFO] [stdout]    8:     0x5d12d9a88c49 - std[70759c8f55707aa4]::sys::backtrace::__rust_end_short_backtrace::<std[70759c8f55707aa4]::panicking::panic_handler::{closure#0}, !>
[INFO] [stdout]    9:     0x5d12d9a90e3d - __rustc[8fa7c3cbc660c2b3]::rust_begin_unwind
[INFO] [stdout]   10:     0x5d12d9acf07c - core[df12db4294e9bfd3]::panicking::panic_fmt
[INFO] [stdout]   11:     0x5d12d9acee52 - core[df12db4294e9bfd3]::result::unwrap_failed
[INFO] [stdout]   12:     0x5d12d998ba49 - dsfb_battery[2458fcdac37d3678]::resource_trace::tests::resource_trace_hash_round_trips
[INFO] [stdout]   13:     0x5d12d99adb89 - <dsfb_battery[2458fcdac37d3678]::resource_trace::tests::resource_trace_hash_round_trips::{closure#0} as core[df12db4294e9bfd3]::ops::function::FnOnce<()>>::call_once
[INFO] [stdout]   14:     0x5d12d9a23f7b - test[9d35eded1c95d3be]::__rust_begin_short_backtrace::<core[df12db4294e9bfd3]::result::Result<(), alloc[2182bb758b4b3781]::string::String>, fn() -> core[df12db4294e9bfd3]::result::Result<(), alloc[2182bb758b4b3781]::string::String>>
[INFO] [stdout]   15:     0x5d12d9a315e5 - test[9d35eded1c95d3be]::run_test::{closure#0}
[INFO] [stdout]   16:     0x5d12d9a2aea4 - std[70759c8f55707aa4]::sys::backtrace::__rust_begin_short_backtrace::<test[9d35eded1c95d3be]::run_test::{closure#1}, ()>
[INFO] [stdout]   17:     0x5d12d9a34742 - <std[70759c8f55707aa4]::thread::lifecycle::spawn_unchecked<test[9d35eded1c95d3be]::run_test::{closure#1}, ()>::{closure#1} as core[df12db4294e9bfd3]::ops::function::FnOnce<()>>::call_once::{shim:vtable#0}
[INFO] [stdout]   18:     0x5d12d9ab6439 - <std[70759c8f55707aa4]::sys::thread::unix::Thread>::new::thread_start
[INFO] [stdout]   19:     0x7abb75391dfa - <unknown>
[INFO] [stdout]   20:     0x7abb754253d4 - clone
[INFO] [stdout]   21:                0x0 - <unknown>
[INFO] [stdout] 
[INFO] [stdout] ---- heuristics::tests::retrieval_is_deterministic_for_b0007 stdout ----
[INFO] [stdout] 
[INFO] [stdout] thread 'heuristics::tests::retrieval_is_deterministic_for_b0007' (1800) panicked at src/heuristics.rs:1186:54:
[INFO] [stdout] called `Result::unwrap()` on an `Err` value: Error(Io(Os { code: 2, kind: NotFound, message: "No such file or directory" }))
[INFO] [stdout] stack backtrace:
[INFO] [stdout]    0:     0x5d12d9ab74a1 - <<std[70759c8f55707aa4]::sys::backtrace::BacktraceLock>::print::DisplayBacktrace as core[df12db4294e9bfd3]::fmt::Display>::fmt
[INFO] [stdout]    1:     0x5d12d9ace91a - core[df12db4294e9bfd3]::fmt::write
[INFO] [stdout]    2:     0x5d12d9abbcdc - <alloc[2182bb758b4b3781]::vec::Vec<u8> as core[df12db4294e9bfd3]::io::write::Write>::write_fmt
[INFO] [stdout]    3:     0x5d12d9a90196 - std[70759c8f55707aa4]::panicking::default_hook::{closure#0}
[INFO] [stdout]    4:     0x5d12d9aadb89 - std[70759c8f55707aa4]::panicking::default_hook
[INFO] [stderr] error: test failed, to rerun pass `--lib`
[INFO] [stdout]    5:     0x5d12d9a30c90 - test[9d35eded1c95d3be]::test_main_inner::<test[9d35eded1c95d3be]::test_main_static::{closure#0}>::{closure#0}
[INFO] [stdout]    6:     0x5d12d9aadd42 - std[70759c8f55707aa4]::panicking::panic_with_hook
[INFO] [stdout]    7:     0x5d12d9a90242 - std[70759c8f55707aa4]::panicking::panic_handler::{closure#0}
[INFO] [stdout]    8:     0x5d12d9a88c49 - std[70759c8f55707aa4]::sys::backtrace::__rust_end_short_backtrace::<std[70759c8f55707aa4]::panicking::panic_handler::{closure#0}, !>
[INFO] [stdout]    9:     0x5d12d9a90e3d - __rustc[8fa7c3cbc660c2b3]::rust_begin_unwind
[INFO] [stdout]   10:     0x5d12d9acf07c - core[df12db4294e9bfd3]::panicking::panic_fmt
[INFO] [stdout]   11:     0x5d12d9acee52 - core[df12db4294e9bfd3]::result::unwrap_failed
[INFO] [stdout]   12:     0x5d12d9989a02 - dsfb_battery[2458fcdac37d3678]::heuristics::tests::retrieval_is_deterministic_for_b0007
[INFO] [stdout]   13:     0x5d12d99ada29 - <dsfb_battery[2458fcdac37d3678]::heuristics::tests::retrieval_is_deterministic_for_b0007::{closure#0} as core[df12db4294e9bfd3]::ops::function::FnOnce<()>>::call_once
[INFO] [stdout]   14:     0x5d12d9a23f7b - test[9d35eded1c95d3be]::__rust_begin_short_backtrace::<core[df12db4294e9bfd3]::result::Result<(), alloc[2182bb758b4b3781]::string::String>, fn() -> core[df12db4294e9bfd3]::result::Result<(), alloc[2182bb758b4b3781]::string::String>>
[INFO] [stdout]   15:     0x5d12d9a315e5 - test[9d35eded1c95d3be]::run_test::{closure#0}
[INFO] [stdout]   16:     0x5d12d9a2aea4 - std[70759c8f55707aa4]::sys::backtrace::__rust_begin_short_backtrace::<test[9d35eded1c95d3be]::run_test::{closure#1}, ()>
[INFO] [stdout]   17:     0x5d12d9a34742 - <std[70759c8f55707aa4]::thread::lifecycle::spawn_unchecked<test[9d35eded1c95d3be]::run_test::{closure#1}, ()>::{closure#1} as core[df12db4294e9bfd3]::ops::function::FnOnce<()>>::call_once::{shim:vtable#0}
[INFO] [stdout]   18:     0x5d12d9ab6439 - <std[70759c8f55707aa4]::sys::thread::unix::Thread>::new::thread_start
[INFO] [stdout]   19:     0x7abb75391dfa - <unknown>
[INFO] [stdout]   20:     0x7abb754253d4 - clone
[INFO] [stdout]   21:                0x0 - <unknown>
[INFO] [stdout] 
[INFO] [stdout] 
[INFO] [stdout] failures:
[INFO] [stdout]     heuristics::tests::heuristics_bank_workflow_writes_only_to_its_output_directory
[INFO] [stdout]     heuristics::tests::retrieval_is_deterministic_for_b0007
[INFO] [stdout]     resource_trace::tests::resource_trace_hash_round_trips
[INFO] [stdout]     resource_trace::tests::resource_trace_workflow_writes_only_to_its_output_directory
[INFO] [stdout] 
[INFO] [stdout] test result: FAILED. 52 passed; 4 failed; 0 ignored; 0 measured; 0 filtered out; finished in 0.13s
[INFO] [stdout] 
[INFO] running `Command { std: "docker" "inspect" "ed277a143ae96eb25c0614af74e1ad2cee57a18e06f88be3f20025dc1711ffc3", kill_on_drop: false }`
[INFO] running `Command { std: "docker" "rm" "-f" "ed277a143ae96eb25c0614af74e1ad2cee57a18e06f88be3f20025dc1711ffc3", kill_on_drop: false }`
[INFO] [stdout] ed277a143ae96eb25c0614af74e1ad2cee57a18e06f88be3f20025dc1711ffc3
