[INFO] fetching crate dset 0.1.12...
[INFO] testing dset-0.1.12 against 1.100.0-beta.1+cargoflags=--release for beta-release-1.100-2
[INFO] extracting crate dset 0.1.12 into /workspace/builds/worker-2-tc2/source
[INFO] started tweaking crates.io crate dset 0.1.12
[INFO] finished tweaking crates.io crate dset 0.1.12
[INFO] tweaked toml for crates.io crate dset 0.1.12 written to /workspace/builds/worker-2-tc2/source/Cargo.toml
[INFO] validating manifest of crates.io crate dset 0.1.12 on toolchain 1.100.0-beta.1
[INFO] running `Command { std: CARGO_HOME="/workspace/cargo-home" RUSTUP_HOME="/workspace/rustup-home" "/workspace/cargo-home/bin/cargo" "+1.100.0-beta.1" "metadata" "--manifest-path" "Cargo.toml" "--no-deps", kill_on_drop: false }`
[INFO] crate crates.io crate dset 0.1.12 already has a lockfile, it will not be regenerated
[INFO] running `Command { std: CARGO_HOME="/workspace/cargo-home" RUSTUP_HOME="/workspace/rustup-home" "/workspace/cargo-home/bin/cargo" "+1.100.0-beta.1" "fetch" "--manifest-path" "Cargo.toml", kill_on_drop: false }`
[INFO] [stderr] warning: `package.homepage` is redundant with `package.repository`
[INFO] [stderr]   --> Cargo.toml:61:12
[INFO] [stderr]    |
[INFO] [stderr] 61 | homepage = "https://github.com/rakki194/dset"
[INFO] [stderr]    |            ^^^^^^^^^^^^^^^^^^^^^^^^^^^^^^^^^^
[INFO] [stderr] ...
[INFO] [stderr] 65 | repository = "https://github.com/rakki194/dset"
[INFO] [stderr]    |              ----------------------------------
[INFO] [stderr]    |
[INFO] [stderr]    = note: `cargo::redundant_homepage` is set to `warn` by default
[INFO] [stderr] help: consider removing `package.homepage`
[INFO] [stderr] warning: `dset` (manifest) generated 1 warning
[INFO] running `Command { std: "docker" "create" "-v" "/var/lib/crater-agent-workspace/builds/worker-2-tc2/source:/opt/rustwide/workdir:ro,Z" "-v" "/var/lib/crater-agent-workspace/builds/worker-2-tc2/target:/opt/rustwide/target:rw,Z" "-v" "/var/lib/crater-agent-workspace/cargo-home:/opt/rustwide/cargo-home:ro,Z" "-v" "/var/lib/crater-agent-workspace/rustup-home:/opt/rustwide/rustup-home:ro,Z" "-m" "1610612736" "--network" "none" "ghcr.io/rust-lang/crates-build-env/linux@sha256:77db811e55d90add9212f6832c23229e3de5f1c1f9905e8cb07319ea15df73ac" "sleep" "infinity", kill_on_drop: false }`
[INFO] [stdout] c8eeb4bf7730427ea4783668712c361470ada8d1a8f0becb3eb1998f9073d6c4
[INFO] running `Command { std: "docker" "start" "c8eeb4bf7730427ea4783668712c361470ada8d1a8f0becb3eb1998f9073d6c4", kill_on_drop: false }`
[INFO] running `Command { std: "docker" "inspect" "c8eeb4bf7730427ea4783668712c361470ada8d1a8f0becb3eb1998f9073d6c4", kill_on_drop: false }`
[INFO] running `Command { std: "docker" "exec" "-e" "SOURCE_DIR=/opt/rustwide/workdir" "-e" "CARGO_HOME=/opt/rustwide/cargo-home" "-e" "RUSTUP_HOME=/opt/rustwide/rustup-home" "-e" "CARGO_TARGET_DIR=/opt/rustwide/target" "-w" "/opt/rustwide/workdir" "--user" "0:0" "c8eeb4bf7730427ea4783668712c361470ada8d1a8f0becb3eb1998f9073d6c4" "/opt/rustwide/cargo-home/bin/cargo" "+1.100.0-beta.1" "metadata" "--no-deps" "--format-version=1", kill_on_drop: false }`
[INFO] running `Command { std: "docker" "inspect" "c8eeb4bf7730427ea4783668712c361470ada8d1a8f0becb3eb1998f9073d6c4", kill_on_drop: false }`
[INFO] running `Command { std: "docker" "exec" "-e" "SOURCE_DIR=/opt/rustwide/workdir" "-e" "CARGO_HOME=/opt/rustwide/cargo-home" "-e" "RUSTUP_HOME=/opt/rustwide/rustup-home" "-e" "CARGO_TARGET_DIR=/opt/rustwide/target" "-e" "CARGO_INCREMENTAL=0" "-e" "RUST_BACKTRACE=full" "-e" "RUSTFLAGS=--cap-lints=warn" "-e" "RUSTDOCFLAGS=--cap-lints=warn" "-w" "/opt/rustwide/workdir" "--user" "0:0" "c8eeb4bf7730427ea4783668712c361470ada8d1a8f0becb3eb1998f9073d6c4" "/opt/rustwide/cargo-home/bin/cargo" "+1.100.0-beta.1" "build" "--frozen" "--message-format=json" "--release", kill_on_drop: false }`
[INFO] [stderr] warning: `package.homepage` is redundant with `package.repository`
[INFO] [stderr]   --> Cargo.toml:61:12
[INFO] [stderr]    |
[INFO] [stderr] 61 | homepage = "https://github.com/rakki194/dset"
[INFO] [stderr]    |            ^^^^^^^^^^^^^^^^^^^^^^^^^^^^^^^^^^
[INFO] [stderr] ...
[INFO] [stderr] 65 | repository = "https://github.com/rakki194/dset"
[INFO] [stderr]    |              ----------------------------------
[INFO] [stderr]    |
[INFO] [stderr]    = note: `cargo::redundant_homepage` is set to `warn` by default
[INFO] [stderr] help: consider removing `package.homepage`
[INFO] [stderr] warning: `dset` (manifest) generated 1 warning
[INFO] [stderr]    Compiling memchr v2.7.4
[INFO] [stderr]    Compiling libc v0.2.171
[INFO] [stderr]    Compiling regex-syntax v0.8.5
[INFO] [stderr]    Compiling parking_lot_core v0.9.10
[INFO] [stderr]    Compiling object v0.36.7
[INFO] [stderr]    Compiling smallvec v1.14.0
[INFO] [stderr]    Compiling slab v0.4.9
[INFO] [stderr]    Compiling lock_api v0.4.12
[INFO] [stderr]    Compiling gimli v0.31.1
[INFO] [stderr]    Compiling adler2 v2.0.0
[INFO] [stderr]    Compiling anyhow v1.0.97
[INFO] [stderr]    Compiling bit-vec v0.8.0
[INFO] [stderr]    Compiling syn v2.0.100
[INFO] [stderr]    Compiling rustc-demangle v0.1.24
[INFO] [stderr]    Compiling serde_json v1.0.140
[INFO] [stderr]    Compiling log v0.4.26
[INFO] [stderr]    Compiling miniz_oxide v0.8.5
[INFO] [stderr]    Compiling anstream v0.6.18
[INFO] [stderr]    Compiling bytes v1.10.1
[INFO] [stderr]    Compiling jiff v0.2.4
[INFO] [stderr]    Compiling md5 v0.7.0
[INFO] [stderr]    Compiling bit-set v0.8.0
[INFO] [stderr]    Compiling aho-corasick v1.1.3
[INFO] [stderr]    Compiling signal-hook-registry v1.4.2
[INFO] [stderr]    Compiling socket2 v0.5.8
[INFO] [stderr]    Compiling mio v1.0.3
[INFO] [stderr]    Compiling memmap2 v0.9.5
[INFO] [stderr]    Compiling parking_lot v0.12.3
[INFO] [stderr]    Compiling regex-automata v0.4.9
[INFO] [stderr]    Compiling addr2line v0.24.2
[INFO] [stderr]    Compiling futures-macro v0.3.31
[INFO] [stderr]    Compiling serde_derive v1.0.219
[INFO] [stderr]    Compiling tokio-macros v2.5.0
[INFO] [stderr]    Compiling async-trait v0.1.88
[INFO] [stderr]    Compiling tokio v1.44.1
[INFO] [stderr]    Compiling futures-util v0.3.31
[INFO] [stderr]    Compiling backtrace v0.3.74
[INFO] [stderr]    Compiling regex v1.11.1
[INFO] [stderr]    Compiling fancy-regex v0.14.0
[INFO] [stderr]    Compiling serde v1.0.219
[INFO] [stderr]    Compiling env_filter v0.1.3
[INFO] [stderr]    Compiling env_logger v0.11.7
[INFO] [stderr]    Compiling futures-executor v0.3.31
[INFO] [stderr]    Compiling futures v0.3.31
[INFO] [stderr]    Compiling xio v0.1.11
[INFO] [stderr]    Compiling safetensors v0.5.3
[INFO] [stderr]    Compiling dset v0.1.12 (/opt/rustwide/workdir)
[INFO] [stderr]     Finished `release` profile [optimized] target(s) in 1m 09s
[INFO] running `Command { std: "docker" "inspect" "c8eeb4bf7730427ea4783668712c361470ada8d1a8f0becb3eb1998f9073d6c4", kill_on_drop: false }`
[INFO] running `Command { std: "docker" "exec" "-e" "SOURCE_DIR=/opt/rustwide/workdir" "-e" "CARGO_HOME=/opt/rustwide/cargo-home" "-e" "RUSTUP_HOME=/opt/rustwide/rustup-home" "-e" "CARGO_TARGET_DIR=/opt/rustwide/target" "-e" "CARGO_INCREMENTAL=0" "-e" "RUST_BACKTRACE=full" "-e" "RUSTFLAGS=--cap-lints=warn" "-e" "RUSTDOCFLAGS=--cap-lints=warn" "-w" "/opt/rustwide/workdir" "--user" "0:0" "c8eeb4bf7730427ea4783668712c361470ada8d1a8f0becb3eb1998f9073d6c4" "/opt/rustwide/cargo-home/bin/cargo" "+1.100.0-beta.1" "test" "--frozen" "--no-run" "--message-format=json" "--release", kill_on_drop: false }`
[INFO] [stderr] warning: `package.homepage` is redundant with `package.repository`
[INFO] [stderr]   --> Cargo.toml:61:12
[INFO] [stderr]    |
[INFO] [stderr] 61 | homepage = "https://github.com/rakki194/dset"
[INFO] [stderr]    |            ^^^^^^^^^^^^^^^^^^^^^^^^^^^^^^^^^^
[INFO] [stderr] ...
[INFO] [stderr] 65 | repository = "https://github.com/rakki194/dset"
[INFO] [stderr]    |              ----------------------------------
[INFO] [stderr]    |
[INFO] [stderr]    = note: `cargo::redundant_homepage` is set to `warn` by default
[INFO] [stderr] help: consider removing `package.homepage`
[INFO] [stderr] warning: `dset` (manifest) generated 1 warning
[INFO] [stderr]    Compiling getrandom v0.3.1
[INFO] [stderr]    Compiling rustix v1.0.2
[INFO] [stderr]    Compiling linux-raw-sys v0.9.2
[INFO] [stderr]    Compiling bitflags v2.9.0
[INFO] [stderr]    Compiling fastrand v2.3.0
[INFO] [stderr]    Compiling tokio v1.44.1
[INFO] [stderr]    Compiling once_cell v1.21.1
[INFO] [stderr]    Compiling tempfile v3.19.0
[INFO] [stderr]    Compiling xio v0.1.11
[INFO] [stderr]    Compiling dset v0.1.12 (/opt/rustwide/workdir)
[INFO] [stderr]     Finished `release` profile [optimized] target(s) in 23.33s
[INFO] running `Command { std: "docker" "inspect" "c8eeb4bf7730427ea4783668712c361470ada8d1a8f0becb3eb1998f9073d6c4", kill_on_drop: false }`
[INFO] running `Command { std: "docker" "exec" "-e" "SOURCE_DIR=/opt/rustwide/workdir" "-e" "CARGO_HOME=/opt/rustwide/cargo-home" "-e" "RUSTUP_HOME=/opt/rustwide/rustup-home" "-e" "CARGO_TARGET_DIR=/opt/rustwide/target" "-e" "CARGO_INCREMENTAL=0" "-e" "RUST_BACKTRACE=full" "-e" "RUSTFLAGS=--cap-lints=warn" "-e" "RUSTDOCFLAGS=--cap-lints=warn" "-w" "/opt/rustwide/workdir" "--user" "0:0" "c8eeb4bf7730427ea4783668712c361470ada8d1a8f0becb3eb1998f9073d6c4" "/opt/rustwide/cargo-home/bin/cargo" "+1.100.0-beta.1" "test" "--frozen" "--release", kill_on_drop: false }`
[INFO] [stderr] warning: `package.homepage` is redundant with `package.repository`
[INFO] [stderr]   --> Cargo.toml:61:12
[INFO] [stderr]    |
[INFO] [stderr] 61 | homepage = "https://github.com/rakki194/dset"
[INFO] [stderr]    |            ^^^^^^^^^^^^^^^^^^^^^^^^^^^^^^^^^^
[INFO] [stderr] ...
[INFO] [stderr] 65 | repository = "https://github.com/rakki194/dset"
[INFO] [stderr]    |              ----------------------------------
[INFO] [stderr]    |
[INFO] [stderr]    = note: `cargo::redundant_homepage` is set to `warn` by default
[INFO] [stderr] help: consider removing `package.homepage`
[INFO] [stderr] warning: `dset` (manifest) generated 1 warning
[INFO] [stderr]     Finished `release` profile [optimized] target(s) in 0.09s
[INFO] [stderr]      Running unittests src/lib.rs (/opt/rustwide/target/release/build/dset/f66f95854fa5b10f/out/dset-f66f95854fa5b10f)
[INFO] [stdout] 
[INFO] [stdout] running 40 tests
[INFO] [stdout] test concat::tests::test_concat_tags_caption_handling ... ok
[INFO] [stdout] test caption::tests::test_process_file_json ... ok
[INFO] [stdout] test concat::tests::test_concat_tags_with_duplicates ... ok
[INFO] [stdout] test caption::tests::test_json_to_text_string ... ok
[INFO] [stdout] test caption::tests::test_json_to_text_object ... ok
[INFO] [stdout] test caption::tests::test_json_to_text_unsupported_format ... ok
[INFO] [stdout] test caption::tests::test_json_to_text_invalid_object ... ok
[INFO] [stdout] test concat::tests::test_concat_tags_without_duplicates ... ok
[INFO] [stdout] test metadata::tests::test_decode_json_strings_none ... ok
[INFO] [stdout] test caption::tests::test_caption_file_exists_and_not_empty ... ok
[INFO] [stdout] test metadata::tests::test_decode_json_strings_object ... ok
[INFO] [stdout] test metadata::tests::test_extract_training_metadata ... ok
[INFO] [stdout] test caption::tests::test_process_file_plain_text ... ok
[INFO] [stdout] test caption::tests::test_process_file_invalid_json ... ok
[INFO] [stdout] test st::tests::test_process_file_complex_metadata ... ok
[INFO] [stdout] test st::tests::test_process_file_empty_metadata ... ok
[INFO] [stdout] test st::tests::test_process_file_with_metadata ... ok
[INFO] [stdout] test st::tests::test_inspect_state_dict ... ok
[INFO] [stdout] test tests::e621_tests::test_process_e621_json_file_missing_data ... ok
[INFO] [stdout] test st::tests::test_process_file_invalid_path ... ok
[INFO] [stdout] test reasoning::tests::test_dataset_operations ... ok
[INFO] [stdout] test caption::tests::test_e621_config_underscore_replacement ... ok
[INFO] [stdout] test tests::e621_tests::test_process_e621_tags ... ok
[INFO] [stdout] test tests::e621_tests::test_process_e621_json_data ... ok
[INFO] [stdout] test tests::e621_tests::test_process_real_e621_test_files ... FAILED
[INFO] [stdout] test tests::text_tests::test_format_text_content ... ok
[INFO] [stdout] test tests::e621_tests::test_process_e621_json_file ... ok
[INFO] [stdout] test tests::text_tests::test_replace_special_chars_complex ... ok
[INFO] [stdout] test tests::e621_tests::test_should_ignore_e621_tag ... ok
[INFO] [stdout] test tests::text_tests::test_process_json_to_caption ... ok
[INFO] [stdout] test tests::e621_tests::test_process_e621_json_file_empty_tags ... ok
[INFO] [stdout] test tests::text_tests::test_integration_text_processing ... ok
[INFO] [stdout] test tests::text_tests::test_replace_special_chars ... ok
[INFO] [stdout] test tests::text_tests::test_replace_string ... ok
[INFO] [stdout] test tests::e621_tests::test_artist_formatting ... ok
[INFO] [stdout] test tests::text_tests::test_replace_string_formatting ... ok
[INFO] [stdout] test concat::tests::test_process_image_file ... ok
[INFO] [stdout] test tests::e621_tests::test_process_real_e621_example ... ok
[INFO] [stdout] test tests::e621_tests::test_e621_config ... ok
[INFO] [stdout] test concat::tests::test_file_deduplication ... ok
[INFO] [stderr] error: test failed, to rerun pass `--lib`
[INFO] [stdout] 
[INFO] [stdout] failures:
[INFO] [stdout] 
[INFO] [stdout] ---- tests::e621_tests::test_process_real_e621_test_files stdout ----
[INFO] [stdout] 
[INFO] [stdout] thread 'tests::e621_tests::test_process_real_e621_test_files' (1522) panicked at src/tests/e621_tests.rs:451:9:
[INFO] [stdout] Failed to process e621-1.json
[INFO] [stdout] stack backtrace:
[INFO] [stdout]    0:     0x59c1c75a0311 - <<std[617be2ca0a6fd877]::sys::backtrace::BacktraceLock>::print::DisplayBacktrace as core[a373ad73a504971]::fmt::Display>::fmt
[INFO] [stdout]    1:     0x59c1c75b7c5a - core[a373ad73a504971]::fmt::write
[INFO] [stdout]    2:     0x59c1c75a66ac - <alloc[2e1b2a31b91974c5]::vec::Vec<u8> as core[a373ad73a504971]::io::write::Write>::write_fmt
[INFO] [stdout]    3:     0x59c1c7579d26 - std[617be2ca0a6fd877]::panicking::default_hook::{closure#0}
[INFO] [stdout]    4:     0x59c1c7597bc9 - std[617be2ca0a6fd877]::panicking::default_hook
[INFO] [stdout]    5:     0x59c1c73f5ce0 - test[aada8e7e76ba119b]::test_main_inner::{closure#0}
[INFO] [stdout]    6:     0x59c1c7597d82 - std[617be2ca0a6fd877]::panicking::panic_with_hook
[INFO] [stdout]    7:     0x59c1c7579dd2 - std[617be2ca0a6fd877]::panicking::panic_handler::{closure#0}
[INFO] [stdout]    8:     0x59c1c7572279 - std[617be2ca0a6fd877]::sys::backtrace::__rust_end_short_backtrace::<std[617be2ca0a6fd877]::panicking::panic_handler::{closure#0}, !>
[INFO] [stdout]    9:     0x59c1c757aaed - __rustc[ea4f61d10b84890b]::rust_begin_unwind
[INFO] [stdout]   10:     0x59c1c75b843c - core[a373ad73a504971]::panicking::panic_fmt
[INFO] [stdout]   11:     0x59c1c737ca51 - dset[aed949afb9bcb85c]::tests::e621_tests::test_process_real_e621_test_files::{closure#0}
[INFO] [stdout]   12:     0x59c1c73c0658 - <tokio[9487c2a65903fb25]::runtime::scheduler::current_thread::Context>::enter::<core[a373ad73a504971]::task::poll::Poll<core[a373ad73a504971]::result::Result<(), anyhow[50840b807de0e79a]::Error>>, <tokio[9487c2a65903fb25]::runtime::scheduler::current_thread::CoreGuard>::block_on<core[a373ad73a504971]::pin::Pin<&mut core[a373ad73a504971]::pin::Pin<&mut dyn core[a373ad73a504971]::future::future::Future<Output = core[a373ad73a504971]::result::Result<(), anyhow[50840b807de0e79a]::Error>>>>>::{closure#0}::{closure#0}>
[INFO] [stdout]   13:     0x59c1c73bd3b5 - <tokio[9487c2a65903fb25]::runtime::context::scoped::Scoped<tokio[9487c2a65903fb25]::runtime::scheduler::Context>>::set::<<tokio[9487c2a65903fb25]::runtime::scheduler::current_thread::CoreGuard>::enter<<tokio[9487c2a65903fb25]::runtime::scheduler::current_thread::CoreGuard>::block_on<core[a373ad73a504971]::pin::Pin<&mut core[a373ad73a504971]::pin::Pin<&mut dyn core[a373ad73a504971]::future::future::Future<Output = core[a373ad73a504971]::result::Result<(), anyhow[50840b807de0e79a]::Error>>>>>::{closure#0}, core[a373ad73a504971]::option::Option<core[a373ad73a504971]::result::Result<(), anyhow[50840b807de0e79a]::Error>>>::{closure#0}, (alloc[2e1b2a31b91974c5]::boxed::Box<tokio[9487c2a65903fb25]::runtime::scheduler::current_thread::Core>, core[a373ad73a504971]::option::Option<core[a373ad73a504971]::result::Result<(), anyhow[50840b807de0e79a]::Error>>)>
[INFO] [stdout]   14:     0x59c1c73c0b89 - <tokio[9487c2a65903fb25]::runtime::scheduler::current_thread::CoreGuard>::block_on::<core[a373ad73a504971]::pin::Pin<&mut core[a373ad73a504971]::pin::Pin<&mut dyn core[a373ad73a504971]::future::future::Future<Output = core[a373ad73a504971]::result::Result<(), anyhow[50840b807de0e79a]::Error>>>>>
[INFO] [stdout]   15:     0x59c1c73bf7b0 - tokio[9487c2a65903fb25]::runtime::context::runtime::enter_runtime::<<tokio[9487c2a65903fb25]::runtime::scheduler::current_thread::CurrentThread>::block_on<core[a373ad73a504971]::pin::Pin<&mut dyn core[a373ad73a504971]::future::future::Future<Output = core[a373ad73a504971]::result::Result<(), anyhow[50840b807de0e79a]::Error>>>>::{closure#0}, core[a373ad73a504971]::result::Result<(), anyhow[50840b807de0e79a]::Error>>
[INFO] [stdout]   16:     0x59c1c73b9915 - <tokio[9487c2a65903fb25]::runtime::runtime::Runtime>::block_on::<core[a373ad73a504971]::pin::Pin<&mut dyn core[a373ad73a504971]::future::future::Future<Output = core[a373ad73a504971]::result::Result<(), anyhow[50840b807de0e79a]::Error>>>>
[INFO] [stdout]   17:     0x59c1c7382e12 - <dset[aed949afb9bcb85c]::tests::e621_tests::test_process_real_e621_test_files::{closure#0} as core[a373ad73a504971]::ops::function::FnOnce<()>>::call_once
[INFO] [stdout]   18:     0x59c1c73e912b - test[aada8e7e76ba119b]::__rust_begin_short_backtrace::<core[a373ad73a504971]::result::Result<(), alloc[2e1b2a31b91974c5]::string::String>, fn() -> core[a373ad73a504971]::result::Result<(), alloc[2e1b2a31b91974c5]::string::String>>
[INFO] [stdout]   19:     0x59c1c73f6305 - test[aada8e7e76ba119b]::run_test::{closure#0}
[INFO] [stdout]   20:     0x59c1c73efbf4 - std[617be2ca0a6fd877]::sys::backtrace::__rust_begin_short_backtrace::<test[aada8e7e76ba119b]::run_test::{closure#1}, ()>
[INFO] [stdout]   21:     0x59c1c73f9392 - <std[617be2ca0a6fd877]::thread::lifecycle::spawn_unchecked<test[aada8e7e76ba119b]::run_test::{closure#1}, ()>::{closure#1} as core[a373ad73a504971]::ops::function::FnOnce<()>>::call_once::{shim:vtable#0}
[INFO] [stdout]   22:     0x59c1c759f62f - <std[617be2ca0a6fd877]::sys::thread::unix::Thread>::new::thread_start
[INFO] [stdout]   23:     0x7cca6350adfa - <unknown>
[INFO] [stdout]   24:     0x7cca6359e3d4 - clone
[INFO] [stdout]   25:                0x0 - <unknown>
[INFO] [stdout] 
[INFO] [stdout] 
[INFO] [stdout] failures:
[INFO] [stdout]     tests::e621_tests::test_process_real_e621_test_files
[INFO] [stdout] 
[INFO] [stdout] test result: FAILED. 39 passed; 1 failed; 0 ignored; 0 measured; 0 filtered out; finished in 0.07s
[INFO] [stdout] 
[INFO] running `Command { std: "docker" "inspect" "c8eeb4bf7730427ea4783668712c361470ada8d1a8f0becb3eb1998f9073d6c4", kill_on_drop: false }`
[INFO] running `Command { std: "docker" "rm" "-f" "c8eeb4bf7730427ea4783668712c361470ada8d1a8f0becb3eb1998f9073d6c4", kill_on_drop: false }`
[INFO] [stdout] c8eeb4bf7730427ea4783668712c361470ada8d1a8f0becb3eb1998f9073d6c4
