[INFO] fetching crate drywall 0.1.3...
[INFO] testing drywall-0.1.3 against 1.99.0-beta.8+cargoflags=--release for beta-release-1.100-2
[INFO] extracting crate drywall 0.1.3 into /workspace/builds/worker-0-tc1/source
[INFO] removed /workspace/builds/worker-0-tc1/source/.cargo/config.toml
[INFO] removed /workspace/builds/worker-0-tc1/source/rust-toolchain.toml
[INFO] started tweaking crates.io crate drywall 0.1.3
[INFO] removed 0 missing tests
[INFO] finished tweaking crates.io crate drywall 0.1.3
[INFO] tweaked toml for crates.io crate drywall 0.1.3 written to /workspace/builds/worker-0-tc1/source/Cargo.toml
[INFO] validating manifest of crates.io crate drywall 0.1.3 on toolchain 1.99.0-beta.8
[INFO] running `Command { std: CARGO_HOME="/workspace/cargo-home" RUSTUP_HOME="/workspace/rustup-home" "/workspace/cargo-home/bin/cargo" "+1.99.0-beta.8" "metadata" "--manifest-path" "Cargo.toml" "--no-deps", kill_on_drop: false }`
[INFO] crate crates.io crate drywall 0.1.3 already has a lockfile, it will not be regenerated
[INFO] running `Command { std: CARGO_HOME="/workspace/cargo-home" RUSTUP_HOME="/workspace/rustup-home" "/workspace/cargo-home/bin/cargo" "+1.99.0-beta.8" "fetch" "--manifest-path" "Cargo.toml", kill_on_drop: false }`
[INFO] [stderr]  Downloading crates ...
[INFO] [stderr]   Downloaded tree-sitter-python v0.25.0
[INFO] [stderr]   Downloaded ignore v0.4.26
[INFO] [stderr]   Downloaded cc v1.2.64
[INFO] [stderr]   Downloaded tree-sitter-javascript v0.25.0
[INFO] [stderr]   Downloaded tree-sitter v0.26.9
[INFO] [stderr]   Downloaded tree-sitter-rust v0.24.2
[INFO] running `Command { std: "docker" "create" "-v" "/var/lib/crater-agent-workspace/builds/worker-0-tc1/source:/opt/rustwide/workdir:ro,Z" "-v" "/var/lib/crater-agent-workspace/builds/worker-0-tc1/target:/opt/rustwide/target:rw,Z" "-v" "/var/lib/crater-agent-workspace/cargo-home:/opt/rustwide/cargo-home:ro,Z" "-v" "/var/lib/crater-agent-workspace/rustup-home:/opt/rustwide/rustup-home:ro,Z" "-m" "1610612736" "--network" "none" "ghcr.io/rust-lang/crates-build-env/linux@sha256:77db811e55d90add9212f6832c23229e3de5f1c1f9905e8cb07319ea15df73ac" "sleep" "infinity", kill_on_drop: false }`
[INFO] [stdout] c197a59ec99f3733961985ca04288df49126e7770457ac0cdcdaf9e20520d7b3
[INFO] running `Command { std: "docker" "start" "c197a59ec99f3733961985ca04288df49126e7770457ac0cdcdaf9e20520d7b3", kill_on_drop: false }`
[INFO] running `Command { std: "docker" "inspect" "c197a59ec99f3733961985ca04288df49126e7770457ac0cdcdaf9e20520d7b3", kill_on_drop: false }`
[INFO] running `Command { std: "docker" "exec" "-e" "SOURCE_DIR=/opt/rustwide/workdir" "-e" "CARGO_HOME=/opt/rustwide/cargo-home" "-e" "RUSTUP_HOME=/opt/rustwide/rustup-home" "-e" "CARGO_TARGET_DIR=/opt/rustwide/target" "-w" "/opt/rustwide/workdir" "--user" "0:0" "c197a59ec99f3733961985ca04288df49126e7770457ac0cdcdaf9e20520d7b3" "/opt/rustwide/cargo-home/bin/cargo" "+1.99.0-beta.8" "metadata" "--no-deps" "--format-version=1", kill_on_drop: false }`
[INFO] running `Command { std: "docker" "inspect" "c197a59ec99f3733961985ca04288df49126e7770457ac0cdcdaf9e20520d7b3", kill_on_drop: false }`
[INFO] running `Command { std: "docker" "exec" "-e" "SOURCE_DIR=/opt/rustwide/workdir" "-e" "CARGO_HOME=/opt/rustwide/cargo-home" "-e" "RUSTUP_HOME=/opt/rustwide/rustup-home" "-e" "CARGO_TARGET_DIR=/opt/rustwide/target" "-e" "CARGO_INCREMENTAL=0" "-e" "RUST_BACKTRACE=full" "-e" "RUSTFLAGS=--cap-lints=warn" "-e" "RUSTDOCFLAGS=--cap-lints=warn" "-w" "/opt/rustwide/workdir" "--user" "0:0" "c197a59ec99f3733961985ca04288df49126e7770457ac0cdcdaf9e20520d7b3" "/opt/rustwide/cargo-home/bin/cargo" "+1.99.0-beta.8" "build" "--frozen" "--message-format=json" "--release", kill_on_drop: false }`
[INFO] [stderr]    Compiling tree-sitter-language v0.1.7
[INFO] [stderr]    Compiling memchr v2.8.2
[INFO] [stderr]    Compiling serde_core v1.0.228
[INFO] [stderr]    Compiling serde_json v1.0.150
[INFO] [stderr]    Compiling cc v1.2.64
[INFO] [stderr]    Compiling zmij v1.0.21
[INFO] [stderr]    Compiling indexmap v2.14.0
[INFO] [stderr]    Compiling anstyle-parse v1.0.0
[INFO] [stderr]    Compiling colorchoice v1.0.5
[INFO] [stderr]    Compiling syn v2.0.117
[INFO] [stderr]    Compiling clap_lex v1.1.0
[INFO] [stderr]    Compiling streaming-iterator v0.1.9
[INFO] [stderr]    Compiling either v1.16.0
[INFO] [stderr]    Compiling anstream v1.0.0
[INFO] [stderr]    Compiling rayon v1.12.0
[INFO] [stderr]    Compiling clap_builder v4.6.0
[INFO] [stderr]    Compiling aho-corasick v1.1.4
[INFO] [stderr]    Compiling bstr v1.12.1
[INFO] [stderr]    Compiling tree-sitter-rust v0.24.2
[INFO] [stderr]    Compiling tree-sitter-python v0.25.0
[INFO] [stderr]    Compiling tree-sitter-javascript v0.25.0
[INFO] [stderr]    Compiling tree-sitter-typescript v0.23.2
[INFO] [stderr]    Compiling regex-automata v0.4.14
[INFO] [stderr]    Compiling clap_derive v4.6.1
[INFO] [stderr]    Compiling serde_derive v1.0.228
[INFO] [stderr]    Compiling tree-sitter v0.26.9
[INFO] [stderr]    Compiling clap v4.6.1
[INFO] [stderr]    Compiling regex v1.12.4
[INFO] [stderr]    Compiling globset v0.4.18
[INFO] [stderr]    Compiling serde v1.0.228
[INFO] [stderr]    Compiling ignore v0.4.26
[INFO] [stderr]    Compiling drywall v0.1.3 (/opt/rustwide/workdir)
[INFO] [stderr]     Finished `release` profile [optimized] target(s) in 58.64s
[INFO] running `Command { std: "docker" "inspect" "c197a59ec99f3733961985ca04288df49126e7770457ac0cdcdaf9e20520d7b3", kill_on_drop: false }`
[INFO] running `Command { std: "docker" "exec" "-e" "SOURCE_DIR=/opt/rustwide/workdir" "-e" "CARGO_HOME=/opt/rustwide/cargo-home" "-e" "RUSTUP_HOME=/opt/rustwide/rustup-home" "-e" "CARGO_TARGET_DIR=/opt/rustwide/target" "-e" "CARGO_INCREMENTAL=0" "-e" "RUST_BACKTRACE=full" "-e" "RUSTFLAGS=--cap-lints=warn" "-e" "RUSTDOCFLAGS=--cap-lints=warn" "-w" "/opt/rustwide/workdir" "--user" "0:0" "c197a59ec99f3733961985ca04288df49126e7770457ac0cdcdaf9e20520d7b3" "/opt/rustwide/cargo-home/bin/cargo" "+1.99.0-beta.8" "test" "--frozen" "--no-run" "--message-format=json" "--release", kill_on_drop: false }`
[INFO] [stderr]    Compiling zerocopy v0.8.52
[INFO] [stderr]    Compiling rand_core v0.9.5
[INFO] [stderr]    Compiling bitflags v2.13.0
[INFO] [stderr]    Compiling wait-timeout v0.2.1
[INFO] [stderr]    Compiling quick-error v1.2.3
[INFO] [stderr]    Compiling bit-vec v0.8.0
[INFO] [stderr]    Compiling unarray v0.1.4
[INFO] [stderr]    Compiling rand v0.9.4
[INFO] [stderr]    Compiling rand_xorshift v0.4.0
[INFO] [stderr]    Compiling bit-set v0.8.0
[INFO] [stderr]    Compiling rustix v1.1.4
[INFO] [stderr]    Compiling tempfile v3.27.0
[INFO] [stderr]    Compiling rusty-fork v0.3.1
[INFO] [stderr]    Compiling ppv-lite86 v0.2.21
[INFO] [stderr]    Compiling rand_chacha v0.9.0
[INFO] [stderr]    Compiling proptest v1.11.0
[INFO] [stderr]    Compiling drywall v0.1.3 (/opt/rustwide/workdir)
[INFO] [stderr]     Finished `release` profile [optimized] target(s) in 39.64s
[INFO] running `Command { std: "docker" "inspect" "c197a59ec99f3733961985ca04288df49126e7770457ac0cdcdaf9e20520d7b3", kill_on_drop: false }`
[INFO] running `Command { std: "docker" "exec" "-e" "SOURCE_DIR=/opt/rustwide/workdir" "-e" "CARGO_HOME=/opt/rustwide/cargo-home" "-e" "RUSTUP_HOME=/opt/rustwide/rustup-home" "-e" "CARGO_TARGET_DIR=/opt/rustwide/target" "-e" "CARGO_INCREMENTAL=0" "-e" "RUST_BACKTRACE=full" "-e" "RUSTFLAGS=--cap-lints=warn" "-e" "RUSTDOCFLAGS=--cap-lints=warn" "-w" "/opt/rustwide/workdir" "--user" "0:0" "c197a59ec99f3733961985ca04288df49126e7770457ac0cdcdaf9e20520d7b3" "/opt/rustwide/cargo-home/bin/cargo" "+1.99.0-beta.8" "test" "--frozen" "--release", kill_on_drop: false }`
[INFO] [stderr]     Finished `release` profile [optimized] target(s) in 0.14s
[INFO] [stderr]      Running unittests src/lib.rs (/opt/rustwide/target/release/deps/drywall-ccec9b43d8939b9d)
[INFO] [stdout] 
[INFO] [stdout] running 122 tests
[INFO] [stdout] test ast::tests::extract_let_declaration_without_closure_adds_no_function ... ok
[INFO] [stdout] test ast::tests::js_class_method_is_extracted ... ok
[INFO] [stdout] test ast::tests::js_arrow_function_const_is_extracted ... ok
[INFO] [stdout] test ast::tests::js_twin_functions_same_structure_different_ids_score_high ... ok
[INFO] [stdout] test ast::tests::js_parse_error_detected ... ok
[INFO] [stdout] test ast::tests::extract_let_declaration_with_closure_adds_function ... ok
[INFO] [stdout] test ast::tests::find_child_by_field_finds_body ... ok
[INFO] [stdout] test ast::tests::python_grammar_loads_and_parses_function ... ok
[INFO] [stdout] test ast::tests::python_decorated_class_method_is_extracted ... ok
[INFO] [stdout] test ast::tests::python_class_method_is_extracted ... ok
[INFO] [stdout] test ast::tests::python_twin_def_functions_score_high ... ok
[INFO] [stdout] test ast::tests::normalize_replaces_identifier ... ok
[INFO] [stdout] test ast::tests::parse_source_tree_valid_returns_ok ... ok
[INFO] [stdout] test ast::tests::ts_grammar_loads_and_parses_function ... ok
[INFO] [stdout] test ast::tests::python_async_def_twin_scores_high ... ok
[INFO] [stdout] test ast::tests::ts_unicode_property_key_parses_ok ... ok
[INFO] [stdout] test ast::tests::python_async_def_function_is_extracted ... ok
[INFO] [stdout] test ast::tests::js_grammar_loads_and_parses_function ... ok
[INFO] [stdout] test ast::tests::python_class_method_twin_scores_high ... ok
[INFO] [stdout] test ast::tests::parse_source_tree_invalid_returns_err ... ok
[INFO] [stdout] test ast::tests::rust_and_js_functions_with_same_structure_do_not_pair ... ok
[INFO] [stdout] test ast::tests::find_child_by_field_returns_none_for_missing ... ok
[INFO] [stdout] test core::tests::execute_cli_clean_json_returns_exit_0_empty_array ... ok
[INFO] [stdout] test ast::tests::tsx_grammar_parses_jsx_markup ... ok
[INFO] [stdout] test core::tests::execute_cli_duplicates_returns_exit_1_with_text_output ... ok
[INFO] [stdout] test ast::tests::typescript_grammar_rejects_jsx_markup ... ok
[INFO] [stdout] test core::tests::execute_cli_error_returns_exit_2_with_stderr ... ok
[INFO] [stdout] test core::tests::execute_cli_invalid_lang_returns_exit_2 ... ok
[INFO] [stdout] test core::tests::execute_cli_invalid_format_returns_exit_2 ... ok
[INFO] [stdout] test core::tests::execute_cli_valid_lang_rust_proceeds ... ok
[INFO] [stdout] test ast::tests::python_parse_error_detected ... ok
[INFO] [stdout] test ast::tests::ts_parse_error_detected ... ok
[INFO] [stdout] test ast::tests::ts_unicode_in_regex_parses_ok ... ok
[INFO] [stdout] test core::tests::jaccard_duplicate_runs ... ok
[INFO] [stdout] test core::tests::jaccard_identical_sets_returns_one ... ok
[INFO] [stdout] test core::tests::is_same_location_different_file_returns_false ... ok
[INFO] [stdout] test core::tests::is_same_location_same_file_same_line_returns_true ... ok
[INFO] [stdout] test core::tests::execute_cli_clean_text_returns_exit_0_empty_stdout ... ok
[INFO] [stdout] test core::tests::find_duplicate_pairs_skips_same_location ... ok
[INFO] [stdout] test core::tests::execute_cli_duplicates_json_returns_exit_1_with_json_output ... ok
[INFO] [stdout] test core::tests::jaccard_both_empty_returns_one ... ok
[INFO] [stdout] test core::tests::jaccard_partial_overlap ... ok
[INFO] [stdout] test core::tests::jaccard_single_shared_element ... ok
[INFO] [stdout] test core::tests::jaccard_disjoint_sets_returns_zero ... ok
[INFO] [stdout] test core::tests::json_output_empty_array_when_no_pairs ... ok
[INFO] [stdout] test core::tests::validate_lang_rust_returns_ok ... ok
[INFO] [stdout] test core::tests::parse_output_format_json_returns_json ... ok
[INFO] [stdout] test core::tests::parse_output_format_text_returns_text ... ok
[INFO] [stdout] test core::tests::parse_output_format_unknown_returns_err ... ok
[INFO] [stdout] test core::tests::validate_lang_other_returns_err ... ok
[INFO] [stdout] test core::tests::validate_lang_py_returns_python ... ok
[INFO] [stdout] test core::tests::make_pair_produces_correct_endpoints ... ok
[INFO] [stdout] test core::tests::text_output_contains_duplicate_header ... ok
[INFO] [stdout] test core::tests::jaccard_one_empty_returns_zero ... ok
[INFO] [stdout] test scan::tests::build_glob_set_empty_patterns_builds_empty_set ... ok
[INFO] [stdout] test scan::tests::build_glob_set_invalid_pattern_returns_error ... ok
[INFO] [stdout] test core::tests::pairs_sorted_score_descending ... ok
[INFO] [stdout] test scan::tests::build_glob_set_valid_pattern_matches ... ok
[INFO] [stdout] test scan::tests::collect_all_functions_multiple_paths_collects_all ... ok
[INFO] [stdout] test scan::tests::collect_from_directory_finds_rs_files ... ok
[INFO] [stdout] test scan::tests::collect_all_functions_nonexistent_path_returns_error ... ok
[INFO] [stdout] test core::tests::jaccard_large_a_subset_of_b ... ok
[INFO] [stdout] test scan::tests::collect_from_directory_includes_rs_files ... ok
[INFO] [stdout] test ast::tests::python_decorated_function_is_extracted ... ok
[INFO] [stdout] test scan::tests::collect_from_directory_skips_builtin_excluded_dirs ... ok
[INFO] [stdout] test scan::tests::collect_from_directory_skips_excluded_rs_file ... ok
[INFO] [stdout] test scan::tests::collect_from_single_file_skips_excluded_rs ... ok
[INFO] [stdout] test scan::tests::collect_from_directory_skips_non_supported_files ... ok
[INFO] [stdout] test scan::tests::collect_from_single_file_skips_builtin_excluded_path ... ok
[INFO] [stdout] test scan::tests::collect_functions_from_path_directory_excluded_file_skipped ... ok
[INFO] [stdout] test scan::tests::collect_from_single_file_excludes_non_rs_no_force_lang ... ok
[INFO] [stdout] test scan::tests::collect_functions_from_path_directory_finds_rs_only_no_force_lang ... ok
[INFO] [stdout] test scan::tests::collect_functions_from_path_single_file_no_exclude ... ok
[INFO] [stdout] test scan::tests::collect_functions_from_path_non_rs_file_skipped_no_force_lang ... ok
[INFO] [stdout] test scan::tests::collect_functions_from_path_skips_excluded_file ... ok
[INFO] [stdout] test scan::tests::detect_lang_js_returns_javascript ... ok
[INFO] [stdout] test scan::tests::detect_lang_jsx_returns_javascript ... ok
[INFO] [stdout] test scan::tests::detect_lang_ts_returns_typescript ... ok
[INFO] [stdout] test scan::tests::is_builtin_excluded_nested_at_any_depth ... ok
[INFO] [stdout] test scan::tests::is_builtin_excluded_all_names ... ok
[INFO] [stdout] test scan::tests::detect_lang_py_returns_python ... ok
[INFO] [stdout] test scan::tests::detect_lang_tsx_returns_tsx ... ok
[INFO] [stdout] test scan::tests::force_lang_scans_non_standard_extension ... ok
[INFO] [stdout] test scan::tests::is_builtin_excluded_non_excluded_path_passes ... ok
[INFO] [stdout] test scan::tests::detect_lang_rs_returns_rust ... ok
[INFO] [stdout] test scan::tests::detect_lang_txt_returns_none ... ok
[INFO] [stdout] test scan::tests::is_builtin_excluded_partial_name_does_not_match ... ok
[INFO] [stdout] test scan::tests::process_file_unreadable_path_pushes_error ... ok
[INFO] [stdout] test scan::tests::is_rust_file_returns_false_for_non_rs ... ok
[INFO] [stdout] test scan::tests::should_skip_empty_set_never_skips ... ok
[INFO] [stdout] test scan::tests::is_builtin_excluded_target_dir_excluded ... ok
[INFO] [stdout] test scan::tests::process_file_valid_js_adds_functions ... ok
[INFO] [stdout] test scan::tests::should_skip_non_matching_path_does_not_skip ... ok
[INFO] [stdout] test tests::extract_functions_finds_closure_in_top_level_let ... ok
[INFO] [stdout] test scan::tests::process_file_valid_rust_adds_functions ... ok
[INFO] [stdout] test scan::tests::should_skip_matching_path_skips ... ok
[INFO] [stdout] test scan::tests::is_rust_file_returns_true_for_rs ... ok
[INFO] [stdout] test scan::tests::should_skip_two_patterns_union ... ok
[INFO] [stdout] test tests::duplicate_functions_detected ... ok
[INFO] [stdout] test tests::function_below_min_lines_not_candidate ... ok
[INFO] [stdout] test tests::minimal_rust_source_parses_without_error ... ok
[INFO] [stdout] test tests::invalid_rust_source_returns_false ... ok
[INFO] [stdout] test scan::tests::process_file_invalid_rust_pushes_error ... ok
[INFO] [stdout] test tests::js_function_declaration_extracts_one_form ... ok
[INFO] [stdout] test tests::run_invalid_glob_returns_error ... ok
[INFO] [stdout] test tests::run_nonexistent_path_returns_error ... ok
[INFO] [stdout] test tests::unrelated_functions_not_duplicates ... ok
[INFO] [stdout] test tests::run_clean_directory_returns_clean ... ok
[INFO] [stdout] test tests::run_with_force_lang_js_scans_non_standard_ext ... ok
[INFO] [stdout] test tests::run_ts_duplicate_files_returns_duplicates ... ok
[INFO] [stdout] test tests::run_with_force_lang_py_scans_non_standard_ext ... ok
[INFO] [stdout] test tests::run_py_duplicate_files_returns_duplicates ... ok
[INFO] [stdout] test tests::run_duplicate_files_returns_duplicates ... ok
[INFO] [stdout] test tests::run_js_duplicate_files_returns_duplicates ... ok
[INFO] [stdout] test tests::run_mixed_language_dir_reports_both_pairs ... ok
[INFO] [stdout] test tests::run_mixed_rs_ts_py_dir_reports_three_pairs ... ok
[INFO] [stdout] test scan::tests::collect_from_directory_skips_git_ignored_dirs ... ok
[INFO] [stdout] test scan::tests::collect_from_directory_skips_dirs_excluded_by_ancestor_gitignore ... ok
[INFO] [stdout] test ast::tests::js_exported_function_is_extracted ... ok
[INFO] [stdout] test ast::tests::ts_arrow_function_const_is_extracted ... ok
[INFO] [stdout] test ast::tests::ts_twin_functions_same_structure_different_ids_score_high ... ok
[INFO] [stdout] test scan::tests::should_skip_glob_star_suffix_does_not_match_different_suffix ... ok
[INFO] [stdout] 
[INFO] [stdout] test result: ok. 122 passed; 0 failed; 0 ignored; 0 measured; 0 filtered out; finished in 0.07s
[INFO] [stdout] 
[INFO] [stderr]      Running unittests src/main.rs (/opt/rustwide/target/release/deps/drywall-da50042fe72d9b90)
[INFO] [stdout] 
[INFO] [stdout] running 0 tests
[INFO] [stdout] 
[INFO] [stdout] test result: ok. 0 passed; 0 failed; 0 ignored; 0 measured; 0 filtered out; finished in 0.00s
[INFO] [stdout] 
[INFO] [stderr]      Running tests/ast_property_test.rs (/opt/rustwide/target/release/deps/ast_property_test-a40d810caab83534)
[INFO] [stdout] 
[INFO] [stdout] running 10 tests
[INFO] [stdout] test normalized_subtree_deterministic ... ok
[INFO] [stdout] test js_normalized_subtree_deterministic ... ok
[INFO] [stdout] test extract_functions_count_stable ... ok
[INFO] [stdout] test js_self_similarity_is_one ... ok
[INFO] [stdout] test hashing_deterministic_for_valid_fn ... ok
[INFO] [stdout] test ts_self_similarity_is_one ... ok
[INFO] [stdout] test js_twin_functions_hashes_differ_from_ts ... ok
[INFO] [stdout] test js_extraction_deterministic ... ok
[INFO] [stdout] test tsx_extraction_deterministic ... ok
[INFO] [stdout] test ts_extraction_deterministic ... ok
[INFO] [stdout] 
[INFO] [stdout] test result: ok. 10 passed; 0 failed; 0 ignored; 0 measured; 0 filtered out; finished in 0.25s
[INFO] [stdout] 
[INFO] [stderr]      Running tests/cli_surface_exclusions_auto_built_in_gitignore_and_repeatable_exclude_acceptance_test.rs (/opt/rustwide/target/release/deps/cli_surface_exclusions_auto_built_in_gitignore_and_repeatable_exclude_acceptance_test-8ba352f9162ad915)
[INFO] [stdout] 
[INFO] [stdout] running 19 tests
[INFO] [stdout] test built_in_excluded_directory_under_the_scanned_path_is_never_scanned_example_3 ... FAILED
[INFO] [stdout] test built_in_exclusion_output_is_deterministic_across_runs_example_1 ... FAILED
[INFO] [stdout] test dogfood_run_stays_clean_with_gitignore_awareness_on_example_1 ... FAILED
[INFO] [stdout] test built_in_excluded_directory_under_the_scanned_path_is_never_scanned_example_1 ... FAILED
[INFO] [stdout] test built_in_excluded_directory_under_the_scanned_path_is_never_scanned_example_2 ... FAILED
[INFO] [stdout] test built_in_excluded_directory_under_the_scanned_path_is_never_scanned_example_5 ... FAILED
[INFO] [stdout] test a_built_in_excluded_directory_passed_directly_is_still_excluded_example_1 ... FAILED
[INFO] [stdout] test built_in_excluded_directory_under_the_scanned_path_is_never_scanned_example_4 ... FAILED
[INFO] [stdout] test explicitly_passing_the_parent_does_not_re_include_a_built_in_excluded_subdirectory_example_2 ... FAILED
[INFO] [stdout] test built_in_excluded_directory_under_the_scanned_path_is_never_scanned_example_7 ... FAILED
[INFO] [stdout] test gitignore_awareness_silently_no_ops_outside_a_git_work_tree_example_1 ... FAILED
[INFO] [stdout] test explicitly_passing_the_parent_does_not_re_include_a_built_in_excluded_subdirectory_example_1 ... FAILED
[INFO] [stdout] test a_twin_outside_built_in_excluded_directories_is_still_reported_example_1 ... FAILED
[INFO] [stdout] test gitignore_awareness_silently_no_ops_when_no_git_executable_is_available_example_1 ... FAILED
[INFO] [stdout] test built_in_excluded_directory_under_the_scanned_path_is_never_scanned_example_6 ... FAILED
[INFO] [stdout] test repeated_exclude_flags_union_their_patterns_example_2 ... FAILED
[INFO] [stdout] test repeated_exclude_flags_union_their_patterns_example_1 ... FAILED
[INFO] [stdout] test a_non_ignored_twin_in_a_git_work_tree_is_still_reported_example_1 ... FAILED
[INFO] [stdout] test a_gitignored_path_is_not_scanned_when_git_is_available_example_1 ... FAILED
[INFO] [stdout] 
[INFO] [stdout] failures:
[INFO] [stdout] 
[INFO] [stdout] ---- built_in_excluded_directory_under_the_scanned_path_is_never_scanned_example_3 stdout ----
[INFO] [stdout] 
[INFO] [stdout] thread 'built_in_excluded_directory_under_the_scanned_path_is_never_scanned_example_3' (1930) panicked at tests/cli_surface_exclusions_auto_built_in_gitignore_and_repeatable_exclude_acceptance_test.rs:165:5:
[INFO] [stdout] step failed [I run drywall with the arguments "<args>"]: failed to run binary: No such file or directory (os error 2)
[INFO] [stdout] stack backtrace:
[INFO] [stdout]    0:     0x5e55d95001b1 - <<std[70759c8f55707aa4]::sys::backtrace::BacktraceLock>::print::DisplayBacktrace as core[df12db4294e9bfd3]::fmt::Display>::fmt
[INFO] [stdout]    1:     0x5e55d9515e4a - core[df12db4294e9bfd3]::fmt::write
[INFO] [stdout]    2:     0x5e55d950491c - <alloc[2182bb758b4b3781]::vec::Vec<u8> as core[df12db4294e9bfd3]::io::write::Write>::write_fmt
[INFO] [stdout]    3:     0x5e55d94daba6 - std[70759c8f55707aa4]::panicking::default_hook::{closure#0}
[INFO] [stdout]    4:     0x5e55d94f7ca9 - std[70759c8f55707aa4]::panicking::default_hook
[INFO] [stdout]    5:     0x5e55d9492a10 - test[9d35eded1c95d3be]::test_main_inner::<test[9d35eded1c95d3be]::test_main_static::{closure#0}>::{closure#0}
[INFO] [stdout]    6:     0x5e55d94f7e62 - std[70759c8f55707aa4]::panicking::panic_with_hook
[INFO] [stdout]    7:     0x5e55d94dac52 - std[70759c8f55707aa4]::panicking::panic_handler::{closure#0}
[INFO] [stdout]    8:     0x5e55d94d3729 - std[70759c8f55707aa4]::sys::backtrace::__rust_end_short_backtrace::<std[70759c8f55707aa4]::panicking::panic_handler::{closure#0}, !>
[INFO] [stdout]    9:     0x5e55d94db84d - __rustc[8fa7c3cbc660c2b3]::rust_begin_unwind
[INFO] [stdout]   10:     0x5e55d951662c - core[df12db4294e9bfd3]::panicking::panic_fmt
[INFO] [stdout]   11:     0x5e55d93afa0b - <cli_surface_exclusions_auto_built_in_gitignore_and_repeatable_exclude_acceptance_test[7be194afc3f5ff39]::built_in_excluded_directory_under_the_scanned_path_is_never_scanned_example_3::{closure#0} as core[df12db4294e9bfd3]::ops::function::FnOnce<()>>::call_once
[INFO] [stdout]   12:     0x5e55d9485cfb - test[9d35eded1c95d3be]::__rust_begin_short_backtrace::<core[df12db4294e9bfd3]::result::Result<(), alloc[2182bb758b4b3781]::string::String>, fn() -> core[df12db4294e9bfd3]::result::Result<(), alloc[2182bb758b4b3781]::string::String>>
[INFO] [stdout]   13:     0x5e55d9493365 - test[9d35eded1c95d3be]::run_test::{closure#0}
[INFO] [stdout]   14:     0x5e55d948cc24 - std[70759c8f55707aa4]::sys::backtrace::__rust_begin_short_backtrace::<test[9d35eded1c95d3be]::run_test::{closure#1}, ()>
[INFO] [stdout]   15:     0x5e55d94964c2 - <std[70759c8f55707aa4]::thread::lifecycle::spawn_unchecked<test[9d35eded1c95d3be]::run_test::{closure#1}, ()>::{closure#1} as core[df12db4294e9bfd3]::ops::function::FnOnce<()>>::call_once::{shim:vtable#0}
[INFO] [stdout]   16:     0x5e55d94ff529 - <std[70759c8f55707aa4]::sys::thread::unix::Thread>::new::thread_start
[INFO] [stdout]   17:     0x7e4c81e97dfa - <unknown>
[INFO] [stdout]   18:     0x7e4c81f2b3d4 - clone
[INFO] [stdout]   19:                0x0 - <unknown>
[INFO] [stdout] 
[INFO] [stdout] ---- built_in_exclusion_output_is_deterministic_across_runs_example_1 stdout ----
[INFO] [stdout] 
[INFO] [stdout] thread 'built_in_exclusion_output_is_deterministic_across_runs_example_1' (1935) panicked at tests/cli_surface_exclusions_auto_built_in_gitignore_and_repeatable_exclude_acceptance_test.rs:1164:5:
[INFO] [stdout] step failed [I run drywall twice with the arguments "<args>"]: failed to run binary: No such file or directory (os error 2)
[INFO] [stdout] stack backtrace:
[INFO] [stdout]    0:     0x5e55d95001b1 - <<std[70759c8f55707aa4]::sys::backtrace::BacktraceLock>::print::DisplayBacktrace as core[df12db4294e9bfd3]::fmt::Display>::fmt
[INFO] [stdout]    1:     0x5e55d9515e4a - core[df12db4294e9bfd3]::fmt::write
[INFO] [stdout]    2:     0x5e55d950491c - <alloc[2182bb758b4b3781]::vec::Vec<u8> as core[df12db4294e9bfd3]::io::write::Write>::write_fmt
[INFO] [stdout]    3:     0x5e55d94daba6 - std[70759c8f55707aa4]::panicking::default_hook::{closure#0}
[INFO] [stdout]    4:     0x5e55d94f7ca9 - std[70759c8f55707aa4]::panicking::default_hook
[INFO] [stdout]    5:     0x5e55d9492a10 - test[9d35eded1c95d3be]::test_main_inner::<test[9d35eded1c95d3be]::test_main_static::{closure#0}>::{closure#0}
[INFO] [stdout]    6:     0x5e55d94f7e62 - std[70759c8f55707aa4]::panicking::panic_with_hook
[INFO] [stdout]    7:     0x5e55d94dac52 - std[70759c8f55707aa4]::panicking::panic_handler::{closure#0}
[INFO] [stdout]    8:     0x5e55d94d3729 - std[70759c8f55707aa4]::sys::backtrace::__rust_end_short_backtrace::<std[70759c8f55707aa4]::panicking::panic_handler::{closure#0}, !>
[INFO] [stdout]    9:     0x5e55d94db84d - __rustc[8fa7c3cbc660c2b3]::rust_begin_unwind
[INFO] [stdout]   10:     0x5e55d951662c - core[df12db4294e9bfd3]::panicking::panic_fmt
[INFO] [stdout]   11:     0x5e55d93ab964 - <cli_surface_exclusions_auto_built_in_gitignore_and_repeatable_exclude_acceptance_test[7be194afc3f5ff39]::built_in_exclusion_output_is_deterministic_across_runs_example_1::{closure#0} as core[df12db4294e9bfd3]::ops::function::FnOnce<()>>::call_once
[INFO] [stdout]   12:     0x5e55d9485cfb - test[9d35eded1c95d3be]::__rust_begin_short_backtrace::<core[df12db4294e9bfd3]::result::Result<(), alloc[2182bb758b4b3781]::string::String>, fn() -> core[df12db4294e9bfd3]::result::Result<(), alloc[2182bb758b4b3781]::string::String>>
[INFO] [stdout]   13:     0x5e55d9493365 - test[9d35eded1c95d3be]::run_test::{closure#0}
[INFO] [stdout]   14:     0x5e55d948cc24 - std[70759c8f55707aa4]::sys::backtrace::__rust_begin_short_backtrace::<test[9d35eded1c95d3be]::run_test::{closure#1}, ()>
[INFO] [stdout]   15:     0x5e55d94964c2 - <std[70759c8f55707aa4]::thread::lifecycle::spawn_unchecked<test[9d35eded1c95d3be]::run_test::{closure#1}, ()>::{closure#1} as core[df12db4294e9bfd3]::ops::function::FnOnce<()>>::call_once::{shim:vtable#0}
[INFO] [stdout]   16:     0x5e55d94ff529 - <std[70759c8f55707aa4]::sys::thread::unix::Thread>::new::thread_start
[INFO] [stdout]   17:     0x7e4c81e97dfa - <unknown>
[INFO] [stdout]   18:     0x7e4c81f2b3d4 - clone
[INFO] [stdout]   19:                0x0 - <unknown>
[INFO] [stdout] 
[INFO] [stdout] ---- dogfood_run_stays_clean_with_gitignore_awareness_on_example_1 stdout ----
[INFO] [stdout] 
[INFO] [stdout] thread 'dogfood_run_stays_clean_with_gitignore_awareness_on_example_1' (1936) panicked at tests/cli_surface_exclusions_auto_built_in_gitignore_and_repeatable_exclude_acceptance_test.rs:891:5:
[INFO] [stdout] step failed [I run drywall with the arguments "<args>"]: failed to run binary: No such file or directory (os error 2)
[INFO] [stdout] stack backtrace:
[INFO] [stdout]    0:     0x5e55d95001b1 - <<std[70759c8f55707aa4]::sys::backtrace::BacktraceLock>::print::DisplayBacktrace as core[df12db4294e9bfd3]::fmt::Display>::fmt
[INFO] [stdout]    1:     0x5e55d9515e4a - core[df12db4294e9bfd3]::fmt::write
[INFO] [stdout]    2:     0x5e55d950491c - <alloc[2182bb758b4b3781]::vec::Vec<u8> as core[df12db4294e9bfd3]::io::write::Write>::write_fmt
[INFO] [stdout]    3:     0x5e55d94daba6 - std[70759c8f55707aa4]::panicking::default_hook::{closure#0}
[INFO] [stdout]    4:     0x5e55d94f7ca9 - std[70759c8f55707aa4]::panicking::default_hook
[INFO] [stdout]    5:     0x5e55d9492a10 - test[9d35eded1c95d3be]::test_main_inner::<test[9d35eded1c95d3be]::test_main_static::{closure#0}>::{closure#0}
[INFO] [stdout]    6:     0x5e55d94f7e62 - std[70759c8f55707aa4]::panicking::panic_with_hook
[INFO] [stdout]    7:     0x5e55d94dac52 - std[70759c8f55707aa4]::panicking::panic_handler::{closure#0}
[INFO] [stdout]    8:     0x5e55d94d3729 - std[70759c8f55707aa4]::sys::backtrace::__rust_end_short_backtrace::<std[70759c8f55707aa4]::panicking::panic_handler::{closure#0}, !>
[INFO] [stdout]    9:     0x5e55d94db84d - __rustc[8fa7c3cbc660c2b3]::rust_begin_unwind
[INFO] [stdout]   10:     0x5e55d951662c - core[df12db4294e9bfd3]::panicking::panic_fmt
[INFO] [stdout]   11:     0x5e55d93aa5ba - <cli_surface_exclusions_auto_built_in_gitignore_and_repeatable_exclude_acceptance_test[7be194afc3f5ff39]::dogfood_run_stays_clean_with_gitignore_awareness_on_example_1::{closure#0} as core[df12db4294e9bfd3]::ops::function::FnOnce<()>>::call_once
[INFO] [stdout]   12:     0x5e55d9485cfb - test[9d35eded1c95d3be]::__rust_begin_short_backtrace::<core[df12db4294e9bfd3]::result::Result<(), alloc[2182bb758b4b3781]::string::String>, fn() -> core[df12db4294e9bfd3]::result::Result<(), alloc[2182bb758b4b3781]::string::String>>
[INFO] [stdout]   13:     0x5e55d9493365 - test[9d35eded1c95d3be]::run_test::{closure#0}
[INFO] [stdout]   14:     0x5e55d948cc24 - std[70759c8f55707aa4]::sys::backtrace::__rust_begin_short_backtrace::<test[9d35eded1c95d3be]::run_test::{closure#1}, ()>
[INFO] [stdout]   15:     0x5e55d94964c2 - <std[70759c8f55707aa4]::thread::lifecycle::spawn_unchecked<test[9d35eded1c95d3be]::run_test::{closure#1}, ()>::{closure#1} as core[df12db4294e9bfd3]::ops::function::FnOnce<()>>::call_once::{shim:vtable#0}
[INFO] [stdout]   16:     0x5e55d94ff529 - <std[70759c8f55707aa4]::sys::thread::unix::Thread>::new::thread_start
[INFO] [stdout]   17:     0x7e4c81e97dfa - <unknown>
[INFO] [stdout]   18:     0x7e4c81f2b3d4 - clone
[INFO] [stdout]   19:                0x0 - <unknown>
[INFO] [stdout] 
[INFO] [stdout] ---- built_in_excluded_directory_under_the_scanned_path_is_never_scanned_example_1 stdout ----
[INFO] [stdout] 
[INFO] [stdout] thread 'built_in_excluded_directory_under_the_scanned_path_is_never_scanned_example_1' (1928) panicked at tests/cli_surface_exclusions_auto_built_in_gitignore_and_repeatable_exclude_acceptance_test.rs:47:5:
[INFO] [stdout] step failed [I run drywall with the arguments "<args>"]: failed to run binary: No such file or directory (os error 2)
[INFO] [stdout] stack backtrace:
[INFO] [stdout]    0:     0x5e55d95001b1 - <<std[70759c8f55707aa4]::sys::backtrace::BacktraceLock>::print::DisplayBacktrace as core[df12db4294e9bfd3]::fmt::Display>::fmt
[INFO] [stdout]    1:     0x5e55d9515e4a - core[df12db4294e9bfd3]::fmt::write
[INFO] [stdout]    2:     0x5e55d950491c - <alloc[2182bb758b4b3781]::vec::Vec<u8> as core[df12db4294e9bfd3]::io::write::Write>::write_fmt
[INFO] [stdout]    3:     0x5e55d94daba6 - std[70759c8f55707aa4]::panicking::default_hook::{closure#0}
[INFO] [stdout]    4:     0x5e55d94f7ca9 - std[70759c8f55707aa4]::panicking::default_hook
[INFO] [stdout]    5:     0x5e55d9492a10 - test[9d35eded1c95d3be]::test_main_inner::<test[9d35eded1c95d3be]::test_main_static::{closure#0}>::{closure#0}
[INFO] [stdout]    6:     0x5e55d94f7e62 - std[70759c8f55707aa4]::panicking::panic_with_hook
[INFO] [stdout]    7:     0x5e55d94dac52 - std[70759c8f55707aa4]::panicking::panic_handler::{closure#0}
[INFO] [stdout]    8:     0x5e55d94d3729 - std[70759c8f55707aa4]::sys::backtrace::__rust_end_short_backtrace::<std[70759c8f55707aa4]::panicking::panic_handler::{closure#0}, !>
[INFO] [stdout]    9:     0x5e55d94db84d - __rustc[8fa7c3cbc660c2b3]::rust_begin_unwind
[INFO] [stdout]   10:     0x5e55d951662c - core[df12db4294e9bfd3]::panicking::panic_fmt
[INFO] [stdout]   11:     0x5e55d93ae7ce - <cli_surface_exclusions_auto_built_in_gitignore_and_repeatable_exclude_acceptance_test[7be194afc3f5ff39]::built_in_excluded_directory_under_the_scanned_path_is_never_scanned_example_1::{closure#0} as core[df12db4294e9bfd3]::ops::function::FnOnce<()>>::call_once
[INFO] [stdout]   12:     0x5e55d9485cfb - test[9d35eded1c95d3be]::__rust_begin_short_backtrace::<core[df12db4294e9bfd3]::result::Result<(), alloc[2182bb758b4b3781]::string::String>, fn() -> core[df12db4294e9bfd3]::result::Result<(), alloc[2182bb758b4b3781]::string::String>>
[INFO] [stdout]   13:     0x5e55d9493365 - test[9d35eded1c95d3be]::run_test::{closure#0}
[INFO] [stdout]   14:     0x5e55d948cc24 - std[70759c8f55707aa4]::sys::backtrace::__rust_begin_short_backtrace::<test[9d35eded1c95d3be]::run_test::{closure#1}, ()>
[INFO] [stdout]   15:     0x5e55d94964c2 - <std[70759c8f55707aa4]::thread::lifecycle::spawn_unchecked<test[9d35eded1c95d3be]::run_test::{closure#1}, ()>::{closure#1} as core[df12db4294e9bfd3]::ops::function::FnOnce<()>>::call_once::{shim:vtable#0}
[INFO] [stdout]   16:     0x5e55d94ff529 - <std[70759c8f55707aa4]::sys::thread::unix::Thread>::new::thread_start
[INFO] [stdout]   17:     0x7e4c81e97dfa - <unknown>
[INFO] [stdout]   18:     0x7e4c81f2b3d4 - clone
[INFO] [stdout]   19:                0x0 - <unknown>
[INFO] [stdout] 
[INFO] [stdout] ---- built_in_excluded_directory_under_the_scanned_path_is_never_scanned_example_2 stdout ----
[INFO] [stdout] 
[INFO] [stdout] thread 'built_in_excluded_directory_under_the_scanned_path_is_never_scanned_example_2' (1929) panicked at tests/cli_surface_exclusions_auto_built_in_gitignore_and_repeatable_exclude_acceptance_test.rs:106:5:
[INFO] [stdout] step failed [I run drywall with the arguments "<args>"]: failed to run binary: No such file or directory (os error 2)
[INFO] [stdout] stack backtrace:
[INFO] [stdout]    0:     0x5e55d95001b1 - <<std[70759c8f55707aa4]::sys::backtrace::BacktraceLock>::print::DisplayBacktrace as core[df12db4294e9bfd3]::fmt::Display>::fmt
[INFO] [stdout]    1:     0x5e55d9515e4a - core[df12db4294e9bfd3]::fmt::write
[INFO] [stdout]    2:     0x5e55d950491c - <alloc[2182bb758b4b3781]::vec::Vec<u8> as core[df12db4294e9bfd3]::io::write::Write>::write_fmt
[INFO] [stdout]    3:     0x5e55d94daba6 - std[70759c8f55707aa4]::panicking::default_hook::{closure#0}
[INFO] [stdout]    4:     0x5e55d94f7ca9 - std[70759c8f55707aa4]::panicking::default_hook
[INFO] [stdout]    5:     0x5e55d9492a10 - test[9d35eded1c95d3be]::test_main_inner::<test[9d35eded1c95d3be]::test_main_static::{closure#0}>::{closure#0}
[INFO] [stdout]    6:     0x5e55d94f7e62 - std[70759c8f55707aa4]::panicking::panic_with_hook
[INFO] [stdout]    7:     0x5e55d94dac52 - std[70759c8f55707aa4]::panicking::panic_handler::{closure#0}
[INFO] [stdout]    8:     0x5e55d94d3729 - std[70759c8f55707aa4]::sys::backtrace::__rust_end_short_backtrace::<std[70759c8f55707aa4]::panicking::panic_handler::{closure#0}, !>
[INFO] [stdout]    9:     0x5e55d94db84d - __rustc[8fa7c3cbc660c2b3]::rust_begin_unwind
[INFO] [stdout]   10:     0x5e55d951662c - core[df12db4294e9bfd3]::panicking::panic_fmt
[INFO] [stdout]   11:     0x5e55d93af0f5 - <cli_surface_exclusions_auto_built_in_gitignore_and_repeatable_exclude_acceptance_test[7be194afc3f5ff39]::built_in_excluded_directory_under_the_scanned_path_is_never_scanned_example_2::{closure#0} as core[df12db4294e9bfd3]::ops::function::FnOnce<()>>::call_once
[INFO] [stdout]   12:     0x5e55d9485cfb - test[9d35eded1c95d3be]::__rust_begin_short_backtrace::<core[df12db4294e9bfd3]::result::Result<(), alloc[2182bb758b4b3781]::string::String>, fn() -> core[df12db4294e9bfd3]::result::Result<(), alloc[2182bb758b4b3781]::string::String>>
[INFO] [stdout]   13:     0x5e55d9493365 - test[9d35eded1c95d3be]::run_test::{closure#0}
[INFO] [stdout]   14:     0x5e55d948cc24 - std[70759c8f55707aa4]::sys::backtrace::__rust_begin_short_backtrace::<test[9d35eded1c95d3be]::run_test::{closure#1}, ()>
[INFO] [stdout]   15:     0x5e55d94964c2 - <std[70759c8f55707aa4]::thread::lifecycle::spawn_unchecked<test[9d35eded1c95d3be]::run_test::{closure#1}, ()>::{closure#1} as core[df12db4294e9bfd3]::ops::function::FnOnce<()>>::call_once::{shim:vtable#0}
[INFO] [stdout]   16:     0x5e55d94ff529 - <std[70759c8f55707aa4]::sys::thread::unix::Thread>::new::thread_start
[INFO] [stdout]   17:     0x7e4c81e97dfa - <unknown>
[INFO] [stdout]   18:     0x7e4c81f2b3d4 - clone
[INFO] [stdout]   19:                0x0 - <unknown>
[INFO] [stdout] 
[INFO] [stdout] ---- built_in_excluded_directory_under_the_scanned_path_is_never_scanned_example_5 stdout ----
[INFO] [stdout] 
[INFO] [stdout] thread 'built_in_excluded_directory_under_the_scanned_path_is_never_scanned_example_5' (1932) panicked at tests/cli_surface_exclusions_auto_built_in_gitignore_and_repeatable_exclude_acceptance_test.rs:283:5:
[INFO] [stdout] step failed [I run drywall with the arguments "<args>"]: failed to run binary: No such file or directory (os error 2)
[INFO] [stdout] stack backtrace:
[INFO] [stdout]    0:     0x5e55d95001b1 - <<std[70759c8f55707aa4]::sys::backtrace::BacktraceLock>::print::DisplayBacktrace as core[df12db4294e9bfd3]::fmt::Display>::fmt
[INFO] [stdout]    1:     0x5e55d9515e4a - core[df12db4294e9bfd3]::fmt::write
[INFO] [stdout]    2:     0x5e55d950491c - <alloc[2182bb758b4b3781]::vec::Vec<u8> as core[df12db4294e9bfd3]::io::write::Write>::write_fmt
[INFO] [stdout]    3:     0x5e55d94daba6 - std[70759c8f55707aa4]::panicking::default_hook::{closure#0}
[INFO] [stdout]    4:     0x5e55d94f7ca9 - std[70759c8f55707aa4]::panicking::default_hook
[INFO] [stdout]    5:     0x5e55d9492a10 - test[9d35eded1c95d3be]::test_main_inner::<test[9d35eded1c95d3be]::test_main_static::{closure#0}>::{closure#0}
[INFO] [stdout]    6:     0x5e55d94f7e62 - std[70759c8f55707aa4]::panicking::panic_with_hook
[INFO] [stdout]    7:     0x5e55d94dac52 - std[70759c8f55707aa4]::panicking::panic_handler::{closure#0}
[INFO] [stdout]    8:     0x5e55d94d3729 - std[70759c8f55707aa4]::sys::backtrace::__rust_end_short_backtrace::<std[70759c8f55707aa4]::panicking::panic_handler::{closure#0}, !>
[INFO] [stdout]    9:     0x5e55d94db84d - __rustc[8fa7c3cbc660c2b3]::rust_begin_unwind
[INFO] [stdout]   10:     0x5e55d951662c - core[df12db4294e9bfd3]::panicking::panic_fmt
[INFO] [stdout]   11:     0x5e55d93b0c55 - <cli_surface_exclusions_auto_built_in_gitignore_and_repeatable_exclude_acceptance_test[7be194afc3f5ff39]::built_in_excluded_directory_under_the_scanned_path_is_never_scanned_example_5::{closure#0} as core[df12db4294e9bfd3]::ops::function::FnOnce<()>>::call_once
[INFO] [stdout]   12:     0x5e55d9485cfb - test[9d35eded1c95d3be]::__rust_begin_short_backtrace::<core[df12db4294e9bfd3]::result::Result<(), alloc[2182bb758b4b3781]::string::String>, fn() -> core[df12db4294e9bfd3]::result::Result<(), alloc[2182bb758b4b3781]::string::String>>
[INFO] [stdout]   13:     0x5e55d9493365 - test[9d35eded1c95d3be]::run_test::{closure#0}
[INFO] [stdout]   14:     0x5e55d948cc24 - std[70759c8f55707aa4]::sys::backtrace::__rust_begin_short_backtrace::<test[9d35eded1c95d3be]::run_test::{closure#1}, ()>
[INFO] [stdout]   15:     0x5e55d94964c2 - <std[70759c8f55707aa4]::thread::lifecycle::spawn_unchecked<test[9d35eded1c95d3be]::run_test::{closure#1}, ()>::{closure#1} as core[df12db4294e9bfd3]::ops::function::FnOnce<()>>::call_once::{shim:vtable#0}
[INFO] [stdout]   16:     0x5e55d94ff529 - <std[70759c8f55707aa4]::sys::thread::unix::Thread>::new::thread_start
[INFO] [stdout]   17:     0x7e4c81e97dfa - <unknown>
[INFO] [stdout]   18:     0x7e4c81f2b3d4 - clone
[INFO] [stdout]   19:                0x0 - <unknown>
[INFO] [stdout] 
[INFO] [stdout] ---- a_built_in_excluded_directory_passed_directly_is_still_excluded_example_1 stdout ----
[INFO] [stdout] 
[INFO] [stdout] thread 'a_built_in_excluded_directory_passed_directly_is_still_excluded_example_1' (1924) panicked at tests/cli_surface_exclusions_auto_built_in_gitignore_and_repeatable_exclude_acceptance_test.rs:569:5:
[INFO] [stdout] step failed [I run drywall with the arguments "<args>"]: failed to run binary: No such file or directory (os error 2)
[INFO] [stdout] stack backtrace:
[INFO] [stdout]    0:     0x5e55d95001b1 - <<std[70759c8f55707aa4]::sys::backtrace::BacktraceLock>::print::DisplayBacktrace as core[df12db4294e9bfd3]::fmt::Display>::fmt
[INFO] [stdout]    1:     0x5e55d9515e4a - core[df12db4294e9bfd3]::fmt::write
[INFO] [stdout]    2:     0x5e55d950491c - <alloc[2182bb758b4b3781]::vec::Vec<u8> as core[df12db4294e9bfd3]::io::write::Write>::write_fmt
[INFO] [stdout]    3:     0x5e55d94daba6 - std[70759c8f55707aa4]::panicking::default_hook::{closure#0}
[INFO] [stdout]    4:     0x5e55d94f7ca9 - std[70759c8f55707aa4]::panicking::default_hook
[INFO] [stdout]    5:     0x5e55d9492a10 - test[9d35eded1c95d3be]::test_main_inner::<test[9d35eded1c95d3be]::test_main_static::{closure#0}>::{closure#0}
[INFO] [stdout]    6:     0x5e55d94f7e62 - std[70759c8f55707aa4]::panicking::panic_with_hook
[INFO] [stdout]    7:     0x5e55d94dac52 - std[70759c8f55707aa4]::panicking::panic_handler::{closure#0}
[INFO] [stdout]    8:     0x5e55d94d3729 - std[70759c8f55707aa4]::sys::backtrace::__rust_end_short_backtrace::<std[70759c8f55707aa4]::panicking::panic_handler::{closure#0}, !>
[INFO] [stdout]    9:     0x5e55d94db84d - __rustc[8fa7c3cbc660c2b3]::rust_begin_unwind
[INFO] [stdout]   10:     0x5e55d951662c - core[df12db4294e9bfd3]::panicking::panic_fmt
[INFO] [stdout]   11:     0x5e55d93adf00 - <cli_surface_exclusions_auto_built_in_gitignore_and_repeatable_exclude_acceptance_test[7be194afc3f5ff39]::a_built_in_excluded_directory_passed_directly_is_still_excluded_example_1::{closure#0} as core[df12db4294e9bfd3]::ops::function::FnOnce<()>>::call_once
[INFO] [stdout]   12:     0x5e55d9485cfb - test[9d35eded1c95d3be]::__rust_begin_short_backtrace::<core[df12db4294e9bfd3]::result::Result<(), alloc[2182bb758b4b3781]::string::String>, fn() -> core[df12db4294e9bfd3]::result::Result<(), alloc[2182bb758b4b3781]::string::String>>
[INFO] [stdout]   13:     0x5e55d9493365 - test[9d35eded1c95d3be]::run_test::{closure#0}
[INFO] [stdout]   14:     0x5e55d948cc24 - std[70759c8f55707aa4]::sys::backtrace::__rust_begin_short_backtrace::<test[9d35eded1c95d3be]::run_test::{closure#1}, ()>
[INFO] [stdout]   15:     0x5e55d94964c2 - <std[70759c8f55707aa4]::thread::lifecycle::spawn_unchecked<test[9d35eded1c95d3be]::run_test::{closure#1}, ()>::{closure#1} as core[df12db4294e9bfd3]::ops::function::FnOnce<()>>::call_once::{shim:vtable#0}
[INFO] [stdout]   16:     0x5e55d94ff529 - <std[70759c8f55707aa4]::sys::thread::unix::Thread>::new::thread_start
[INFO] [stdout]   17:     0x7e4c81e97dfa - <unknown>
[INFO] [stdout]   18:     0x7e4c81f2b3d4 - clone
[INFO] [stdout]   19:                0x0 - <unknown>
[INFO] [stdout] 
[INFO] [stdout] ---- built_in_excluded_directory_under_the_scanned_path_is_never_scanned_example_4 stdout ----
[INFO] [stdout] 
[INFO] [stdout] thread 'built_in_excluded_directory_under_the_scanned_path_is_never_scanned_example_4' (1931) panicked at tests/cli_surface_exclusions_auto_built_in_gitignore_and_repeatable_exclude_acceptance_test.rs:224:5:
[INFO] [stdout] step failed [I run drywall with the arguments "<args>"]: failed to run binary: No such file or directory (os error 2)
[INFO] [stdout] stack backtrace:
[INFO] [stdout]    0:     0x5e55d95001b1 - <<std[70759c8f55707aa4]::sys::backtrace::BacktraceLock>::print::DisplayBacktrace as core[df12db4294e9bfd3]::fmt::Display>::fmt
[INFO] [stdout]    1:     0x5e55d9515e4a - core[df12db4294e9bfd3]::fmt::write
[INFO] [stdout]    2:     0x5e55d950491c - <alloc[2182bb758b4b3781]::vec::Vec<u8> as core[df12db4294e9bfd3]::io::write::Write>::write_fmt
[INFO] [stdout]    3:     0x5e55d94daba6 - std[70759c8f55707aa4]::panicking::default_hook::{closure#0}
[INFO] [stdout]    4:     0x5e55d94f7ca9 - std[70759c8f55707aa4]::panicking::default_hook
[INFO] [stdout]    5:     0x5e55d9492a10 - test[9d35eded1c95d3be]::test_main_inner::<test[9d35eded1c95d3be]::test_main_static::{closure#0}>::{closure#0}
[INFO] [stdout]    6:     0x5e55d94f7e62 - std[70759c8f55707aa4]::panicking::panic_with_hook
[INFO] [stdout]    7:     0x5e55d94dac52 - std[70759c8f55707aa4]::panicking::panic_handler::{closure#0}
[INFO] [stdout]    8:     0x5e55d94d3729 - std[70759c8f55707aa4]::sys::backtrace::__rust_end_short_backtrace::<std[70759c8f55707aa4]::panicking::panic_handler::{closure#0}, !>
[INFO] [stdout]    9:     0x5e55d94db84d - __rustc[8fa7c3cbc660c2b3]::rust_begin_unwind
[INFO] [stdout]   10:     0x5e55d951662c - core[df12db4294e9bfd3]::panicking::panic_fmt
[INFO] [stdout]   11:     0x5e55d93b032b - <cli_surface_exclusions_auto_built_in_gitignore_and_repeatable_exclude_acceptance_test[7be194afc3f5ff39]::built_in_excluded_directory_under_the_scanned_path_is_never_scanned_example_4::{closure#0} as core[df12db4294e9bfd3]::ops::function::FnOnce<()>>::call_once
[INFO] [stdout]   12:     0x5e55d9485cfb - test[9d35eded1c95d3be]::__rust_begin_short_backtrace::<core[df12db4294e9bfd3]::result::Result<(), alloc[2182bb758b4b3781]::string::String>, fn() -> core[df12db4294e9bfd3]::result::Result<(), alloc[2182bb758b4b3781]::string::String>>
[INFO] [stdout]   13:     0x5e55d9493365 - test[9d35eded1c95d3be]::run_test::{closure#0}
[INFO] [stdout]   14:     0x5e55d948cc24 - std[70759c8f55707aa4]::sys::backtrace::__rust_begin_short_backtrace::<test[9d35eded1c95d3be]::run_test::{closure#1}, ()>
[INFO] [stdout]   15:     0x5e55d94964c2 - <std[70759c8f55707aa4]::thread::lifecycle::spawn_unchecked<test[9d35eded1c95d3be]::run_test::{closure#1}, ()>::{closure#1} as core[df12db4294e9bfd3]::ops::function::FnOnce<()>>::call_once::{shim:vtable#0}
[INFO] [stdout]   16:     0x5e55d94ff529 - <std[70759c8f55707aa4]::sys::thread::unix::Thread>::new::thread_start
[INFO] [stdout]   17:     0x7e4c81e97dfa - <unknown>
[INFO] [stdout]   18:     0x7e4c81f2b3d4 - clone
[INFO] [stdout]   19:                0x0 - <unknown>
[INFO] [stdout] 
[INFO] [stdout] ---- explicitly_passing_the_parent_does_not_re_include_a_built_in_excluded_subdirectory_example_2 stdout ----
[INFO] [stdout] 
[INFO] [stdout] thread 'explicitly_passing_the_parent_does_not_re_include_a_built_in_excluded_subdirectory_example_2' (1949) panicked at tests/cli_surface_exclusions_auto_built_in_gitignore_and_repeatable_exclude_acceptance_test.rs:516:5:
[INFO] [stdout] step failed [I run drywall with the arguments "<args>"]: failed to run binary: No such file or directory (os error 2)
[INFO] [stdout] stack backtrace:
[INFO] [stdout]    0:     0x5e55d95001b1 - <<std[70759c8f55707aa4]::sys::backtrace::BacktraceLock>::print::DisplayBacktrace as core[df12db4294e9bfd3]::fmt::Display>::fmt
[INFO] [stdout]    1:     0x5e55d9515e4a - core[df12db4294e9bfd3]::fmt::write
[INFO] [stdout]    2:     0x5e55d950491c - <alloc[2182bb758b4b3781]::vec::Vec<u8> as core[df12db4294e9bfd3]::io::write::Write>::write_fmt
[INFO] [stdout]    3:     0x5e55d94daba6 - std[70759c8f55707aa4]::panicking::default_hook::{closure#0}
[INFO] [stdout]    4:     0x5e55d94f7ca9 - std[70759c8f55707aa4]::panicking::default_hook
[INFO] [stdout]    5:     0x5e55d9492a10 - test[9d35eded1c95d3be]::test_main_inner::<test[9d35eded1c95d3be]::test_main_static::{closure#0}>::{closure#0}
[INFO] [stdout]    6:     0x5e55d94f7e62 - std[70759c8f55707aa4]::panicking::panic_with_hook
[INFO] [stdout]    7:     0x5e55d94dac52 - std[70759c8f55707aa4]::panicking::panic_handler::{closure#0}
[INFO] [stdout]    8:     0x5e55d94d3729 - std[70759c8f55707aa4]::sys::backtrace::__rust_end_short_backtrace::<std[70759c8f55707aa4]::panicking::panic_handler::{closure#0}, !>
[INFO] [stdout]    9:     0x5e55d94db84d - __rustc[8fa7c3cbc660c2b3]::rust_begin_unwind
[INFO] [stdout]   10:     0x5e55d951662c - core[df12db4294e9bfd3]::panicking::panic_fmt
[INFO] [stdout]   11:     0x5e55d93b39ae - <cli_surface_exclusions_auto_built_in_gitignore_and_repeatable_exclude_acceptance_test[7be194afc3f5ff39]::explicitly_passing_the_parent_does_not_re_include_a_built_in_excluded_subdirectory_example_2::{closure#0} as core[df12db4294e9bfd3]::ops::function::FnOnce<()>>::call_once
[INFO] [stdout]   12:     0x5e55d9485cfb - test[9d35eded1c95d3be]::__rust_begin_short_backtrace::<core[df12db4294e9bfd3]::result::Result<(), alloc[2182bb758b4b3781]::string::String>, fn() -> core[df12db4294e9bfd3]::result::Result<(), alloc[2182bb758b4b3781]::string::String>>
[INFO] [stdout]   13:     0x5e55d9493365 - test[9d35eded1c95d3be]::run_test::{closure#0}
[INFO] [stdout]   14:     0x5e55d948cc24 - std[70759c8f55707aa4]::sys::backtrace::__rust_begin_short_backtrace::<test[9d35eded1c95d3be]::run_test::{closure#1}, ()>
[INFO] [stdout]   15:     0x5e55d94964c2 - <std[70759c8f55707aa4]::thread::lifecycle::spawn_unchecked<test[9d35eded1c95d3be]::run_test::{closure#1}, ()>::{closure#1} as core[df12db4294e9bfd3]::ops::function::FnOnce<()>>::call_once::{shim:vtable#0}
[INFO] [stdout]   16:     0x5e55d94ff529 - <std[70759c8f55707aa4]::sys::thread::unix::Thread>::new::thread_start
[INFO] [stdout]   17:     0x7e4c81e97dfa - <unknown>
[INFO] [stdout]   18:     0x7e4c81f2b3d4 - clone
[INFO] [stdout]   19:                0x0 - <unknown>
[INFO] [stdout] 
[INFO] [stdout] ---- built_in_excluded_directory_under_the_scanned_path_is_never_scanned_example_7 stdout ----
[INFO] [stdout] 
[INFO] [stdout] thread 'built_in_excluded_directory_under_the_scanned_path_is_never_scanned_example_7' (1934) panicked at tests/cli_surface_exclusions_auto_built_in_gitignore_and_repeatable_exclude_acceptance_test.rs:401:5:
[INFO] [stdout] step failed [I run drywall with the arguments "<args>"]: failed to run binary: No such file or directory (os error 2)
[INFO] [stdout] stack backtrace:
[INFO] [stdout]    0:     0x5e55d95001b1 - <<std[70759c8f55707aa4]::sys::backtrace::BacktraceLock>::print::DisplayBacktrace as core[df12db4294e9bfd3]::fmt::Display>::fmt
[INFO] [stdout]    1:     0x5e55d9515e4a - core[df12db4294e9bfd3]::fmt::write
[INFO] [stdout]    2:     0x5e55d950491c - <alloc[2182bb758b4b3781]::vec::Vec<u8> as core[df12db4294e9bfd3]::io::write::Write>::write_fmt
[INFO] [stdout]    3:     0x5e55d94daba6 - std[70759c8f55707aa4]::panicking::default_hook::{closure#0}
[INFO] [stdout]    4:     0x5e55d94f7ca9 - std[70759c8f55707aa4]::panicking::default_hook
[INFO] [stdout]    5:     0x5e55d9492a10 - test[9d35eded1c95d3be]::test_main_inner::<test[9d35eded1c95d3be]::test_main_static::{closure#0}>::{closure#0}
[INFO] [stdout]    6:     0x5e55d94f7e62 - std[70759c8f55707aa4]::panicking::panic_with_hook
[INFO] [stdout]    7:     0x5e55d94dac52 - std[70759c8f55707aa4]::panicking::panic_handler::{closure#0}
[INFO] [stdout]    8:     0x5e55d94d3729 - std[70759c8f55707aa4]::sys::backtrace::__rust_end_short_backtrace::<std[70759c8f55707aa4]::panicking::panic_handler::{closure#0}, !>
[INFO] [stdout]    9:     0x5e55d94db84d - __rustc[8fa7c3cbc660c2b3]::rust_begin_unwind
[INFO] [stdout]   10:     0x5e55d951662c - core[df12db4294e9bfd3]::panicking::panic_fmt
[INFO] [stdout]   11:     0x5e55d93b1e95 - <cli_surface_exclusions_auto_built_in_gitignore_and_repeatable_exclude_acceptance_test[7be194afc3f5ff39]::built_in_excluded_directory_under_the_scanned_path_is_never_scanned_example_7::{closure#0} as core[df12db4294e9bfd3]::ops::function::FnOnce<()>>::call_once
[INFO] [stdout]   12:     0x5e55d9485cfb - test[9d35eded1c95d3be]::__rust_begin_short_backtrace::<core[df12db4294e9bfd3]::result::Result<(), alloc[2182bb758b4b3781]::string::String>, fn() -> core[df12db4294e9bfd3]::result::Result<(), alloc[2182bb758b4b3781]::string::String>>
[INFO] [stdout]   13:     0x5e55d9493365 - test[9d35eded1c95d3be]::run_test::{closure#0}
[INFO] [stdout]   14:     0x5e55d948cc24 - std[70759c8f55707aa4]::sys::backtrace::__rust_begin_short_backtrace::<test[9d35eded1c95d3be]::run_test::{closure#1}, ()>
[INFO] [stdout]   15:     0x5e55d94964c2 - <std[70759c8f55707aa4]::thread::lifecycle::spawn_unchecked<test[9d35eded1c95d3be]::run_test::{closure#1}, ()>::{closure#1} as core[df12db4294e9bfd3]::ops::function::FnOnce<()>>::call_once::{shim:vtable#0}
[INFO] [stdout]   16:     0x5e55d94ff529 - <std[70759c8f55707aa4]::sys::thread::unix::Thread>::new::thread_start
[INFO] [stdout]   17:     0x7e4c81e97dfa - <unknown>
[INFO] [stdout]   18:     0x7e4c81f2b3d4 - clone
[INFO] [stdout]   19:                0x0 - <unknown>
[INFO] [stdout] 
[INFO] [stdout] ---- gitignore_awareness_silently_no_ops_outside_a_git_work_tree_example_1 stdout ----
[INFO] [stdout] 
[INFO] [stdout] thread 'gitignore_awareness_silently_no_ops_outside_a_git_work_tree_example_1' (1950) panicked at tests/cli_surface_exclusions_auto_built_in_gitignore_and_repeatable_exclude_acceptance_test.rs:1101:5:
[INFO] [stdout] step failed [I run drywall with the arguments "<args>"]: failed to run binary: No such file or directory (os error 2)
[INFO] [stdout] stack backtrace:
[INFO] [stdout]    0:     0x5e55d95001b1 - <<std[70759c8f55707aa4]::sys::backtrace::BacktraceLock>::print::DisplayBacktrace as core[df12db4294e9bfd3]::fmt::Display>::fmt
[INFO] [stdout]    1:     0x5e55d9515e4a - core[df12db4294e9bfd3]::fmt::write
[INFO] [stdout]    2:     0x5e55d950491c - <alloc[2182bb758b4b3781]::vec::Vec<u8> as core[df12db4294e9bfd3]::io::write::Write>::write_fmt
[INFO] [stdout]    3:     0x5e55d94daba6 - std[70759c8f55707aa4]::panicking::default_hook::{closure#0}
[INFO] [stdout]    4:     0x5e55d94f7ca9 - std[70759c8f55707aa4]::panicking::default_hook
[INFO] [stdout]    5:     0x5e55d9492a10 - test[9d35eded1c95d3be]::test_main_inner::<test[9d35eded1c95d3be]::test_main_static::{closure#0}>::{closure#0}
[INFO] [stdout]    6:     0x5e55d94f7e62 - std[70759c8f55707aa4]::panicking::panic_with_hook
[INFO] [stdout]    7:     0x5e55d94dac52 - std[70759c8f55707aa4]::panicking::panic_handler::{closure#0}
[INFO] [stdout]    8:     0x5e55d94d3729 - std[70759c8f55707aa4]::sys::backtrace::__rust_end_short_backtrace::<std[70759c8f55707aa4]::panicking::panic_handler::{closure#0}, !>
[INFO] [stdout]    9:     0x5e55d94db84d - __rustc[8fa7c3cbc660c2b3]::rust_begin_unwind
[INFO] [stdout]   10:     0x5e55d951662c - core[df12db4294e9bfd3]::panicking::panic_fmt
[INFO] [stdout]   11:     0x5e55d93acd78 - <cli_surface_exclusions_auto_built_in_gitignore_and_repeatable_exclude_acceptance_test[7be194afc3f5ff39]::gitignore_awareness_silently_no_ops_outside_a_git_work_tree_example_1::{closure#0} as core[df12db4294e9bfd3]::ops::function::FnOnce<()>>::call_once
[INFO] [stdout]   12:     0x5e55d9485cfb - test[9d35eded1c95d3be]::__rust_begin_short_backtrace::<core[df12db4294e9bfd3]::result::Result<(), alloc[2182bb758b4b3781]::string::String>, fn() -> core[df12db4294e9bfd3]::result::Result<(), alloc[2182bb758b4b3781]::string::String>>
[INFO] [stdout]   13:     0x5e55d9493365 - test[9d35eded1c95d3be]::run_test::{closure#0}
[INFO] [stdout]   14:     0x5e55d948cc24 - std[70759c8f55707aa4]::sys::backtrace::__rust_begin_short_backtrace::<test[9d35eded1c95d3be]::run_test::{closure#1}, ()>
[INFO] [stdout]   15:     0x5e55d94964c2 - <std[70759c8f55707aa4]::thread::lifecycle::spawn_unchecked<test[9d35eded1c95d3be]::run_test::{closure#1}, ()>::{closure#1} as core[df12db4294e9bfd3]::ops::function::FnOnce<()>>::call_once::{shim:vtable#0}
[INFO] [stdout]   16:     0x5e55d94ff529 - <std[70759c8f55707aa4]::sys::thread::unix::Thread>::new::thread_start
[INFO] [stdout]   17:     0x7e4c81e97dfa - <unknown>
[INFO] [stdout]   18:     0x7e4c81f2b3d4 - clone
[INFO] [stdout]   19:                0x0 - <unknown>
[INFO] [stdout] 
[INFO] [stdout] ---- explicitly_passing_the_parent_does_not_re_include_a_built_in_excluded_subdirectory_example_1 stdout ----
[INFO] [stdout] 
[INFO] [stdout] thread 'explicitly_passing_the_parent_does_not_re_include_a_built_in_excluded_subdirectory_example_1' (1946) panicked at tests/cli_surface_exclusions_auto_built_in_gitignore_and_repeatable_exclude_acceptance_test.rs:463:5:
[INFO] [stdout] step failed [I run drywall with the arguments "<args>"]: failed to run binary: No such file or directory (os error 2)
[INFO] [stdout] stack backtrace:
[INFO] [stdout]    0:     0x5e55d95001b1 - <<std[70759c8f55707aa4]::sys::backtrace::BacktraceLock>::print::DisplayBacktrace as core[df12db4294e9bfd3]::fmt::Display>::fmt
[INFO] [stdout]    1:     0x5e55d9515e4a - core[df12db4294e9bfd3]::fmt::write
[INFO] [stdout]    2:     0x5e55d950491c - <alloc[2182bb758b4b3781]::vec::Vec<u8> as core[df12db4294e9bfd3]::io::write::Write>::write_fmt
[INFO] [stdout]    3:     0x5e55d94daba6 - std[70759c8f55707aa4]::panicking::default_hook::{closure#0}
[INFO] [stdout]    4:     0x5e55d94f7ca9 - std[70759c8f55707aa4]::panicking::default_hook
[INFO] [stdout]    5:     0x5e55d9492a10 - test[9d35eded1c95d3be]::test_main_inner::<test[9d35eded1c95d3be]::test_main_static::{closure#0}>::{closure#0}
[INFO] [stdout]    6:     0x5e55d94f7e62 - std[70759c8f55707aa4]::panicking::panic_with_hook
[INFO] [stdout]    7:     0x5e55d94dac52 - std[70759c8f55707aa4]::panicking::panic_handler::{closure#0}
[INFO] [stdout]    8:     0x5e55d94d3729 - std[70759c8f55707aa4]::sys::backtrace::__rust_end_short_backtrace::<std[70759c8f55707aa4]::panicking::panic_handler::{closure#0}, !>
[INFO] [stdout]    9:     0x5e55d94db84d - __rustc[8fa7c3cbc660c2b3]::rust_begin_unwind
[INFO] [stdout]   10:     0x5e55d951662c - core[df12db4294e9bfd3]::panicking::panic_fmt
[INFO] [stdout]   11:     0x5e55d93b3132 - <cli_surface_exclusions_auto_built_in_gitignore_and_repeatable_exclude_acceptance_test[7be194afc3f5ff39]::explicitly_passing_the_parent_does_not_re_include_a_built_in_excluded_subdirectory_example_1::{closure#0} as core[df12db4294e9bfd3]::ops::function::FnOnce<()>>::call_once
[INFO] [stdout]   12:     0x5e55d9485cfb - test[9d35eded1c95d3be]::__rust_begin_short_backtrace::<core[df12db4294e9bfd3]::result::Result<(), alloc[2182bb758b4b3781]::string::String>, fn() -> core[df12db4294e9bfd3]::result::Result<(), alloc[2182bb758b4b3781]::string::String>>
[INFO] [stdout]   13:     0x5e55d9493365 - test[9d35eded1c95d3be]::run_test::{closure#0}
[INFO] [stdout]   14:     0x5e55d948cc24 - std[70759c8f55707aa4]::sys::backtrace::__rust_begin_short_backtrace::<test[9d35eded1c95d3be]::run_test::{closure#1}, ()>
[INFO] [stdout]   15:     0x5e55d94964c2 - <std[70759c8f55707aa4]::thread::lifecycle::spawn_unchecked<test[9d35eded1c95d3be]::run_test::{closure#1}, ()>::{closure#1} as core[df12db4294e9bfd3]::ops::function::FnOnce<()>>::call_once::{shim:vtable#0}
[INFO] [stdout]   16:     0x5e55d94ff529 - <std[70759c8f55707aa4]::sys::thread::unix::Thread>::new::thread_start
[INFO] [stdout]   17:     0x7e4c81e97dfa - <unknown>
[INFO] [stdout]   18:     0x7e4c81f2b3d4 - clone
[INFO] [stdout]   19:                0x0 - <unknown>
[INFO] [stdout] 
[INFO] [stdout] ---- a_twin_outside_built_in_excluded_directories_is_still_reported_example_1 stdout ----
[INFO] [stdout] 
[INFO] [stdout] thread 'a_twin_outside_built_in_excluded_directories_is_still_reported_example_1' (1927) panicked at tests/cli_surface_exclusions_auto_built_in_gitignore_and_repeatable_exclude_acceptance_test.rs:622:5:
[INFO] [stdout] step failed [I run drywall with the arguments "<args>"]: failed to run binary: No such file or directory (os error 2)
[INFO] [stdout] stack backtrace:
[INFO] [stdout]    0:     0x5e55d95001b1 - <<std[70759c8f55707aa4]::sys::backtrace::BacktraceLock>::print::DisplayBacktrace as core[df12db4294e9bfd3]::fmt::Display>::fmt
[INFO] [stdout]    1:     0x5e55d9515e4a - core[df12db4294e9bfd3]::fmt::write
[INFO] [stdout]    2:     0x5e55d950491c - <alloc[2182bb758b4b3781]::vec::Vec<u8> as core[df12db4294e9bfd3]::io::write::Write>::write_fmt
[INFO] [stdout]    3:     0x5e55d94daba6 - std[70759c8f55707aa4]::panicking::default_hook::{closure#0}
[INFO] [stdout]    4:     0x5e55d94f7ca9 - std[70759c8f55707aa4]::panicking::default_hook
[INFO] [stdout]    5:     0x5e55d9492a10 - test[9d35eded1c95d3be]::test_main_inner::<test[9d35eded1c95d3be]::test_main_static::{closure#0}>::{closure#0}
[INFO] [stdout]    6:     0x5e55d94f7e62 - std[70759c8f55707aa4]::panicking::panic_with_hook
[INFO] [stdout]    7:     0x5e55d94dac52 - std[70759c8f55707aa4]::panicking::panic_handler::{closure#0}
[INFO] [stdout]    8:     0x5e55d94d3729 - std[70759c8f55707aa4]::sys::backtrace::__rust_end_short_backtrace::<std[70759c8f55707aa4]::panicking::panic_handler::{closure#0}, !>
[INFO] [stdout]    9:     0x5e55d94db84d - __rustc[8fa7c3cbc660c2b3]::rust_begin_unwind
[INFO] [stdout]   10:     0x5e55d951662c - core[df12db4294e9bfd3]::panicking::panic_fmt
[INFO] [stdout]   11:     0x5e55d93ad66e - <cli_surface_exclusions_auto_built_in_gitignore_and_repeatable_exclude_acceptance_test[7be194afc3f5ff39]::a_twin_outside_built_in_excluded_directories_is_still_reported_example_1::{closure#0} as core[df12db4294e9bfd3]::ops::function::FnOnce<()>>::call_once
[INFO] [stdout]   12:     0x5e55d9485cfb - test[9d35eded1c95d3be]::__rust_begin_short_backtrace::<core[df12db4294e9bfd3]::result::Result<(), alloc[2182bb758b4b3781]::string::String>, fn() -> core[df12db4294e9bfd3]::result::Result<(), alloc[2182bb758b4b3781]::string::String>>
[INFO] [stdout]   13:     0x5e55d9493365 - test[9d35eded1c95d3be]::run_test::{closure#0}
[INFO] [stdout]   14:     0x5e55d948cc24 - std[70759c8f55707aa4]::sys::backtrace::__rust_begin_short_backtrace::<test[9d35eded1c95d3be]::run_test::{closure#1}, ()>
[INFO] [stdout]   15:     0x5e55d94964c2 - <std[70759c8f55707aa4]::thread::lifecycle::spawn_unchecked<test[9d35eded1c95d3be]::run_test::{closure#1}, ()>::{closure#1} as core[df12db4294e9bfd3]::ops::function::FnOnce<()>>::call_once::{shim:vtable#0}
[INFO] [stdout]   16:     0x5e55d94ff529 - <std[70759c8f55707aa4]::sys::thread::unix::Thread>::new::thread_start
[INFO] [stdout]   17:     0x7e4c81e97dfa - <unknown>
[INFO] [stdout]   18:     0x7e4c81f2b3d4 - clone
[INFO] [stdout]   19:                0x0 - <unknown>
[INFO] [stdout] 
[INFO] [stdout] ---- gitignore_awareness_silently_no_ops_when_no_git_executable_is_available_example_1 stdout ----
[INFO] [stdout] 
[INFO] [stdout] thread 'gitignore_awareness_silently_no_ops_when_no_git_executable_is_available_example_1' (1951) panicked at tests/cli_surface_exclusions_auto_built_in_gitignore_and_repeatable_exclude_acceptance_test.rs:950:5:
[INFO] [stdout] step failed [I run drywall with the arguments "<args>"]: failed to run binary: No such file or directory (os error 2)
[INFO] [stdout] stack backtrace:
[INFO] [stdout]    0:     0x5e55d95001b1 - <<std[70759c8f55707aa4]::sys::backtrace::BacktraceLock>::print::DisplayBacktrace as core[df12db4294e9bfd3]::fmt::Display>::fmt
[INFO] [stdout]    1:     0x5e55d9515e4a - core[df12db4294e9bfd3]::fmt::write
[INFO] [stdout]    2:     0x5e55d950491c - <alloc[2182bb758b4b3781]::vec::Vec<u8> as core[df12db4294e9bfd3]::io::write::Write>::write_fmt
[INFO] [stdout]    3:     0x5e55d94daba6 - std[70759c8f55707aa4]::panicking::default_hook::{closure#0}
[INFO] [stdout]    4:     0x5e55d94f7ca9 - std[70759c8f55707aa4]::panicking::default_hook
[INFO] [stdout]    5:     0x5e55d9492a10 - test[9d35eded1c95d3be]::test_main_inner::<test[9d35eded1c95d3be]::test_main_static::{closure#0}>::{closure#0}
[INFO] [stdout]    6:     0x5e55d94f7e62 - std[70759c8f55707aa4]::panicking::panic_with_hook
[INFO] [stdout]    7:     0x5e55d94dac52 - std[70759c8f55707aa4]::panicking::panic_handler::{closure#0}
[INFO] [stdout]    8:     0x5e55d94d3729 - std[70759c8f55707aa4]::sys::backtrace::__rust_end_short_backtrace::<std[70759c8f55707aa4]::panicking::panic_handler::{closure#0}, !>
[INFO] [stdout]    9:     0x5e55d94db84d - __rustc[8fa7c3cbc660c2b3]::rust_begin_unwind
[INFO] [stdout]   10:     0x5e55d951662c - core[df12db4294e9bfd3]::panicking::panic_fmt
[INFO] [stdout]   11:     0x5e55d93b2838 - <cli_surface_exclusions_auto_built_in_gitignore_and_repeatable_exclude_acceptance_test[7be194afc3f5ff39]::gitignore_awareness_silently_no_ops_when_no_git_executable_is_available_example_1::{closure#0} as core[df12db4294e9bfd3]::ops::function::FnOnce<()>>::call_once
[INFO] [stdout]   12:     0x5e55d9485cfb - test[9d35eded1c95d3be]::__rust_begin_short_backtrace::<core[df12db4294e9bfd3]::result::Result<(), alloc[2182bb758b4b3781]::string::String>, fn() -> core[df12db4294e9bfd3]::result::Result<(), alloc[2182bb758b4b3781]::string::String>>
[INFO] [stdout]   13:     0x5e55d9493365 - test[9d35eded1c95d3be]::run_test::{closure#0}
[INFO] [stdout]   14:     0x5e55d948cc24 - std[70759c8f55707aa4]::sys::backtrace::__rust_begin_short_backtrace::<test[9d35eded1c95d3be]::run_test::{closure#1}, ()>
[INFO] [stdout]   15:     0x5e55d94964c2 - <std[70759c8f55707aa4]::thread::lifecycle::spawn_unchecked<test[9d35eded1c95d3be]::run_test::{closure#1}, ()>::{closure#1} as core[df12db4294e9bfd3]::ops::function::FnOnce<()>>::call_once::{shim:vtable#0}
[INFO] [stdout]   16:     0x5e55d94ff529 - <std[70759c8f55707aa4]::sys::thread::unix::Thread>::new::thread_start
[INFO] [stdout]   17:     0x7e4c81e97dfa - <unknown>
[INFO] [stdout]   18:     0x7e4c81f2b3d4 - clone
[INFO] [stdout]   19:                0x0 - <unknown>
[INFO] [stdout] 
[INFO] [stdout] ---- built_in_excluded_directory_under_the_scanned_path_is_never_scanned_example_6 stdout ----
[INFO] [stdout] 
[INFO] [stdout] thread 'built_in_excluded_directory_under_the_scanned_path_is_never_scanned_example_6' (1933) panicked at tests/cli_surface_exclusions_auto_built_in_gitignore_and_repeatable_exclude_acceptance_test.rs:342:5:
[INFO] [stdout] step failed [I run drywall with the arguments "<args>"]: failed to run binary: No such file or directory (os error 2)
[INFO] [stdout] stack backtrace:
[INFO] [stdout]    0:     0x5e55d95001b1 - <<std[70759c8f55707aa4]::sys::backtrace::BacktraceLock>::print::DisplayBacktrace as core[df12db4294e9bfd3]::fmt::Display>::fmt
[INFO] [stdout]    1:     0x5e55d9515e4a - core[df12db4294e9bfd3]::fmt::write
[INFO] [stdout]    2:     0x5e55d950491c - <alloc[2182bb758b4b3781]::vec::Vec<u8> as core[df12db4294e9bfd3]::io::write::Write>::write_fmt
[INFO] [stdout]    3:     0x5e55d94daba6 - std[70759c8f55707aa4]::panicking::default_hook::{closure#0}
[INFO] [stdout]    4:     0x5e55d94f7ca9 - std[70759c8f55707aa4]::panicking::default_hook
[INFO] [stdout]    5:     0x5e55d9492a10 - test[9d35eded1c95d3be]::test_main_inner::<test[9d35eded1c95d3be]::test_main_static::{closure#0}>::{closure#0}
[INFO] [stdout]    6:     0x5e55d94f7e62 - std[70759c8f55707aa4]::panicking::panic_with_hook
[INFO] [stdout]    7:     0x5e55d94dac52 - std[70759c8f55707aa4]::panicking::panic_handler::{closure#0}
[INFO] [stdout]    8:     0x5e55d94d3729 - std[70759c8f55707aa4]::sys::backtrace::__rust_end_short_backtrace::<std[70759c8f55707aa4]::panicking::panic_handler::{closure#0}, !>
[INFO] [stdout]    9:     0x5e55d94db84d - __rustc[8fa7c3cbc660c2b3]::rust_begin_unwind
[INFO] [stdout]   10:     0x5e55d951662c - core[df12db4294e9bfd3]::panicking::panic_fmt
[INFO] [stdout]   11:     0x5e55d93b156e - <cli_surface_exclusions_auto_built_in_gitignore_and_repeatable_exclude_acceptance_test[7be194afc3f5ff39]::built_in_excluded_directory_under_the_scanned_path_is_never_scanned_example_6::{closure#0} as core[df12db4294e9bfd3]::ops::function::FnOnce<()>>::call_once
[INFO] [stdout]   12:     0x5e55d9485cfb - test[9d35eded1c95d3be]::__rust_begin_short_backtrace::<core[df12db4294e9bfd3]::result::Result<(), alloc[2182bb758b4b3781]::string::String>, fn() -> core[df12db4294e9bfd3]::result::Result<(), alloc[2182bb758b4b3781]::string::String>>
[INFO] [stdout]   13:     0x5e55d9493365 - test[9d35eded1c95d3be]::run_test::{closure#0}
[INFO] [stdout]   14:     0x5e55d948cc24 - std[70759c8f55707aa4]::sys::backtrace::__rust_begin_short_backtrace::<test[9d35eded1c95d3be]::run_test::{closure#1}, ()>
[INFO] [stdout]   15:     0x5e55d94964c2 - <std[70759c8f55707aa4]::thread::lifecycle::spawn_unchecked<test[9d35eded1c95d3be]::run_test::{closure#1}, ()>::{closure#1} as core[df12db4294e9bfd3]::ops::function::FnOnce<()>>::call_once::{shim:vtable#0}
[INFO] [stdout]   16:     0x5e55d94ff529 - <std[70759c8f55707aa4]::sys::thread::unix::Thread>::new::thread_start
[INFO] [stdout]   17:     0x7e4c81e97dfa - <unknown>
[INFO] [stdout]   18:     0x7e4c81f2b3d4 - clone
[INFO] [stdout]   19:                0x0 - <unknown>
[INFO] [stdout] 
[INFO] [stdout] ---- repeated_exclude_flags_union_their_patterns_example_2 stdout ----
[INFO] [stdout] 
[INFO] [stdout] thread 'repeated_exclude_flags_union_their_patterns_example_2' (1953) panicked at tests/cli_surface_exclusions_auto_built_in_gitignore_and_repeatable_exclude_acceptance_test.rs:760:5:
[INFO] [stdout] step failed [I run drywall with the arguments "<args>"]: failed to run binary: No such file or directory (os error 2)
[INFO] [stdout] stack backtrace:
[INFO] [stdout]    0:     0x5e55d95001b1 - <<std[70759c8f55707aa4]::sys::backtrace::BacktraceLock>::print::DisplayBacktrace as core[df12db4294e9bfd3]::fmt::Display>::fmt
[INFO] [stdout]    1:     0x5e55d9515e4a - core[df12db4294e9bfd3]::fmt::write
[INFO] [stdout]    2:     0x5e55d950491c - <alloc[2182bb758b4b3781]::vec::Vec<u8> as core[df12db4294e9bfd3]::io::write::Write>::write_fmt
[INFO] [stdout]    3:     0x5e55d94daba6 - std[70759c8f55707aa4]::panicking::default_hook::{closure#0}
[INFO] [stdout]    4:     0x5e55d94f7ca9 - std[70759c8f55707aa4]::panicking::default_hook
[INFO] [stdout]    5:     0x5e55d9492a10 - test[9d35eded1c95d3be]::test_main_inner::<test[9d35eded1c95d3be]::test_main_static::{closure#0}>::{closure#0}
[INFO] [stdout]    6:     0x5e55d94f7e62 - std[70759c8f55707aa4]::panicking::panic_with_hook
[INFO] [stdout]    7:     0x5e55d94dac52 - std[70759c8f55707aa4]::panicking::panic_handler::{closure#0}
[INFO] [stdout]    8:     0x5e55d94d3729 - std[70759c8f55707aa4]::sys::backtrace::__rust_end_short_backtrace::<std[70759c8f55707aa4]::panicking::panic_handler::{closure#0}, !>
[INFO] [stdout]    9:     0x5e55d94db84d - __rustc[8fa7c3cbc660c2b3]::rust_begin_unwind
[INFO] [stdout]   10:     0x5e55d951662c - core[df12db4294e9bfd3]::panicking::panic_fmt
[INFO] [stdout]   11:     0x5e55d93a9e99 - <cli_surface_exclusions_auto_built_in_gitignore_and_repeatable_exclude_acceptance_test[7be194afc3f5ff39]::repeated_exclude_flags_union_their_patterns_example_2::{closure#0} as core[df12db4294e9bfd3]::ops::function::FnOnce<()>>::call_once
[INFO] [stdout]   12:     0x5e55d9485cfb - test[9d35eded1c95d3be]::__rust_begin_short_backtrace::<core[df12db4294e9bfd3]::result::Result<(), alloc[2182bb758b4b3781]::string::String>, fn() -> core[df12db4294e9bfd3]::result::Result<(), alloc[2182bb758b4b3781]::string::String>>
[INFO] [stdout]   13:     0x5e55d9493365 - test[9d35eded1c95d3be]::run_test::{closure#0}
[INFO] [stdout]   14:     0x5e55d948cc24 - std[70759c8f55707aa4]::sys::backtrace::__rust_begin_short_backtrace::<test[9d35eded1c95d3be]::run_test::{closure#1}, ()>
[INFO] [stdout]   15:     0x5e55d94964c2 - <std[70759c8f55707aa4]::thread::lifecycle::spawn_unchecked<test[9d35eded1c95d3be]::run_test::{closure#1}, ()>::{closure#1} as core[df12db4294e9bfd3]::ops::function::FnOnce<()>>::call_once::{shim:vtable#0}
[INFO] [stdout]   16:     0x5e55d94ff529 - <std[70759c8f55707aa4]::sys::thread::unix::Thread>::new::thread_start
[INFO] [stdout]   17:     0x7e4c81e97dfa - <unknown>
[INFO] [stdout]   18:     0x7e4c81f2b3d4 - clone
[INFO] [stdout]   19:                0x0 - <unknown>
[INFO] [stdout] 
[INFO] [stdout] ---- repeated_exclude_flags_union_their_patterns_example_1 stdout ----
[INFO] [stdout] 
[INFO] [stdout] thread 'repeated_exclude_flags_union_their_patterns_example_1' (1952) panicked at tests/cli_surface_exclusions_auto_built_in_gitignore_and_repeatable_exclude_acceptance_test.rs:693:5:
[INFO] [stdout] step failed [I run drywall with the arguments "<args>"]: failed to run binary: No such file or directory (os error 2)
[INFO] [stdout] stack backtrace:
[INFO] [stdout]    0:     0x5e55d95001b1 - <<std[70759c8f55707aa4]::sys::backtrace::BacktraceLock>::print::DisplayBacktrace as core[df12db4294e9bfd3]::fmt::Display>::fmt
[INFO] [stdout]    1:     0x5e55d9515e4a - core[df12db4294e9bfd3]::fmt::write
[INFO] [stdout]    2:     0x5e55d950491c - <alloc[2182bb758b4b3781]::vec::Vec<u8> as core[df12db4294e9bfd3]::io::write::Write>::write_fmt
[INFO] [stdout]    3:     0x5e55d94daba6 - std[70759c8f55707aa4]::panicking::default_hook::{closure#0}
[INFO] [stdout]    4:     0x5e55d94f7ca9 - std[70759c8f55707aa4]::panicking::default_hook
[INFO] [stdout]    5:     0x5e55d9492a10 - test[9d35eded1c95d3be]::test_main_inner::<test[9d35eded1c95d3be]::test_main_static::{closure#0}>::{closure#0}
[INFO] [stdout]    6:     0x5e55d94f7e62 - std[70759c8f55707aa4]::panicking::panic_with_hook
[INFO] [stdout]    7:     0x5e55d94dac52 - std[70759c8f55707aa4]::panicking::panic_handler::{closure#0}
[INFO] [stdout]    8:     0x5e55d94d3729 - std[70759c8f55707aa4]::sys::backtrace::__rust_end_short_backtrace::<std[70759c8f55707aa4]::panicking::panic_handler::{closure#0}, !>
[INFO] [stdout]    9:     0x5e55d94db84d - __rustc[8fa7c3cbc660c2b3]::rust_begin_unwind
[INFO] [stdout]   10:     0x5e55d951662c - core[df12db4294e9bfd3]::panicking::panic_fmt
[INFO] [stdout]   11:     0x5e55d93a945b - <cli_surface_exclusions_auto_built_in_gitignore_and_repeatable_exclude_acceptance_test[7be194afc3f5ff39]::repeated_exclude_flags_union_their_patterns_example_1::{closure#0} as core[df12db4294e9bfd3]::ops::function::FnOnce<()>>::call_once
[INFO] [stdout]   12:     0x5e55d9485cfb - test[9d35eded1c95d3be]::__rust_begin_short_backtrace::<core[df12db4294e9bfd3]::result::Result<(), alloc[2182bb758b4b3781]::string::String>, fn() -> core[df12db4294e9bfd3]::result::Result<(), alloc[2182bb758b4b3781]::string::String>>
[INFO] [stdout]   13:     0x5e55d9493365 - test[9d35eded1c95d3be]::run_test::{closure#0}
[INFO] [stdout]   14:     0x5e55d948cc24 - std[70759c8f55707aa4]::sys::backtrace::__rust_begin_short_backtrace::<test[9d35eded1c95d3be]::run_test::{closure#1}, ()>
[INFO] [stdout]   15:     0x5e55d94964c2 - <std[70759c8f55707aa4]::thread::lifecycle::spawn_unchecked<test[9d35eded1c95d3be]::run_test::{closure#1}, ()>::{closure#1} as core[df12db4294e9bfd3]::ops::function::FnOnce<()>>::call_once::{shim:vtable#0}
[INFO] [stdout]   16:     0x5e55d94ff529 - <std[70759c8f55707aa4]::sys::thread::unix::Thread>::new::thread_start
[INFO] [stdout]   17:     0x7e4c81e97dfa - <unknown>
[INFO] [stdout]   18:     0x7e4c81f2b3d4 - clone
[INFO] [stdout]   19:                0x0 - <unknown>
[INFO] [stdout] 
[INFO] [stdout] ---- a_non_ignored_twin_in_a_git_work_tree_is_still_reported_example_1 stdout ----
[INFO] [stdout] 
[INFO] [stdout] thread 'a_non_ignored_twin_in_a_git_work_tree_is_still_reported_example_1' (1926) panicked at tests/cli_surface_exclusions_auto_built_in_gitignore_and_repeatable_exclude_acceptance_test.rs:1034:5:
[INFO] [stdout] step failed [I run drywall with the arguments "<args>"]: failed to run binary: No such file or directory (os error 2)
[INFO] [stdout] stack backtrace:
[INFO] [stdout]    0:     0x5e55d95001b1 - <<std[70759c8f55707aa4]::sys::backtrace::BacktraceLock>::print::DisplayBacktrace as core[df12db4294e9bfd3]::fmt::Display>::fmt
[INFO] [stdout]    1:     0x5e55d9515e4a - core[df12db4294e9bfd3]::fmt::write
[INFO] [stdout]    2:     0x5e55d950491c - <alloc[2182bb758b4b3781]::vec::Vec<u8> as core[df12db4294e9bfd3]::io::write::Write>::write_fmt
[INFO] [stdout]    3:     0x5e55d94daba6 - std[70759c8f55707aa4]::panicking::default_hook::{closure#0}
[INFO] [stdout]    4:     0x5e55d94f7ca9 - std[70759c8f55707aa4]::panicking::default_hook
[INFO] [stdout]    5:     0x5e55d9492a10 - test[9d35eded1c95d3be]::test_main_inner::<test[9d35eded1c95d3be]::test_main_static::{closure#0}>::{closure#0}
[INFO] [stdout]    6:     0x5e55d94f7e62 - std[70759c8f55707aa4]::panicking::panic_with_hook
[INFO] [stdout]    7:     0x5e55d94dac52 - std[70759c8f55707aa4]::panicking::panic_handler::{closure#0}
[INFO] [stdout]    8:     0x5e55d94d3729 - std[70759c8f55707aa4]::sys::backtrace::__rust_end_short_backtrace::<std[70759c8f55707aa4]::panicking::panic_handler::{closure#0}, !>
[INFO] [stdout]    9:     0x5e55d94db84d - __rustc[8fa7c3cbc660c2b3]::rust_begin_unwind
[INFO] [stdout]   10:     0x5e55d951662c - core[df12db4294e9bfd3]::panicking::panic_fmt
[INFO] [stdout]   11:     0x5e55d93ac3bd - <cli_surface_exclusions_auto_built_in_gitignore_and_repeatable_exclude_acceptance_test[7be194afc3f5ff39]::a_non_ignored_twin_in_a_git_work_tree_is_still_reported_example_1::{closure#0} as core[df12db4294e9bfd3]::ops::function::FnOnce<()>>::call_once
[INFO] [stdout]   12:     0x5e55d9485cfb - test[9d35eded1c95d3be]::__rust_begin_short_backtrace::<core[df12db4294e9bfd3]::result::Result<(), alloc[2182bb758b4b3781]::string::String>, fn() -> core[df12db4294e9bfd3]::result::Result<(), alloc[2182bb758b4b3781]::string::String>>
[INFO] [stdout]   13:     0x5e55d9493365 - test[9d35eded1c95d3be]::run_test::{closure#0}
[INFO] [stdout]   14:     0x5e55d948cc24 - std[70759c8f55707aa4]::sys::backtrace::__rust_begin_short_backtrace::<test[9d35eded1c95d3be]::run_test::{closure#1}, ()>
[INFO] [stdout]   15:     0x5e55d94964c2 - <std[70759c8f55707aa4]::thread::lifecycle::spawn_unchecked<test[9d35eded1c95d3be]::run_test::{closure#1}, ()>::{closure#1} as core[df12db4294e9bfd3]::ops::function::FnOnce<()>>::call_once::{shim:vtable#0}
[INFO] [stdout]   16:     0x5e55d94ff529 - <std[70759c8f55707aa4]::sys::thread::unix::Thread>::new::thread_start
[INFO] [stdout]   17:     0x7e4c81e97dfa - <unknown>
[INFO] [stdout]   18:     0x7e4c81f2b3d4 - clone
[INFO] [stdout]   19:                0x0 - <unknown>
[INFO] [stdout] 
[INFO] [stdout] ---- a_gitignored_path_is_not_scanned_when_git_is_available_example_1 stdout ----
[INFO] [stdout] 
[INFO] [stdout] thread 'a_gitignored_path_is_not_scanned_when_git_is_available_example_1' (1925) panicked at tests/cli_surface_exclusions_auto_built_in_gitignore_and_repeatable_exclude_acceptance_test.rs:834:5:
[INFO] [stdout] step failed [I run drywall with the arguments "<args>"]: failed to run binary: No such file or directory (os error 2)
[INFO] [stdout] stack backtrace:
[INFO] [stdout]    0:     0x5e55d95001b1 - <<std[70759c8f55707aa4]::sys::backtrace::BacktraceLock>::print::DisplayBacktrace as core[df12db4294e9bfd3]::fmt::Display>::fmt
[INFO] [stdout]    1:     0x5e55d9515e4a - core[df12db4294e9bfd3]::fmt::write
[INFO] [stdout]    2:     0x5e55d950491c - <alloc[2182bb758b4b3781]::vec::Vec<u8> as core[df12db4294e9bfd3]::io::write::Write>::write_fmt
[INFO] [stdout]    3:     0x5e55d94daba6 - std[70759c8f55707aa4]::panicking::default_hook::{closure#0}
[INFO] [stdout]    4:     0x5e55d94f7ca9 - std[70759c8f55707aa4]::panicking::default_hook
[INFO] [stdout]    5:     0x5e55d9492a10 - test[9d35eded1c95d3be]::test_main_inner::<test[9d35eded1c95d3be]::test_main_static::{closure#0}>::{closure#0}
[INFO] [stdout]    6:     0x5e55d94f7e62 - std[70759c8f55707aa4]::panicking::panic_with_hook
[INFO] [stdout]    7:     0x5e55d94dac52 - std[70759c8f55707aa4]::panicking::panic_handler::{closure#0}
[INFO] [stdout]    8:     0x5e55d94d3729 - std[70759c8f55707aa4]::sys::backtrace::__rust_end_short_backtrace::<std[70759c8f55707aa4]::panicking::panic_handler::{closure#0}, !>
[INFO] [stdout]    9:     0x5e55d94db84d - __rustc[8fa7c3cbc660c2b3]::rust_begin_unwind
[INFO] [stdout]   10:     0x5e55d951662c - core[df12db4294e9bfd3]::panicking::panic_fmt
[INFO] [stdout]   11:     0x5e55d93ab02e - <cli_surface_exclusions_auto_built_in_gitignore_and_repeatable_exclude_acceptance_test[7be194afc3f5ff39]::a_gitignored_path_is_not_scanned_when_git_is_available_example_1::{closure#0} as core[df12db4294e9bfd3]::ops::function::FnOnce<()>>::call_once
[INFO] [stdout]   12:     0x5e55d9485cfb - test[9d35eded1c95d3be]::__rust_begin_short_backtrace::<core[df12db4294e9bfd3]::result::Result<(), alloc[2182bb758b4b3781]::string::String>, fn() -> core[df12db4294e9bfd3]::result::Result<(), alloc[2182bb758b4b3781]::string::String>>
[INFO] [stdout]   13:     0x5e55d9493365 - test[9d35eded1c95d3be]::run_test::{closure#0}
[INFO] [stdout]   14:     0x5e55d948cc24 - std[70759c8f55707aa4]::sys::backtrace::__rust_begin_short_backtrace::<test[9d35eded1c95d3be]::run_test::{closure#1}, ()>
[INFO] [stdout]   15:     0x5e55d94964c2 - <std[70759c8f55707aa4]::thread::lifecycle::spawn_unchecked<test[9d35eded1c95d3be]::run_test::{closure#1}, ()>::{closure#1} as core[df12db4294e9bfd3]::ops::function::FnOnce<()>>::call_once::{shim:vtable#0}
[INFO] [stdout]   16:     0x5e55d94ff529 - <std[70759c8f55707aa4]::sys::thread::unix::Thread>::new::thread_start
[INFO] [stdout]   17:     0x7e4c81e97dfa - <unknown>
[INFO] [stdout]   18:     0x7e4c81f2b3d4 - clone
[INFO] [stdout]   19:                0x0 - <unknown>
[INFO] [stdout] 
[INFO] [stdout] 
[INFO] [stdout] failures:
[INFO] [stdout]     a_built_in_excluded_directory_passed_directly_is_still_excluded_example_1
[INFO] [stdout]     a_gitignored_path_is_not_scanned_when_git_is_available_example_1
[INFO] [stdout]     a_non_ignored_twin_in_a_git_work_tree_is_still_reported_example_1
[INFO] [stdout]     a_twin_outside_built_in_excluded_directories_is_still_reported_example_1
[INFO] [stdout]     built_in_excluded_directory_under_the_scanned_path_is_never_scanned_example_1
[INFO] [stdout]     built_in_excluded_directory_under_the_scanned_path_is_never_scanned_example_2
[INFO] [stdout]     built_in_excluded_directory_under_the_scanned_path_is_never_scanned_example_3
[INFO] [stdout]     built_in_excluded_directory_under_the_scanned_path_is_never_scanned_example_4
[INFO] [stdout]     built_in_excluded_directory_under_the_scanned_path_is_never_scanned_example_5
[INFO] [stdout]     built_in_excluded_directory_under_the_scanned_path_is_never_scanned_example_6
[INFO] [stdout]     built_in_excluded_directory_under_the_scanned_path_is_never_scanned_example_7
[INFO] [stdout]     built_in_exclusion_output_is_deterministic_across_runs_example_1
[INFO] [stdout]     dogfood_run_stays_clean_with_gitignore_awareness_on_example_1
[INFO] [stdout]     explicitly_passing_the_parent_does_not_re_include_a_built_in_excluded_subdirectory_example_1
[INFO] [stdout]     explicitly_passing_the_parent_does_not_re_include_a_built_in_excluded_subdirectory_example_2
[INFO] [stdout]     gitignore_awareness_silently_no_ops_outside_a_git_work_tree_example_1
[INFO] [stdout]     gitignore_awareness_silently_no_ops_when_no_git_executable_is_available_example_1
[INFO] [stdout]     repeated_exclude_flags_union_their_patterns_example_1
[INFO] [stdout]     repeated_exclude_flags_union_their_patterns_example_2
[INFO] [stdout] 
[INFO] [stdout] test result: FAILED. 0 passed; 19 failed; 0 ignored; 0 measured; 0 filtered out; finished in 0.02s
[INFO] [stdout] 
[INFO] [stderr] error: test failed, to rerun pass `--test cli_surface_exclusions_auto_built_in_gitignore_and_repeatable_exclude_acceptance_test`
[INFO] running `Command { std: "docker" "inspect" "c197a59ec99f3733961985ca04288df49126e7770457ac0cdcdaf9e20520d7b3", kill_on_drop: false }`
[INFO] running `Command { std: "docker" "rm" "-f" "c197a59ec99f3733961985ca04288df49126e7770457ac0cdcdaf9e20520d7b3", kill_on_drop: false }`
[INFO] [stdout] c197a59ec99f3733961985ca04288df49126e7770457ac0cdcdaf9e20520d7b3
