[INFO] fetching crate drut-lsp 0.4.2...
[INFO] testing drut-lsp-0.4.2 against 1.100.0-beta.1+cargoflags=--release for beta-release-1.100-2
[INFO] extracting crate drut-lsp 0.4.2 into /workspace/builds/worker-5-tc2/source
[INFO] started tweaking crates.io crate drut-lsp 0.4.2
[INFO] removed 0 missing tests
[INFO] finished tweaking crates.io crate drut-lsp 0.4.2
[INFO] tweaked toml for crates.io crate drut-lsp 0.4.2 written to /workspace/builds/worker-5-tc2/source/Cargo.toml
[INFO] validating manifest of crates.io crate drut-lsp 0.4.2 on toolchain 1.100.0-beta.1
[INFO] running `Command { std: CARGO_HOME="/workspace/cargo-home" RUSTUP_HOME="/workspace/rustup-home" "/workspace/cargo-home/bin/cargo" "+1.100.0-beta.1" "metadata" "--manifest-path" "Cargo.toml" "--no-deps", kill_on_drop: false }`
[INFO] crate crates.io crate drut-lsp 0.4.2 already has a lockfile, it will not be regenerated
[INFO] running `Command { std: CARGO_HOME="/workspace/cargo-home" RUSTUP_HOME="/workspace/rustup-home" "/workspace/cargo-home/bin/cargo" "+1.100.0-beta.1" "fetch" "--manifest-path" "Cargo.toml", kill_on_drop: false }`
[INFO] running `Command { std: "docker" "create" "-v" "/var/lib/crater-agent-workspace/builds/worker-5-tc2/source:/opt/rustwide/workdir:ro,Z" "-v" "/var/lib/crater-agent-workspace/builds/worker-5-tc2/target:/opt/rustwide/target:rw,Z" "-v" "/var/lib/crater-agent-workspace/cargo-home:/opt/rustwide/cargo-home:ro,Z" "-v" "/var/lib/crater-agent-workspace/rustup-home:/opt/rustwide/rustup-home:ro,Z" "-m" "1610612736" "--network" "none" "ghcr.io/rust-lang/crates-build-env/linux@sha256:77db811e55d90add9212f6832c23229e3de5f1c1f9905e8cb07319ea15df73ac" "sleep" "infinity", kill_on_drop: false }`
[INFO] [stdout] 7fa11c8e89b27772e4e7c405eb8de2815258f05511df5845b0e2b7a4472d8f46
[INFO] running `Command { std: "docker" "start" "7fa11c8e89b27772e4e7c405eb8de2815258f05511df5845b0e2b7a4472d8f46", kill_on_drop: false }`
[INFO] running `Command { std: "docker" "inspect" "7fa11c8e89b27772e4e7c405eb8de2815258f05511df5845b0e2b7a4472d8f46", kill_on_drop: false }`
[INFO] running `Command { std: "docker" "exec" "-e" "SOURCE_DIR=/opt/rustwide/workdir" "-e" "CARGO_HOME=/opt/rustwide/cargo-home" "-e" "RUSTUP_HOME=/opt/rustwide/rustup-home" "-e" "CARGO_TARGET_DIR=/opt/rustwide/target" "-w" "/opt/rustwide/workdir" "--user" "0:0" "7fa11c8e89b27772e4e7c405eb8de2815258f05511df5845b0e2b7a4472d8f46" "/opt/rustwide/cargo-home/bin/cargo" "+1.100.0-beta.1" "metadata" "--no-deps" "--format-version=1", kill_on_drop: false }`
[INFO] running `Command { std: "docker" "inspect" "7fa11c8e89b27772e4e7c405eb8de2815258f05511df5845b0e2b7a4472d8f46", kill_on_drop: false }`
[INFO] running `Command { std: "docker" "exec" "-e" "SOURCE_DIR=/opt/rustwide/workdir" "-e" "CARGO_HOME=/opt/rustwide/cargo-home" "-e" "RUSTUP_HOME=/opt/rustwide/rustup-home" "-e" "CARGO_TARGET_DIR=/opt/rustwide/target" "-e" "CARGO_INCREMENTAL=0" "-e" "RUST_BACKTRACE=full" "-e" "RUSTFLAGS=--cap-lints=warn" "-e" "RUSTDOCFLAGS=--cap-lints=warn" "-w" "/opt/rustwide/workdir" "--user" "0:0" "7fa11c8e89b27772e4e7c405eb8de2815258f05511df5845b0e2b7a4472d8f46" "/opt/rustwide/cargo-home/bin/cargo" "+1.100.0-beta.1" "build" "--frozen" "--message-format=json" "--release", kill_on_drop: false }`
[INFO] [stderr]    Compiling crossbeam-utils v0.8.22
[INFO] [stderr]    Compiling winnow v1.0.4
[INFO] [stderr]    Compiling serde_spanned v1.1.1
[INFO] [stderr]    Compiling toml_datetime v1.1.1+spec-1.1.0
[INFO] [stderr]    Compiling toml_writer v1.1.2+spec-1.1.0
[INFO] [stderr]    Compiling fluent-uri v0.1.4
[INFO] [stderr]    Compiling drut-lsp v0.4.2 (/opt/rustwide/workdir)
[INFO] [stderr]    Compiling voyager-core v0.4.2
[INFO] [stderr]    Compiling syn v3.0.3
[INFO] [stderr]    Compiling toml_parser v1.1.3+spec-1.1.0
[INFO] [stderr]    Compiling crossbeam-channel v0.5.16
[INFO] [stderr]    Compiling toml v1.1.4+spec-1.1.0
[INFO] [stderr]    Compiling serde_derive v1.0.229
[INFO] [stderr]    Compiling serde_repr v0.1.21
[INFO] [stderr]    Compiling drut-config v0.4.2
[INFO] [stderr]    Compiling serde v1.0.229
[INFO] [stderr]    Compiling lsp-server v0.10.0
[INFO] [stderr]    Compiling lsp-types v0.97.0
[INFO] [stderr]     Finished `release` profile [optimized] target(s) in 39.30s
[INFO] running `Command { std: "docker" "inspect" "7fa11c8e89b27772e4e7c405eb8de2815258f05511df5845b0e2b7a4472d8f46", kill_on_drop: false }`
[INFO] running `Command { std: "docker" "exec" "-e" "SOURCE_DIR=/opt/rustwide/workdir" "-e" "CARGO_HOME=/opt/rustwide/cargo-home" "-e" "RUSTUP_HOME=/opt/rustwide/rustup-home" "-e" "CARGO_TARGET_DIR=/opt/rustwide/target" "-e" "CARGO_INCREMENTAL=0" "-e" "RUST_BACKTRACE=full" "-e" "RUSTFLAGS=--cap-lints=warn" "-e" "RUSTDOCFLAGS=--cap-lints=warn" "-w" "/opt/rustwide/workdir" "--user" "0:0" "7fa11c8e89b27772e4e7c405eb8de2815258f05511df5845b0e2b7a4472d8f46" "/opt/rustwide/cargo-home/bin/cargo" "+1.100.0-beta.1" "test" "--frozen" "--no-run" "--message-format=json" "--release", kill_on_drop: false }`
[INFO] [stderr]    Compiling drut-lsp v0.4.2 (/opt/rustwide/workdir)
[INFO] [stderr]     Finished `release` profile [optimized] target(s) in 22.41s
[INFO] running `Command { std: "docker" "inspect" "7fa11c8e89b27772e4e7c405eb8de2815258f05511df5845b0e2b7a4472d8f46", kill_on_drop: false }`
[INFO] running `Command { std: "docker" "exec" "-e" "SOURCE_DIR=/opt/rustwide/workdir" "-e" "CARGO_HOME=/opt/rustwide/cargo-home" "-e" "RUSTUP_HOME=/opt/rustwide/rustup-home" "-e" "CARGO_TARGET_DIR=/opt/rustwide/target" "-e" "CARGO_INCREMENTAL=0" "-e" "RUST_BACKTRACE=full" "-e" "RUSTFLAGS=--cap-lints=warn" "-e" "RUSTDOCFLAGS=--cap-lints=warn" "-w" "/opt/rustwide/workdir" "--user" "0:0" "7fa11c8e89b27772e4e7c405eb8de2815258f05511df5845b0e2b7a4472d8f46" "/opt/rustwide/cargo-home/bin/cargo" "+1.100.0-beta.1" "test" "--frozen" "--release", kill_on_drop: false }`
[INFO] [stderr]    Compiling drut-lsp v0.4.2 (/opt/rustwide/workdir)
[INFO] [stderr]     Finished `release` profile [optimized] target(s) in 24.24s
[INFO] [stderr]      Running unittests src/lib.rs (/opt/rustwide/target/release/build/drut-lsp/0b5692f9eb6dade1/out/drut_lsp-0b5692f9eb6dade1)
[INFO] [stdout] 
[INFO] [stdout] running 115 tests
[INFO] [stdout] test completion::tests::resolves_none_before_any_control_word ... ok
[INFO] [stdout] test completion::tests::in_comment_or_string_detects_comment ... ok
[INFO] [stdout] test completion::tests::resolves_ordinary_control_statement ... ok
[INFO] [stdout] test document_store::tests::client_format_defaults_round_trips_through_set ... ok
[INFO] [stdout] test completion::tests::run_pgm_hwyassign_and_run_pgm_matrix_resolve_identically ... ok
[INFO] [stdout] test document_store::tests::set_client_format_defaults_replaces_the_previous_cache_wholesale ... ok
[INFO] [stdout] test document_store::tests::did_close_removes_document ... ok
[INFO] [stdout] test folding::tests::genuinely_unmatched_if_produces_no_range ... ok
[INFO] [stdout] test document_store::tests::open_uris_is_empty_with_no_documents_open ... ok
[INFO] [stdout] test folding::tests::document_with_nothing_foldable_returns_empty_vec ... ok
[INFO] [stdout] test document_store::tests::client_format_defaults_starts_at_default_before_any_pull ... ok
[INFO] [stdout] test completion::tests::resolves_block_opener_control_word ... ok
[INFO] [stdout] test document_store::tests::open_uris_returns_every_open_document ... ok
[INFO] [stdout] test document_store::tests::did_change_for_unknown_document_does_not_panic ... ok
[INFO] [stdout] test folding::tests::nested_blocks_each_get_independent_ranges ... ok
[INFO] [stdout] test folding::tests::short_if_produces_no_range ... ok
[INFO] [stdout] test folding::tests::unopened_document_returns_none ... ok
[INFO] [stdout] test folding::tests::multi_line_block_comment_produces_a_comment_range ... ok
[INFO] [stdout] test document_store::tests::did_change_replaces_and_reparses ... ok
[INFO] [stdout] test document_store::tests::did_open_inserts_and_parses ... ok
[INFO] [stdout] test formatting::tests::untitled_document_with_no_workspace_root_uses_built_in_defaults ... ok
[INFO] [stdout] test folding::tests::loop_block_folds_from_opener_to_endloop ... ok
[INFO] [stdout] test folding::tests::single_line_block_comment_produces_no_range ... ok
[INFO] [stdout] test document_store::tests::stale_did_change_is_ignored ... ok
[INFO] [stdout] test folding::tests::unclosed_block_comment_produces_no_range ... ok
[INFO] [stdout] test folding::tests::if_block_folds_from_opener_to_endif ... ok
[INFO] [stdout] test formatting::tests::non_zero_indent_top_levelation_is_left_untouched_by_default ... ok
[INFO] [stdout] test formatting::tests::protected_range_survives_textdocument_formatting ... ok
[INFO] [stdout] test formatting::tests::misindented_body_statement_is_corrected_relative_to_its_opener ... ok
[INFO] [stdout] test folding::tests::implicitly_closed_process_folds_correctly ... ok
[INFO] [stdout] test formatting::tests::already_formatted_document_returns_no_edits ... ok
[INFO] [stdout] test folding::tests::implicitly_closed_run_folds_to_the_line_before_the_next_run ... ok
[INFO] [stdout] test formatting::tests::unopened_document_returns_none ... ok
[INFO] [stdout] test formatting::tests::document_under_a_drut_toml_governed_directory_picks_up_its_settings ... ok
[INFO] [stdout] test formatting::tests::untitled_document_falls_back_to_the_workspace_root_s_drut_toml ... ok
[INFO] [stdout] test hover::tests::hover_over_same_file_token_shows_its_assigned_value ... ok
[INFO] [stdout] test hover::tests::hover_shows_the_reassignment_closest_to_the_reference_not_the_first ... ok
[INFO] [stdout] test hover::tests::hover_over_implicitly_closed_run_reports_resolved_location ... ok
[INFO] [stdout] test hover::tests::hover_over_if_reports_kind_and_matched_endif ... ok
[INFO] [stdout] test position::tests::ascii_round_trip ... ok
[INFO] [stdout] test hover::tests::hover_on_an_untitled_buffer_still_resolves_same_file_values ... ok
[INFO] [stdout] test hover::tests::hover_over_short_if_has_no_separate_closer ... ok
[INFO] [stdout] test hover::tests::hover_prefers_a_same_file_reassignment_after_the_read_file_line ... ok
[INFO] [stdout] test position::tests::supplementary_plane_character_counts_as_two_utf16_units ... ok
[INFO] [stdout] test position::tests::out_of_range_line_clamps_rather_than_panics ... ok
[INFO] [stdout] test hover::tests::hover_resolves_a_value_from_a_directly_read_sibling_file ... ok
[INFO] [stdout] test hover::tests::hover_over_near_miss_name_does_not_show_the_close_matchs_value ... ok
[INFO] [stdout] test position::tests::out_of_range_column_clamps_rather_than_panics ... ok
[INFO] [stdout] test hover::tests::hover_falls_back_gracefully_when_read_file_target_is_missing ... ok
[INFO] [stdout] test hover::tests::hover_never_uses_an_assignment_that_comes_after_the_reference ... ok
[INFO] [stdout] test hover::tests::hover_over_unrelated_token_returns_none ... ok
[INFO] [stdout] test position::tests::text_for_span_preserves_internal_whitespace ... ok
[INFO] [stdout] test formatting::tests::whole_document_span_covers_a_multiline_document ... ok
[INFO] [stdout] test hover::tests::hover_does_not_resolve_through_a_token_built_read_file_path ... ok
[INFO] [stdout] test hover::tests::hover_over_never_assigned_token_shows_no_value ... ok
[INFO] [stdout] test position::tests::text_for_span_clamps_rather_than_panics_out_of_range ... ok
[INFO] [stdout] test position::tests::out_of_range_lsp_character_clamps_rather_than_panics ... ok
[INFO] [stdout] test semantic_tokens::tests::conditional_break_does_not_flag_following_statement ... ok
[INFO] [stdout] test position::tests::range_translates_both_endpoints ... ok
[INFO] [stdout] test semantic_tokens::tests::every_variable_ref_across_the_document_is_found ... ok
[INFO] [stdout] test range_formatting::tests::non_zero_indent_top_levelation_is_left_untouched_by_default ... ok
[INFO] [stdout] test range_formatting::tests::unopened_document_returns_none ... ok
[INFO] [stdout] test range_formatting::tests::already_formatted_document_returns_empty_edit_list ... ok
[INFO] [stdout] test range_formatting::tests::change_outside_requested_range_is_not_returned ... ok
[INFO] [stdout] test range_formatting::tests::paste_that_closes_a_block_only_returns_the_in_range_edit ... ok
[INFO] [stdout] test semantic_tokens::tests::misplaced_break_does_not_flag_anything ... ok
[INFO] [stdout] test semantic_tokens::tests::statement_after_break_is_flagged_unreachable ... ok
[INFO] [stdout] test semantic_tokens::tests::variable_ref_name_is_tagged_with_the_standard_variable_type ... ok
[INFO] [stdout] test semantic_tokens::tests::short_if_is_flagged ... ok
[INFO] [stdout] test semantic_tokens::tests::variable_ref_inside_a_quoted_string_value_is_still_tagged ... ok
[INFO] [stdout] test range_formatting::tests::document_under_a_drut_toml_governed_directory_picks_up_its_settings ... ok
[INFO] [stdout] test semantic_tokens::tests::short_if_token_span_covers_only_the_keyword_not_the_condition_or_body ... ok
[INFO] [stdout] test range_formatting::tests::change_at_exact_range_boundary_is_included ... ok
[INFO] [stdout] test semantic_tokens::tests::short_if_with_variable_ref_and_quoted_string_body_leaves_condition_and_body_uncovered ... ok
[INFO] [stdout] test range_formatting::tests::misindented_line_within_range_is_corrected ... ok
[INFO] [stdout] test range_formatting::tests::paste_that_opens_a_block_only_returns_the_in_range_edit ... ok
[INFO] [stdout] test range_formatting::tests::protected_range_survives_textdocument_range_formatting ... ok
[INFO] [stdout] test semantic_tokens::tests::block_style_if_is_not_flagged_as_short ... ok
[INFO] [stdout] test position::tests::text_for_span_slices_the_exact_substring ... ok
[INFO] [stdout] test tests::workspace_configuration_supported_false_when_the_workspace_key_is_absent ... ok
[INFO] [stdout] test tests::workspace_configuration_supported_false_when_explicitly_advertised_false ... ok
[INFO] [stdout] test spellcheck::tests::hint_for_unrelated_token_is_none ... ok
[INFO] [stdout] test tests::parse_client_format_defaults_of_an_empty_object_resolves_to_every_field_none ... ok
[INFO] [stdout] test tests::parse_client_format_defaults_parses_every_known_field ... ok
[INFO] [stdout] test undefined_token::tests::as1_reference_with_no_assignment_anywhere_is_returned ... ok
[INFO] [stdout] test undefined_token::tests::empty_document_returns_no_positions ... ok
[INFO] [stdout] test unused_token::tests::as10_a_pgm_directive_inside_run_body_is_never_flagged ... ok
[INFO] [stdout] test spellcheck::tests::hint_for_exact_match_is_none ... ok
[INFO] [stdout] test spellcheck::tests::hint_for_close_typo ... ok
[INFO] [stdout] test undefined_token::tests::one_level_read_file_inclusion_resolves_and_is_not_returned ... ok
[INFO] [stdout] test unused_token::tests::as4_no_references_and_no_read_file_returns_the_assignment ... ok
[INFO] [stdout] test tests::parse_client_format_defaults_of_a_non_object_value_resolves_to_every_field_none ... ok
[INFO] [stdout] test undefined_token::tests::as2_reference_with_a_same_file_assignment_is_not_returned ... ok
[INFO] [stdout] test tests::parse_client_format_defaults_leaves_only_the_malformed_field_none ... ok
[INFO] [stdout] test tests::workspace_configuration_supported_false_for_no_params_at_all ... ok
[INFO] [stdout] test tests::workspace_configuration_supported_true_when_the_client_advertises_it ... ok
[INFO] [stdout] test undefined_token::tests::as3_block_opener_reference_is_not_returned ... ok
[INFO] [stdout] test workspace::tests::non_file_scheme_returns_none ... ok
[INFO] [stdout] test workspace::tests::percent_encoded_space_is_decoded ... ok
[INFO] [stdout] test workspace::tests::posix_path_is_unaffected ... ok
[INFO] [stdout] test undefined_token::tests::as5_token_built_read_file_path_is_returned ... ok
[INFO] [stdout] test undefined_token::tests::same_unresolvable_name_referenced_twice_is_flagged_both_times ... ok
[INFO] [stdout] test unused_token::tests::as3_reassigned_twice_with_one_reference_after_both_is_not_returned ... ok
[INFO] [stdout] test unused_token::tests::as1_assignment_with_no_reference_anywhere_is_returned ... ok
[INFO] [stdout] test unused_token::tests::as8_assignment_referenced_only_in_a_control_pair_value_is_not_returned ... ok
[INFO] [stdout] test unused_token::tests::as5_reassigned_twice_with_zero_references_flags_both_sites ... ok
[INFO] [stdout] test undefined_token::tests::as4_two_level_read_file_inclusion_is_returned ... ok
[INFO] [stdout] test unused_token::tests::as2_assignment_referenced_only_on_block_opener_line_is_not_returned ... ok
[INFO] [stdout] test unused_token::tests::as9_assignment_referenced_only_in_an_if_condition_is_not_returned ... ok
[INFO] [stdout] test unused_token::tests::as6_unreferenced_assignment_in_a_file_with_read_file_is_still_returned ... ok
[INFO] [stdout] test workspace::tests::windows_drive_letter_path_strips_the_leading_slash ... ok
[INFO] [stdout] test unused_token::tests::as7_assignment_referenced_only_as_a_plain_bareword_is_not_returned ... ok
[INFO] [stdout] test unused_token::tests::as2_assignment_referenced_in_same_file_is_not_returned ... ok
[INFO] [stdout] test unused_token::tests::empty_document_returns_no_assignments ... ok
[INFO] [stdout] test unused_token::tests::positive_one_level_read_file_inclusion_suppresses_the_notice ... ok
[INFO] [stdout] 
[INFO] [stdout] test result: ok. 115 passed; 0 failed; 0 ignored; 0 measured; 0 filtered out; finished in 0.03s
[INFO] [stdout] 
[INFO] [stderr]      Running tests/completion.rs (/opt/rustwide/target/release/build/drut-lsp/c0510e6e1cafa6d3/out/completion-c0510e6e1cafa6d3)
[INFO] [stdout] 
[INFO] [stdout] running 4 tests
[INFO] [stdout] test completion_inside_quoted_string_offers_nothing ... ok
[INFO] [stdout] test run_pgm_hwyassign_and_run_pgm_matrix_offer_identical_completions ... ok
[INFO] [stdout] test completion_inside_comment_offers_nothing ... ok
[INFO] [stdout] test completion_at_start_of_statement_offers_general_control_words ... ok
[INFO] [stdout] 
[INFO] [stdout] test result: ok. 4 passed; 0 failed; 0 ignored; 0 measured; 0 filtered out; finished in 0.01s
[INFO] [stdout] 
[INFO] [stderr]      Running tests/diagnostics_corpus.rs (/opt/rustwide/target/release/build/drut-lsp/df2d6e44d90b780f/out/diagnostics_corpus-df2d6e44d90b780f)
[INFO] [stdout] 
[INFO] [stdout] running 2 tests
[INFO] [stdout] test full_corpus_did_open_is_clean_through_the_lsp_protocol ... ignored, requires DRUT_CORPUS_PATH pointing at a local WF-TDM-Official-Releases checkout
[INFO] [stdout] test broken_fixtures_publish_their_expected_diagnostic_via_did_open ... FAILED
[INFO] [stdout] 
[INFO] [stdout] failures:
[INFO] [stdout] 
[INFO] [stdout] ---- broken_fixtures_publish_their_expected_diagnostic_via_did_open stdout ----
[INFO] [stdout] 
[INFO] [stdout] thread 'broken_fixtures_publish_their_expected_diagnostic_via_did_open' (1573) panicked at tests/diagnostics_corpus.rs:43:29:
[INFO] [stdout] read "/opt/rustwide/workdir/../voyager-core/tests/fixtures/broken": No such file or directory (os error 2)
[INFO] [stdout] stack backtrace:
[INFO] [stdout]    0:     0x61ea2c992071 - <<std[617be2ca0a6fd877]::sys::backtrace::BacktraceLock>::print::DisplayBacktrace as core[a373ad73a504971]::fmt::Display>::fmt
[INFO] [stdout]    1:     0x61ea2c9a782a - core[a373ad73a504971]::fmt::write
[INFO] [stdout]    2:     0x61ea2c99657c - <alloc[2e1b2a31b91974c5]::vec::Vec<u8> as core[a373ad73a504971]::io::write::Write>::write_fmt
[INFO] [stdout]    3:     0x61ea2c96cf46 - std[617be2ca0a6fd877]::panicking::default_hook::{closure#0}
[INFO] [stdout]    4:     0x61ea2c989ad9 - std[617be2ca0a6fd877]::panicking::default_hook
[INFO] [stdout]    5:     0x61ea2c9143d0 - test[aada8e7e76ba119b]::test_main_inner::{closure#0}
[INFO] [stdout]    6:     0x61ea2c989c92 - std[617be2ca0a6fd877]::panicking::panic_with_hook
[INFO] [stdout]    7:     0x61ea2c96cff2 - std[617be2ca0a6fd877]::panicking::panic_handler::{closure#0}
[INFO] [stdout]    8:     0x61ea2c965ad9 - std[617be2ca0a6fd877]::sys::backtrace::__rust_end_short_backtrace::<std[617be2ca0a6fd877]::panicking::panic_handler::{closure#0}, !>
[INFO] [stdout]    9:     0x61ea2c96dbfd - __rustc[ea4f61d10b84890b]::rust_begin_unwind
[INFO] [stdout]   10:     0x61ea2c9a7f9c - core[a373ad73a504971]::panicking::panic_fmt
[INFO] [stdout]   11:     0x61ea2c8187da - diagnostics_corpus[e10ef709ec1c7fe1]::broken_fixtures_publish_their_expected_diagnostic_via_did_open::{closure#0}
[INFO] [stdout]   12:     0x61ea2c819f27 - <diagnostics_corpus[e10ef709ec1c7fe1]::broken_fixtures_publish_their_expected_diagnostic_via_did_open::{closure#0} as core[a373ad73a504971]::ops::function::FnOnce<()>>::call_once
[INFO] [stdout]   13:     0x61ea2c90781b - test[aada8e7e76ba119b]::__rust_begin_short_backtrace::<core[a373ad73a504971]::result::Result<(), alloc[2e1b2a31b91974c5]::string::String>, fn() -> core[a373ad73a504971]::result::Result<(), alloc[2e1b2a31b91974c5]::string::String>>
[INFO] [stdout]   14:     0x61ea2c9149f5 - test[aada8e7e76ba119b]::run_test::{closure#0}
[INFO] [stdout]   15:     0x61ea2c90e2e4 - std[617be2ca0a6fd877]::sys::backtrace::__rust_begin_short_backtrace::<test[aada8e7e76ba119b]::run_test::{closure#1}, ()>
[INFO] [stdout]   16:     0x61ea2c917a82 - <std[617be2ca0a6fd877]::thread::lifecycle::spawn_unchecked<test[aada8e7e76ba119b]::run_test::{closure#1}, ()>::{closure#1} as core[a373ad73a504971]::ops::function::FnOnce<()>>::call_once::{shim:vtable#0}
[INFO] [stdout]   17:     0x61ea2c99122f - <std[617be2ca0a6fd877]::sys::thread::unix::Thread>::new::thread_start
[INFO] [stdout]   18:     0x7c1c837b2dfa - <unknown>
[INFO] [stdout]   19:     0x7c1c838463d4 - clone
[INFO] [stdout]   20:                0x0 - <unknown>
[INFO] [stdout] 
[INFO] [stdout] 
[INFO] [stdout] failures:
[INFO] [stdout]     broken_fixtures_publish_their_expected_diagnostic_via_did_open
[INFO] [stdout] 
[INFO] [stdout] test result: FAILED. 0 passed; 1 failed; 1 ignored; 0 measured; 0 filtered out; finished in 0.00s
[INFO] [stdout] 
[INFO] [stderr] error: test failed, to rerun pass `--test diagnostics_corpus`
[INFO] running `Command { std: "docker" "inspect" "7fa11c8e89b27772e4e7c405eb8de2815258f05511df5845b0e2b7a4472d8f46", kill_on_drop: false }`
[INFO] running `Command { std: "docker" "rm" "-f" "7fa11c8e89b27772e4e7c405eb8de2815258f05511df5845b0e2b7a4472d8f46", kill_on_drop: false }`
[INFO] [stdout] 7fa11c8e89b27772e4e7c405eb8de2815258f05511df5845b0e2b7a4472d8f46
