[INFO] fetching crate drug-extraction-cli 1.4.0...
[INFO] testing drug-extraction-cli-1.4.0 against 1.99.0-beta.8+cargoflags=--release for beta-release-1.100-2
[INFO] extracting crate drug-extraction-cli 1.4.0 into /workspace/builds/worker-2-tc1/source
[INFO] started tweaking crates.io crate drug-extraction-cli 1.4.0
[INFO] finished tweaking crates.io crate drug-extraction-cli 1.4.0
[INFO] tweaked toml for crates.io crate drug-extraction-cli 1.4.0 written to /workspace/builds/worker-2-tc1/source/Cargo.toml
[INFO] validating manifest of crates.io crate drug-extraction-cli 1.4.0 on toolchain 1.99.0-beta.8
[INFO] running `Command { std: CARGO_HOME="/workspace/cargo-home" RUSTUP_HOME="/workspace/rustup-home" "/workspace/cargo-home/bin/cargo" "+1.99.0-beta.8" "metadata" "--manifest-path" "Cargo.toml" "--no-deps", kill_on_drop: false }`
[INFO] crate crates.io crate drug-extraction-cli 1.4.0 already has a lockfile, it will not be regenerated
[INFO] running `Command { std: CARGO_HOME="/workspace/cargo-home" RUSTUP_HOME="/workspace/rustup-home" "/workspace/cargo-home/bin/cargo" "+1.99.0-beta.8" "fetch" "--manifest-path" "Cargo.toml", kill_on_drop: false }`
[INFO] [stderr]     Updating crates.io index
[INFO] [stderr]  Downloading crates ...
[INFO] [stderr]   Downloaded indicatif v0.17.3
[INFO] [stderr]   Downloaded dialoguer v0.10.3
[INFO] [stderr]   Downloaded portable-atomic v0.3.19
[INFO] [stderr]   Downloaded clap_derive v4.3.0
[INFO] [stderr]   Downloaded ryu v1.0.12
[INFO] [stderr]   Downloaded console v0.15.5
[INFO] [stderr]   Downloaded eyre v0.6.8
[INFO] [stderr]   Downloaded clap v4.3.0
[INFO] [stderr]   Downloaded io-lifetimes v1.0.5
[INFO] [stderr]   Downloaded clap_builder v4.3.0
[INFO] [stderr]   Downloaded color-eyre v0.6.2
[INFO] [stderr]   Downloaded csv v1.1.6
[INFO] running `Command { std: "docker" "create" "-v" "/var/lib/crater-agent-workspace/builds/worker-2-tc1/source:/opt/rustwide/workdir:ro,Z" "-v" "/var/lib/crater-agent-workspace/builds/worker-2-tc1/target:/opt/rustwide/target:rw,Z" "-v" "/var/lib/crater-agent-workspace/cargo-home:/opt/rustwide/cargo-home:ro,Z" "-v" "/var/lib/crater-agent-workspace/rustup-home:/opt/rustwide/rustup-home:ro,Z" "-m" "1610612736" "--network" "none" "ghcr.io/rust-lang/crates-build-env/linux@sha256:77db811e55d90add9212f6832c23229e3de5f1c1f9905e8cb07319ea15df73ac" "sleep" "infinity", kill_on_drop: false }`
[INFO] [stdout] 284e03b1eaa95001280dd0198fad30070b53bec8e83de63ae83aa9e3d6085ed3
[INFO] running `Command { std: "docker" "start" "284e03b1eaa95001280dd0198fad30070b53bec8e83de63ae83aa9e3d6085ed3", kill_on_drop: false }`
[INFO] running `Command { std: "docker" "inspect" "284e03b1eaa95001280dd0198fad30070b53bec8e83de63ae83aa9e3d6085ed3", kill_on_drop: false }`
[INFO] running `Command { std: "docker" "exec" "-e" "SOURCE_DIR=/opt/rustwide/workdir" "-e" "CARGO_HOME=/opt/rustwide/cargo-home" "-e" "RUSTUP_HOME=/opt/rustwide/rustup-home" "-e" "CARGO_TARGET_DIR=/opt/rustwide/target" "-w" "/opt/rustwide/workdir" "--user" "0:0" "284e03b1eaa95001280dd0198fad30070b53bec8e83de63ae83aa9e3d6085ed3" "/opt/rustwide/cargo-home/bin/cargo" "+1.99.0-beta.8" "metadata" "--no-deps" "--format-version=1", kill_on_drop: false }`
[INFO] running `Command { std: "docker" "inspect" "284e03b1eaa95001280dd0198fad30070b53bec8e83de63ae83aa9e3d6085ed3", kill_on_drop: false }`
[INFO] running `Command { std: "docker" "exec" "-e" "SOURCE_DIR=/opt/rustwide/workdir" "-e" "CARGO_HOME=/opt/rustwide/cargo-home" "-e" "RUSTUP_HOME=/opt/rustwide/rustup-home" "-e" "CARGO_TARGET_DIR=/opt/rustwide/target" "-e" "CARGO_INCREMENTAL=0" "-e" "RUST_BACKTRACE=full" "-e" "RUSTFLAGS=--cap-lints=warn" "-e" "RUSTDOCFLAGS=--cap-lints=warn" "-w" "/opt/rustwide/workdir" "--user" "0:0" "284e03b1eaa95001280dd0198fad30070b53bec8e83de63ae83aa9e3d6085ed3" "/opt/rustwide/cargo-home/bin/cargo" "+1.99.0-beta.8" "build" "--frozen" "--message-format=json" "--release", kill_on_drop: false }`
[INFO] [stderr]    Compiling libc v0.2.144
[INFO] [stderr]    Compiling proc-macro2 v1.0.59
[INFO] [stderr]    Compiling quote v1.0.28
[INFO] [stderr]    Compiling unicode-ident v1.0.6
[INFO] [stderr]    Compiling memchr v2.5.0
[INFO] [stderr]    Compiling io-lifetimes v1.0.5
[INFO] [stderr]    Compiling rustix v0.37.7
[INFO] [stderr]    Compiling syn v1.0.107
[INFO] [stderr]    Compiling lazy_static v1.4.0
[INFO] [stderr]    Compiling serde_derive v1.0.152
[INFO] [stderr]    Compiling linux-raw-sys v0.3.8
[INFO] [stderr]    Compiling bitflags v1.3.2
[INFO] [stderr]    Compiling utf8parse v0.2.1
[INFO] [stderr]    Compiling cc v1.0.79
[INFO] [stderr]    Compiling serde v1.0.152
[INFO] [stderr]    Compiling anstyle-parse v0.2.0
[INFO] [stderr]    Compiling adler v1.0.2
[INFO] [stderr]    Compiling portable-atomic v0.3.19
[INFO] [stderr]    Compiling colorchoice v1.0.0
[INFO] [stderr]    Compiling anstyle-query v1.0.0
[INFO] [stderr]    Compiling once_cell v1.17.0
[INFO] [stderr]    Compiling anstyle v1.0.0
[INFO] [stderr]    Compiling gimli v0.27.2
[INFO] [stderr]    Compiling unicode-width v0.1.10
[INFO] [stderr]    Compiling eyre v0.6.8
[INFO] [stderr]    Compiling syn v2.0.18
[INFO] [stderr]    Compiling object v0.30.3
[INFO] [stderr]    Compiling miniz_oxide v0.6.2
[INFO] [stderr]    Compiling backtrace v0.3.67
[INFO] [stderr]    Compiling heck v0.4.1
[INFO] [stderr]    Compiling console v0.15.5
[INFO] [stderr]    Compiling strsim v0.10.0
[INFO] [stderr]    Compiling clap_lex v0.5.0
[INFO] [stderr]    Compiling cfg-if v1.0.0
[INFO] [stderr]    Compiling indenter v0.3.3
[INFO] [stderr]    Compiling regex-automata v0.1.10
[INFO] [stderr]    Compiling rustc-demangle v0.1.21
[INFO] [stderr]    Compiling is-terminal v0.4.7
[INFO] [stderr]    Compiling anstream v0.3.2
[INFO] [stderr]    Compiling csv-core v0.1.10
[INFO] [stderr]    Compiling ryu v1.0.12
[INFO] [stderr]    Compiling addr2line v0.19.0
[INFO] [stderr]    Compiling clap_builder v4.3.0
[INFO] [stderr]    Compiling number_prefix v0.4.0
[INFO] [stderr]    Compiling itoa v0.4.8
[INFO] [stderr]    Compiling shell-words v1.1.0
[INFO] [stderr]    Compiling either v1.8.1
[INFO] [stderr]    Compiling owo-colors v3.5.0
[INFO] [stderr]    Compiling itertools v0.10.5
[INFO] [stderr]    Compiling dialoguer v0.10.3
[INFO] [stderr]    Compiling indicatif v0.17.3
[INFO] [stderr]    Compiling strsim v0.11.0
[INFO] [stderr]    Compiling clap_derive v4.3.0
[INFO] [stderr]    Compiling color-eyre v0.6.2
[INFO] [stderr]    Compiling clap v4.3.0
[INFO] [stderr]    Compiling bstr v0.2.17
[INFO] [stderr]    Compiling csv v1.1.6
[INFO] [stderr]    Compiling drug-extraction-cli v1.4.0 (/opt/rustwide/workdir)
[INFO] [stderr]     Finished `release` profile [optimized] target(s) in 1m 12s
[INFO] running `Command { std: "docker" "inspect" "284e03b1eaa95001280dd0198fad30070b53bec8e83de63ae83aa9e3d6085ed3", kill_on_drop: false }`
[INFO] running `Command { std: "docker" "exec" "-e" "SOURCE_DIR=/opt/rustwide/workdir" "-e" "CARGO_HOME=/opt/rustwide/cargo-home" "-e" "RUSTUP_HOME=/opt/rustwide/rustup-home" "-e" "CARGO_TARGET_DIR=/opt/rustwide/target" "-e" "CARGO_INCREMENTAL=0" "-e" "RUST_BACKTRACE=full" "-e" "RUSTFLAGS=--cap-lints=warn" "-e" "RUSTDOCFLAGS=--cap-lints=warn" "-w" "/opt/rustwide/workdir" "--user" "0:0" "284e03b1eaa95001280dd0198fad30070b53bec8e83de63ae83aa9e3d6085ed3" "/opt/rustwide/cargo-home/bin/cargo" "+1.99.0-beta.8" "test" "--frozen" "--no-run" "--message-format=json" "--release", kill_on_drop: false }`
[INFO] [stderr]    Compiling drug-extraction-cli v1.4.0 (/opt/rustwide/workdir)
[INFO] [stderr]     Finished `release` profile [optimized] target(s) in 1.76s
[INFO] running `Command { std: "docker" "inspect" "284e03b1eaa95001280dd0198fad30070b53bec8e83de63ae83aa9e3d6085ed3", kill_on_drop: false }`
[INFO] running `Command { std: "docker" "exec" "-e" "SOURCE_DIR=/opt/rustwide/workdir" "-e" "CARGO_HOME=/opt/rustwide/cargo-home" "-e" "RUSTUP_HOME=/opt/rustwide/rustup-home" "-e" "CARGO_TARGET_DIR=/opt/rustwide/target" "-e" "CARGO_INCREMENTAL=0" "-e" "RUST_BACKTRACE=full" "-e" "RUSTFLAGS=--cap-lints=warn" "-e" "RUSTDOCFLAGS=--cap-lints=warn" "-w" "/opt/rustwide/workdir" "--user" "0:0" "284e03b1eaa95001280dd0198fad30070b53bec8e83de63ae83aa9e3d6085ed3" "/opt/rustwide/cargo-home/bin/cargo" "+1.99.0-beta.8" "test" "--frozen" "--release", kill_on_drop: false }`
[INFO] [stderr]     Finished `release` profile [optimized] target(s) in 0.13s
[INFO] [stderr]      Running unittests src/lib.rs (/opt/rustwide/target/release/deps/drug_extraction_cli-f98f882b1fdccfdb)
[INFO] [stdout] 
[INFO] [stdout] running 12 tests
[INFO] [stdout] test tests::test_clean_empty ... ok
[INFO] [stdout] test tests::test_clean_end_whitespace ... ok
[INFO] [stdout] test tests::test_clean_end_whitespace2 ... ok
[INFO] [stdout] test tests::test_clean_text_symbols ... ok
[INFO] [stdout] test tests::test_collect_column_info ... ok
[INFO] [stdout] test tests::test_collect_column_info_sample ... FAILED
[INFO] [stdout] test tests::test_enumerated_reader ... FAILED
[INFO] [stdout] test tests::test_get_column_info ... ok
[INFO] [stdout] test tests::test_whitespace_split ... ok
[INFO] [stdout] test tests::test_clean_text_numeric ... ok
[INFO] [stdout] test tests::test_get_column_info_errors ... ok
[INFO] [stdout] test tests::test_clean_text_no_changes ... ok
[INFO] [stdout] 
[INFO] [stdout] failures:
[INFO] [stdout] 
[INFO] [stdout] ---- tests::test_collect_column_info_sample stdout ----
[INFO] [stdout] Error: No such file or directory (os error 2)
[INFO] [stdout] 
[INFO] [stdout] Caused by:
[INFO] [stdout]     No such file or directory (os error 2)
[INFO] [stdout] 
[INFO] [stdout] Location:
[INFO] [stdout]     src/lib.rs:494:22
[INFO] [stdout] 
[INFO] [stdout] ---- tests::test_enumerated_reader stdout ----
[INFO] [stdout] 
[INFO] [stdout] thread 'tests::test_enumerated_reader' (1219) panicked at src/lib.rs:510:77:
[INFO] [stdout] called `Result::unwrap()` on an `Err` value: Error(Io(Os { code: 2, kind: NotFound, message: "No such file or directory" }))
[INFO] [stdout] stack backtrace:
[INFO] [stdout]    0:     0x58d28b9cf291 - <unknown>
[INFO] [stdout]    1:     0x58d28b9e364a - <unknown>
[INFO] [stdout]    2:     0x58d28b9d372c - <unknown>
[INFO] [stdout]    3:     0x58d28b9ab686 - <unknown>
[INFO] [stdout]    4:     0x58d28b9c77f9 - <unknown>
[INFO] [stdout]    5:     0x58d28b962cd0 - <unknown>
[INFO] [stdout]    6:     0x58d28b9c79b2 - <unknown>
[INFO] [stdout]    7:     0x58d28b9ab732 - <unknown>
[INFO] [stdout]    8:     0x58d28b9a44b9 - <unknown>
[INFO] [stdout]    9:     0x58d28b9ac32d - <unknown>
[INFO] [stdout]   10:     0x58d28b9e3d7c - <unknown>
[INFO] [stdout]   11:     0x58d28b9e3b52 - <unknown>
[INFO] [stdout]   12:     0x58d28b94d0e7 - <unknown>
[INFO] [stdout]   13:     0x58d28b955fbb - <unknown>
[INFO] [stdout]   14:     0x58d28b963625 - <unknown>
[INFO] [stdout]   15:     0x58d28b95cee4 - <unknown>
[INFO] [stdout]   16:     0x58d28b966782 - <unknown>
[INFO] [stdout]   17:     0x58d28b9ceb39 - <unknown>
[INFO] [stdout]   18:     0x70486e96cdfa - <unknown>
[INFO] [stdout]   19:     0x70486ea003d4 - clone
[INFO] [stdout]   20:                0x0 - <unknown>
[INFO] [stdout] 
[INFO] [stdout] 
[INFO] [stdout] failures:
[INFO] [stdout]     tests::test_collect_column_info_sample
[INFO] [stdout]     tests::test_enumerated_reader
[INFO] [stdout] 
[INFO] [stdout] test result: FAILED. 10 passed; 2 failed; 0 ignored; 0 measured; 0 filtered out; finished in 0.00s
[INFO] [stdout] 
[INFO] [stderr] error: test failed, to rerun pass `--lib`
[INFO] running `Command { std: "docker" "inspect" "284e03b1eaa95001280dd0198fad30070b53bec8e83de63ae83aa9e3d6085ed3", kill_on_drop: false }`
[INFO] running `Command { std: "docker" "rm" "-f" "284e03b1eaa95001280dd0198fad30070b53bec8e83de63ae83aa9e3d6085ed3", kill_on_drop: false }`
[INFO] [stdout] 284e03b1eaa95001280dd0198fad30070b53bec8e83de63ae83aa9e3d6085ed3
