[INFO] fetching crate droidrun-adb 0.1.2...
[INFO] testing droidrun-adb-0.1.2 against 1.100.0-beta.1+cargoflags=--release for beta-release-1.100-2
[INFO] extracting crate droidrun-adb 0.1.2 into /workspace/builds/worker-4-tc2/source
[INFO] started tweaking crates.io crate droidrun-adb 0.1.2
[INFO] removed 0 missing examples
[INFO] removed 0 missing tests
[INFO] finished tweaking crates.io crate droidrun-adb 0.1.2
[INFO] tweaked toml for crates.io crate droidrun-adb 0.1.2 written to /workspace/builds/worker-4-tc2/source/Cargo.toml
[INFO] validating manifest of crates.io crate droidrun-adb 0.1.2 on toolchain 1.100.0-beta.1
[INFO] running `Command { std: CARGO_HOME="/workspace/cargo-home" RUSTUP_HOME="/workspace/rustup-home" "/workspace/cargo-home/bin/cargo" "+1.100.0-beta.1" "metadata" "--manifest-path" "Cargo.toml" "--no-deps", kill_on_drop: false }`
[INFO] crate crates.io crate droidrun-adb 0.1.2 already has a lockfile, it will not be regenerated
[INFO] running `Command { std: CARGO_HOME="/workspace/cargo-home" RUSTUP_HOME="/workspace/rustup-home" "/workspace/cargo-home/bin/cargo" "+1.100.0-beta.1" "fetch" "--manifest-path" "Cargo.toml", kill_on_drop: false }`
[INFO] [stderr] warning: `package.homepage` is redundant with `package.repository`
[INFO] [stderr]   --> Cargo.toml:72:12
[INFO] [stderr]    |
[INFO] [stderr] 72 | homepage = "https://github.com/Sikrid25/droidrun-rs"
[INFO] [stderr]    |            ^^^^^^^^^^^^^^^^^^^^^^^^^^^^^^^^^^^^^^^^^
[INFO] [stderr] ...
[INFO] [stderr] 77 | repository = "https://github.com/Sikrid25/droidrun-rs"
[INFO] [stderr]    |              -----------------------------------------
[INFO] [stderr]    |
[INFO] [stderr]    = note: `cargo::redundant_homepage` is set to `warn` by default
[INFO] [stderr] help: consider removing `package.homepage`
[INFO] [stderr] warning: `droidrun-adb` (manifest) generated 1 warning
[INFO] running `Command { std: "docker" "create" "-v" "/var/lib/crater-agent-workspace/builds/worker-4-tc2/source:/opt/rustwide/workdir:ro,Z" "-v" "/var/lib/crater-agent-workspace/builds/worker-4-tc2/target:/opt/rustwide/target:rw,Z" "-v" "/var/lib/crater-agent-workspace/cargo-home:/opt/rustwide/cargo-home:ro,Z" "-v" "/var/lib/crater-agent-workspace/rustup-home:/opt/rustwide/rustup-home:ro,Z" "-m" "1610612736" "--network" "none" "ghcr.io/rust-lang/crates-build-env/linux@sha256:77db811e55d90add9212f6832c23229e3de5f1c1f9905e8cb07319ea15df73ac" "sleep" "infinity", kill_on_drop: false }`
[INFO] [stdout] b0e61589fc836decdd8765d2f63d98c98b7042203c7a0985bdb8a9208a0c2621
[INFO] running `Command { std: "docker" "start" "b0e61589fc836decdd8765d2f63d98c98b7042203c7a0985bdb8a9208a0c2621", kill_on_drop: false }`
[INFO] running `Command { std: "docker" "inspect" "b0e61589fc836decdd8765d2f63d98c98b7042203c7a0985bdb8a9208a0c2621", kill_on_drop: false }`
[INFO] running `Command { std: "docker" "exec" "-e" "SOURCE_DIR=/opt/rustwide/workdir" "-e" "CARGO_HOME=/opt/rustwide/cargo-home" "-e" "RUSTUP_HOME=/opt/rustwide/rustup-home" "-e" "CARGO_TARGET_DIR=/opt/rustwide/target" "-w" "/opt/rustwide/workdir" "--user" "0:0" "b0e61589fc836decdd8765d2f63d98c98b7042203c7a0985bdb8a9208a0c2621" "/opt/rustwide/cargo-home/bin/cargo" "+1.100.0-beta.1" "metadata" "--no-deps" "--format-version=1", kill_on_drop: false }`
[INFO] running `Command { std: "docker" "inspect" "b0e61589fc836decdd8765d2f63d98c98b7042203c7a0985bdb8a9208a0c2621", kill_on_drop: false }`
[INFO] running `Command { std: "docker" "exec" "-e" "SOURCE_DIR=/opt/rustwide/workdir" "-e" "CARGO_HOME=/opt/rustwide/cargo-home" "-e" "RUSTUP_HOME=/opt/rustwide/rustup-home" "-e" "CARGO_TARGET_DIR=/opt/rustwide/target" "-e" "CARGO_INCREMENTAL=0" "-e" "RUST_BACKTRACE=full" "-e" "RUSTFLAGS=--cap-lints=warn" "-e" "RUSTDOCFLAGS=--cap-lints=warn" "-w" "/opt/rustwide/workdir" "--user" "0:0" "b0e61589fc836decdd8765d2f63d98c98b7042203c7a0985bdb8a9208a0c2621" "/opt/rustwide/cargo-home/bin/cargo" "+1.100.0-beta.1" "build" "--frozen" "--message-format=json" "--release", kill_on_drop: false }`
[INFO] [stderr] warning: `package.homepage` is redundant with `package.repository`
[INFO] [stderr]   --> Cargo.toml:72:12
[INFO] [stderr]    |
[INFO] [stderr] 72 | homepage = "https://github.com/Sikrid25/droidrun-rs"
[INFO] [stderr]    |            ^^^^^^^^^^^^^^^^^^^^^^^^^^^^^^^^^^^^^^^^^
[INFO] [stderr] ...
[INFO] [stderr] 77 | repository = "https://github.com/Sikrid25/droidrun-rs"
[INFO] [stderr]    |              -----------------------------------------
[INFO] [stderr]    |
[INFO] [stderr]    = note: `cargo::redundant_homepage` is set to `warn` by default
[INFO] [stderr] help: consider removing `package.homepage`
[INFO] [stderr] warning: `droidrun-adb` (manifest) generated 1 warning
[INFO] [stderr]    Compiling tracing-core v0.1.36
[INFO] [stderr]    Compiling mio v1.1.1
[INFO] [stderr]    Compiling socket2 v0.6.3
[INFO] [stderr]    Compiling regex-automata v0.4.14
[INFO] [stderr]    Compiling tokio-macros v2.6.1
[INFO] [stderr]    Compiling tracing v0.1.44
[INFO] [stderr]    Compiling tokio v1.50.0
[INFO] [stderr]    Compiling regex v1.12.3
[INFO] [stderr]    Compiling droidrun-adb v0.1.2 (/opt/rustwide/workdir)
[INFO] [stderr]     Finished `release` profile [optimized] target(s) in 40.88s
[INFO] running `Command { std: "docker" "inspect" "b0e61589fc836decdd8765d2f63d98c98b7042203c7a0985bdb8a9208a0c2621", kill_on_drop: false }`
[INFO] running `Command { std: "docker" "exec" "-e" "SOURCE_DIR=/opt/rustwide/workdir" "-e" "CARGO_HOME=/opt/rustwide/cargo-home" "-e" "RUSTUP_HOME=/opt/rustwide/rustup-home" "-e" "CARGO_TARGET_DIR=/opt/rustwide/target" "-e" "CARGO_INCREMENTAL=0" "-e" "RUST_BACKTRACE=full" "-e" "RUSTFLAGS=--cap-lints=warn" "-e" "RUSTDOCFLAGS=--cap-lints=warn" "-w" "/opt/rustwide/workdir" "--user" "0:0" "b0e61589fc836decdd8765d2f63d98c98b7042203c7a0985bdb8a9208a0c2621" "/opt/rustwide/cargo-home/bin/cargo" "+1.100.0-beta.1" "test" "--frozen" "--no-run" "--message-format=json" "--release", kill_on_drop: false }`
[INFO] [stderr] warning: `package.homepage` is redundant with `package.repository`
[INFO] [stderr]   --> Cargo.toml:72:12
[INFO] [stderr]    |
[INFO] [stderr] 72 | homepage = "https://github.com/Sikrid25/droidrun-rs"
[INFO] [stderr]    |            ^^^^^^^^^^^^^^^^^^^^^^^^^^^^^^^^^^^^^^^^^
[INFO] [stderr] ...
[INFO] [stderr] 77 | repository = "https://github.com/Sikrid25/droidrun-rs"
[INFO] [stderr]    |              -----------------------------------------
[INFO] [stderr]    |
[INFO] [stderr]    = note: `cargo::redundant_homepage` is set to `warn` by default
[INFO] [stderr] help: consider removing `package.homepage`
[INFO] [stderr] warning: `droidrun-adb` (manifest) generated 1 warning
[INFO] [stderr]    Compiling tokio v1.50.0
[INFO] [stderr]    Compiling tracing v0.1.44
[INFO] [stderr]    Compiling tracing-subscriber v0.3.22
[INFO] [stderr]    Compiling tokio-stream v0.1.18
[INFO] [stderr]    Compiling droidrun-adb v0.1.2 (/opt/rustwide/workdir)
[INFO] [stderr]    Compiling tokio-test v0.4.5
[INFO] [stderr]     Finished `release` profile [optimized] target(s) in 1m 23s
[INFO] running `Command { std: "docker" "inspect" "b0e61589fc836decdd8765d2f63d98c98b7042203c7a0985bdb8a9208a0c2621", kill_on_drop: false }`
[INFO] running `Command { std: "docker" "exec" "-e" "SOURCE_DIR=/opt/rustwide/workdir" "-e" "CARGO_HOME=/opt/rustwide/cargo-home" "-e" "RUSTUP_HOME=/opt/rustwide/rustup-home" "-e" "CARGO_TARGET_DIR=/opt/rustwide/target" "-e" "CARGO_INCREMENTAL=0" "-e" "RUST_BACKTRACE=full" "-e" "RUSTFLAGS=--cap-lints=warn" "-e" "RUSTDOCFLAGS=--cap-lints=warn" "-w" "/opt/rustwide/workdir" "--user" "0:0" "b0e61589fc836decdd8765d2f63d98c98b7042203c7a0985bdb8a9208a0c2621" "/opt/rustwide/cargo-home/bin/cargo" "+1.100.0-beta.1" "test" "--frozen" "--release", kill_on_drop: false }`
[INFO] [stderr] warning: `package.homepage` is redundant with `package.repository`
[INFO] [stderr]   --> Cargo.toml:72:12
[INFO] [stderr]    |
[INFO] [stderr] 72 | homepage = "https://github.com/Sikrid25/droidrun-rs"
[INFO] [stderr]    |            ^^^^^^^^^^^^^^^^^^^^^^^^^^^^^^^^^^^^^^^^^
[INFO] [stderr] ...
[INFO] [stderr] 77 | repository = "https://github.com/Sikrid25/droidrun-rs"
[INFO] [stderr]    |              -----------------------------------------
[INFO] [stderr]    |
[INFO] [stderr]    = note: `cargo::redundant_homepage` is set to `warn` by default
[INFO] [stderr] help: consider removing `package.homepage`
[INFO] [stderr] warning: `droidrun-adb` (manifest) generated 1 warning
[INFO] [stderr]     Finished `release` profile [optimized] target(s) in 0.05s
[INFO] [stderr]      Running unittests src/lib.rs (/opt/rustwide/target/release/build/droidrun-adb/57c4924fc35b105d/out/droidrun_adb-57c4924fc35b105d)
[INFO] [stdout] 
[INFO] [stdout] running 29 tests
[INFO] [stdout] test device::tests::test_device_creation ... ok
[INFO] [stdout] test device::tests::test_device_custom_host ... ok
[INFO] [stdout] test device::tests::test_parse_current_app ... ok
[INFO] [stdout] test device::tests::test_parse_app_info ... ok
[INFO] [stdout] test connection::tests::test_short_command_format ... ok
[INFO] [stdout] test connection::tests::test_command_format ... ok
[INFO] [stdout] test device::tests::test_parse_screen_on ... ok
[INFO] [stdout] test device::tests::test_parse_shell2_failure ... ok
[INFO] [stdout] test device::tests::test_parse_shell2_output ... ok
[INFO] [stdout] test device::tests::test_parse_wlan_ip ... ok
[INFO] [stdout] test models::tests::test_device_state_from_str ... ok
[INFO] [stdout] test models::tests::test_device_event ... ok
[INFO] [stdout] test models::tests::test_file_stat_file ... ok
[INFO] [stdout] test models::tests::test_file_stat_dir ... ok
[INFO] [stdout] test models::tests::test_reboot_mode_str ... ok
[INFO] [stdout] test models::tests::test_reverse_entry_non_tcp ... ok
[INFO] [stdout] test models::tests::test_reverse_entry_ports ... ok
[INFO] [stdout] test models::tests::test_screen_size_display ... ok
[INFO] [stdout] test models::tests::test_file_stat_not_found ... ok
[INFO] [stdout] test models::tests::test_current_app_display ... ok
[INFO] [stdout] test server::tests::test_default_server ... ok
[INFO] [stdout] test models::tests::test_shell_output ... ok
[INFO] [stdout] test server::tests::test_parse_devices_output ... ok
[INFO] [stdout] test models::tests::test_sync_dir_entry ... ok
[INFO] [stdout] test device::tests::test_parse_wm_size_override ... ok
[INFO] [stdout] test models::tests::test_forward_entry_non_tcp ... ok
[INFO] [stdout] test device::tests::test_parse_wm_size ... ok
[INFO] [stdout] test server::tests::test_parse_track_devices_output ... ok
[INFO] [stdout] test models::tests::test_forward_entry_ports ... ok
[INFO] [stdout] 
[INFO] [stdout] test result: ok. 29 passed; 0 failed; 0 ignored; 0 measured; 0 filtered out; finished in 0.01s
[INFO] [stdout] 
[INFO] [stdout] 
[INFO] [stdout] running 27 tests
[INFO] [stdout] test test_app_stop ... ok
[INFO] [stderr]      Running tests/integration.rs (/opt/rustwide/target/release/build/droidrun-adb/57f4759d632d3c40/out/integration-57f4759d632d3c40)
[INFO] [stdout] test test_device_date ... ok
[INFO] [stdout] test test_app_current ... ok
[INFO] [stdout] test test_device_state ... ok
[INFO] [stdout] test test_file_list_dir ... ok
[INFO] [stdout] test test_file_pull_bytes ... ok
[INFO] [stdout] test test_file_push_pull_roundtrip ... ok
[INFO] [stdout] test test_file_stat ... ok
[INFO] [stdout] test test_file_stat_dir ... ok
[INFO] [stdout] test test_file_stat_not_found ... ok
[INFO] [stdout] test test_get_serialno ... ok
[INFO] [stdout] test test_get_features ... ok
[INFO] [stdout] test test_getprop ... ok
[INFO] [stdout] test test_is_screen_on ... ok
[INFO] [stdout] test test_list_devices ... ok
[INFO] [stdout] test test_device_shell ... ok
[INFO] [stdout] test test_list_packages ... ok
[INFO] [stdout] test test_file_exists ... ok
[INFO] [stdout] test test_reverse_forward ... ok
[INFO] [stdout] test test_rotation ... ok
[INFO] [stdout] test test_screenshot ... ok
[INFO] [stdout] test test_server_version ... ok
[INFO] [stdout] test test_window_size ... ok
[INFO] [stdout] test test_port_forward ... ok
[INFO] [stderr] error: test failed, to rerun pass `--test integration`
[INFO] [stdout] test test_shell2_success ... ok
[INFO] [stdout] test test_shell2_failure ... ok
[INFO] [stdout] test test_server_forward_list_all ... FAILED
[INFO] [stdout] 
[INFO] [stdout] failures:
[INFO] [stdout] 
[INFO] [stdout] ---- test_server_forward_list_all stdout ----
[INFO] [stdout] 
[INFO] [stdout] thread 'test_server_forward_list_all' (848) panicked at tests/integration.rs:559:56:
[INFO] [stdout] called `Result::unwrap()` on an `Err` value: ConnectionRefused
[INFO] [stdout] stack backtrace:
[INFO] [stdout]    0:     0x60bff17e8641 - <<std[617be2ca0a6fd877]::sys::backtrace::BacktraceLock>::print::DisplayBacktrace as core[a373ad73a504971]::fmt::Display>::fmt
[INFO] [stdout]    1:     0x60bff17fe70a - core[a373ad73a504971]::fmt::write
[INFO] [stdout]    2:     0x60bff17ecccc - <alloc[2e1b2a31b91974c5]::vec::Vec<u8> as core[a373ad73a504971]::io::write::Write>::write_fmt
[INFO] [stdout]    3:     0x60bff17c3736 - std[617be2ca0a6fd877]::panicking::default_hook::{closure#0}
[INFO] [stdout]    4:     0x60bff17e0209 - std[617be2ca0a6fd877]::panicking::default_hook
[INFO] [stdout]    5:     0x60bff1673e90 - test[aada8e7e76ba119b]::test_main_inner::{closure#0}
[INFO] [stdout]    6:     0x60bff17e03c2 - std[617be2ca0a6fd877]::panicking::panic_with_hook
[INFO] [stdout]    7:     0x60bff17c37e2 - std[617be2ca0a6fd877]::panicking::panic_handler::{closure#0}
[INFO] [stdout]    8:     0x60bff17bc209 - std[617be2ca0a6fd877]::sys::backtrace::__rust_end_short_backtrace::<std[617be2ca0a6fd877]::panicking::panic_handler::{closure#0}, !>
[INFO] [stdout]    9:     0x60bff17c45dd - __rustc[ea4f61d10b84890b]::rust_begin_unwind
[INFO] [stdout]   10:     0x60bff17feeec - core[a373ad73a504971]::panicking::panic_fmt
[INFO] [stdout]   11:     0x60bff17fecc2 - core[a373ad73a504971]::result::unwrap_failed
[INFO] [stdout]   12:     0x60bff1650c20 - integration[24b4868eebc1af1e]::test_server_forward_list_all::{closure#0}
[INFO] [stdout]   13:     0x60bff16617f3 - <tokio[b0249773cae6091a]::runtime::scheduler::current_thread::Context>::enter::<core[a373ad73a504971]::task::poll::Poll<()>, <tokio[b0249773cae6091a]::runtime::scheduler::current_thread::CoreGuard>::block_on<core[a373ad73a504971]::pin::Pin<&mut core[a373ad73a504971]::pin::Pin<&mut dyn core[a373ad73a504971]::future::future::Future<Output = ()>>>>::{closure#0}::{closure#0}>
[INFO] [stdout]   14:     0x60bff165cb4c - <tokio[b0249773cae6091a]::runtime::context::scoped::Scoped<tokio[b0249773cae6091a]::runtime::scheduler::Context>>::set::<<tokio[b0249773cae6091a]::runtime::scheduler::current_thread::CoreGuard>::enter<<tokio[b0249773cae6091a]::runtime::scheduler::current_thread::CoreGuard>::block_on<core[a373ad73a504971]::pin::Pin<&mut core[a373ad73a504971]::pin::Pin<&mut dyn core[a373ad73a504971]::future::future::Future<Output = ()>>>>::{closure#0}, core[a373ad73a504971]::option::Option<()>>::{closure#0}, (alloc[2e1b2a31b91974c5]::boxed::Box<tokio[b0249773cae6091a]::runtime::scheduler::current_thread::Core>, core[a373ad73a504971]::option::Option<()>)>
[INFO] [stdout]   15:     0x60bff1661b47 - <tokio[b0249773cae6091a]::runtime::scheduler::current_thread::CoreGuard>::block_on::<core[a373ad73a504971]::pin::Pin<&mut core[a373ad73a504971]::pin::Pin<&mut dyn core[a373ad73a504971]::future::future::Future<Output = ()>>>>
[INFO] [stdout]   16:     0x60bff1665787 - tokio[b0249773cae6091a]::runtime::context::runtime::enter_runtime::<<tokio[b0249773cae6091a]::runtime::scheduler::current_thread::CurrentThread>::block_on<core[a373ad73a504971]::pin::Pin<&mut dyn core[a373ad73a504971]::future::future::Future<Output = ()>>>::{closure#0}, ()>
[INFO] [stdout]   17:     0x60bff16638f5 - <tokio[b0249773cae6091a]::runtime::runtime::Runtime>::block_on::<core[a373ad73a504971]::pin::Pin<&mut dyn core[a373ad73a504971]::future::future::Future<Output = ()>>>
[INFO] [stdout]   18:     0x60bff165c80e - <integration[24b4868eebc1af1e]::test_server_forward_list_all::{closure#0} as core[a373ad73a504971]::ops::function::FnOnce<()>>::call_once
[INFO] [stdout]   19:     0x60bff16672db - test[aada8e7e76ba119b]::__rust_begin_short_backtrace::<core[a373ad73a504971]::result::Result<(), alloc[2e1b2a31b91974c5]::string::String>, fn() -> core[a373ad73a504971]::result::Result<(), alloc[2e1b2a31b91974c5]::string::String>>
[INFO] [stdout]   20:     0x60bff16744b5 - test[aada8e7e76ba119b]::run_test::{closure#0}
[INFO] [stdout]   21:     0x60bff166dda4 - std[617be2ca0a6fd877]::sys::backtrace::__rust_begin_short_backtrace::<test[aada8e7e76ba119b]::run_test::{closure#1}, ()>
[INFO] [stdout]   22:     0x60bff1677542 - <std[617be2ca0a6fd877]::thread::lifecycle::spawn_unchecked<test[aada8e7e76ba119b]::run_test::{closure#1}, ()>::{closure#1} as core[a373ad73a504971]::ops::function::FnOnce<()>>::call_once::{shim:vtable#0}
[INFO] [stdout]   23:     0x60bff17e760f - <std[617be2ca0a6fd877]::sys::thread::unix::Thread>::new::thread_start
[INFO] [stdout]   24:     0x79fc4be9bdfa - <unknown>
[INFO] [stdout]   25:     0x79fc4bf2f3d4 - clone
[INFO] [stdout]   26:                0x0 - <unknown>
[INFO] [stdout] 
[INFO] [stdout] 
[INFO] [stdout] failures:
[INFO] [stdout]     test_server_forward_list_all
[INFO] [stdout] 
[INFO] [stdout] test result: FAILED. 26 passed; 1 failed; 0 ignored; 0 measured; 0 filtered out; finished in 0.01s
[INFO] [stdout] 
[INFO] running `Command { std: "docker" "inspect" "b0e61589fc836decdd8765d2f63d98c98b7042203c7a0985bdb8a9208a0c2621", kill_on_drop: false }`
[INFO] running `Command { std: "docker" "rm" "-f" "b0e61589fc836decdd8765d2f63d98c98b7042203c7a0985bdb8a9208a0c2621", kill_on_drop: false }`
[INFO] [stdout] b0e61589fc836decdd8765d2f63d98c98b7042203c7a0985bdb8a9208a0c2621
