[INFO] fetching crate dro 0.2.15...
[INFO] testing dro-0.2.15 against 1.99.0-beta.8+cargoflags=--release for beta-release-1.100-2
[INFO] extracting crate dro 0.2.15 into /workspace/builds/worker-1-tc1/source
[INFO] started tweaking crates.io crate dro 0.2.15
[INFO] finished tweaking crates.io crate dro 0.2.15
[INFO] tweaked toml for crates.io crate dro 0.2.15 written to /workspace/builds/worker-1-tc1/source/Cargo.toml
[INFO] validating manifest of crates.io crate dro 0.2.15 on toolchain 1.99.0-beta.8
[INFO] running `Command { std: CARGO_HOME="/workspace/cargo-home" RUSTUP_HOME="/workspace/rustup-home" "/workspace/cargo-home/bin/cargo" "+1.99.0-beta.8" "metadata" "--manifest-path" "Cargo.toml" "--no-deps", kill_on_drop: false }`
[INFO] crate crates.io crate dro 0.2.15 already has a lockfile, it will not be regenerated
[INFO] running `Command { std: CARGO_HOME="/workspace/cargo-home" RUSTUP_HOME="/workspace/rustup-home" "/workspace/cargo-home/bin/cargo" "+1.99.0-beta.8" "fetch" "--manifest-path" "Cargo.toml", kill_on_drop: false }`
[INFO] [stderr]     Updating crates.io index
[INFO] [stderr]  Downloading crates ...
[INFO] [stderr]   Downloaded arw_brr v0.1.9
[INFO] [stderr]   Downloaded sysinfo v0.27.7
[INFO] [stderr]   Downloaded rusqlite v0.28.0
[INFO] [stderr]   Downloaded libsqlite3-sys v0.25.2
[INFO] running `Command { std: "docker" "create" "-v" "/var/lib/crater-agent-workspace/builds/worker-1-tc1/source:/opt/rustwide/workdir:ro,Z" "-v" "/var/lib/crater-agent-workspace/builds/worker-1-tc1/target:/opt/rustwide/target:rw,Z" "-v" "/var/lib/crater-agent-workspace/cargo-home:/opt/rustwide/cargo-home:ro,Z" "-v" "/var/lib/crater-agent-workspace/rustup-home:/opt/rustwide/rustup-home:ro,Z" "-m" "1610612736" "--network" "none" "ghcr.io/rust-lang/crates-build-env/linux@sha256:77db811e55d90add9212f6832c23229e3de5f1c1f9905e8cb07319ea15df73ac" "sleep" "infinity", kill_on_drop: false }`
[INFO] [stdout] 7b9ace68a281b3161845aba9e4601612c384c10ea137361de4200015cf18f1aa
[INFO] running `Command { std: "docker" "start" "7b9ace68a281b3161845aba9e4601612c384c10ea137361de4200015cf18f1aa", kill_on_drop: false }`
[INFO] running `Command { std: "docker" "inspect" "7b9ace68a281b3161845aba9e4601612c384c10ea137361de4200015cf18f1aa", kill_on_drop: false }`
[INFO] running `Command { std: "docker" "exec" "-e" "SOURCE_DIR=/opt/rustwide/workdir" "-e" "CARGO_HOME=/opt/rustwide/cargo-home" "-e" "RUSTUP_HOME=/opt/rustwide/rustup-home" "-e" "CARGO_TARGET_DIR=/opt/rustwide/target" "-w" "/opt/rustwide/workdir" "--user" "0:0" "7b9ace68a281b3161845aba9e4601612c384c10ea137361de4200015cf18f1aa" "/opt/rustwide/cargo-home/bin/cargo" "+1.99.0-beta.8" "metadata" "--no-deps" "--format-version=1", kill_on_drop: false }`
[INFO] running `Command { std: "docker" "inspect" "7b9ace68a281b3161845aba9e4601612c384c10ea137361de4200015cf18f1aa", kill_on_drop: false }`
[INFO] running `Command { std: "docker" "exec" "-e" "SOURCE_DIR=/opt/rustwide/workdir" "-e" "CARGO_HOME=/opt/rustwide/cargo-home" "-e" "RUSTUP_HOME=/opt/rustwide/rustup-home" "-e" "CARGO_TARGET_DIR=/opt/rustwide/target" "-e" "CARGO_INCREMENTAL=0" "-e" "RUST_BACKTRACE=full" "-e" "RUSTFLAGS=--cap-lints=warn" "-e" "RUSTDOCFLAGS=--cap-lints=warn" "-w" "/opt/rustwide/workdir" "--user" "0:0" "7b9ace68a281b3161845aba9e4601612c384c10ea137361de4200015cf18f1aa" "/opt/rustwide/cargo-home/bin/cargo" "+1.99.0-beta.8" "build" "--frozen" "--message-format=json" "--release", kill_on_drop: false }`
[INFO] [stderr]    Compiling crossbeam-utils v0.8.14
[INFO] [stderr]    Compiling rayon-core v1.10.2
[INFO] [stderr]    Compiling fallible-iterator v0.2.0
[INFO] [stderr]    Compiling fallible-streaming-iterator v0.1.9
[INFO] [stderr]    Compiling memoffset v0.7.1
[INFO] [stderr]    Compiling crossbeam-epoch v0.9.13
[INFO] [stderr]    Compiling ahash v0.7.6
[INFO] [stderr]    Compiling libsqlite3-sys v0.25.2
[INFO] [stderr]    Compiling walkdir v2.3.3
[INFO] [stderr]    Compiling num_cpus v1.15.0
[INFO] [stderr]    Compiling getrandom v0.2.8
[INFO] [stderr]    Compiling dirs v4.0.0
[INFO] [stderr]    Compiling hashbrown v0.12.3
[INFO] [stderr]    Compiling crossbeam-channel v0.5.6
[INFO] [stderr]    Compiling crossbeam-deque v0.8.2
[INFO] [stderr]    Compiling hashlink v0.8.1
[INFO] [stderr]    Compiling rusqlite v0.28.0
[INFO] [stderr]    Compiling rayon v1.6.1
[INFO] [stderr]    Compiling sysinfo v0.27.7
[INFO] [stderr]    Compiling arw_brr v0.1.9
[INFO] [stderr]    Compiling dro v0.2.15 (/opt/rustwide/workdir)
[INFO] [stdout] warning: unused import: `std::fs`
[INFO] [stdout]  --> src/app.rs:1:5
[INFO] [stdout]   |
[INFO] [stdout] 1 | use std::fs;
[INFO] [stdout]   |     ^^^^^^^
[INFO] [stdout]   |
[INFO] [stdout]   = note: `#[warn(unused_imports)]` (part of `#[warn(unused)]`) on by default
[INFO] [stdout] 
[INFO] [stdout] 
[INFO] [stdout] warning: method `allowed_options` is never used
[INFO] [stdout]   --> src/app.rs:55:12
[INFO] [stdout]    |
[INFO] [stdout] 47 | impl Flag {
[INFO] [stdout]    | --------- method in this implementation
[INFO] [stdout] ...
[INFO] [stdout] 55 |     pub fn allowed_options(self: Self) -> Vec<Opt> {
[INFO] [stdout]    |            ^^^^^^^^^^^^^^^
[INFO] [stdout]    |
[INFO] [stdout]    = note: `#[warn(dead_code)]` (part of `#[warn(unused)]`) on by default
[INFO] [stdout] 
[INFO] [stdout] 
[INFO] [stderr]     Finished `release` profile [optimized] target(s) in 11.32s
[INFO] running `Command { std: "docker" "inspect" "7b9ace68a281b3161845aba9e4601612c384c10ea137361de4200015cf18f1aa", kill_on_drop: false }`
[INFO] running `Command { std: "docker" "exec" "-e" "SOURCE_DIR=/opt/rustwide/workdir" "-e" "CARGO_HOME=/opt/rustwide/cargo-home" "-e" "RUSTUP_HOME=/opt/rustwide/rustup-home" "-e" "CARGO_TARGET_DIR=/opt/rustwide/target" "-e" "CARGO_INCREMENTAL=0" "-e" "RUST_BACKTRACE=full" "-e" "RUSTFLAGS=--cap-lints=warn" "-e" "RUSTDOCFLAGS=--cap-lints=warn" "-w" "/opt/rustwide/workdir" "--user" "0:0" "7b9ace68a281b3161845aba9e4601612c384c10ea137361de4200015cf18f1aa" "/opt/rustwide/cargo-home/bin/cargo" "+1.99.0-beta.8" "test" "--frozen" "--no-run" "--message-format=json" "--release", kill_on_drop: false }`
[INFO] [stderr]    Compiling ppv-lite86 v0.2.16
[INFO] [stderr]    Compiling getrandom v0.2.8
[INFO] [stderr]    Compiling ahash v0.7.6
[INFO] [stderr]    Compiling rand_core v0.6.4
[INFO] [stderr]    Compiling hashbrown v0.12.3
[INFO] [stderr]    Compiling rand_chacha v0.3.1
[INFO] [stderr]    Compiling rand v0.8.5
[INFO] [stderr]    Compiling hashlink v0.8.1
[INFO] [stderr]    Compiling rusqlite v0.28.0
[INFO] [stderr]    Compiling dro v0.2.15 (/opt/rustwide/workdir)
[INFO] [stdout] warning: unused import: `std::fs`
[INFO] [stdout]  --> src/app.rs:1:5
[INFO] [stdout]   |
[INFO] [stdout] 1 | use std::fs;
[INFO] [stdout]   |     ^^^^^^^
[INFO] [stdout]   |
[INFO] [stdout]   = note: `#[warn(unused_imports)]` (part of `#[warn(unused)]`) on by default
[INFO] [stdout] 
[INFO] [stdout] 
[INFO] [stdout] warning: method `allowed_options` is never used
[INFO] [stdout]   --> src/app.rs:55:12
[INFO] [stdout]    |
[INFO] [stdout] 47 | impl Flag {
[INFO] [stdout]    | --------- method in this implementation
[INFO] [stdout] ...
[INFO] [stdout] 55 |     pub fn allowed_options(self: Self) -> Vec<Opt> {
[INFO] [stdout]    |            ^^^^^^^^^^^^^^^
[INFO] [stdout]    |
[INFO] [stdout]    = note: `#[warn(dead_code)]` (part of `#[warn(unused)]`) on by default
[INFO] [stdout] 
[INFO] [stdout] 
[INFO] [stderr]     Finished `release` profile [optimized] target(s) in 3.94s
[INFO] running `Command { std: "docker" "inspect" "7b9ace68a281b3161845aba9e4601612c384c10ea137361de4200015cf18f1aa", kill_on_drop: false }`
[INFO] running `Command { std: "docker" "exec" "-e" "SOURCE_DIR=/opt/rustwide/workdir" "-e" "CARGO_HOME=/opt/rustwide/cargo-home" "-e" "RUSTUP_HOME=/opt/rustwide/rustup-home" "-e" "CARGO_TARGET_DIR=/opt/rustwide/target" "-e" "CARGO_INCREMENTAL=0" "-e" "RUST_BACKTRACE=full" "-e" "RUSTFLAGS=--cap-lints=warn" "-e" "RUSTDOCFLAGS=--cap-lints=warn" "-w" "/opt/rustwide/workdir" "--user" "0:0" "7b9ace68a281b3161845aba9e4601612c384c10ea137361de4200015cf18f1aa" "/opt/rustwide/cargo-home/bin/cargo" "+1.99.0-beta.8" "test" "--frozen" "--release", kill_on_drop: false }`
[INFO] [stderr] warning: unused import: `std::fs`
[INFO] [stderr]  --> src/app.rs:1:5
[INFO] [stderr]   |
[INFO] [stderr] 1 | use std::fs;
[INFO] [stderr]   |     ^^^^^^^
[INFO] [stderr]   |
[INFO] [stderr]   = note: `#[warn(unused_imports)]` (part of `#[warn(unused)]`) on by default
[INFO] [stderr] 
[INFO] [stderr] warning: method `allowed_options` is never used
[INFO] [stderr]   --> src/app.rs:55:12
[INFO] [stderr]    |
[INFO] [stderr] 47 | impl Flag {
[INFO] [stderr]    | --------- method in this implementation
[INFO] [stderr] ...
[INFO] [stderr] 55 |     pub fn allowed_options(self: Self) -> Vec<Opt> {
[INFO] [stderr]    |            ^^^^^^^^^^^^^^^
[INFO] [stderr]    |
[INFO] [stderr]    = note: `#[warn(dead_code)]` (part of `#[warn(unused)]`) on by default
[INFO] [stderr] 
[INFO] [stderr] warning: `dro` (bin "dro" test) generated 2 warnings (run `cargo fix --bin "dro" -p dro --tests` to apply 1 suggestion)
[INFO] [stderr]     Finished `release` profile [optimized] target(s) in 0.08s
[INFO] [stderr]      Running unittests src/main.rs (/opt/rustwide/target/release/deps/dro-471378e43c6d9780)
[INFO] [stdout] 
[INFO] [stdout] running 6 tests
[INFO] [stdout] test app::db::tests::cleanup_test_database ... ignored
[INFO] [stdout] test app::db::tests::grab_dros ... FAILED
[INFO] [stdout] test app::db::tests::mark_as_done ... FAILED
[INFO] [stdout] test app::db::tests::mark_as_undone ... FAILED
[INFO] [stdout] test app::db::tests::save_a_dro ... ok
[INFO] [stdout] test app::db::tests::save_and_load_dros_from_db ... ok
[INFO] [stdout] 
[INFO] [stdout] failures:
[INFO] [stdout] 
[INFO] [stdout] ---- app::db::tests::grab_dros stdout ----
[INFO] [stdout] 
[INFO] [stdout] thread 'app::db::tests::grab_dros' (720) panicked at src/app/db.rs:257:39:
[INFO] [stdout] Panicking while deleting test database: No such file or directory (os error 2)
[INFO] [stdout] stack backtrace:
[INFO] [stdout]    0:     0x5b60ee58d3b1 - <<std[70759c8f55707aa4]::sys::backtrace::BacktraceLock>::print::DisplayBacktrace as core[df12db4294e9bfd3]::fmt::Display>::fmt
[INFO] [stdout]    1:     0x5b60ee5a25aa - core[df12db4294e9bfd3]::fmt::write
[INFO] [stdout]    2:     0x5b60ee591bec - <alloc[2182bb758b4b3781]::vec::Vec<u8> as core[df12db4294e9bfd3]::io::write::Write>::write_fmt
[INFO] [stdout]    3:     0x5b60ee5686b6 - std[70759c8f55707aa4]::panicking::default_hook::{closure#0}
[INFO] [stdout]    4:     0x5b60ee5856a9 - std[70759c8f55707aa4]::panicking::default_hook
[INFO] [stdout]    5:     0x5b60ee5173f0 - test[9d35eded1c95d3be]::test_main_inner::<test[9d35eded1c95d3be]::test_main_static::{closure#0}>::{closure#0}
[INFO] [stdout]    6:     0x5b60ee585862 - std[70759c8f55707aa4]::panicking::panic_with_hook
[INFO] [stdout]    7:     0x5b60ee568762 - std[70759c8f55707aa4]::panicking::panic_handler::{closure#0}
[INFO] [stdout]    8:     0x5b60ee5612f9 - std[70759c8f55707aa4]::sys::backtrace::__rust_end_short_backtrace::<std[70759c8f55707aa4]::panicking::panic_handler::{closure#0}, !>
[INFO] [stdout]    9:     0x5b60ee56935d - __rustc[8fa7c3cbc660c2b3]::rust_begin_unwind
[INFO] [stdout]   10:     0x5b60ee5a2d0c - core[df12db4294e9bfd3]::panicking::panic_fmt
[INFO] [stdout]   11:     0x5b60ee508849 - dro[e7689864d1a1a07b]::app::db::tests::cleanup_test_database::remove_test_db::{closure#0}
[INFO] [stdout]   12:     0x5b60ee509ef3 - dro[e7689864d1a1a07b]::app::db::tests::grab_dros
[INFO] [stdout]   13:     0x5b60ee508339 - <dro[e7689864d1a1a07b]::app::db::tests::grab_dros::{closure#0} as core[df12db4294e9bfd3]::ops::function::FnOnce<()>>::call_once
[INFO] [stdout]   14:     0x5b60ee50a6db - test[9d35eded1c95d3be]::__rust_begin_short_backtrace::<core[df12db4294e9bfd3]::result::Result<(), alloc[2182bb758b4b3781]::string::String>, fn() -> core[df12db4294e9bfd3]::result::Result<(), alloc[2182bb758b4b3781]::string::String>>
[INFO] [stdout]   15:     0x5b60ee517d45 - test[9d35eded1c95d3be]::run_test::{closure#0}
[INFO] [stdout]   16:     0x5b60ee511604 - std[70759c8f55707aa4]::sys::backtrace::__rust_begin_short_backtrace::<test[9d35eded1c95d3be]::run_test::{closure#1}, ()>
[INFO] [stdout]   17:     0x5b60ee51aea2 - <std[70759c8f55707aa4]::thread::lifecycle::spawn_unchecked<test[9d35eded1c95d3be]::run_test::{closure#1}, ()>::{closure#1} as core[df12db4294e9bfd3]::ops::function::FnOnce<()>>::call_once::{shim:vtable#0}
[INFO] [stdout]   18:     0x5b60ee58cc89 - <std[70759c8f55707aa4]::sys::thread::unix::Thread>::new::thread_start
[INFO] [stdout]   19:     0x783d03e8adfa - <unknown>
[INFO] [stdout]   20:     0x783d03f1e3d4 - clone
[INFO] [stdout]   21:                0x0 - <unknown>
[INFO] [stdout] 
[INFO] [stdout] ---- app::db::tests::mark_as_done stdout ----
[INFO] [stdout] 
[INFO] [stdout] thread 'app::db::tests::mark_as_done' (721) panicked at src/app/db.rs:257:39:
[INFO] [stdout] Panicking while deleting test database: No such file or directory (os error 2)
[INFO] [stdout] stack backtrace:
[INFO] [stdout]    0:     0x5b60ee58d3b1 - <<std[70759c8f55707aa4]::sys::backtrace::BacktraceLock>::print::DisplayBacktrace as core[df12db4294e9bfd3]::fmt::Display>::fmt
[INFO] [stdout]    1:     0x5b60ee5a25aa - core[df12db4294e9bfd3]::fmt::write
[INFO] [stdout]    2:     0x5b60ee591bec - <alloc[2182bb758b4b3781]::vec::Vec<u8> as core[df12db4294e9bfd3]::io::write::Write>::write_fmt
[INFO] [stdout]    3:     0x5b60ee5686b6 - std[70759c8f55707aa4]::panicking::default_hook::{closure#0}
[INFO] [stdout]    4:     0x5b60ee5856a9 - std[70759c8f55707aa4]::panicking::default_hook
[INFO] [stdout]    5:     0x5b60ee5173f0 - test[9d35eded1c95d3be]::test_main_inner::<test[9d35eded1c95d3be]::test_main_static::{closure#0}>::{closure#0}
[INFO] [stdout]    6:     0x5b60ee585862 - std[70759c8f55707aa4]::panicking::panic_with_hook
[INFO] [stdout]    7:     0x5b60ee568762 - std[70759c8f55707aa4]::panicking::panic_handler::{closure#0}
[INFO] [stdout]    8:     0x5b60ee5612f9 - std[70759c8f55707aa4]::sys::backtrace::__rust_end_short_backtrace::<std[70759c8f55707aa4]::panicking::panic_handler::{closure#0}, !>
[INFO] [stdout]    9:     0x5b60ee56935d - __rustc[8fa7c3cbc660c2b3]::rust_begin_unwind
[INFO] [stdout]   10:     0x5b60ee5a2d0c - core[df12db4294e9bfd3]::panicking::panic_fmt
[INFO] [stdout]   11:     0x5b60ee508849 - dro[e7689864d1a1a07b]::app::db::tests::cleanup_test_database::remove_test_db::{closure#0}
[INFO] [stdout]   12:     0x5b60ee508ff3 - dro[e7689864d1a1a07b]::app::db::tests::mark_as_done
[INFO] [stdout]   13:     0x5b60ee508239 - <dro[e7689864d1a1a07b]::app::db::tests::mark_as_done::{closure#0} as core[df12db4294e9bfd3]::ops::function::FnOnce<()>>::call_once
[INFO] [stdout]   14:     0x5b60ee50a6db - test[9d35eded1c95d3be]::__rust_begin_short_backtrace::<core[df12db4294e9bfd3]::result::Result<(), alloc[2182bb758b4b3781]::string::String>, fn() -> core[df12db4294e9bfd3]::result::Result<(), alloc[2182bb758b4b3781]::string::String>>
[INFO] [stdout]   15:     0x5b60ee517d45 - test[9d35eded1c95d3be]::run_test::{closure#0}
[INFO] [stdout]   16:     0x5b60ee511604 - std[70759c8f55707aa4]::sys::backtrace::__rust_begin_short_backtrace::<test[9d35eded1c95d3be]::run_test::{closure#1}, ()>
[INFO] [stdout]   17:     0x5b60ee51aea2 - <std[70759c8f55707aa4]::thread::lifecycle::spawn_unchecked<test[9d35eded1c95d3be]::run_test::{closure#1}, ()>::{closure#1} as core[df12db4294e9bfd3]::ops::function::FnOnce<()>>::call_once::{shim:vtable#0}
[INFO] [stdout]   18:     0x5b60ee58cc89 - <std[70759c8f55707aa4]::sys::thread::unix::Thread>::new::thread_start
[INFO] [stdout]   19:     0x783d03e8adfa - <unknown>
[INFO] [stdout]   20:     0x783d03f1e3d4 - clone
[INFO] [stdout]   21:                0x0 - <unknown>
[INFO] [stdout] 
[INFO] [stdout] ---- app::db::tests::mark_as_undone stdout ----
[INFO] [stdout] 
[INFO] [stdout] thread 'app::db::tests::mark_as_undone' (722) panicked at src/app/db.rs:257:39:
[INFO] [stdout] Panicking while deleting test database: No such file or directory (os error 2)
[INFO] [stdout] stack backtrace:
[INFO] [stdout]    0:     0x5b60ee58d3b1 - <<std[70759c8f55707aa4]::sys::backtrace::BacktraceLock>::print::DisplayBacktrace as core[df12db4294e9bfd3]::fmt::Display>::fmt
[INFO] [stdout]    1:     0x5b60ee5a25aa - core[df12db4294e9bfd3]::fmt::write
[INFO] [stdout]    2:     0x5b60ee591bec - <alloc[2182bb758b4b3781]::vec::Vec<u8> as core[df12db4294e9bfd3]::io::write::Write>::write_fmt
[INFO] [stdout]    3:     0x5b60ee5686b6 - std[70759c8f55707aa4]::panicking::default_hook::{closure#0}
[INFO] [stdout]    4:     0x5b60ee5856a9 - std[70759c8f55707aa4]::panicking::default_hook
[INFO] [stdout]    5:     0x5b60ee5173f0 - test[9d35eded1c95d3be]::test_main_inner::<test[9d35eded1c95d3be]::test_main_static::{closure#0}>::{closure#0}
[INFO] [stdout]    6:     0x5b60ee585862 - std[70759c8f55707aa4]::panicking::panic_with_hook
[INFO] [stdout]    7:     0x5b60ee568762 - std[70759c8f55707aa4]::panicking::panic_handler::{closure#0}
[INFO] [stdout]    8:     0x5b60ee5612f9 - std[70759c8f55707aa4]::sys::backtrace::__rust_end_short_backtrace::<std[70759c8f55707aa4]::panicking::panic_handler::{closure#0}, !>
[INFO] [stdout]    9:     0x5b60ee56935d - __rustc[8fa7c3cbc660c2b3]::rust_begin_unwind
[INFO] [stdout]   10:     0x5b60ee5a2d0c - core[df12db4294e9bfd3]::panicking::panic_fmt
[INFO] [stdout]   11:     0x5b60ee508849 - dro[e7689864d1a1a07b]::app::db::tests::cleanup_test_database::remove_test_db::{closure#0}
[INFO] [stdout]   12:     0x5b60ee50953a - dro[e7689864d1a1a07b]::app::db::tests::mark_as_undone
[INFO] [stdout]   13:     0x5b60ee508259 - <dro[e7689864d1a1a07b]::app::db::tests::mark_as_undone::{closure#0} as core[df12db4294e9bfd3]::ops::function::FnOnce<()>>::call_once
[INFO] [stdout]   14:     0x5b60ee50a6db - test[9d35eded1c95d3be]::__rust_begin_short_backtrace::<core[df12db4294e9bfd3]::result::Result<(), alloc[2182bb758b4b3781]::string::String>, fn() -> core[df12db4294e9bfd3]::result::Result<(), alloc[2182bb758b4b3781]::string::String>>
[INFO] [stdout]   15:     0x5b60ee517d45 - test[9d35eded1c95d3be]::run_test::{closure#0}
[INFO] [stdout]   16:     0x5b60ee511604 - std[70759c8f55707aa4]::sys::backtrace::__rust_begin_short_backtrace::<test[9d35eded1c95d3be]::run_test::{closure#1}, ()>
[INFO] [stdout]   17:     0x5b60ee51aea2 - <std[70759c8f55707aa4]::thread::lifecycle::spawn_unchecked<test[9d35eded1c95d3be]::run_test::{closure#1}, ()>::{closure#1} as core[df12db4294e9bfd3]::ops::function::FnOnce<()>>::call_once::{shim:vtable#0}
[INFO] [stdout]   18:     0x5b60ee58cc89 - <std[70759c8f55707aa4]::sys::thread::unix::Thread>::new::thread_start
[INFO] [stdout]   19:     0x783d03e8adfa - <unknown>
[INFO] [stdout]   20:     0x783d03f1e3d4 - clone
[INFO] [stdout]   21:                0x0 - <unknown>
[INFO] [stdout] 
[INFO] [stdout] 
[INFO] [stdout] failures:
[INFO] [stdout]     app::db::tests::grab_dros
[INFO] [stdout]     app::db::tests::mark_as_done
[INFO] [stdout]     app::db::tests::mark_as_undone
[INFO] [stdout] 
[INFO] [stdout] test result: FAILED. 2 passed; 3 failed; 1 ignored; 0 measured; 0 filtered out; finished in 0.15s
[INFO] [stdout] 
[INFO] [stderr] error: test failed, to rerun pass `--bin dro`
[INFO] running `Command { std: "docker" "inspect" "7b9ace68a281b3161845aba9e4601612c384c10ea137361de4200015cf18f1aa", kill_on_drop: false }`
[INFO] running `Command { std: "docker" "rm" "-f" "7b9ace68a281b3161845aba9e4601612c384c10ea137361de4200015cf18f1aa", kill_on_drop: false }`
[INFO] [stdout] 7b9ace68a281b3161845aba9e4601612c384c10ea137361de4200015cf18f1aa
