[INFO] fetching crate drizzle-macros 0.4.0...
[INFO] testing drizzle-macros-0.4.0 against 1.100.0-beta.1+cargoflags=--release for beta-release-1.100-2
[INFO] extracting crate drizzle-macros 0.4.0 into /workspace/builds/worker-0-tc2/source
[INFO] started tweaking crates.io crate drizzle-macros 0.4.0
[INFO] finished tweaking crates.io crate drizzle-macros 0.4.0
[INFO] tweaked toml for crates.io crate drizzle-macros 0.4.0 written to /workspace/builds/worker-0-tc2/source/Cargo.toml
[INFO] validating manifest of crates.io crate drizzle-macros 0.4.0 on toolchain 1.100.0-beta.1
[INFO] running `Command { std: CARGO_HOME="/workspace/cargo-home" RUSTUP_HOME="/workspace/rustup-home" "/workspace/cargo-home/bin/cargo" "+1.100.0-beta.1" "metadata" "--manifest-path" "Cargo.toml" "--no-deps", kill_on_drop: false }`
[INFO] crate crates.io crate drizzle-macros 0.4.0 already has a lockfile, it will not be regenerated
[INFO] running `Command { std: CARGO_HOME="/workspace/cargo-home" RUSTUP_HOME="/workspace/rustup-home" "/workspace/cargo-home/bin/cargo" "+1.100.0-beta.1" "fetch" "--manifest-path" "Cargo.toml", kill_on_drop: false }`
[INFO] running `Command { std: "docker" "create" "-v" "/var/lib/crater-agent-workspace/builds/worker-0-tc2/source:/opt/rustwide/workdir:ro,Z" "-v" "/var/lib/crater-agent-workspace/builds/worker-0-tc2/target:/opt/rustwide/target:rw,Z" "-v" "/var/lib/crater-agent-workspace/cargo-home:/opt/rustwide/cargo-home:ro,Z" "-v" "/var/lib/crater-agent-workspace/rustup-home:/opt/rustwide/rustup-home:ro,Z" "-m" "1610612736" "--network" "none" "ghcr.io/rust-lang/crates-build-env/linux@sha256:77db811e55d90add9212f6832c23229e3de5f1c1f9905e8cb07319ea15df73ac" "sleep" "infinity", kill_on_drop: false }`
[INFO] [stdout] 65caf4785aa47dfe538a77d53ea5bc8c0adcde8ffc8b8ce0601363a87799b4bc
[INFO] running `Command { std: "docker" "start" "65caf4785aa47dfe538a77d53ea5bc8c0adcde8ffc8b8ce0601363a87799b4bc", kill_on_drop: false }`
[INFO] running `Command { std: "docker" "inspect" "65caf4785aa47dfe538a77d53ea5bc8c0adcde8ffc8b8ce0601363a87799b4bc", kill_on_drop: false }`
[INFO] running `Command { std: "docker" "exec" "-e" "SOURCE_DIR=/opt/rustwide/workdir" "-e" "CARGO_HOME=/opt/rustwide/cargo-home" "-e" "RUSTUP_HOME=/opt/rustwide/rustup-home" "-e" "CARGO_TARGET_DIR=/opt/rustwide/target" "-w" "/opt/rustwide/workdir" "--user" "0:0" "65caf4785aa47dfe538a77d53ea5bc8c0adcde8ffc8b8ce0601363a87799b4bc" "/opt/rustwide/cargo-home/bin/cargo" "+1.100.0-beta.1" "metadata" "--no-deps" "--format-version=1", kill_on_drop: false }`
[INFO] running `Command { std: "docker" "inspect" "65caf4785aa47dfe538a77d53ea5bc8c0adcde8ffc8b8ce0601363a87799b4bc", kill_on_drop: false }`
[INFO] running `Command { std: "docker" "exec" "-e" "SOURCE_DIR=/opt/rustwide/workdir" "-e" "CARGO_HOME=/opt/rustwide/cargo-home" "-e" "RUSTUP_HOME=/opt/rustwide/rustup-home" "-e" "CARGO_TARGET_DIR=/opt/rustwide/target" "-e" "CARGO_INCREMENTAL=0" "-e" "RUST_BACKTRACE=full" "-e" "RUSTFLAGS=--cap-lints=warn" "-e" "RUSTDOCFLAGS=--cap-lints=warn" "-w" "/opt/rustwide/workdir" "--user" "0:0" "65caf4785aa47dfe538a77d53ea5bc8c0adcde8ffc8b8ce0601363a87799b4bc" "/opt/rustwide/cargo-home/bin/cargo" "+1.100.0-beta.1" "build" "--frozen" "--message-format=json" "--release", kill_on_drop: false }`
[INFO] [stderr]    Compiling proc-macro2 v1.0.106
[INFO] [stderr]    Compiling winnow v0.7.14
[INFO] [stderr]    Compiling libc v0.2.187
[INFO] [stderr]    Compiling thiserror v2.0.18
[INFO] [stderr]    Compiling hashbrown v0.16.1
[INFO] [stderr]    Compiling aho-corasick v1.1.4
[INFO] [stderr]    Compiling getrandom v0.4.2
[INFO] [stderr]    Compiling regex-syntax v0.8.10
[INFO] [stderr]    Compiling serde_json v1.0.149
[INFO] [stderr]    Compiling toml_writer v1.0.6+spec-1.1.0
[INFO] [stderr]    Compiling itoa v1.0.17
[INFO] [stderr]    Compiling toml_datetime v0.7.5+spec-1.1.0
[INFO] [stderr]    Compiling serde_spanned v1.0.4
[INFO] [stderr]    Compiling toml_datetime v1.0.0+spec-1.1.0
[INFO] [stderr]    Compiling cpufeatures v0.2.17
[INFO] [stderr]    Compiling crypto-common v0.1.7
[INFO] [stderr]    Compiling once_cell v1.21.3
[INFO] [stderr]    Compiling digest v0.10.7
[INFO] [stderr]    Compiling sha2 v0.10.9
[INFO] [stderr]    Compiling quote v1.0.45
[INFO] [stderr]    Compiling syn v2.0.117
[INFO] [stderr]    Compiling indexmap v2.13.0
[INFO] [stderr]    Compiling uuid v1.21.0
[INFO] [stderr]    Compiling regex-automata v0.4.14
[INFO] [stderr]    Compiling toml_parser v1.0.9+spec-1.1.0
[INFO] [stderr]    Compiling toml_edit v0.25.4+spec-1.1.0
[INFO] [stderr]    Compiling toml v0.9.12+spec-1.1.0
[INFO] [stderr]    Compiling proc-macro-crate v3.5.0
[INFO] [stderr]    Compiling regex v1.12.3
[INFO] [stderr]    Compiling pluralizer v0.5.0
[INFO] [stderr]    Compiling serde_derive v1.0.228
[INFO] [stderr]    Compiling thiserror-impl v2.0.18
[INFO] [stderr]    Compiling serde v1.0.228
[INFO] [stderr]    Compiling drizzle-types v0.4.0
[INFO] [stderr]    Compiling drizzle-migrations v0.4.0
[INFO] [stderr]    Compiling drizzle-macros v0.4.0 (/opt/rustwide/workdir)
[INFO] [stderr] warning: unused dependency `pluralizer`
[INFO] [stderr]   --> Cargo.toml:12:15
[INFO] [stderr]    |
[INFO] [stderr] 12 | [dependencies.pluralizer]
[INFO] [stderr]    |               ^^^^^^^^^^^
[INFO] [stderr]    |
[INFO] [stderr]    = note: `cargo::unused_dependencies` is set to `warn` by default
[INFO] [stderr] help: consider removing the dependency on `pluralizer`
[INFO] [stderr] warning: `drizzle-macros` (manifest) generated 1 warning
[INFO] [stderr]     Finished `release` profile [optimized] target(s) in 45.66s
[INFO] running `Command { std: "docker" "inspect" "65caf4785aa47dfe538a77d53ea5bc8c0adcde8ffc8b8ce0601363a87799b4bc", kill_on_drop: false }`
[INFO] running `Command { std: "docker" "exec" "-e" "SOURCE_DIR=/opt/rustwide/workdir" "-e" "CARGO_HOME=/opt/rustwide/cargo-home" "-e" "RUSTUP_HOME=/opt/rustwide/rustup-home" "-e" "CARGO_TARGET_DIR=/opt/rustwide/target" "-e" "CARGO_INCREMENTAL=0" "-e" "RUST_BACKTRACE=full" "-e" "RUSTFLAGS=--cap-lints=warn" "-e" "RUSTDOCFLAGS=--cap-lints=warn" "-w" "/opt/rustwide/workdir" "--user" "0:0" "65caf4785aa47dfe538a77d53ea5bc8c0adcde8ffc8b8ce0601363a87799b4bc" "/opt/rustwide/cargo-home/bin/cargo" "+1.100.0-beta.1" "test" "--frozen" "--no-run" "--message-format=json" "--release", kill_on_drop: false }`
[INFO] [stderr]    Compiling const_format_proc_macros v0.2.34
[INFO] [stderr]    Compiling drizzle-macros v0.4.0 (/opt/rustwide/workdir)
[INFO] [stderr]    Compiling const_format v0.2.35
[INFO] [stderr] warning: unused dependency `pluralizer`
[INFO] [stderr]   --> Cargo.toml:12:15
[INFO] [stderr]    |
[INFO] [stderr] 12 | [dependencies.pluralizer]
[INFO] [stderr]    |               ^^^^^^^^^^^
[INFO] [stderr]    |
[INFO] [stderr]    = note: `cargo::unused_dependencies` is set to `warn` by default
[INFO] [stderr] help: consider removing the dependency on `pluralizer`
[INFO] [stderr] warning: `drizzle-macros` (manifest) generated 1 warning
[INFO] [stderr]     Finished `release` profile [optimized] target(s) in 6.91s
[INFO] running `Command { std: "docker" "inspect" "65caf4785aa47dfe538a77d53ea5bc8c0adcde8ffc8b8ce0601363a87799b4bc", kill_on_drop: false }`
[INFO] running `Command { std: "docker" "exec" "-e" "SOURCE_DIR=/opt/rustwide/workdir" "-e" "CARGO_HOME=/opt/rustwide/cargo-home" "-e" "RUSTUP_HOME=/opt/rustwide/rustup-home" "-e" "CARGO_TARGET_DIR=/opt/rustwide/target" "-e" "CARGO_INCREMENTAL=0" "-e" "RUST_BACKTRACE=full" "-e" "RUSTFLAGS=--cap-lints=warn" "-e" "RUSTDOCFLAGS=--cap-lints=warn" "-w" "/opt/rustwide/workdir" "--user" "0:0" "65caf4785aa47dfe538a77d53ea5bc8c0adcde8ffc8b8ce0601363a87799b4bc" "/opt/rustwide/cargo-home/bin/cargo" "+1.100.0-beta.1" "test" "--frozen" "--release", kill_on_drop: false }`
[INFO] [stderr] warning: unused dependency `pluralizer`
[INFO] [stderr]   --> Cargo.toml:12:15
[INFO] [stderr]    |
[INFO] [stderr] 12 | [dependencies.pluralizer]
[INFO] [stderr]    |               ^^^^^^^^^^^
[INFO] [stderr]    |
[INFO] [stderr]    = note: `cargo::unused_dependencies` is set to `warn` by default
[INFO] [stderr] help: consider removing the dependency on `pluralizer`
[INFO] [stderr] warning: `drizzle-macros` (manifest) generated 1 warning
[INFO] [stderr]     Finished `release` profile [optimized] target(s) in 0.08s
[INFO] [stderr]      Running unittests src/lib.rs (/opt/rustwide/target/release/build/drizzle-macros/c0be17e13e959b18/out/drizzle_macros-c0be17e13e959b18)
[INFO] [stdout] 
[INFO] [stdout] running 14 tests
[INFO] [stdout] test sql::tests::test_unmatched_braces ... ok
[INFO] [stdout] test migrations::tests::a_missing_directory_is_an_error_that_names_it ... ok
[INFO] [stdout] test sql::tests::test_parse_simple_template ... ok
[INFO] [stdout] test sql::tests::test_parse_printf_style ... ok
[INFO] [stdout] test common::default::tests::applies_dialect_literal_rules ... ok
[INFO] [stdout] test common::default::tests::distinguishes_strings_from_sql_expressions ... ok
[INFO] [stdout] test common::helpers::tests::test_extract_option_inner ... ok
[INFO] [stdout] test common::diagnostics::tests::suggests_the_closest_key ... ok
[INFO] [stdout] test sql::tests::test_parse_nested_braces ... ok
[INFO] [stdout] test sql::tests::test_mixed_named_and_positional ... ok
[INFO] [stdout] test sql::tests::test_parse_multiple_expressions ... ok
[INFO] [stdout] test sql::tests::test_printf_argument_count_validation ... ok
[INFO] [stdout] test sql::tests::test_parse_escaped_braces ... ok
[INFO] [stdout] test common::helpers::tests::test_is_option_type ... ok
[INFO] [stdout] 
[INFO] [stdout] test result: ok. 14 passed; 0 failed; 0 ignored; 0 measured; 0 filtered out; finished in 0.01s
[INFO] [stdout] 
[INFO] [stderr]    Doc-tests drizzle_macros
[INFO] [stdout] 
[INFO] [stdout] running 8 tests
[INFO] [stdout] test src/lib.rs - test (line 1197) ... ignored
[INFO] [stdout] test src/lib.rs - sql (line 1090) ... ok
[INFO] [stdout] test src/lib.rs - include_migrations (line 1137) ... FAILED
[INFO] [stdout] test src/lib.rs - include_migrations (line 1158) ... ok
[INFO] [stdout] test src/lib.rs - (line 42) ... ok
[INFO] [stdout] test src/common/helpers.rs - common::helpers::make_uppercase_path (line 16) ... ok
[INFO] [stdout] test src/common/helpers.rs - common::helpers::generate_try_from_impl (line 141) ... ok
[INFO] [stdout] test src/common/helpers.rs - common::helpers::parse_column_reference (line 69) ... ok
[INFO] [stdout] 
[INFO] [stdout] failures:
[INFO] [stdout] 
[INFO] [stdout] ---- src/lib.rs - include_migrations (line 1137) stdout ----
[INFO] [stdout] error[E0433]: cannot find module or crate `drizzle` in this scope
[INFO] [stdout]     --> src/lib.rs:1138:55
[INFO] [stdout]      |
[INFO] [stdout] 1138 | let migrations: Vec<drizzle::migrations::Migration> = drizzle::include_migrations!("./drizzle");
[INFO] [stdout]      |                                                       ^^^^^^^ use of unresolved module or unlinked crate `drizzle`
[INFO] [stdout] 
[INFO] [stdout] error[E0433]: cannot find module or crate `drizzle` in this scope
[INFO] [stdout]     --> src/lib.rs:1138:21
[INFO] [stdout]      |
[INFO] [stdout] 1138 | let migrations: Vec<drizzle::migrations::Migration> = drizzle::include_migrations!("./drizzle");
[INFO] [stdout]      |                     ^^^^^^^ use of unresolved module or unlinked crate `drizzle`
[INFO] [stdout]      |
[INFO] [stdout]      = help: if you wanted to use a crate named `drizzle`, use `cargo add drizzle` to add it to your `Cargo.toml`
[INFO] [stdout] 
[INFO] [stdout] error: aborting due to 2 previous errors
[INFO] [stdout] 
[INFO] [stdout] For more information about this error, try `rustc --explain E0433`.
[INFO] [stdout] Couldn't compile the test.
[INFO] [stdout] 
[INFO] [stdout] failures:
[INFO] [stdout]     src/lib.rs - include_migrations (line 1137)
[INFO] [stdout] 
[INFO] [stdout] test result: FAILED. 6 passed; 1 failed; 1 ignored; 0 measured; 0 filtered out; finished in 0.56s
[INFO] [stdout] 
[INFO] [stdout] all doctests ran in 0.66s; merged doctests compilation took 0.10s
[INFO] [stderr] error: doctest failed, to rerun pass `--doc`
[INFO] running `Command { std: "docker" "inspect" "65caf4785aa47dfe538a77d53ea5bc8c0adcde8ffc8b8ce0601363a87799b4bc", kill_on_drop: false }`
[INFO] running `Command { std: "docker" "rm" "-f" "65caf4785aa47dfe538a77d53ea5bc8c0adcde8ffc8b8ce0601363a87799b4bc", kill_on_drop: false }`
[INFO] [stdout] 65caf4785aa47dfe538a77d53ea5bc8c0adcde8ffc8b8ce0601363a87799b4bc
