[INFO] fetching crate dreck 0.1.1...
[INFO] testing dreck-0.1.1 against 1.100.0-beta.1+cargoflags=--release for beta-release-1.100-2
[INFO] extracting crate dreck 0.1.1 into /workspace/builds/worker-3-tc2/source
[INFO] started tweaking crates.io crate dreck 0.1.1
[INFO] finished tweaking crates.io crate dreck 0.1.1
[INFO] tweaked toml for crates.io crate dreck 0.1.1 written to /workspace/builds/worker-3-tc2/source/Cargo.toml
[INFO] validating manifest of crates.io crate dreck 0.1.1 on toolchain 1.100.0-beta.1
[INFO] running `Command { std: CARGO_HOME="/workspace/cargo-home" RUSTUP_HOME="/workspace/rustup-home" "/workspace/cargo-home/bin/cargo" "+1.100.0-beta.1" "metadata" "--manifest-path" "Cargo.toml" "--no-deps", kill_on_drop: false }`
[INFO] running `Command { std: CARGO_HOME="/workspace/cargo-home" RUSTUP_HOME="/workspace/rustup-home" "/workspace/cargo-home/bin/cargo" "+1.100.0-beta.1" "generate-lockfile" "--manifest-path" "Cargo.toml", kill_on_drop: false }`
[INFO] [stderr]     Updating crates.io index
[INFO] [stderr]      Locking 27 packages to highest compatible versions
[INFO] running `Command { std: CARGO_HOME="/workspace/cargo-home" RUSTUP_HOME="/workspace/rustup-home" "/workspace/cargo-home/bin/cargo" "+1.100.0-beta.1" "fetch" "--manifest-path" "Cargo.toml", kill_on_drop: false }`
[INFO] running `Command { std: "docker" "create" "-v" "/var/lib/crater-agent-workspace/builds/worker-3-tc2/source:/opt/rustwide/workdir:ro,Z" "-v" "/var/lib/crater-agent-workspace/builds/worker-3-tc2/target:/opt/rustwide/target:rw,Z" "-v" "/var/lib/crater-agent-workspace/cargo-home:/opt/rustwide/cargo-home:ro,Z" "-v" "/var/lib/crater-agent-workspace/rustup-home:/opt/rustwide/rustup-home:ro,Z" "-m" "1610612736" "--network" "none" "ghcr.io/rust-lang/crates-build-env/linux@sha256:77db811e55d90add9212f6832c23229e3de5f1c1f9905e8cb07319ea15df73ac" "sleep" "infinity", kill_on_drop: false }`
[INFO] [stdout] f70007e4ca6a7fcec0a84c965744d7051555c4e1d7ddfd8fd12080ca720c6a73
[INFO] running `Command { std: "docker" "start" "f70007e4ca6a7fcec0a84c965744d7051555c4e1d7ddfd8fd12080ca720c6a73", kill_on_drop: false }`
[INFO] running `Command { std: "docker" "inspect" "f70007e4ca6a7fcec0a84c965744d7051555c4e1d7ddfd8fd12080ca720c6a73", kill_on_drop: false }`
[INFO] running `Command { std: "docker" "exec" "-e" "SOURCE_DIR=/opt/rustwide/workdir" "-e" "CARGO_HOME=/opt/rustwide/cargo-home" "-e" "RUSTUP_HOME=/opt/rustwide/rustup-home" "-e" "CARGO_TARGET_DIR=/opt/rustwide/target" "-w" "/opt/rustwide/workdir" "--user" "0:0" "f70007e4ca6a7fcec0a84c965744d7051555c4e1d7ddfd8fd12080ca720c6a73" "/opt/rustwide/cargo-home/bin/cargo" "+1.100.0-beta.1" "metadata" "--no-deps" "--format-version=1", kill_on_drop: false }`
[INFO] running `Command { std: "docker" "inspect" "f70007e4ca6a7fcec0a84c965744d7051555c4e1d7ddfd8fd12080ca720c6a73", kill_on_drop: false }`
[INFO] running `Command { std: "docker" "exec" "-e" "SOURCE_DIR=/opt/rustwide/workdir" "-e" "CARGO_HOME=/opt/rustwide/cargo-home" "-e" "RUSTUP_HOME=/opt/rustwide/rustup-home" "-e" "CARGO_TARGET_DIR=/opt/rustwide/target" "-e" "CARGO_INCREMENTAL=0" "-e" "RUST_BACKTRACE=full" "-e" "RUSTFLAGS=--cap-lints=warn" "-e" "RUSTDOCFLAGS=--cap-lints=warn" "-w" "/opt/rustwide/workdir" "--user" "0:0" "f70007e4ca6a7fcec0a84c965744d7051555c4e1d7ddfd8fd12080ca720c6a73" "/opt/rustwide/cargo-home/bin/cargo" "+1.100.0-beta.1" "build" "--frozen" "--message-format=json" "--release", kill_on_drop: false }`
[INFO] [stderr]    Compiling dreck v0.1.1 (/opt/rustwide/workdir)
[INFO] [stderr]     Finished `release` profile [optimized] target(s) in 0.32s
[INFO] running `Command { std: "docker" "inspect" "f70007e4ca6a7fcec0a84c965744d7051555c4e1d7ddfd8fd12080ca720c6a73", kill_on_drop: false }`
[INFO] running `Command { std: "docker" "exec" "-e" "SOURCE_DIR=/opt/rustwide/workdir" "-e" "CARGO_HOME=/opt/rustwide/cargo-home" "-e" "RUSTUP_HOME=/opt/rustwide/rustup-home" "-e" "CARGO_TARGET_DIR=/opt/rustwide/target" "-e" "CARGO_INCREMENTAL=0" "-e" "RUST_BACKTRACE=full" "-e" "RUSTFLAGS=--cap-lints=warn" "-e" "RUSTDOCFLAGS=--cap-lints=warn" "-w" "/opt/rustwide/workdir" "--user" "0:0" "f70007e4ca6a7fcec0a84c965744d7051555c4e1d7ddfd8fd12080ca720c6a73" "/opt/rustwide/cargo-home/bin/cargo" "+1.100.0-beta.1" "test" "--frozen" "--no-run" "--message-format=json" "--release", kill_on_drop: false }`
[INFO] [stderr]    Compiling proc-macro2 v1.0.107
[INFO] [stderr]    Compiling target-tuple v1.0.2
[INFO] [stderr]    Compiling serde_spanned v1.1.2
[INFO] [stderr]    Compiling serde v1.0.229
[INFO] [stderr]    Compiling toml_parser v1.1.5+spec-1.1.0
[INFO] [stderr]    Compiling toml_datetime v1.1.2+spec-1.1.0
[INFO] [stderr]    Compiling toml_writer v1.1.3+spec-1.1.0
[INFO] [stderr]    Compiling termcolor v1.4.1
[INFO] [stderr]    Compiling quote v1.0.47
[INFO] [stderr]    Compiling toml v1.1.8+spec-1.1.0
[INFO] [stderr]    Compiling syn v3.0.9
[INFO] [stderr]    Compiling serde_derive v1.0.229
[INFO] [stderr]    Compiling trybuild v1.0.122
[INFO] [stderr]    Compiling dreck v0.1.1 (/opt/rustwide/workdir)
[INFO] [stderr]     Finished `release` profile [optimized] target(s) in 29.73s
[INFO] running `Command { std: "docker" "inspect" "f70007e4ca6a7fcec0a84c965744d7051555c4e1d7ddfd8fd12080ca720c6a73", kill_on_drop: false }`
[INFO] running `Command { std: "docker" "exec" "-e" "SOURCE_DIR=/opt/rustwide/workdir" "-e" "CARGO_HOME=/opt/rustwide/cargo-home" "-e" "RUSTUP_HOME=/opt/rustwide/rustup-home" "-e" "CARGO_TARGET_DIR=/opt/rustwide/target" "-e" "CARGO_INCREMENTAL=0" "-e" "RUST_BACKTRACE=full" "-e" "RUSTFLAGS=--cap-lints=warn" "-e" "RUSTDOCFLAGS=--cap-lints=warn" "-w" "/opt/rustwide/workdir" "--user" "0:0" "f70007e4ca6a7fcec0a84c965744d7051555c4e1d7ddfd8fd12080ca720c6a73" "/opt/rustwide/cargo-home/bin/cargo" "+1.100.0-beta.1" "test" "--frozen" "--release", kill_on_drop: false }`
[INFO] [stderr]     Finished `release` profile [optimized] target(s) in 0.06s
[INFO] [stderr]      Running unittests src/lib.rs (/opt/rustwide/target/release/build/dreck/eb248825b86cda92/out/dreck-eb248825b86cda92)
[INFO] [stdout] 
[INFO] [stdout] running 0 tests
[INFO] [stdout] 
[INFO] [stdout] test result: ok. 0 passed; 0 failed; 0 ignored; 0 measured; 0 filtered out; finished in 0.00s
[INFO] [stdout] 
[INFO] [stderr]      Running tests/compile_fail.rs (/opt/rustwide/target/release/build/dreck/fd056422658bd91a/out/compile_fail-fd056422658bd91a)
[INFO] [stdout] 
[INFO] [stdout] running 1 test
[INFO] [stderr]     Checking dreck v0.1.1 (/opt/rustwide/workdir)
[INFO] [stderr]     Checking dreck-tests v0.0.0 (/opt/rustwide/target/tests/trybuild/dreck)
[INFO] [stderr]     Finished `dev` profile [unoptimized + debuginfo] target(s) in 0.29s
[INFO] [stderr] 
[INFO] [stderr] 
[INFO] [stderr] test tests/compile_fail/hold_borrow_to_long.rs ... mismatch
[INFO] [stderr] 
[INFO] [stderr] EXPECTED:
[INFO] [stderr] ┈┈┈┈┈┈┈┈┈┈┈┈┈┈┈┈┈┈┈┈┈┈┈┈┈┈┈┈┈┈┈┈┈┈┈┈┈┈┈┈┈┈┈┈┈┈┈┈┈┈┈┈┈┈┈┈┈┈┈┈
[INFO] [stderr] error[E0597]: `root` does not live long enough
[INFO] [stderr]  --> tests/compile_fail/hold_borrow_to_long.rs:7:17
[INFO] [stderr]   |
[INFO] [stderr] 5 |     let a = {
[INFO] [stderr]   |         - borrow later stored here
[INFO] [stderr] 6 |         let root = unsafe { Root::new(&owner) };
[INFO] [stderr] 7 |         let a = root.add(0);
[INFO] [stderr]   |                 ^^^^^^^^^^^ borrowed value does not live long enough
[INFO] [stderr] 8 |         a.borrow(&owner)
[INFO] [stderr] 9 |     };
[INFO] [stderr]   |     - `root` dropped here while still borrowed
[INFO] [stderr] ┈┈┈┈┈┈┈┈┈┈┈┈┈┈┈┈┈┈┈┈┈┈┈┈┈┈┈┈┈┈┈┈┈┈┈┈┈┈┈┈┈┈┈┈┈┈┈┈┈┈┈┈┈┈┈┈┈┈┈┈
[INFO] [stderr] 
[INFO] [stderr] ACTUAL OUTPUT:
[INFO] [stderr] ┈┈┈┈┈┈┈┈┈┈┈┈┈┈┈┈┈┈┈┈┈┈┈┈┈┈┈┈┈┈┈┈┈┈┈┈┈┈┈┈┈┈┈┈┈┈┈┈┈┈┈┈┈┈┈┈┈┈┈┈
[INFO] [stderr] error[E0597]: `root` does not live long enough
[INFO] [stderr]  --> tests/compile_fail/hold_borrow_to_long.rs:7:17
[INFO] [stderr]   |
[INFO] [stderr] 5 |     let a = {
[INFO] [stderr]   |         - borrow later stored here
[INFO] [stderr] 6 |         let root = unsafe { Root::new(&owner) };
[INFO] [stderr]   |             ---- binding `root` declared here
[INFO] [stderr] 7 |         let a = root.add(0);
[INFO] [stderr]   |                 ^^^^ borrowed value does not live long enough
[INFO] [stderr] 8 |         a.borrow(&owner)
[INFO] [stderr] 9 |     };
[INFO] [stderr]   |     - `root` dropped here while still borrowed
[INFO] [stderr] ┈┈┈┈┈┈┈┈┈┈┈┈┈┈┈┈┈┈┈┈┈┈┈┈┈┈┈┈┈┈┈┈┈┈┈┈┈┈┈┈┈┈┈┈┈┈┈┈┈┈┈┈┈┈┈┈┈┈┈┈
[INFO] [stderr] note: If the actual output is the correct output you can bless it by rerunning
[INFO] [stderr]       your test with the environment variable TRYBUILD=overwrite
[INFO] [stderr] 
[INFO] [stderr] test tests/compile_fail/hold_borrow_to_long_mut.rs ... mismatch
[INFO] [stderr] 
[INFO] [stderr] EXPECTED:
[INFO] [stderr] ┈┈┈┈┈┈┈┈┈┈┈┈┈┈┈┈┈┈┈┈┈┈┈┈┈┈┈┈┈┈┈┈┈┈┈┈┈┈┈┈┈┈┈┈┈┈┈┈┈┈┈┈┈┈┈┈┈┈┈┈
[INFO] [stderr] error[E0597]: `root` does not live long enough
[INFO] [stderr]  --> tests/compile_fail/hold_borrow_to_long_mut.rs:7:17
[INFO] [stderr]   |
[INFO] [stderr] 7 |         let a = root.add(0);
[INFO] [stderr]   |                 ^^^^^^^^^^^ borrowed value does not live long enough
[INFO] [stderr] 8 |         a.borrow_mut_untraced(&mut owner)
[INFO] [stderr]   |         --------------------------------- borrow later used here
[INFO] [stderr] 9 |     };
[INFO] [stderr]   |     - `root` dropped here while still borrowed
[INFO] [stderr] ┈┈┈┈┈┈┈┈┈┈┈┈┈┈┈┈┈┈┈┈┈┈┈┈┈┈┈┈┈┈┈┈┈┈┈┈┈┈┈┈┈┈┈┈┈┈┈┈┈┈┈┈┈┈┈┈┈┈┈┈
[INFO] [stderr] 
[INFO] [stderr] ACTUAL OUTPUT:
[INFO] [stderr] ┈┈┈┈┈┈┈┈┈┈┈┈┈┈┈┈┈┈┈┈┈┈┈┈┈┈┈┈┈┈┈┈┈┈┈┈┈┈┈┈┈┈┈┈┈┈┈┈┈┈┈┈┈┈┈┈┈┈┈┈
[INFO] [stderr] error[E0597]: `root` does not live long enough
[INFO] [stderr]  --> tests/compile_fail/hold_borrow_to_long_mut.rs:7:17
[INFO] [stderr]   |
[INFO] [stderr] 6 |         let root = unsafe { Root::new(&owner) };
[INFO] [stderr]   |             ---- binding `root` declared here
[INFO] [stderr] 7 |         let a = root.add(0);
[INFO] [stderr]   |                 ^^^^ borrowed value does not live long enough
[INFO] [stderr] 8 |         a.borrow_mut_untraced(&mut owner)
[INFO] [stderr]   |         --------------------------------- borrow later used here
[INFO] [stderr] 9 |     };
[INFO] [stderr]   |     - `root` dropped here while still borrowed
[INFO] [stderr] ┈┈┈┈┈┈┈┈┈┈┈┈┈┈┈┈┈┈┈┈┈┈┈┈┈┈┈┈┈┈┈┈┈┈┈┈┈┈┈┈┈┈┈┈┈┈┈┈┈┈┈┈┈┈┈┈┈┈┈┈
[INFO] [stderr] note: If the actual output is the correct output you can bless it by rerunning
[INFO] [stderr]       your test with the environment variable TRYBUILD=overwrite
[INFO] [stderr] 
[INFO] [stderr] test tests/compile_fail/move_out_rooted.rs ... mismatch
[INFO] [stderr] 
[INFO] [stderr] EXPECTED:
[INFO] [stderr] ┈┈┈┈┈┈┈┈┈┈┈┈┈┈┈┈┈┈┈┈┈┈┈┈┈┈┈┈┈┈┈┈┈┈┈┈┈┈┈┈┈┈┈┈┈┈┈┈┈┈┈┈┈┈┈┈┈┈┈┈
[INFO] [stderr] error[E0502]: cannot borrow `*owner` as immutable because it is also borrowed as mutable
[INFO] [stderr]   --> tests/compile_fail/move_out_rooted.rs:35:23
[INFO] [stderr]    |
[INFO] [stderr] 34 |     let v = ptr.borrow_mut(owner, &root).0.take().unwrap();
[INFO] [stderr]    |                            ----- mutable borrow occurs here
[INFO] [stderr] 35 |     root.collect_full(owner);
[INFO] [stderr]    |                       ^^^^^ immutable borrow occurs here
[INFO] [stderr] 36 |
[INFO] [stderr] 37 |     assert!(v.borrow(owner).0.is_none());
[INFO] [stderr]    |             - mutable borrow later used here
[INFO] [stderr] 
[INFO] [stderr] error[E0502]: cannot borrow `*owner` as immutable because it is also borrowed as mutable
[INFO] [stderr]   --> tests/compile_fail/move_out_rooted.rs:37:22
[INFO] [stderr]    |
[INFO] [stderr] 34 |     let v = ptr.borrow_mut(owner, &root).0.take().unwrap();
[INFO] [stderr]    |                            ----- mutable borrow occurs here
[INFO] [stderr] ...
[INFO] [stderr] 37 |     assert!(v.borrow(owner).0.is_none());
[INFO] [stderr]    |               ------ ^^^^^ immutable borrow occurs here
[INFO] [stderr]    |               |
[INFO] [stderr]    |               mutable borrow later used by call
[INFO] [stderr] ┈┈┈┈┈┈┈┈┈┈┈┈┈┈┈┈┈┈┈┈┈┈┈┈┈┈┈┈┈┈┈┈┈┈┈┈┈┈┈┈┈┈┈┈┈┈┈┈┈┈┈┈┈┈┈┈┈┈┈┈
[INFO] [stderr] 
[INFO] [stderr] ACTUAL OUTPUT:
[INFO] [stderr] ┈┈┈┈┈┈┈┈┈┈┈┈┈┈┈┈┈┈┈┈┈┈┈┈┈┈┈┈┈┈┈┈┈┈┈┈┈┈┈┈┈┈┈┈┈┈┈┈┈┈┈┈┈┈┈┈┈┈┈┈
[INFO] [stderr] error[E0502]: cannot borrow value as immutable because it is also borrowed as mutable
[INFO] [stderr]   --> tests/compile_fail/move_out_rooted.rs:35:23
[INFO] [stderr]    |
[INFO] [stderr] 34 |     let v = ptr.borrow_mut(owner, &root).0.take().unwrap();
[INFO] [stderr]    |                            ----- mutable borrow occurs here
[INFO] [stderr] 35 |     root.collect_full(owner);
[INFO] [stderr]    |                       ^^^^^ immutable borrow occurs here
[INFO] [stderr] 36 |
[INFO] [stderr] 37 |     assert!(v.borrow(owner).0.is_none());
[INFO] [stderr]    |             - mutable borrow later used here
[INFO] [stderr] 
[INFO] [stderr] error[E0502]: cannot borrow value as immutable because it is also borrowed as mutable
[INFO] [stderr]   --> tests/compile_fail/move_out_rooted.rs:37:22
[INFO] [stderr]    |
[INFO] [stderr] 34 |     let v = ptr.borrow_mut(owner, &root).0.take().unwrap();
[INFO] [stderr]    |                            ----- mutable borrow occurs here
[INFO] [stderr] ...
[INFO] [stderr] 37 |     assert!(v.borrow(owner).0.is_none());
[INFO] [stderr]    |               ------ ^^^^^ immutable borrow occurs here
[INFO] [stderr]    |               |
[INFO] [stderr]    |               mutable borrow later used by call
[INFO] [stderr] ┈┈┈┈┈┈┈┈┈┈┈┈┈┈┈┈┈┈┈┈┈┈┈┈┈┈┈┈┈┈┈┈┈┈┈┈┈┈┈┈┈┈┈┈┈┈┈┈┈┈┈┈┈┈┈┈┈┈┈┈
[INFO] [stderr] note: If the actual output is the correct output you can bless it by rerunning
[INFO] [stderr]       your test with the environment variable TRYBUILD=overwrite
[INFO] [stderr] 
[INFO] [stderr] test tests/compile_fail/moving_cell_owner.rs ... mismatch
[INFO] [stderr] 
[INFO] [stderr] EXPECTED:
[INFO] [stderr] ┈┈┈┈┈┈┈┈┈┈┈┈┈┈┈┈┈┈┈┈┈┈┈┈┈┈┈┈┈┈┈┈┈┈┈┈┈┈┈┈┈┈┈┈┈┈┈┈┈┈┈┈┈┈┈┈┈┈┈┈
[INFO] [stderr] error[E0507]: cannot move out of `*owner` which is behind a mutable reference
[INFO] [stderr]   --> tests/compile_fail/moving_cell_owner.rs:35:37
[INFO] [stderr]    |
[INFO] [stderr] 35 |     let v = DerefDrop { ptr, owner: *owner };
[INFO] [stderr]    |                                     ^^^^^^ move occurs because `*owner` has type `dreck::Owner<'_>`, which does not implement the `Copy` trait
[INFO] [stderr] ┈┈┈┈┈┈┈┈┈┈┈┈┈┈┈┈┈┈┈┈┈┈┈┈┈┈┈┈┈┈┈┈┈┈┈┈┈┈┈┈┈┈┈┈┈┈┈┈┈┈┈┈┈┈┈┈┈┈┈┈
[INFO] [stderr] 
[INFO] [stderr] ACTUAL OUTPUT:
[INFO] [stderr] ┈┈┈┈┈┈┈┈┈┈┈┈┈┈┈┈┈┈┈┈┈┈┈┈┈┈┈┈┈┈┈┈┈┈┈┈┈┈┈┈┈┈┈┈┈┈┈┈┈┈┈┈┈┈┈┈┈┈┈┈
[INFO] [stderr] error[E0507]: cannot move out of a mutable reference
[INFO] [stderr]   --> tests/compile_fail/moving_cell_owner.rs:35:37
[INFO] [stderr]    |
[INFO] [stderr] 35 |     let v = DerefDrop { ptr, owner: *owner };
[INFO] [stderr]    |                                     ^^^^^^ move occurs because value has type `dreck::Owner<'_>`, which does not implement the `Copy` trait
[INFO] [stderr] ┈┈┈┈┈┈┈┈┈┈┈┈┈┈┈┈┈┈┈┈┈┈┈┈┈┈┈┈┈┈┈┈┈┈┈┈┈┈┈┈┈┈┈┈┈┈┈┈┈┈┈┈┈┈┈┈┈┈┈┈
[INFO] [stderr] note: If the actual output is the correct output you can bless it by rerunning
[INFO] [stderr]       your test with the environment variable TRYBUILD=overwrite
[INFO] [stderr] 
[INFO] [stderr] test tests/compile_fail/rebind_other_root.rs ... mismatch
[INFO] [stderr] 
[INFO] [stderr] EXPECTED:
[INFO] [stderr] ┈┈┈┈┈┈┈┈┈┈┈┈┈┈┈┈┈┈┈┈┈┈┈┈┈┈┈┈┈┈┈┈┈┈┈┈┈┈┈┈┈┈┈┈┈┈┈┈┈┈┈┈┈┈┈┈┈┈┈┈
[INFO] [stderr] error[E0597]: `tag` does not live long enough
[INFO] [stderr]   --> tests/compile_fail/rebind_other_root.rs:5:5
[INFO] [stderr]    |
[INFO] [stderr] 5  |     new_root!(owner2, root2);
[INFO] [stderr]    |     ^^^^^^^^^^^^^^^^^^^^^^^^ borrowed value does not live long enough
[INFO] [stderr] ...
[INFO] [stderr] 14 | }
[INFO] [stderr]    | -
[INFO] [stderr]    | |
[INFO] [stderr]    | `tag` dropped here while still borrowed
[INFO] [stderr]    | borrow might be used here, when `_cell_owner` is dropped and runs the `Drop` code for type `main::new_cell_owner`
[INFO] [stderr]    |
[INFO] [stderr]    = note: values in a scope are dropped in the opposite order they are defined
[INFO] [stderr]    = note: this error originates in the macro `new_root` (in Nightly builds, run with -Z macro-backtrace for more info)
[INFO] [stderr] ┈┈┈┈┈┈┈┈┈┈┈┈┈┈┈┈┈┈┈┈┈┈┈┈┈┈┈┈┈┈┈┈┈┈┈┈┈┈┈┈┈┈┈┈┈┈┈┈┈┈┈┈┈┈┈┈┈┈┈┈
[INFO] [stderr] 
[INFO] [stderr] ACTUAL OUTPUT:
[INFO] [stderr] ┈┈┈┈┈┈┈┈┈┈┈┈┈┈┈┈┈┈┈┈┈┈┈┈┈┈┈┈┈┈┈┈┈┈┈┈┈┈┈┈┈┈┈┈┈┈┈┈┈┈┈┈┈┈┈┈┈┈┈┈
[INFO] [stderr] error[E0716]: temporary value dropped while borrowed
[INFO] [stderr]   --> tests/compile_fail/rebind_other_root.rs:5:5
[INFO] [stderr]    |
[INFO] [stderr]  5 |     new_root!(owner2, root2);
[INFO] [stderr]    |     ^^^^^^^^^^^^^^^^^^^^^^^^ creates a temporary value which is freed while still in use
[INFO] [stderr] ...
[INFO] [stderr] 14 | }
[INFO] [stderr]    | -
[INFO] [stderr]    | |
[INFO] [stderr]    | temporary value is freed at the end of this statement
[INFO] [stderr]    | borrow might be used here, when `_cell_owner` is dropped and runs the `Drop` code for type `main::new_cell_owner`
[INFO] [stderr]    |
[INFO] [stderr]    = note: consider using a `let` binding to create a longer lived value
[INFO] [stderr]    = note: this error originates in the macro `new_root` (in Nightly builds, run with -Z macro-backtrace for more info)
[INFO] [stderr] ┈┈┈┈┈┈┈┈┈┈┈┈┈┈┈┈┈┈┈┈┈┈┈┈┈┈┈┈┈┈┈┈┈┈┈┈┈┈┈┈┈┈┈┈┈┈┈┈┈┈┈┈┈┈┈┈┈┈┈┈
[INFO] [stderr] note: If the actual output is the correct output you can bless it by rerunning
[INFO] [stderr]       your test with the environment variable TRYBUILD=overwrite
[INFO] [stderr] 
[INFO] [stderr] test tests/compile_fail/root_other_root.rs ... mismatch
[INFO] [stderr] 
[INFO] [stderr] EXPECTED:
[INFO] [stderr] ┈┈┈┈┈┈┈┈┈┈┈┈┈┈┈┈┈┈┈┈┈┈┈┈┈┈┈┈┈┈┈┈┈┈┈┈┈┈┈┈┈┈┈┈┈┈┈┈┈┈┈┈┈┈┈┈┈┈┈┈
[INFO] [stderr] error[E0597]: `tag` does not live long enough
[INFO] [stderr]   --> tests/compile_fail/root_other_root.rs:5:5
[INFO] [stderr]    |
[INFO] [stderr] 5  |     new_root!(owner2, root2);
[INFO] [stderr]    |     ^^^^^^^^^^^^^^^^^^^^^^^^ borrowed value does not live long enough
[INFO] [stderr] ...
[INFO] [stderr] 10 | }
[INFO] [stderr]    | -
[INFO] [stderr]    | |
[INFO] [stderr]    | `tag` dropped here while still borrowed
[INFO] [stderr]    | borrow might be used here, when `_cell_owner` is dropped and runs the `Drop` code for type `main::new_cell_owner`
[INFO] [stderr]    |
[INFO] [stderr]    = note: values in a scope are dropped in the opposite order they are defined
[INFO] [stderr]    = note: this error originates in the macro `new_root` (in Nightly builds, run with -Z macro-backtrace for more info)
[INFO] [stderr] ┈┈┈┈┈┈┈┈┈┈┈┈┈┈┈┈┈┈┈┈┈┈┈┈┈┈┈┈┈┈┈┈┈┈┈┈┈┈┈┈┈┈┈┈┈┈┈┈┈┈┈┈┈┈┈┈┈┈┈┈
[INFO] [stderr] 
[INFO] [stderr] ACTUAL OUTPUT:
[INFO] [stderr] ┈┈┈┈┈┈┈┈┈┈┈┈┈┈┈┈┈┈┈┈┈┈┈┈┈┈┈┈┈┈┈┈┈┈┈┈┈┈┈┈┈┈┈┈┈┈┈┈┈┈┈┈┈┈┈┈┈┈┈┈
[INFO] [stderr] error[E0716]: temporary value dropped while borrowed
[INFO] [stderr]   --> tests/compile_fail/root_other_root.rs:5:5
[INFO] [stderr]    |
[INFO] [stderr]  5 |     new_root!(owner2, root2);
[INFO] [stderr]    |     ^^^^^^^^^^^^^^^^^^^^^^^^ creates a temporary value which is freed while still in use
[INFO] [stderr] ...
[INFO] [stderr] 10 | }
[INFO] [stderr]    | -
[INFO] [stderr]    | |
[INFO] [stderr]    | temporary value is freed at the end of this statement
[INFO] [stderr]    | borrow might be used here, when `_cell_owner` is dropped and runs the `Drop` code for type `main::new_cell_owner`
[INFO] [stderr]    |
[INFO] [stderr]    = note: consider using a `let` binding to create a longer lived value
[INFO] [stderr]    = note: this error originates in the macro `new_root` (in Nightly builds, run with -Z macro-backtrace for more info)
[INFO] [stderr] ┈┈┈┈┈┈┈┈┈┈┈┈┈┈┈┈┈┈┈┈┈┈┈┈┈┈┈┈┈┈┈┈┈┈┈┈┈┈┈┈┈┈┈┈┈┈┈┈┈┈┈┈┈┈┈┈┈┈┈┈
[INFO] [stderr] note: If the actual output is the correct output you can bless it by rerunning
[INFO] [stderr]       your test with the environment variable TRYBUILD=overwrite
[INFO] [stderr] 
[INFO] [stderr] test tests/compile_fail/same_owner.rs ... mismatch
[INFO] [stderr] 
[INFO] [stderr] EXPECTED:
[INFO] [stderr] ┈┈┈┈┈┈┈┈┈┈┈┈┈┈┈┈┈┈┈┈┈┈┈┈┈┈┈┈┈┈┈┈┈┈┈┈┈┈┈┈┈┈┈┈┈┈┈┈┈┈┈┈┈┈┈┈┈┈┈┈
[INFO] [stderr] error[E0597]: `tag` does not live long enough
[INFO] [stderr]   --> tests/compile_fail/same_owner.rs:7:5
[INFO] [stderr]    |
[INFO] [stderr] 7  |     new_root!(owner2, _root2);
[INFO] [stderr]    |     ^^^^^^^^^^^^^^^^^^^^^^^^^ borrowed value does not live long enough
[INFO] [stderr] ...
[INFO] [stderr] 10 | }
[INFO] [stderr]    | -
[INFO] [stderr]    | |
[INFO] [stderr]    | `tag` dropped here while still borrowed
[INFO] [stderr]    | borrow might be used here, when `_cell_owner` is dropped and runs the `Drop` code for type `main::new_cell_owner`
[INFO] [stderr]    |
[INFO] [stderr]    = note: values in a scope are dropped in the opposite order they are defined
[INFO] [stderr]    = note: this error originates in the macro `new_root` (in Nightly builds, run with -Z macro-backtrace for more info)
[INFO] [stderr] ┈┈┈┈┈┈┈┈┈┈┈┈┈┈┈┈┈┈┈┈┈┈┈┈┈┈┈┈┈┈┈┈┈┈┈┈┈┈┈┈┈┈┈┈┈┈┈┈┈┈┈┈┈┈┈┈┈┈┈┈
[INFO] [stderr] 
[INFO] [stderr] ACTUAL OUTPUT:
[INFO] [stderr] ┈┈┈┈┈┈┈┈┈┈┈┈┈┈┈┈┈┈┈┈┈┈┈┈┈┈┈┈┈┈┈┈┈┈┈┈┈┈┈┈┈┈┈┈┈┈┈┈┈┈┈┈┈┈┈┈┈┈┈┈
[INFO] [stderr] error[E0716]: temporary value dropped while borrowed
[INFO] [stderr]   --> tests/compile_fail/same_owner.rs:7:5
[INFO] [stderr]    |
[INFO] [stderr]  7 |     new_root!(owner2, _root2);
[INFO] [stderr]    |     ^^^^^^^^^^^^^^^^^^^^^^^^^ creates a temporary value which is freed while still in use
[INFO] [stderr] ...
[INFO] [stderr] 10 | }
[INFO] [stderr]    | -
[INFO] [stderr]    | |
[INFO] [stderr]    | temporary value is freed at the end of this statement
[INFO] [stderr]    | borrow might be used here, when `_cell_owner` is dropped and runs the `Drop` code for type `main::new_cell_owner`
[INFO] [stderr]    |
[INFO] [stderr]    = note: consider using a `let` binding to create a longer lived value
[INFO] [stderr]    = note: this error originates in the macro `new_root` (in Nightly builds, run with -Z macro-backtrace for more info)
[INFO] [stderr] ┈┈┈┈┈┈┈┈┈┈┈┈┈┈┈┈┈┈┈┈┈┈┈┈┈┈┈┈┈┈┈┈┈┈┈┈┈┈┈┈┈┈┈┈┈┈┈┈┈┈┈┈┈┈┈┈┈┈┈┈
[INFO] [stderr] note: If the actual output is the correct output you can bless it by rerunning
[INFO] [stderr]       your test with the environment variable TRYBUILD=overwrite
[INFO] [stderr] 
[INFO] [stderr] test tests/compile_fail/same_root.rs ... mismatch
[INFO] [stderr] 
[INFO] [stderr] EXPECTED:
[INFO] [stderr] ┈┈┈┈┈┈┈┈┈┈┈┈┈┈┈┈┈┈┈┈┈┈┈┈┈┈┈┈┈┈┈┈┈┈┈┈┈┈┈┈┈┈┈┈┈┈┈┈┈┈┈┈┈┈┈┈┈┈┈┈
[INFO] [stderr] error[E0597]: `tag` does not live long enough
[INFO] [stderr]   --> tests/compile_fail/same_root.rs:7:5
[INFO] [stderr]    |
[INFO] [stderr] 7  |     new_root!(_owner2, root2);
[INFO] [stderr]    |     ^^^^^^^^^^^^^^^^^^^^^^^^^ borrowed value does not live long enough
[INFO] [stderr] ...
[INFO] [stderr] 10 | }
[INFO] [stderr]    | -
[INFO] [stderr]    | |
[INFO] [stderr]    | `tag` dropped here while still borrowed
[INFO] [stderr]    | borrow might be used here, when `_cell_owner` is dropped and runs the `Drop` code for type `main::new_cell_owner`
[INFO] [stderr]    |
[INFO] [stderr]    = note: values in a scope are dropped in the opposite order they are defined
[INFO] [stderr]    = note: this error originates in the macro `new_root` (in Nightly builds, run with -Z macro-backtrace for more info)
[INFO] [stderr] ┈┈┈┈┈┈┈┈┈┈┈┈┈┈┈┈┈┈┈┈┈┈┈┈┈┈┈┈┈┈┈┈┈┈┈┈┈┈┈┈┈┈┈┈┈┈┈┈┈┈┈┈┈┈┈┈┈┈┈┈
[INFO] [stderr] 
[INFO] [stderr] ACTUAL OUTPUT:
[INFO] [stderr] ┈┈┈┈┈┈┈┈┈┈┈┈┈┈┈┈┈┈┈┈┈┈┈┈┈┈┈┈┈┈┈┈┈┈┈┈┈┈┈┈┈┈┈┈┈┈┈┈┈┈┈┈┈┈┈┈┈┈┈┈
[INFO] [stderr] error[E0716]: temporary value dropped while borrowed
[INFO] [stderr]   --> tests/compile_fail/same_root.rs:7:5
[INFO] [stderr]    |
[INFO] [stderr]  7 |     new_root!(_owner2, root2);
[INFO] [stderr]    |     ^^^^^^^^^^^^^^^^^^^^^^^^^ creates a temporary value which is freed while still in use
[INFO] [stderr] ...
[INFO] [stderr] 10 | }
[INFO] [stderr]    | -
[INFO] [stderr]    | |
[INFO] [stderr]    | temporary value is freed at the end of this statement
[INFO] [stderr]    | borrow might be used here, when `_cell_owner` is dropped and runs the `Drop` code for type `main::new_cell_owner`
[INFO] [stderr]    |
[INFO] [stderr]    = note: consider using a `let` binding to create a longer lived value
[INFO] [stderr]    = note: this error originates in the macro `new_root` (in Nightly builds, run with -Z macro-backtrace for more info)
[INFO] [stderr] ┈┈┈┈┈┈┈┈┈┈┈┈┈┈┈┈┈┈┈┈┈┈┈┈┈┈┈┈┈┈┈┈┈┈┈┈┈┈┈┈┈┈┈┈┈┈┈┈┈┈┈┈┈┈┈┈┈┈┈┈
[INFO] [stderr] note: If the actual output is the correct output you can bless it by rerunning
[INFO] [stderr]       your test with the environment variable TRYBUILD=overwrite
[INFO] [stderr] 
[INFO] [stderr] test tests/compile_fail/use_root_mutably_while_bound.rs ... mismatch
[INFO] [stderr] 
[INFO] [stderr] EXPECTED:
[INFO] [stderr] ┈┈┈┈┈┈┈┈┈┈┈┈┈┈┈┈┈┈┈┈┈┈┈┈┈┈┈┈┈┈┈┈┈┈┈┈┈┈┈┈┈┈┈┈┈┈┈┈┈┈┈┈┈┈┈┈┈┈┈┈
[INFO] [stderr] error[E0502]: cannot borrow `*root` as mutable because it is also borrowed as immutable
[INFO] [stderr]   --> tests/compile_fail/use_root_mutably_while_bound.rs:11:5
[INFO] [stderr]    |
[INFO] [stderr] 10 |     let v = root.add(0);
[INFO] [stderr]    |             ----------- immutable borrow occurs here
[INFO] [stderr] 11 |     use_root(&owner, root, v);
[INFO] [stderr]    |     --------^^^^^^^^^^^^^^^^^
[INFO] [stderr]    |     |
[INFO] [stderr]    |     mutable borrow occurs here
[INFO] [stderr]    |     immutable borrow later used by call
[INFO] [stderr] ┈┈┈┈┈┈┈┈┈┈┈┈┈┈┈┈┈┈┈┈┈┈┈┈┈┈┈┈┈┈┈┈┈┈┈┈┈┈┈┈┈┈┈┈┈┈┈┈┈┈┈┈┈┈┈┈┈┈┈┈
[INFO] [stderr] 
[INFO] [stderr] ACTUAL OUTPUT:
[INFO] [stderr] ┈┈┈┈┈┈┈┈┈┈┈┈┈┈┈┈┈┈┈┈┈┈┈┈┈┈┈┈┈┈┈┈┈┈┈┈┈┈┈┈┈┈┈┈┈┈┈┈┈┈┈┈┈┈┈┈┈┈┈┈
[INFO] [stderr] error[E0502]: cannot borrow value as mutable because it is also borrowed as immutable
[INFO] [stderr]   --> tests/compile_fail/use_root_mutably_while_bound.rs:11:5
[INFO] [stderr]    |
[INFO] [stderr] 10 |     let v = root.add(0);
[INFO] [stderr]    |             ---- immutable borrow occurs here
[INFO] [stderr] 11 |     use_root(&owner, root, v);
[INFO] [stderr]    |     --------^^^^^^^^^^^^^^^^^
[INFO] [stderr]    |     |
[INFO] [stderr]    |     mutable borrow occurs here
[INFO] [stderr]    |     immutable borrow later used by call
[INFO] [stderr] ┈┈┈┈┈┈┈┈┈┈┈┈┈┈┈┈┈┈┈┈┈┈┈┈┈┈┈┈┈┈┈┈┈┈┈┈┈┈┈┈┈┈┈┈┈┈┈┈┈┈┈┈┈┈┈┈┈┈┈┈
[INFO] [stderr] note: If the actual output is the correct output you can bless it by rerunning
[INFO] [stderr]       your test with the environment variable TRYBUILD=overwrite
[INFO] [stderr] 
[INFO] [stderr] 
[INFO] [stderr] 
[INFO] [stdout] test compile ... FAILED
[INFO] [stdout] 
[INFO] [stdout] failures:
[INFO] [stdout] 
[INFO] [stdout] ---- compile stdout ----
[INFO] [stdout] 
[INFO] [stdout] thread 'compile' (445) panicked at /opt/rustwide/cargo-home/registry/src/index.crates.io-1949cf8c6b5b557f/trybuild-1.0.122/src/run.rs:103:13:
[INFO] [stdout] 9 of 9 tests failed
[INFO] [stdout] stack backtrace:
[INFO] [stdout]    0:     0x5bb311c9eba1 - <<std[617be2ca0a6fd877]::sys::backtrace::BacktraceLock>::print::DisplayBacktrace as core[a373ad73a504971]::fmt::Display>::fmt
[INFO] [stdout]    1:     0x5bb311cb4e8a - core[a373ad73a504971]::fmt::write
[INFO] [stdout]    2:     0x5bb311ca33ec - <alloc[2e1b2a31b91974c5]::vec::Vec<u8> as core[a373ad73a504971]::io::write::Write>::write_fmt
[INFO] [stdout]    3:     0x5bb311c78006 - std[617be2ca0a6fd877]::panicking::default_hook::{closure#0}
[INFO] [stdout]    4:     0x5bb311c96149 - std[617be2ca0a6fd877]::panicking::default_hook
[INFO] [stdout]    5:     0x5bb311c2f750 - test[aada8e7e76ba119b]::test_main_inner::{closure#0}
[INFO] [stdout]    6:     0x5bb311c96302 - std[617be2ca0a6fd877]::panicking::panic_with_hook
[INFO] [stdout]    7:     0x5bb311c780b2 - std[617be2ca0a6fd877]::panicking::panic_handler::{closure#0}
[INFO] [stdout]    8:     0x5bb311c70909 - std[617be2ca0a6fd877]::sys::backtrace::__rust_end_short_backtrace::<std[617be2ca0a6fd877]::panicking::panic_handler::{closure#0}, !>
[INFO] [stdout]    9:     0x5bb311c78cbd - __rustc[ea4f61d10b84890b]::rust_begin_unwind
[INFO] [stdout]   10:     0x5bb311cb55fc - core[a373ad73a504971]::panicking::panic_fmt
[INFO] [stdout]   11:     0x5bb311b8267b - <trybuild[6656fc012ad59154]::Runner>::run
[INFO] [stdout]   12:     0x5bb311b858f0 - <trybuild[6656fc012ad59154]::TestCases as core[a373ad73a504971]::ops::drop::Drop>::drop
[INFO] [stdout]   13:     0x5bb311b7be78 - compile_fail[9b785870c677a128]::compile
[INFO] [stdout]   14:     0x5bb311b7c079 - <compile_fail[9b785870c677a128]::compile::{closure#0} as core[a373ad73a504971]::ops::function::FnOnce<()>>::call_once
[INFO] [stdout]   15:     0x5bb311c22b9b - test[aada8e7e76ba119b]::__rust_begin_short_backtrace::<core[a373ad73a504971]::result::Result<(), alloc[2e1b2a31b91974c5]::string::String>, fn() -> core[a373ad73a504971]::result::Result<(), alloc[2e1b2a31b91974c5]::string::String>>
[INFO] [stdout]   16:     0x5bb311c2fd75 - test[aada8e7e76ba119b]::run_test::{closure#0}
[INFO] [stdout]   17:     0x5bb311c29664 - std[617be2ca0a6fd877]::sys::backtrace::__rust_begin_short_backtrace::<test[aada8e7e76ba119b]::run_test::{closure#1}, ()>
[INFO] [stdout]   18:     0x5bb311c32e02 - <std[617be2ca0a6fd877]::thread::lifecycle::spawn_unchecked<test[aada8e7e76ba119b]::run_test::{closure#1}, ()>::{closure#1} as core[a373ad73a504971]::ops::function::FnOnce<()>>::call_once::{shim:vtable#0}
[INFO] [stdout]   19:     0x5bb311c9ddff - <std[617be2ca0a6fd877]::sys::thread::unix::Thread>::new::thread_start
[INFO] [stdout]   20:     0x730c0a03bdfa - <unknown>
[INFO] [stdout]   21:     0x730c0a0cf3d4 - clone
[INFO] [stdout]   22:                0x0 - <unknown>
[INFO] [stdout] 
[INFO] [stdout] 
[INFO] [stdout] failures:
[INFO] [stdout]     compile
[INFO] [stdout] 
[INFO] [stdout] test result: FAILED. 0 passed; 1 failed; 0 ignored; 0 measured; 0 filtered out; finished in 1.15s
[INFO] [stdout] 
[INFO] [stderr] error: test failed, to rerun pass `--test compile_fail`
[INFO] running `Command { std: "docker" "inspect" "f70007e4ca6a7fcec0a84c965744d7051555c4e1d7ddfd8fd12080ca720c6a73", kill_on_drop: false }`
[INFO] running `Command { std: "docker" "rm" "-f" "f70007e4ca6a7fcec0a84c965744d7051555c4e1d7ddfd8fd12080ca720c6a73", kill_on_drop: false }`
[INFO] [stdout] f70007e4ca6a7fcec0a84c965744d7051555c4e1d7ddfd8fd12080ca720c6a73
