[INFO] fetching crate dream_archive 1.1.0...
[INFO] testing dream_archive-1.1.0 against 1.99.0-beta.8+cargoflags=--release for beta-release-1.100-2
[INFO] extracting crate dream_archive 1.1.0 into /workspace/builds/worker-0-tc1/source
[INFO] removed /workspace/builds/worker-0-tc1/source/.cargo/config.toml
[INFO] started tweaking crates.io crate dream_archive 1.1.0
[INFO] removed 0 missing examples
[INFO] removed 0 missing tests
[INFO] finished tweaking crates.io crate dream_archive 1.1.0
[INFO] tweaked toml for crates.io crate dream_archive 1.1.0 written to /workspace/builds/worker-0-tc1/source/Cargo.toml
[INFO] validating manifest of crates.io crate dream_archive 1.1.0 on toolchain 1.99.0-beta.8
[INFO] running `Command { std: CARGO_HOME="/workspace/cargo-home" RUSTUP_HOME="/workspace/rustup-home" "/workspace/cargo-home/bin/cargo" "+1.99.0-beta.8" "metadata" "--manifest-path" "Cargo.toml" "--no-deps", kill_on_drop: false }`
[INFO] crate crates.io crate dream_archive 1.1.0 already has a lockfile, it will not be regenerated
[INFO] running `Command { std: CARGO_HOME="/workspace/cargo-home" RUSTUP_HOME="/workspace/rustup-home" "/workspace/cargo-home/bin/cargo" "+1.99.0-beta.8" "fetch" "--manifest-path" "Cargo.toml", kill_on_drop: false }`
[INFO] [stderr]     Updating crates.io index
[INFO] [stderr]  Downloading crates ...
[INFO] [stderr]   Downloaded reliable v1.3.4
[INFO] [stderr]   Downloaded dream-path v1.1.0
[INFO] [stderr]   Downloaded dream-net v1.1.0
[INFO] [stderr]   Downloaded netcode-official v1.0.0
[INFO] [stderr]   Downloaded serialize-official v2.4.0
[INFO] [stderr]   Downloaded l3i v1.1.0
[INFO] running `Command { std: "docker" "create" "-v" "/var/lib/crater-agent-workspace/builds/worker-0-tc1/source:/opt/rustwide/workdir:ro,Z" "-v" "/var/lib/crater-agent-workspace/builds/worker-0-tc1/target:/opt/rustwide/target:rw,Z" "-v" "/var/lib/crater-agent-workspace/cargo-home:/opt/rustwide/cargo-home:ro,Z" "-v" "/var/lib/crater-agent-workspace/rustup-home:/opt/rustwide/rustup-home:ro,Z" "-m" "1610612736" "--network" "none" "ghcr.io/rust-lang/crates-build-env/linux@sha256:77db811e55d90add9212f6832c23229e3de5f1c1f9905e8cb07319ea15df73ac" "sleep" "infinity", kill_on_drop: false }`
[INFO] [stdout] 9f2dcb91244ca18ed56060746f7e5d73de370c4527f66c35ee8cce4bbdb609c9
[INFO] running `Command { std: "docker" "start" "9f2dcb91244ca18ed56060746f7e5d73de370c4527f66c35ee8cce4bbdb609c9", kill_on_drop: false }`
[INFO] running `Command { std: "docker" "inspect" "9f2dcb91244ca18ed56060746f7e5d73de370c4527f66c35ee8cce4bbdb609c9", kill_on_drop: false }`
[INFO] running `Command { std: "docker" "exec" "-e" "SOURCE_DIR=/opt/rustwide/workdir" "-e" "CARGO_HOME=/opt/rustwide/cargo-home" "-e" "RUSTUP_HOME=/opt/rustwide/rustup-home" "-e" "CARGO_TARGET_DIR=/opt/rustwide/target" "-w" "/opt/rustwide/workdir" "--user" "0:0" "9f2dcb91244ca18ed56060746f7e5d73de370c4527f66c35ee8cce4bbdb609c9" "/opt/rustwide/cargo-home/bin/cargo" "+1.99.0-beta.8" "metadata" "--no-deps" "--format-version=1", kill_on_drop: false }`
[INFO] running `Command { std: "docker" "inspect" "9f2dcb91244ca18ed56060746f7e5d73de370c4527f66c35ee8cce4bbdb609c9", kill_on_drop: false }`
[INFO] running `Command { std: "docker" "exec" "-e" "SOURCE_DIR=/opt/rustwide/workdir" "-e" "CARGO_HOME=/opt/rustwide/cargo-home" "-e" "RUSTUP_HOME=/opt/rustwide/rustup-home" "-e" "CARGO_TARGET_DIR=/opt/rustwide/target" "-e" "CARGO_INCREMENTAL=0" "-e" "RUST_BACKTRACE=full" "-e" "RUSTFLAGS=--cap-lints=warn" "-e" "RUSTDOCFLAGS=--cap-lints=warn" "-w" "/opt/rustwide/workdir" "--user" "0:0" "9f2dcb91244ca18ed56060746f7e5d73de370c4527f66c35ee8cce4bbdb609c9" "/opt/rustwide/cargo-home/bin/cargo" "+1.99.0-beta.8" "build" "--frozen" "--message-format=json" "--release", kill_on_drop: false }`
[INFO] [stderr]    Compiling crc32fast v1.5.0
[INFO] [stderr]    Compiling encoding_rs v0.8.42
[INFO] [stderr]    Compiling twox-hash v2.1.2
[INFO] [stderr]    Compiling bstr v1.13.1
[INFO] [stderr]    Compiling miniz_oxide v0.9.1
[INFO] [stderr]    Compiling core_detect v1.0.0
[INFO] [stderr]    Compiling simdutf8 v0.1.5
[INFO] [stderr]    Compiling multiversion_no_op v1.0.0
[INFO] [stderr]    Compiling lz4_flex v0.14.0
[INFO] [stderr]    Compiling memmap2 v0.9.11
[INFO] [stderr]    Compiling flate2 v1.1.10
[INFO] [stderr]    Compiling dream-path v1.1.0
[INFO] [stderr]    Compiling dream_archive v1.1.0 (/opt/rustwide/workdir)
[INFO] [stderr]     Finished `release` profile [optimized] target(s) in 17.28s
[INFO] running `Command { std: "docker" "inspect" "9f2dcb91244ca18ed56060746f7e5d73de370c4527f66c35ee8cce4bbdb609c9", kill_on_drop: false }`
[INFO] running `Command { std: "docker" "exec" "-e" "SOURCE_DIR=/opt/rustwide/workdir" "-e" "CARGO_HOME=/opt/rustwide/cargo-home" "-e" "RUSTUP_HOME=/opt/rustwide/rustup-home" "-e" "CARGO_TARGET_DIR=/opt/rustwide/target" "-e" "CARGO_INCREMENTAL=0" "-e" "RUST_BACKTRACE=full" "-e" "RUSTFLAGS=--cap-lints=warn" "-e" "RUSTDOCFLAGS=--cap-lints=warn" "-w" "/opt/rustwide/workdir" "--user" "0:0" "9f2dcb91244ca18ed56060746f7e5d73de370c4527f66c35ee8cce4bbdb609c9" "/opt/rustwide/cargo-home/bin/cargo" "+1.99.0-beta.8" "test" "--frozen" "--no-run" "--message-format=json" "--release", kill_on_drop: false }`
[INFO] [stderr]    Compiling zerocopy v0.8.59
[INFO] [stderr]    Compiling zerocopy-derive v0.8.59
[INFO] [stderr]    Compiling alloca v0.4.0
[INFO] [stderr]    Compiling serde v1.0.228
[INFO] [stderr]    Compiling clap_lex v1.1.1
[INFO] [stderr]    Compiling regex-syntax v0.8.11
[INFO] [stderr]    Compiling serde_json v1.0.151
[INFO] [stderr]    Compiling itertools v0.13.0
[INFO] [stderr]    Compiling clap_builder v4.6.7
[INFO] [stderr]    Compiling num-traits v0.2.19
[INFO] [stderr]    Compiling page_size v0.6.0
[INFO] [stderr]    Compiling tinytemplate v1.2.1
[INFO] [stderr]    Compiling regex-automata v0.4.18
[INFO] [stderr]    Compiling criterion-plot v0.8.2
[INFO] [stderr]    Compiling clap v4.6.7
[INFO] [stderr]    Compiling regex v1.13.1
[INFO] [stderr]    Compiling half v2.7.1
[INFO] [stderr]    Compiling ciborium-ll v0.2.2
[INFO] [stderr]    Compiling ciborium v0.2.2
[INFO] [stderr]    Compiling criterion v0.8.2
[INFO] [stderr]    Compiling dream_archive v1.1.0 (/opt/rustwide/workdir)
[INFO] [stderr]     Finished `release` profile [optimized] target(s) in 1m 25s
[INFO] running `Command { std: "docker" "inspect" "9f2dcb91244ca18ed56060746f7e5d73de370c4527f66c35ee8cce4bbdb609c9", kill_on_drop: false }`
[INFO] running `Command { std: "docker" "exec" "-e" "SOURCE_DIR=/opt/rustwide/workdir" "-e" "CARGO_HOME=/opt/rustwide/cargo-home" "-e" "RUSTUP_HOME=/opt/rustwide/rustup-home" "-e" "CARGO_TARGET_DIR=/opt/rustwide/target" "-e" "CARGO_INCREMENTAL=0" "-e" "RUST_BACKTRACE=full" "-e" "RUSTFLAGS=--cap-lints=warn" "-e" "RUSTDOCFLAGS=--cap-lints=warn" "-w" "/opt/rustwide/workdir" "--user" "0:0" "9f2dcb91244ca18ed56060746f7e5d73de370c4527f66c35ee8cce4bbdb609c9" "/opt/rustwide/cargo-home/bin/cargo" "+1.99.0-beta.8" "test" "--frozen" "--release", kill_on_drop: false }`
[INFO] [stderr]     Finished `release` profile [optimized] target(s) in 0.11s
[INFO] [stderr]      Running unittests src/lib.rs (/opt/rustwide/target/release/deps/dream_archive-32a86f62414fbafb)
[INFO] [stdout] 
[INFO] [stdout] running 4 tests
[INFO] [stdout] test ba2::hash::tests::stack_normalisation_matches_the_owned_form ... ok
[INFO] [stdout] test lookup::tests::matches_dream_path_for_every_length ... ok
[INFO] [stdout] test lookup::tests::only_a_path_with_a_last_component_names_a_file ... ok
[INFO] [stdout] test inflate::tests::inflates_exact_sizes_and_reports_every_mismatch ... ok
[INFO] [stdout] 
[INFO] [stdout] test result: ok. 4 passed; 0 failed; 0 ignored; 0 measured; 0 filtered out; finished in 0.00s
[INFO] [stdout] 
[INFO] [stderr]      Running tests/ba2_fixtures.rs (/opt/rustwide/target/release/deps/ba2_fixtures-feb30027eaeb2398)
[INFO] [stdout] 
[INFO] [stdout] running 18 tests
[INFO] [stdout] test invalid_headers_match_expected_errors ... ok
[INFO] [stdout] test lists_names_for_vfs_indexing ... ok
[INFO] [stdout] test guess_format_is_weak_and_consumes_magic ... ok
[INFO] [stdout] test guess_format_rejects_truncated_magic ... ok
[INFO] [stdout] test guess_format_rejects_unknown_magic ... ok
[INFO] [stdout] test missing_string_tables_are_accepted ... ok
[INFO] [stdout] test parsed_dx10_metadata_matches_archive_index ... ok
[INFO] [stdout] test guessed_format_distinguishes_bsa_generations ... ok
[INFO] [stdout] test guessed_format_is_btdx ... ok
[INFO] [stdout] test next_gen_versions_are_accepted ... ok
[INFO] [stdout] test top_level_facade_reports_no_path_for_stringless_ba2_entries ... ok
[INFO] [stdout] test parsed_general_metadata_matches_archive_index ... ok
[INFO] [stdout] test reconstructs_dx10_dds ... ok
[INFO] [stdout] test valid_fixture_metadata_is_stable ... ok
[INFO] [stdout] test reconstructs_cubemap_dds ... ok
[INFO] [stdout] test reads_compressed_general_archives ... ok
[INFO] [stdout] test dx10_builder_ingests_a_2d_dds_whose_unused_depth_field_is_one ... ok
[INFO] [stdout] test next_gen_dx10_extracts_bsa_rs_compatible_dds ... ok
[INFO] [stdout] 
[INFO] [stdout] test result: ok. 18 passed; 0 failed; 0 ignored; 0 measured; 0 filtered out; finished in 0.05s
[INFO] [stderr]      Running tests/ba2_hash.rs (/opt/rustwide/target/release/deps/ba2_hash-c3f2fd62740d9ca0)
[INFO] [stdout] 
[INFO] [stdout] 
[INFO] [stdout] running 3 tests
[INFO] [stdout] test hashes_match_known_ba2_values ... ok
[INFO] [stdout] test hash_normalization_edges_are_stable ... ok
[INFO] [stdout] test path_lookup_uses_normalized_hashes ... ok
[INFO] [stdout] 
[INFO] [stderr]      Running tests/ba2_synthetic.rs (/opt/rustwide/target/release/deps/ba2_synthetic-0d89aafbeaf25177)
[INFO] [stdout] test result: ok. 3 passed; 0 failed; 0 ignored; 0 measured; 0 filtered out; finished in 0.01s
[INFO] [stdout] 
[INFO] [stdout] 
[INFO] [stdout] running 77 tests
[INFO] [stdout] test ba2_dx10_builder_can_preserve_existing_archive_entry_without_rehydrating_dds ... ok
[INFO] [stdout] test ba2_builders_take_a_zlib_level_named_through_the_crate ... ok
[INFO] [stdout] test accepts_v2_extra_header_field ... ok
[INFO] [stdout] test ba2_builder_can_defer_dx10_archive_entry_with_legacy_dds_header ... ok
[INFO] [stdout] test ba2_builder_can_defer_existing_archive_entry ... ok
[INFO] [stdout] test ba2_dx10_lz4_writer_requires_v3_header ... ok
[INFO] [stdout] test ba2_dx10_writer_ingests_non_square_multimip_dx10_dds ... ok
[INFO] [stdout] test ba2_dx10_writer_ingests_plain_rgba_dds ... ok
[INFO] [stdout] test ba2_dx10_writer_ingests_dx10_dds ... ok
[INFO] [stdout] test ba2_dx10_writer_counts_cubes_not_faces_in_the_dx10_array_size ... ok
[INFO] [stdout] test ba2_dx10_writer_ignores_the_depth_field_of_a_texture_that_is_not_a_volume ... ok
[INFO] [stdout] test ba2_dx10_writer_ingests_legacy_block_format_matrix ... ok
[INFO] [stdout] test ba2_dx10_writer_ingests_dx10_cubemap_dds ... ok
[INFO] [stdout] test ba2_dx10_writer_ingests_legacy_dxt1_dds ... ok
[INFO] [stdout] test ba2_dx10_writer_rejects_malformed_dds_headers ... ok
[INFO] [stdout] test ba2_dx10_writer_places_payloads_before_string_table ... ok
[INFO] [stdout] test ba2_dx10_writer_validates_multimip_block_payload_size ... ok
[INFO] [stdout] test ba2_dx10_writer_rejects_unsupported_legacy_fourcc ... ok
[INFO] [stdout] test ba2_dx10_writer_rejects_dds_arrays_and_volumes ... ok
[INFO] [stdout] test ba2_dx10_writer_rejects_duplicate_and_unsafe_paths ... ok
[INFO] [stdout] test ba2_dx10_writer_rejects_invalid_texture_metadata ... ok
[INFO] [stdout] test ba2_dx10_writer_rejects_dds_payload_size_mismatch ... ok
[INFO] [stdout] test ba2_extract_to_rejects_mixed_separator_traversal_paths ... ok
[INFO] [stdout] test ba2_extract_to_rejects_parent_directory_paths ... ok
[INFO] [stdout] test ba2_lz4_writer_requires_v3_header ... ok
[INFO] [stdout] test ba2_extract_to_rejects_unnamed_entries ... ok
[INFO] [stdout] test ba2_writer_can_leave_one_file_uncompressed ... ok
[INFO] [stdout] test ba2_writer_output_is_deterministic ... ok
[INFO] [stdout] test ba2_writer_places_payloads_before_string_table ... ok
[INFO] [stdout] test ba2_writer_rejects_unsafe_paths ... ok
[INFO] [stdout] test ba2_writer_rejects_duplicate_normalized_paths ... ok
[INFO] [stdout] test block_compressed_dds_size_uses_rounded_blocks ... ok
[INFO] [stdout] test ba2_writer_add_dir_follows_file_symlinks_at_relative_path ... FAILED
[INFO] [stdout] test extracts_ba2_archive_to_directory ... FAILED
[INFO] [stdout] test extracts_synthetic_lz4_chunk ... ok
[INFO] [stdout] test extracts_synthetic_zlib_chunk ... ok
[INFO] [stdout] test detects_lz4_decompression_size_mismatch ... ok
[INFO] [stdout] test ba2_dx10_builder_rejects_preserve_when_version_would_lie ... ok
[INFO] [stdout] test ba2_extract_entry_to_path_creates_parent_directories ... FAILED
[INFO] [stdout] test ba2_extract_to_rejects_colon_paths ... ok
[INFO] [stdout] test ba2_named_lookup_prefers_string_table_over_hash_collision ... ok
[INFO] [stdout] test failed_lz4_extract_entry_to_path_keeps_existing_ba2_file_and_removes_temp ... FAILED
[INFO] [stdout] test detects_zlib_decompression_size_mismatch ... ok
[INFO] [stdout] test failed_extract_entry_to_path_keeps_existing_ba2_file_and_removes_temp ... FAILED
[INFO] [stdout] test failed_extract_to_keeps_existing_ba2_file_and_removes_temp ... FAILED
[INFO] [stdout] test rejects_invalid_chunk_sentinel ... ok
[INFO] [stdout] test rejects_invalid_dx10_texture_mip_ranges_during_parse ... ok
[INFO] [stdout] test parses_gnmf_metadata_but_does_not_extract_payload ... ok
[INFO] [stdout] test rejects_dx10_texture_payload_size_mismatch_during_parse ... ok
[INFO] [stdout] test rejects_chunk_offsets_outside_archive ... ok
[INFO] [stdout] test rejects_invalid_format ... ok
[INFO] [stdout] test failed_zlib_decompression_does_not_leave_partial_output ... ok
[INFO] [stdout] test rejects_truncated_headers_as_unexpected_eof ... ok
[INFO] [stdout] test reconstructed_dx10_dds_uses_zero_depth_for_2d_textures ... ok
[INFO] [stdout] test rejects_chunk_size_overflow ... ok
[INFO] [stdout] test rejects_invalid_magic ... ok
[INFO] [stdout] test rejects_invalid_version ... ok
[INFO] [stdout] test rejects_missing_dx10_texture_mip_range_during_parse ... ok
[INFO] [stdout] test rejects_synthetic_zlib_trailing_data ... ok
[INFO] [stdout] test rejects_zero_mip_count_texture_during_parse ... ok
[INFO] [stdout] test rejects_zero_sized_texture_during_extraction ... ok
[INFO] [stdout] test rejects_truncated_string_table_entry ... ok
[INFO] [stdout] test rejects_unsupported_dxgi_format_without_partial_output ... ok
[INFO] [stdout] test writes_ba2_gnrl_archive_from_bytes ... ok
[INFO] [stdout] test writes_ba2_v3_archive_from_bytes ... ok
[INFO] [stdout] test writes_lz4_compressed_ba2_v3_gnrl_archive ... ok
[INFO] [stdout] test synthetic_cubemap_sets_dds_cube_metadata ... ok
[INFO] [stdout] test synthetic_texture_archive_reconstructs_dx10_dds_header ... ok
[INFO] [stdout] test v3_compression_code_three_means_lz4 ... ok
[INFO] [stdout] test v3_unknown_compression_code_means_zip ... ok
[INFO] [stdout] test zlib_writer_extraction_rejects_trailing_data_before_writing ... ok
[INFO] [stdout] test writes_ba2_dx10_archive_from_texture_payload ... ok
[INFO] [stdout] test writes_lz4_compressed_ba2_v3_dx10_archive ... ok
[INFO] [stdout] test writes_zlib_compressed_ba2_gnrl_archive ... ok
[INFO] [stdout] test zlib_over_expansion_does_not_leave_partial_vec_output ... ok
[INFO] [stdout] test zlib_writer_extraction_does_not_write_extra_probe_byte ... ok
[INFO] [stdout] test rejects_string_table_offset_outside_archive ... ok
[INFO] [stdout] 
[INFO] [stdout] failures:
[INFO] [stdout] 
[INFO] [stdout] ---- ba2_writer_add_dir_follows_file_symlinks_at_relative_path stdout ----
[INFO] [stdout] 
[INFO] [stdout] thread 'ba2_writer_add_dir_follows_file_symlinks_at_relative_path' (1252) panicked at tests/ba2_synthetic.rs:437:36:
[INFO] [stdout] called `Result::unwrap()` on an `Err` value: Os { code: 30, kind: ReadOnlyFilesystem, message: "Read-only file system" }
[INFO] [stdout] stack backtrace:
[INFO] [stdout]    0:     0x5d3d75b73911 - <<std[70759c8f55707aa4]::sys::backtrace::BacktraceLock>::print::DisplayBacktrace as core[df12db4294e9bfd3]::fmt::Display>::fmt
[INFO] [stdout]    1:     0x5d3d75b8816a - core[df12db4294e9bfd3]::fmt::write
[INFO] [stdout]    2:     0x5d3d75b7807c - <alloc[2182bb758b4b3781]::vec::Vec<u8> as core[df12db4294e9bfd3]::io::write::Write>::write_fmt
[INFO] [stdout]    3:     0x5d3d75b4d946 - std[70759c8f55707aa4]::panicking::default_hook::{closure#0}
[INFO] [stdout]    4:     0x5d3d75b6ad69 - std[70759c8f55707aa4]::panicking::default_hook
[INFO] [stdout]    5:     0x5d3d75adc5a0 - test[9d35eded1c95d3be]::test_main_inner::<test[9d35eded1c95d3be]::test_main_static::{closure#0}>::{closure#0}
[INFO] [stdout]    6:     0x5d3d75b6af22 - std[70759c8f55707aa4]::panicking::panic_with_hook
[INFO] [stdout]    7:     0x5d3d75b4d9f2 - std[70759c8f55707aa4]::panicking::panic_handler::{closure#0}
[INFO] [stdout]    8:     0x5d3d75b46369 - std[70759c8f55707aa4]::sys::backtrace::__rust_end_short_backtrace::<std[70759c8f55707aa4]::panicking::panic_handler::{closure#0}, !>
[INFO] [stdout]    9:     0x5d3d75b4e7cd - __rustc[8fa7c3cbc660c2b3]::rust_begin_unwind
[INFO] [stdout]   10:     0x5d3d75b8891c - core[df12db4294e9bfd3]::panicking::panic_fmt
[INFO] [stdout]   11:     0x5d3d75b886f2 - core[df12db4294e9bfd3]::result::unwrap_failed
[INFO] [stdout]   12:     0x5d3d75ac2256 - <ba2_synthetic[5d77135f8db28220]::ba2_writer_add_dir_follows_file_symlinks_at_relative_path::{closure#0} as core[df12db4294e9bfd3]::ops::function::FnOnce<()>>::call_once
[INFO] [stdout]   13:     0x5d3d75acf88b - test[9d35eded1c95d3be]::__rust_begin_short_backtrace::<core[df12db4294e9bfd3]::result::Result<(), alloc[2182bb758b4b3781]::string::String>, fn() -> core[df12db4294e9bfd3]::result::Result<(), alloc[2182bb758b4b3781]::string::String>>
[INFO] [stdout]   14:     0x5d3d75adcef5 - test[9d35eded1c95d3be]::run_test::{closure#0}
[INFO] [stdout]   15:     0x5d3d75ad67b4 - std[70759c8f55707aa4]::sys::backtrace::__rust_begin_short_backtrace::<test[9d35eded1c95d3be]::run_test::{closure#1}, ()>
[INFO] [stdout]   16:     0x5d3d75ae0052 - <std[70759c8f55707aa4]::thread::lifecycle::spawn_unchecked<test[9d35eded1c95d3be]::run_test::{closure#1}, ()>::{closure#1} as core[df12db4294e9bfd3]::ops::function::FnOnce<()>>::call_once::{shim:vtable#0}
[INFO] [stdout]   17:     0x5d3d75b72cd9 - <std[70759c8f55707aa4]::sys::thread::unix::Thread>::new::thread_start
[INFO] [stdout]   18:     0x7ccf40467dfa - <unknown>
[INFO] [stdout]   19:     0x7ccf404fb3d4 - clone
[INFO] [stdout]   20:                0x0 - <unknown>
[INFO] [stdout] 
[INFO] [stdout] ---- extracts_ba2_archive_to_directory stdout ----
[INFO] [stdout] 
[INFO] [stdout] thread 'extracts_ba2_archive_to_directory' (1261) panicked at tests/ba2_synthetic.rs:1565:41:
[INFO] [stdout] called `Result::unwrap()` on an `Err` value: Io(Os { code: 30, kind: ReadOnlyFilesystem, message: "Read-only file system" })
[INFO] [stdout] stack backtrace:
[INFO] [stdout]    0:     0x5d3d75b73911 - <<std[70759c8f55707aa4]::sys::backtrace::BacktraceLock>::print::DisplayBacktrace as core[df12db4294e9bfd3]::fmt::Display>::fmt
[INFO] [stdout]    1:     0x5d3d75b8816a - core[df12db4294e9bfd3]::fmt::write
[INFO] [stdout]    2:     0x5d3d75b7807c - <alloc[2182bb758b4b3781]::vec::Vec<u8> as core[df12db4294e9bfd3]::io::write::Write>::write_fmt
[INFO] [stdout]    3:     0x5d3d75b4d946 - std[70759c8f55707aa4]::panicking::default_hook::{closure#0}
[INFO] [stdout]    4:     0x5d3d75b6ad69 - std[70759c8f55707aa4]::panicking::default_hook
[INFO] [stdout]    5:     0x5d3d75adc5a0 - test[9d35eded1c95d3be]::test_main_inner::<test[9d35eded1c95d3be]::test_main_static::{closure#0}>::{closure#0}
[INFO] [stdout]    6:     0x5d3d75b6af22 - std[70759c8f55707aa4]::panicking::panic_with_hook
[INFO] [stdout]    7:     0x5d3d75b4d9f2 - std[70759c8f55707aa4]::panicking::panic_handler::{closure#0}
[INFO] [stdout]    8:     0x5d3d75b46369 - std[70759c8f55707aa4]::sys::backtrace::__rust_end_short_backtrace::<std[70759c8f55707aa4]::panicking::panic_handler::{closure#0}, !>
[INFO] [stdout]    9:     0x5d3d75b4e7cd - __rustc[8fa7c3cbc660c2b3]::rust_begin_unwind
[INFO] [stdout]   10:     0x5d3d75b8891c - core[df12db4294e9bfd3]::panicking::panic_fmt
[INFO] [stdout]   11:     0x5d3d75b886f2 - core[df12db4294e9bfd3]::result::unwrap_failed
[INFO] [stdout]   12:     0x5d3d75aadaa3 - <ba2_synthetic[5d77135f8db28220]::extracts_ba2_archive_to_directory::{closure#0} as core[df12db4294e9bfd3]::ops::function::FnOnce<()>>::call_once
[INFO] [stdout]   13:     0x5d3d75acf88b - test[9d35eded1c95d3be]::__rust_begin_short_backtrace::<core[df12db4294e9bfd3]::result::Result<(), alloc[2182bb758b4b3781]::string::String>, fn() -> core[df12db4294e9bfd3]::result::Result<(), alloc[2182bb758b4b3781]::string::String>>
[INFO] [stdout]   14:     0x5d3d75adcef5 - test[9d35eded1c95d3be]::run_test::{closure#0}
[INFO] [stdout]   15:     0x5d3d75ad67b4 - std[70759c8f55707aa4]::sys::backtrace::__rust_begin_short_backtrace::<test[9d35eded1c95d3be]::run_test::{closure#1}, ()>
[INFO] [stdout]   16:     0x5d3d75ae0052 - <std[70759c8f55707aa4]::thread::lifecycle::spawn_unchecked<test[9d35eded1c95d3be]::run_test::{closure#1}, ()>::{closure#1} as core[df12db4294e9bfd3]::ops::function::FnOnce<()>>::call_once::{shim:vtable#0}
[INFO] [stdout]   17:     0x5d3d75b72cd9 - <std[70759c8f55707aa4]::sys::thread::unix::Thread>::new::thread_start
[INFO] [stdout]   18:     0x7ccf40467dfa - <unknown>
[INFO] [stdout]   19:     0x7ccf404fb3d4 - clone
[INFO] [stdout]   20:                0x0 - <unknown>
[INFO] [stdout] 
[INFO] [stdout] ---- ba2_extract_entry_to_path_creates_parent_directories stdout ----
[INFO] [stdout] 
[INFO] [stdout] thread 'ba2_extract_entry_to_path_creates_parent_directories' (1245) panicked at tests/ba2_synthetic.rs:257:14:
[INFO] [stdout] called `Result::unwrap()` on an `Err` value: Io(Os { code: 30, kind: ReadOnlyFilesystem, message: "Read-only file system" })
[INFO] [stdout] stack backtrace:
[INFO] [stdout]    0:     0x5d3d75b73911 - <<std[70759c8f55707aa4]::sys::backtrace::BacktraceLock>::print::DisplayBacktrace as core[df12db4294e9bfd3]::fmt::Display>::fmt
[INFO] [stdout]    1:     0x5d3d75b8816a - core[df12db4294e9bfd3]::fmt::write
[INFO] [stdout]    2:     0x5d3d75b7807c - <alloc[2182bb758b4b3781]::vec::Vec<u8> as core[df12db4294e9bfd3]::io::write::Write>::write_fmt
[INFO] [stdout]    3:     0x5d3d75b4d946 - std[70759c8f55707aa4]::panicking::default_hook::{closure#0}
[INFO] [stdout]    4:     0x5d3d75b6ad69 - std[70759c8f55707aa4]::panicking::default_hook
[INFO] [stdout]    5:     0x5d3d75adc5a0 - test[9d35eded1c95d3be]::test_main_inner::<test[9d35eded1c95d3be]::test_main_static::{closure#0}>::{closure#0}
[INFO] [stdout]    6:     0x5d3d75b6af22 - std[70759c8f55707aa4]::panicking::panic_with_hook
[INFO] [stdout]    7:     0x5d3d75b4d9f2 - std[70759c8f55707aa4]::panicking::panic_handler::{closure#0}
[INFO] [stdout]    8:     0x5d3d75b46369 - std[70759c8f55707aa4]::sys::backtrace::__rust_end_short_backtrace::<std[70759c8f55707aa4]::panicking::panic_handler::{closure#0}, !>
[INFO] [stdout]    9:     0x5d3d75b4e7cd - __rustc[8fa7c3cbc660c2b3]::rust_begin_unwind
[INFO] [stdout]   10:     0x5d3d75b8891c - core[df12db4294e9bfd3]::panicking::panic_fmt
[INFO] [stdout]   11:     0x5d3d75b886f2 - core[df12db4294e9bfd3]::result::unwrap_failed
[INFO] [stdout]   12:     0x5d3d75abd486 - <ba2_synthetic[5d77135f8db28220]::ba2_extract_entry_to_path_creates_parent_directories::{closure#0} as core[df12db4294e9bfd3]::ops::function::FnOnce<()>>::call_once
[INFO] [stdout]   13:     0x5d3d75acf88b - test[9d35eded1c95d3be]::__rust_begin_short_backtrace::<core[df12db4294e9bfd3]::result::Result<(), alloc[2182bb758b4b3781]::string::String>, fn() -> core[df12db4294e9bfd3]::result::Result<(), alloc[2182bb758b4b3781]::string::String>>
[INFO] [stdout]   14:     0x5d3d75adcef5 - test[9d35eded1c95d3be]::run_test::{closure#0}
[INFO] [stdout]   15:     0x5d3d75ad67b4 - std[70759c8f55707aa4]::sys::backtrace::__rust_begin_short_backtrace::<test[9d35eded1c95d3be]::run_test::{closure#1}, ()>
[INFO] [stdout]   16:     0x5d3d75ae0052 - <std[70759c8f55707aa4]::thread::lifecycle::spawn_unchecked<test[9d35eded1c95d3be]::run_test::{closure#1}, ()>::{closure#1} as core[df12db4294e9bfd3]::ops::function::FnOnce<()>>::call_once::{shim:vtable#0}
[INFO] [stdout]   17:     0x5d3d75b72cd9 - <std[70759c8f55707aa4]::sys::thread::unix::Thread>::new::thread_start
[INFO] [stdout]   18:     0x7ccf40467dfa - <unknown>
[INFO] [stdout]   19:     0x7ccf404fb3d4 - clone
[INFO] [stdout]   20:                0x0 - <unknown>
[INFO] [stdout] 
[INFO] [stdout] ---- failed_lz4_extract_entry_to_path_keeps_existing_ba2_file_and_removes_temp stdout ----
[INFO] [stdout] 
[INFO] [stdout] thread 'failed_lz4_extract_entry_to_path_keeps_existing_ba2_file_and_removes_temp' (1266) panicked at tests/ba2_synthetic.rs:1908:35:
[INFO] [stdout] called `Result::unwrap()` on an `Err` value: Os { code: 30, kind: ReadOnlyFilesystem, message: "Read-only file system" }
[INFO] [stdout] stack backtrace:
[INFO] [stdout]    0:     0x5d3d75b73911 - <<std[70759c8f55707aa4]::sys::backtrace::BacktraceLock>::print::DisplayBacktrace as core[df12db4294e9bfd3]::fmt::Display>::fmt
[INFO] [stdout]    1:     0x5d3d75b8816a - core[df12db4294e9bfd3]::fmt::write
[INFO] [stdout]    2:     0x5d3d75b7807c - <alloc[2182bb758b4b3781]::vec::Vec<u8> as core[df12db4294e9bfd3]::io::write::Write>::write_fmt
[INFO] [stdout]    3:     0x5d3d75b4d946 - std[70759c8f55707aa4]::panicking::default_hook::{closure#0}
[INFO] [stdout]    4:     0x5d3d75b6ad69 - std[70759c8f55707aa4]::panicking::default_hook
[INFO] [stdout]    5:     0x5d3d75adc5a0 - test[9d35eded1c95d3be]::test_main_inner::<test[9d35eded1c95d3be]::test_main_static::{closure#0}>::{closure#0}
[INFO] [stdout]    6:     0x5d3d75b6af22 - std[70759c8f55707aa4]::panicking::panic_with_hook
[INFO] [stdout]    7:     0x5d3d75b4d9f2 - std[70759c8f55707aa4]::panicking::panic_handler::{closure#0}
[INFO] [stdout]    8:     0x5d3d75b46369 - std[70759c8f55707aa4]::sys::backtrace::__rust_end_short_backtrace::<std[70759c8f55707aa4]::panicking::panic_handler::{closure#0}, !>
[INFO] [stdout]    9:     0x5d3d75b4e7cd - __rustc[8fa7c3cbc660c2b3]::rust_begin_unwind
[INFO] [stdout]   10:     0x5d3d75b8891c - core[df12db4294e9bfd3]::panicking::panic_fmt
[INFO] [stdout]   11:     0x5d3d75b886f2 - core[df12db4294e9bfd3]::result::unwrap_failed
[INFO] [stdout]   12:     0x5d3d75ac5ea7 - <ba2_synthetic[5d77135f8db28220]::failed_lz4_extract_entry_to_path_keeps_existing_ba2_file_and_removes_temp::{closure#0} as core[df12db4294e9bfd3]::ops::function::FnOnce<()>>::call_once
[INFO] [stdout]   13:     0x5d3d75acf88b - test[9d35eded1c95d3be]::__rust_begin_short_backtrace::<core[df12db4294e9bfd3]::result::Result<(), alloc[2182bb758b4b3781]::string::String>, fn() -> core[df12db4294e9bfd3]::result::Result<(), alloc[2182bb758b4b3781]::string::String>>
[INFO] [stdout]   14:     0x5d3d75adcef5 - test[9d35eded1c95d3be]::run_test::{closure#0}
[INFO] [stdout]   15:     0x5d3d75ad67b4 - std[70759c8f55707aa4]::sys::backtrace::__rust_begin_short_backtrace::<test[9d35eded1c95d3be]::run_test::{closure#1}, ()>
[INFO] [stdout]   16:     0x5d3d75ae0052 - <std[70759c8f55707aa4]::thread::lifecycle::spawn_unchecked<test[9d35eded1c95d3be]::run_test::{closure#1}, ()>::{closure#1} as core[df12db4294e9bfd3]::ops::function::FnOnce<()>>::call_once::{shim:vtable#0}
[INFO] [stdout]   17:     0x5d3d75b72cd9 - <std[70759c8f55707aa4]::sys::thread::unix::Thread>::new::thread_start
[INFO] [stdout]   18:     0x7ccf40467dfa - <unknown>
[INFO] [stdout]   19:     0x7ccf404fb3d4 - clone
[INFO] [stdout]   20:                0x0 - <unknown>
[INFO] [stdout] 
[INFO] [stdout] ---- failed_extract_entry_to_path_keeps_existing_ba2_file_and_removes_temp stdout ----
[INFO] [stdout] 
[INFO] [stdout] thread 'failed_extract_entry_to_path_keeps_existing_ba2_file_and_removes_temp' (1264) panicked at tests/ba2_synthetic.rs:1775:35:
[INFO] [stdout] called `Result::unwrap()` on an `Err` value: Os { code: 30, kind: ReadOnlyFilesystem, message: "Read-only file system" }
[INFO] [stdout] stack backtrace:
[INFO] [stdout]    0:     0x5d3d75b73911 - <<std[70759c8f55707aa4]::sys::backtrace::BacktraceLock>::print::DisplayBacktrace as core[df12db4294e9bfd3]::fmt::Display>::fmt
[INFO] [stdout]    1:     0x5d3d75b8816a - core[df12db4294e9bfd3]::fmt::write
[INFO] [stdout]    2:     0x5d3d75b7807c - <alloc[2182bb758b4b3781]::vec::Vec<u8> as core[df12db4294e9bfd3]::io::write::Write>::write_fmt
[INFO] [stdout]    3:     0x5d3d75b4d946 - std[70759c8f55707aa4]::panicking::default_hook::{closure#0}
[INFO] [stdout]    4:     0x5d3d75b6ad69 - std[70759c8f55707aa4]::panicking::default_hook
[INFO] [stdout]    5:     0x5d3d75adc5a0 - test[9d35eded1c95d3be]::test_main_inner::<test[9d35eded1c95d3be]::test_main_static::{closure#0}>::{closure#0}
[INFO] [stdout]    6:     0x5d3d75b6af22 - std[70759c8f55707aa4]::panicking::panic_with_hook
[INFO] [stdout]    7:     0x5d3d75b4d9f2 - std[70759c8f55707aa4]::panicking::panic_handler::{closure#0}
[INFO] [stdout]    8:     0x5d3d75b46369 - std[70759c8f55707aa4]::sys::backtrace::__rust_end_short_backtrace::<std[70759c8f55707aa4]::panicking::panic_handler::{closure#0}, !>
[INFO] [stdout]    9:     0x5d3d75b4e7cd - __rustc[8fa7c3cbc660c2b3]::rust_begin_unwind
[INFO] [stdout]   10:     0x5d3d75b8891c - core[df12db4294e9bfd3]::panicking::panic_fmt
[INFO] [stdout]   11:     0x5d3d75b886f2 - core[df12db4294e9bfd3]::result::unwrap_failed
[INFO] [stdout]   12:     0x5d3d75ac4d40 - <ba2_synthetic[5d77135f8db28220]::failed_extract_entry_to_path_keeps_existing_ba2_file_and_removes_temp::{closure#0} as core[df12db4294e9bfd3]::ops::function::FnOnce<()>>::call_once
[INFO] [stdout]   13:     0x5d3d75acf88b - test[9d35eded1c95d3be]::__rust_begin_short_backtrace::<core[df12db4294e9bfd3]::result::Result<(), alloc[2182bb758b4b3781]::string::String>, fn() -> core[df12db4294e9bfd3]::result::Result<(), alloc[2182bb758b4b3781]::string::String>>
[INFO] [stdout]   14:     0x5d3d75adcef5 - test[9d35eded1c95d3be]::run_test::{closure#0}
[INFO] [stdout]   15:     0x5d3d75ad67b4 - std[70759c8f55707aa4]::sys::backtrace::__rust_begin_short_backtrace::<test[9d35eded1c95d3be]::run_test::{closure#1}, ()>
[INFO] [stdout]   16:     0x5d3d75ae0052 - <std[70759c8f55707aa4]::thread::lifecycle::spawn_unchecked<test[9d35eded1c95d3be]::run_test::{closure#1}, ()>::{closure#1} as core[df12db4294e9bfd3]::ops::function::FnOnce<()>>::call_once::{shim:vtable#0}
[INFO] [stdout]   17:     0x5d3d75b72cd9 - <std[70759c8f55707aa4]::sys::thread::unix::Thread>::new::thread_start
[INFO] [stdout]   18:     0x7ccf40467dfa - <unknown>
[INFO] [stdout]   19:     0x7ccf404fb3d4 - clone
[INFO] [stdout]   20:                0x0 - <unknown>
[INFO] [stdout] 
[INFO] [stdout] ---- failed_extract_to_keeps_existing_ba2_file_and_removes_temp stdout ----
[INFO] [stdout] 
[INFO] [stdout] thread 'failed_extract_to_keeps_existing_ba2_file_and_removes_temp' (1265) panicked at tests/ba2_synthetic.rs:1746:58:
[INFO] [stdout] called `Result::unwrap()` on an `Err` value: Os { code: 30, kind: ReadOnlyFilesystem, message: "Read-only file system" }
[INFO] [stdout] stack backtrace:
[INFO] [stdout]    0:     0x5d3d75b73911 - <<std[70759c8f55707aa4]::sys::backtrace::BacktraceLock>::print::DisplayBacktrace as core[df12db4294e9bfd3]::fmt::Display>::fmt
[INFO] [stdout]    1:     0x5d3d75b8816a - core[df12db4294e9bfd3]::fmt::write
[INFO] [stdout]    2:     0x5d3d75b7807c - <alloc[2182bb758b4b3781]::vec::Vec<u8> as core[df12db4294e9bfd3]::io::write::Write>::write_fmt
[INFO] [stdout]    3:     0x5d3d75b4d946 - std[70759c8f55707aa4]::panicking::default_hook::{closure#0}
[INFO] [stdout]    4:     0x5d3d75b6ad69 - std[70759c8f55707aa4]::panicking::default_hook
[INFO] [stdout]    5:     0x5d3d75adc5a0 - test[9d35eded1c95d3be]::test_main_inner::<test[9d35eded1c95d3be]::test_main_static::{closure#0}>::{closure#0}
[INFO] [stdout]    6:     0x5d3d75b6af22 - std[70759c8f55707aa4]::panicking::panic_with_hook
[INFO] [stdout]    7:     0x5d3d75b4d9f2 - std[70759c8f55707aa4]::panicking::panic_handler::{closure#0}
[INFO] [stdout]    8:     0x5d3d75b46369 - std[70759c8f55707aa4]::sys::backtrace::__rust_end_short_backtrace::<std[70759c8f55707aa4]::panicking::panic_handler::{closure#0}, !>
[INFO] [stdout]    9:     0x5d3d75b4e7cd - __rustc[8fa7c3cbc660c2b3]::rust_begin_unwind
[INFO] [stdout]   10:     0x5d3d75b8891c - core[df12db4294e9bfd3]::panicking::panic_fmt
[INFO] [stdout]   11:     0x5d3d75b886f2 - core[df12db4294e9bfd3]::result::unwrap_failed
[INFO] [stdout]   12:     0x5d3d75ac2c1f - <ba2_synthetic[5d77135f8db28220]::failed_extract_to_keeps_existing_ba2_file_and_removes_temp::{closure#0} as core[df12db4294e9bfd3]::ops::function::FnOnce<()>>::call_once
[INFO] [stdout]   13:     0x5d3d75acf88b - test[9d35eded1c95d3be]::__rust_begin_short_backtrace::<core[df12db4294e9bfd3]::result::Result<(), alloc[2182bb758b4b3781]::string::String>, fn() -> core[df12db4294e9bfd3]::result::Result<(), alloc[2182bb758b4b3781]::string::String>>
[INFO] [stdout]   14:     0x5d3d75adcef5 - test[9d35eded1c95d3be]::run_test::{closure#0}
[INFO] [stdout]   15:     0x5d3d75ad67b4 - std[70759c8f55707aa4]::sys::backtrace::__rust_begin_short_backtrace::<test[9d35eded1c95d3be]::run_test::{closure#1}, ()>
[INFO] [stdout]   16:     0x5d3d75ae0052 - <std[70759c8f55707aa4]::thread::lifecycle::spawn_unchecked<test[9d35eded1c95d3be]::run_test::{closure#1}, ()>::{closure#1} as core[df12db4294e9bfd3]::ops::function::FnOnce<()>>::call_once::{shim:vtable#0}
[INFO] [stdout]   17:     0x5d3d75b72cd9 - <std[70759c8f55707aa4]::sys::thread::unix::Thread>::new::thread_start
[INFO] [stdout]   18:     0x7ccf40467dfa - <unknown>
[INFO] [stdout]   19:     0x7ccf404fb3d4 - clone
[INFO] [stdout]   20:                0x0 - <unknown>
[INFO] [stdout] 
[INFO] [stdout] 
[INFO] [stdout] failures:
[INFO] [stdout]     ba2_extract_entry_to_path_creates_parent_directories
[INFO] [stdout]     ba2_writer_add_dir_follows_file_symlinks_at_relative_path
[INFO] [stdout]     extracts_ba2_archive_to_directory
[INFO] [stdout]     failed_extract_entry_to_path_keeps_existing_ba2_file_and_removes_temp
[INFO] [stdout]     failed_extract_to_keeps_existing_ba2_file_and_removes_temp
[INFO] [stdout]     failed_lz4_extract_entry_to_path_keeps_existing_ba2_file_and_removes_temp
[INFO] [stdout] 
[INFO] [stdout] test result: FAILED. 71 passed; 6 failed; 0 ignored; 0 measured; 0 filtered out; finished in 0.02s
[INFO] [stdout] 
[INFO] [stderr] error: test failed, to rerun pass `--test ba2_synthetic`
[INFO] running `Command { std: "docker" "inspect" "9f2dcb91244ca18ed56060746f7e5d73de370c4527f66c35ee8cce4bbdb609c9", kill_on_drop: false }`
[INFO] running `Command { std: "docker" "rm" "-f" "9f2dcb91244ca18ed56060746f7e5d73de370c4527f66c35ee8cce4bbdb609c9", kill_on_drop: false }`
[INFO] [stdout] 9f2dcb91244ca18ed56060746f7e5d73de370c4527f66c35ee8cce4bbdb609c9
