[INFO] fetching crate draxl-cli 0.1.1...
[INFO] testing draxl-cli-0.1.1 against 1.99.0-beta.8+cargoflags=--release for beta-release-1.100-2
[INFO] extracting crate draxl-cli 0.1.1 into /workspace/builds/worker-3-tc1/source
[INFO] started tweaking crates.io crate draxl-cli 0.1.1
[INFO] removed 0 missing tests
[INFO] finished tweaking crates.io crate draxl-cli 0.1.1
[INFO] tweaked toml for crates.io crate draxl-cli 0.1.1 written to /workspace/builds/worker-3-tc1/source/Cargo.toml
[INFO] validating manifest of crates.io crate draxl-cli 0.1.1 on toolchain 1.99.0-beta.8
[INFO] running `Command { std: CARGO_HOME="/workspace/cargo-home" RUSTUP_HOME="/workspace/rustup-home" "/workspace/cargo-home/bin/cargo" "+1.99.0-beta.8" "metadata" "--manifest-path" "Cargo.toml" "--no-deps", kill_on_drop: false }`
[INFO] crate crates.io crate draxl-cli 0.1.1 already has a lockfile, it will not be regenerated
[INFO] running `Command { std: CARGO_HOME="/workspace/cargo-home" RUSTUP_HOME="/workspace/rustup-home" "/workspace/cargo-home/bin/cargo" "+1.99.0-beta.8" "fetch" "--manifest-path" "Cargo.toml", kill_on_drop: false }`
[INFO] [stderr]     Updating crates.io index
[INFO] [stderr]  Downloading crates ...
[INFO] [stderr]   Downloaded draxl-agent v0.1.1
[INFO] [stderr]   Downloaded draxl-validate v0.1.1
[INFO] [stderr]   Downloaded draxl-ast v0.1.1
[INFO] [stderr]   Downloaded draxl-parser v0.1.1
[INFO] [stderr]   Downloaded draxl-merge v0.1.1
[INFO] [stderr]   Downloaded draxl-printer v0.1.1
[INFO] [stderr]   Downloaded rmcp-macros v1.3.0
[INFO] [stderr]   Downloaded process-wrap v9.1.0
[INFO] [stderr]   Downloaded draxl-patch v0.1.1
[INFO] [stderr]   Downloaded draxl-rust v0.1.1
[INFO] [stderr]   Downloaded draxl v0.1.1
[INFO] [stderr]   Downloaded rmcp v1.3.0
[INFO] running `Command { std: "docker" "create" "-v" "/var/lib/crater-agent-workspace/builds/worker-3-tc1/source:/opt/rustwide/workdir:ro,Z" "-v" "/var/lib/crater-agent-workspace/builds/worker-3-tc1/target:/opt/rustwide/target:rw,Z" "-v" "/var/lib/crater-agent-workspace/cargo-home:/opt/rustwide/cargo-home:ro,Z" "-v" "/var/lib/crater-agent-workspace/rustup-home:/opt/rustwide/rustup-home:ro,Z" "-m" "1610612736" "--network" "none" "ghcr.io/rust-lang/crates-build-env/linux@sha256:77db811e55d90add9212f6832c23229e3de5f1c1f9905e8cb07319ea15df73ac" "sleep" "infinity", kill_on_drop: false }`
[INFO] [stdout] 1d3129c2cb8e8e636200d373de92ba078278f6686d7e7f08efb1fb35bf16f097
[INFO] running `Command { std: "docker" "start" "1d3129c2cb8e8e636200d373de92ba078278f6686d7e7f08efb1fb35bf16f097", kill_on_drop: false }`
[INFO] running `Command { std: "docker" "inspect" "1d3129c2cb8e8e636200d373de92ba078278f6686d7e7f08efb1fb35bf16f097", kill_on_drop: false }`
[INFO] running `Command { std: "docker" "exec" "-e" "SOURCE_DIR=/opt/rustwide/workdir" "-e" "CARGO_HOME=/opt/rustwide/cargo-home" "-e" "RUSTUP_HOME=/opt/rustwide/rustup-home" "-e" "CARGO_TARGET_DIR=/opt/rustwide/target" "-w" "/opt/rustwide/workdir" "--user" "0:0" "1d3129c2cb8e8e636200d373de92ba078278f6686d7e7f08efb1fb35bf16f097" "/opt/rustwide/cargo-home/bin/cargo" "+1.99.0-beta.8" "metadata" "--no-deps" "--format-version=1", kill_on_drop: false }`
[INFO] running `Command { std: "docker" "inspect" "1d3129c2cb8e8e636200d373de92ba078278f6686d7e7f08efb1fb35bf16f097", kill_on_drop: false }`
[INFO] running `Command { std: "docker" "exec" "-e" "SOURCE_DIR=/opt/rustwide/workdir" "-e" "CARGO_HOME=/opt/rustwide/cargo-home" "-e" "RUSTUP_HOME=/opt/rustwide/rustup-home" "-e" "CARGO_TARGET_DIR=/opt/rustwide/target" "-e" "CARGO_INCREMENTAL=0" "-e" "RUST_BACKTRACE=full" "-e" "RUSTFLAGS=--cap-lints=warn" "-e" "RUSTDOCFLAGS=--cap-lints=warn" "-w" "/opt/rustwide/workdir" "--user" "0:0" "1d3129c2cb8e8e636200d373de92ba078278f6686d7e7f08efb1fb35bf16f097" "/opt/rustwide/cargo-home/bin/cargo" "+1.99.0-beta.8" "build" "--frozen" "--message-format=json" "--release", kill_on_drop: false }`
[INFO] [stderr]    Compiling proc-macro2 v1.0.106
[INFO] [stderr]    Compiling unicode-ident v1.0.24
[INFO] [stderr]    Compiling quote v1.0.45
[INFO] [stderr]    Compiling draxl-ast v0.1.1
[INFO] [stderr]    Compiling serde_json v1.0.149
[INFO] [stderr]    Compiling serde v1.0.228
[INFO] [stderr]    Compiling serde_core v1.0.228
[INFO] [stderr]    Compiling darling_core v0.23.0
[INFO] [stderr]    Compiling futures-util v0.3.32
[INFO] [stderr]    Compiling serde_derive_internals v0.29.1
[INFO] [stderr]    Compiling tokio-macros v2.6.1
[INFO] [stderr]    Compiling syn v2.0.117
[INFO] [stderr]    Compiling ref-cast-impl v1.0.25
[INFO] [stderr]    Compiling memchr v2.8.0
[INFO] [stderr]    Compiling chrono v0.4.44
[INFO] [stderr]    Compiling tokio v1.50.0
[INFO] [stderr]    Compiling ref-cast v1.0.25
[INFO] [stderr]    Compiling schemars_derive v1.2.1
[INFO] [stderr]    Compiling darling_macro v0.23.0
[INFO] [stderr]    Compiling darling v0.23.0
[INFO] [stderr]    Compiling draxl-validate v0.1.1
[INFO] [stderr]    Compiling futures-executor v0.3.32
[INFO] [stderr]    Compiling thiserror-impl v2.0.18
[INFO] [stderr]    Compiling rmcp v1.3.0
[INFO] [stderr]    Compiling futures v0.3.32
[INFO] [stderr]    Compiling tracing v0.1.44
[INFO] [stderr]    Compiling digest v0.10.7
[INFO] [stderr]    Compiling rmcp-macros v1.3.0
[INFO] [stderr]    Compiling async-trait v0.1.89
[INFO] [stderr]    Compiling schemars v1.2.1
[INFO] [stderr]    Compiling pastey v0.2.1
[INFO] [stderr]    Compiling thiserror v2.0.18
[INFO] [stderr]    Compiling sha2 v0.10.9
[INFO] [stderr]    Compiling draxl-rust v0.1.1
[INFO] [stderr]    Compiling draxl-parser v0.1.1
[INFO] [stderr]    Compiling draxl-patch v0.1.1
[INFO] [stderr]    Compiling draxl-printer v0.1.1
[INFO] [stderr]    Compiling tokio-util v0.7.18
[INFO] [stderr]    Compiling draxl-merge v0.1.1
[INFO] [stderr]    Compiling draxl v0.1.1
[INFO] [stderr]    Compiling draxl-agent v0.1.1
[INFO] [stderr]    Compiling draxl-cli v0.1.1 (/opt/rustwide/workdir)
[INFO] [stderr]     Finished `release` profile [optimized] target(s) in 2m 30s
[INFO] running `Command { std: "docker" "inspect" "1d3129c2cb8e8e636200d373de92ba078278f6686d7e7f08efb1fb35bf16f097", kill_on_drop: false }`
[INFO] running `Command { std: "docker" "exec" "-e" "SOURCE_DIR=/opt/rustwide/workdir" "-e" "CARGO_HOME=/opt/rustwide/cargo-home" "-e" "RUSTUP_HOME=/opt/rustwide/rustup-home" "-e" "CARGO_TARGET_DIR=/opt/rustwide/target" "-e" "CARGO_INCREMENTAL=0" "-e" "RUST_BACKTRACE=full" "-e" "RUSTFLAGS=--cap-lints=warn" "-e" "RUSTDOCFLAGS=--cap-lints=warn" "-w" "/opt/rustwide/workdir" "--user" "0:0" "1d3129c2cb8e8e636200d373de92ba078278f6686d7e7f08efb1fb35bf16f097" "/opt/rustwide/cargo-home/bin/cargo" "+1.99.0-beta.8" "test" "--frozen" "--no-run" "--message-format=json" "--release", kill_on_drop: false }`
[INFO] [stderr]    Compiling libc v0.2.183
[INFO] [stderr]    Compiling nix v0.31.2
[INFO] [stderr]    Compiling rmcp v1.3.0
[INFO] [stderr]    Compiling errno v0.3.14
[INFO] [stderr]    Compiling mio v1.2.0
[INFO] [stderr]    Compiling signal-hook-registry v1.4.8
[INFO] [stderr]    Compiling tokio v1.50.0
[INFO] [stderr]    Compiling tokio-stream v0.1.18
[INFO] [stderr]    Compiling process-wrap v9.1.0
[INFO] [stderr]    Compiling tokio-util v0.7.18
[INFO] [stderr]    Compiling draxl-agent v0.1.1
[INFO] [stderr]    Compiling draxl-cli v0.1.1 (/opt/rustwide/workdir)
[INFO] [stderr]     Finished `release` profile [optimized] target(s) in 1m 42s
[INFO] running `Command { std: "docker" "inspect" "1d3129c2cb8e8e636200d373de92ba078278f6686d7e7f08efb1fb35bf16f097", kill_on_drop: false }`
[INFO] running `Command { std: "docker" "exec" "-e" "SOURCE_DIR=/opt/rustwide/workdir" "-e" "CARGO_HOME=/opt/rustwide/cargo-home" "-e" "RUSTUP_HOME=/opt/rustwide/rustup-home" "-e" "CARGO_TARGET_DIR=/opt/rustwide/target" "-e" "CARGO_INCREMENTAL=0" "-e" "RUST_BACKTRACE=full" "-e" "RUSTFLAGS=--cap-lints=warn" "-e" "RUSTDOCFLAGS=--cap-lints=warn" "-w" "/opt/rustwide/workdir" "--user" "0:0" "1d3129c2cb8e8e636200d373de92ba078278f6686d7e7f08efb1fb35bf16f097" "/opt/rustwide/cargo-home/bin/cargo" "+1.99.0-beta.8" "test" "--frozen" "--release", kill_on_drop: false }`
[INFO] [stderr]     Finished `release` profile [optimized] target(s) in 0.11s
[INFO] [stderr]      Running unittests src/main.rs (/opt/rustwide/target/release/deps/draxl-9c26619b146ffca9)
[INFO] [stdout] 
[INFO] [stdout] running 0 tests
[INFO] [stdout] 
[INFO] [stdout] test result: ok. 0 passed; 0 failed; 0 ignored; 0 measured; 0 filtered out; finished in 0.00s
[INFO] [stdout] 
[INFO] [stderr]      Running tests/cli_e2e.rs (/opt/rustwide/target/release/deps/cli_e2e-6ec0ae120df47913)
[INFO] [stdout] 
[INFO] [stdout] running 16 tests
[INFO] [stdout] test dump_json_command_matches_the_json_golden ... FAILED
[INFO] [stdout] test lower_rust_command_matches_the_lowered_golden ... FAILED
[INFO] [stdout] test mcp_setup_print_emits_managed_codex_config ... ok
[INFO] [stdout] test fmt_in_place_rewrites_the_file ... ok
[INFO] [stdout] test parse_command_rejects_unknown_source_extension ... ok
[INFO] [stdout] test mcp_setup_force_overwrites_unmanaged_config ... ok
[INFO] [stdout] test fmt_command_matches_the_canonical_golden ... FAILED
[INFO] [stdout] test lower_command_matches_the_lowered_golden ... FAILED
[INFO] [stdout] test conflicts_command_emits_agent_json ... ok
[INFO] [stdout] test parse_command_reports_top_level_item_count ... FAILED
[INFO] [stdout] test validate_command_reports_errors_on_invalid_input ... ok
[INFO] [stdout] test validate_command_accepts_examples ... FAILED
[INFO] [stdout] test patch_command_applies_textual_patch_ops ... ok
[INFO] [stdout] test patch_in_place_rewrites_the_file ... ok
[INFO] [stdout] test mcp_setup_refuses_to_overwrite_unmanaged_config_without_force ... ok
[INFO] [stdout] test mcp_setup_writes_config_and_updates_git_exclude ... ok
[INFO] [stdout] 
[INFO] [stdout] failures:
[INFO] [stdout] 
[INFO] [stdout] ---- dump_json_command_matches_the_json_golden stdout ----
[INFO] [stdout] 
[INFO] [stdout] thread 'dump_json_command_matches_the_json_golden' (1477) panicked at tests/cli_e2e.rs:348:5:
[INFO] [stdout] expected success, stderr was:
[INFO] [stdout] failed to read /opt/rustwide/workdir/../../examples/01_add.rs.dx: No such file or directory (os error 2)
[INFO] [stdout] 
[INFO] [stdout] stack backtrace:
[INFO] [stdout]    0:     0x5575018ccc01 - <<std[70759c8f55707aa4]::sys::backtrace::BacktraceLock>::print::DisplayBacktrace as core[df12db4294e9bfd3]::fmt::Display>::fmt
[INFO] [stdout]    1:     0x5575018e136a - core[df12db4294e9bfd3]::fmt::write
[INFO] [stdout]    2:     0x5575018d10bc - <alloc[2182bb758b4b3781]::vec::Vec<u8> as core[df12db4294e9bfd3]::io::write::Write>::write_fmt
[INFO] [stdout]    3:     0x5575018a7ec6 - std[70759c8f55707aa4]::panicking::default_hook::{closure#0}
[INFO] [stdout]    4:     0x5575018c4d69 - std[70759c8f55707aa4]::panicking::default_hook
[INFO] [stdout]    5:     0x55750185fe50 - test[9d35eded1c95d3be]::test_main_inner::<test[9d35eded1c95d3be]::test_main_static::{closure#0}>::{closure#0}
[INFO] [stdout]    6:     0x5575018c4f22 - std[70759c8f55707aa4]::panicking::panic_with_hook
[INFO] [stdout]    7:     0x5575018a7f72 - std[70759c8f55707aa4]::panicking::panic_handler::{closure#0}
[INFO] [stdout]    8:     0x5575018a0a49 - std[70759c8f55707aa4]::sys::backtrace::__rust_end_short_backtrace::<std[70759c8f55707aa4]::panicking::panic_handler::{closure#0}, !>
[INFO] [stdout]    9:     0x5575018a8b6d - __rustc[8fa7c3cbc660c2b3]::rust_begin_unwind
[INFO] [stdout]   10:     0x5575018e1a9c - core[df12db4294e9bfd3]::panicking::panic_fmt
[INFO] [stdout]   11:     0x55750184e351 - cli_e2e[aaf9a434554c4560]::run_ok
[INFO] [stdout]   12:     0x5575018502a2 - <cli_e2e[aaf9a434554c4560]::dump_json_command_matches_the_json_golden::{closure#0} as core[df12db4294e9bfd3]::ops::function::FnOnce<()>>::call_once
[INFO] [stdout]   13:     0x55750185313b - test[9d35eded1c95d3be]::__rust_begin_short_backtrace::<core[df12db4294e9bfd3]::result::Result<(), alloc[2182bb758b4b3781]::string::String>, fn() -> core[df12db4294e9bfd3]::result::Result<(), alloc[2182bb758b4b3781]::string::String>>
[INFO] [stdout]   14:     0x5575018607a5 - test[9d35eded1c95d3be]::run_test::{closure#0}
[INFO] [stdout]   15:     0x55750185a064 - std[70759c8f55707aa4]::sys::backtrace::__rust_begin_short_backtrace::<test[9d35eded1c95d3be]::run_test::{closure#1}, ()>
[INFO] [stdout]   16:     0x557501863902 - <std[70759c8f55707aa4]::thread::lifecycle::spawn_unchecked<test[9d35eded1c95d3be]::run_test::{closure#1}, ()>::{closure#1} as core[df12db4294e9bfd3]::ops::function::FnOnce<()>>::call_once::{shim:vtable#0}
[INFO] [stdout]   17:     0x5575018cbf79 - <std[70759c8f55707aa4]::sys::thread::unix::Thread>::new::thread_start
[INFO] [stdout]   18:     0x7f30f029edfa - <unknown>
[INFO] [stdout]   19:     0x7f30f03323d4 - clone
[INFO] [stdout]   20:                0x0 - <unknown>
[INFO] [stdout] 
[INFO] [stdout] ---- lower_rust_command_matches_the_lowered_golden stdout ----
[INFO] [stdout] 
[INFO] [stdout] thread 'lower_rust_command_matches_the_lowered_golden' (1481) panicked at tests/cli_e2e.rs:348:5:
[INFO] [stdout] expected success, stderr was:
[INFO] [stdout] failed to read /opt/rustwide/workdir/../../examples/04_ranks.rs.dx: No such file or directory (os error 2)
[INFO] [stdout] 
[INFO] [stdout] stack backtrace:
[INFO] [stdout]    0:     0x5575018ccc01 - <<std[70759c8f55707aa4]::sys::backtrace::BacktraceLock>::print::DisplayBacktrace as core[df12db4294e9bfd3]::fmt::Display>::fmt
[INFO] [stdout]    1:     0x5575018e136a - core[df12db4294e9bfd3]::fmt::write
[INFO] [stdout]    2:     0x5575018d10bc - <alloc[2182bb758b4b3781]::vec::Vec<u8> as core[df12db4294e9bfd3]::io::write::Write>::write_fmt
[INFO] [stdout]    3:     0x5575018a7ec6 - std[70759c8f55707aa4]::panicking::default_hook::{closure#0}
[INFO] [stdout]    4:     0x5575018c4d69 - std[70759c8f55707aa4]::panicking::default_hook
[INFO] [stdout]    5:     0x55750185fe50 - test[9d35eded1c95d3be]::test_main_inner::<test[9d35eded1c95d3be]::test_main_static::{closure#0}>::{closure#0}
[INFO] [stdout]    6:     0x5575018c4f22 - std[70759c8f55707aa4]::panicking::panic_with_hook
[INFO] [stdout]    7:     0x5575018a7f72 - std[70759c8f55707aa4]::panicking::panic_handler::{closure#0}
[INFO] [stdout]    8:     0x5575018a0a49 - std[70759c8f55707aa4]::sys::backtrace::__rust_end_short_backtrace::<std[70759c8f55707aa4]::panicking::panic_handler::{closure#0}, !>
[INFO] [stdout]    9:     0x5575018a8b6d - __rustc[8fa7c3cbc660c2b3]::rust_begin_unwind
[INFO] [stdout]   10:     0x5575018e1a9c - core[df12db4294e9bfd3]::panicking::panic_fmt
[INFO] [stdout]   11:     0x55750184e351 - cli_e2e[aaf9a434554c4560]::run_ok
[INFO] [stdout]   12:     0x557501851092 - <cli_e2e[aaf9a434554c4560]::lower_rust_command_matches_the_lowered_golden::{closure#0} as core[df12db4294e9bfd3]::ops::function::FnOnce<()>>::call_once
[INFO] [stdout]   13:     0x55750185313b - test[9d35eded1c95d3be]::__rust_begin_short_backtrace::<core[df12db4294e9bfd3]::result::Result<(), alloc[2182bb758b4b3781]::string::String>, fn() -> core[df12db4294e9bfd3]::result::Result<(), alloc[2182bb758b4b3781]::string::String>>
[INFO] [stdout]   14:     0x5575018607a5 - test[9d35eded1c95d3be]::run_test::{closure#0}
[INFO] [stdout]   15:     0x55750185a064 - std[70759c8f55707aa4]::sys::backtrace::__rust_begin_short_backtrace::<test[9d35eded1c95d3be]::run_test::{closure#1}, ()>
[INFO] [stdout]   16:     0x557501863902 - <std[70759c8f55707aa4]::thread::lifecycle::spawn_unchecked<test[9d35eded1c95d3be]::run_test::{closure#1}, ()>::{closure#1} as core[df12db4294e9bfd3]::ops::function::FnOnce<()>>::call_once::{shim:vtable#0}
[INFO] [stdout]   17:     0x5575018cbf79 - <std[70759c8f55707aa4]::sys::thread::unix::Thread>::new::thread_start
[INFO] [stdout]   18:     0x7f30f029edfa - <unknown>
[INFO] [stdout]   19:     0x7f30f03323d4 - clone
[INFO] [stdout]   20:                0x0 - <unknown>
[INFO] [stdout] 
[INFO] [stdout] ---- fmt_command_matches_the_canonical_golden stdout ----
[INFO] [stdout] 
[INFO] [stdout] thread 'fmt_command_matches_the_canonical_golden' (1478) panicked at tests/cli_e2e.rs:348:5:
[INFO] [stdout] expected success, stderr was:
[INFO] [stdout] failed to read /opt/rustwide/workdir/../../examples/02_shapes.rs.dx: No such file or directory (os error 2)
[INFO] [stdout] 
[INFO] [stdout] stack backtrace:
[INFO] [stdout]    0:     0x5575018ccc01 - <<std[70759c8f55707aa4]::sys::backtrace::BacktraceLock>::print::DisplayBacktrace as core[df12db4294e9bfd3]::fmt::Display>::fmt
[INFO] [stdout]    1:     0x5575018e136a - core[df12db4294e9bfd3]::fmt::write
[INFO] [stdout]    2:     0x5575018d10bc - <alloc[2182bb758b4b3781]::vec::Vec<u8> as core[df12db4294e9bfd3]::io::write::Write>::write_fmt
[INFO] [stdout]    3:     0x5575018a7ec6 - std[70759c8f55707aa4]::panicking::default_hook::{closure#0}
[INFO] [stdout]    4:     0x5575018c4d69 - std[70759c8f55707aa4]::panicking::default_hook
[INFO] [stdout]    5:     0x55750185fe50 - test[9d35eded1c95d3be]::test_main_inner::<test[9d35eded1c95d3be]::test_main_static::{closure#0}>::{closure#0}
[INFO] [stdout]    6:     0x5575018c4f22 - std[70759c8f55707aa4]::panicking::panic_with_hook
[INFO] [stdout]    7:     0x5575018a7f72 - std[70759c8f55707aa4]::panicking::panic_handler::{closure#0}
[INFO] [stdout]    8:     0x5575018a0a49 - std[70759c8f55707aa4]::sys::backtrace::__rust_end_short_backtrace::<std[70759c8f55707aa4]::panicking::panic_handler::{closure#0}, !>
[INFO] [stdout]    9:     0x5575018a8b6d - __rustc[8fa7c3cbc660c2b3]::rust_begin_unwind
[INFO] [stdout]   10:     0x5575018e1a9c - core[df12db4294e9bfd3]::panicking::panic_fmt
[INFO] [stdout]   11:     0x55750184e351 - cli_e2e[aaf9a434554c4560]::run_ok
[INFO] [stdout]   12:     0x55750184fe82 - <cli_e2e[aaf9a434554c4560]::fmt_command_matches_the_canonical_golden::{closure#0} as core[df12db4294e9bfd3]::ops::function::FnOnce<()>>::call_once
[INFO] [stdout]   13:     0x55750185313b - test[9d35eded1c95d3be]::__rust_begin_short_backtrace::<core[df12db4294e9bfd3]::result::Result<(), alloc[2182bb758b4b3781]::string::String>, fn() -> core[df12db4294e9bfd3]::result::Result<(), alloc[2182bb758b4b3781]::string::String>>
[INFO] [stdout]   14:     0x5575018607a5 - test[9d35eded1c95d3be]::run_test::{closure#0}
[INFO] [stdout]   15:     0x55750185a064 - std[70759c8f55707aa4]::sys::backtrace::__rust_begin_short_backtrace::<test[9d35eded1c95d3be]::run_test::{closure#1}, ()>
[INFO] [stdout]   16:     0x557501863902 - <std[70759c8f55707aa4]::thread::lifecycle::spawn_unchecked<test[9d35eded1c95d3be]::run_test::{closure#1}, ()>::{closure#1} as core[df12db4294e9bfd3]::ops::function::FnOnce<()>>::call_once::{shim:vtable#0}
[INFO] [stdout]   17:     0x5575018cbf79 - <std[70759c8f55707aa4]::sys::thread::unix::Thread>::new::thread_start
[INFO] [stdout]   18:     0x7f30f029edfa - <unknown>
[INFO] [stdout]   19:     0x7f30f03323d4 - clone
[INFO] [stdout]   20:                0x0 - <unknown>
[INFO] [stdout] 
[INFO] [stdout] ---- lower_command_matches_the_lowered_golden stdout ----
[INFO] [stdout] 
[INFO] [stdout] thread 'lower_command_matches_the_lowered_golden' (1480) panicked at tests/cli_e2e.rs:348:5:
[INFO] [stdout] expected success, stderr was:
[INFO] [stdout] failed to read /opt/rustwide/workdir/../../examples/04_ranks.rs.dx: No such file or directory (os error 2)
[INFO] [stdout] 
[INFO] [stdout] stack backtrace:
[INFO] [stdout]    0:     0x5575018ccc01 - <<std[70759c8f55707aa4]::sys::backtrace::BacktraceLock>::print::DisplayBacktrace as core[df12db4294e9bfd3]::fmt::Display>::fmt
[INFO] [stdout]    1:     0x5575018e136a - core[df12db4294e9bfd3]::fmt::write
[INFO] [stdout]    2:     0x5575018d10bc - <alloc[2182bb758b4b3781]::vec::Vec<u8> as core[df12db4294e9bfd3]::io::write::Write>::write_fmt
[INFO] [stdout]    3:     0x5575018a7ec6 - std[70759c8f55707aa4]::panicking::default_hook::{closure#0}
[INFO] [stdout]    4:     0x5575018c4d69 - std[70759c8f55707aa4]::panicking::default_hook
[INFO] [stdout]    5:     0x55750185fe50 - test[9d35eded1c95d3be]::test_main_inner::<test[9d35eded1c95d3be]::test_main_static::{closure#0}>::{closure#0}
[INFO] [stdout]    6:     0x5575018c4f22 - std[70759c8f55707aa4]::panicking::panic_with_hook
[INFO] [stdout]    7:     0x5575018a7f72 - std[70759c8f55707aa4]::panicking::panic_handler::{closure#0}
[INFO] [stdout]    8:     0x5575018a0a49 - std[70759c8f55707aa4]::sys::backtrace::__rust_end_short_backtrace::<std[70759c8f55707aa4]::panicking::panic_handler::{closure#0}, !>
[INFO] [stdout]    9:     0x5575018a8b6d - __rustc[8fa7c3cbc660c2b3]::rust_begin_unwind
[INFO] [stdout]   10:     0x5575018e1a9c - core[df12db4294e9bfd3]::panicking::panic_fmt
[INFO] [stdout]   11:     0x55750184e351 - cli_e2e[aaf9a434554c4560]::run_ok
[INFO] [stdout]   12:     0x557501850092 - <cli_e2e[aaf9a434554c4560]::lower_command_matches_the_lowered_golden::{closure#0} as core[df12db4294e9bfd3]::ops::function::FnOnce<()>>::call_once
[INFO] [stdout]   13:     0x55750185313b - test[9d35eded1c95d3be]::__rust_begin_short_backtrace::<core[df12db4294e9bfd3]::result::Result<(), alloc[2182bb758b4b3781]::string::String>, fn() -> core[df12db4294e9bfd3]::result::Result<(), alloc[2182bb758b4b3781]::string::String>>
[INFO] [stdout]   14:     0x5575018607a5 - test[9d35eded1c95d3be]::run_test::{closure#0}
[INFO] [stdout]   15:     0x55750185a064 - std[70759c8f55707aa4]::sys::backtrace::__rust_begin_short_backtrace::<test[9d35eded1c95d3be]::run_test::{closure#1}, ()>
[INFO] [stdout]   16:     0x557501863902 - <std[70759c8f55707aa4]::thread::lifecycle::spawn_unchecked<test[9d35eded1c95d3be]::run_test::{closure#1}, ()>::{closure#1} as core[df12db4294e9bfd3]::ops::function::FnOnce<()>>::call_once::{shim:vtable#0}
[INFO] [stdout]   17:     0x5575018cbf79 - <std[70759c8f55707aa4]::sys::thread::unix::Thread>::new::thread_start
[INFO] [stdout]   18:     0x7f30f029edfa - <unknown>
[INFO] [stdout]   19:     0x7f30f03323d4 - clone
[INFO] [stdout]   20:                0x0 - <unknown>
[INFO] [stdout] 
[INFO] [stdout] ---- parse_command_reports_top_level_item_count stdout ----
[INFO] [stdout] 
[INFO] [stdout] thread 'parse_command_reports_top_level_item_count' (1498) panicked at tests/cli_e2e.rs:348:5:
[INFO] [stdout] expected success, stderr was:
[INFO] [stdout] failed to read /opt/rustwide/workdir/../../examples/01_add.rs.dx: No such file or directory (os error 2)
[INFO] [stdout] 
[INFO] [stdout] stack backtrace:
[INFO] [stdout]    0:     0x5575018ccc01 - <<std[70759c8f55707aa4]::sys::backtrace::BacktraceLock>::print::DisplayBacktrace as core[df12db4294e9bfd3]::fmt::Display>::fmt
[INFO] [stdout]    1:     0x5575018e136a - core[df12db4294e9bfd3]::fmt::write
[INFO] [stdout]    2:     0x5575018d10bc - <alloc[2182bb758b4b3781]::vec::Vec<u8> as core[df12db4294e9bfd3]::io::write::Write>::write_fmt
[INFO] [stdout]    3:     0x5575018a7ec6 - std[70759c8f55707aa4]::panicking::default_hook::{closure#0}
[INFO] [stdout]    4:     0x5575018c4d69 - std[70759c8f55707aa4]::panicking::default_hook
[INFO] [stdout]    5:     0x55750185fe50 - test[9d35eded1c95d3be]::test_main_inner::<test[9d35eded1c95d3be]::test_main_static::{closure#0}>::{closure#0}
[INFO] [stdout]    6:     0x5575018c4f22 - std[70759c8f55707aa4]::panicking::panic_with_hook
[INFO] [stdout]    7:     0x5575018a7f72 - std[70759c8f55707aa4]::panicking::panic_handler::{closure#0}
[INFO] [stdout]    8:     0x5575018a0a49 - std[70759c8f55707aa4]::sys::backtrace::__rust_end_short_backtrace::<std[70759c8f55707aa4]::panicking::panic_handler::{closure#0}, !>
[INFO] [stdout]    9:     0x5575018a8b6d - __rustc[8fa7c3cbc660c2b3]::rust_begin_unwind
[INFO] [stdout]   10:     0x5575018e1a9c - core[df12db4294e9bfd3]::panicking::panic_fmt
[INFO] [stdout]   11:     0x55750184e351 - cli_e2e[aaf9a434554c4560]::run_ok
[INFO] [stdout]   12:     0x557501850aa2 - <cli_e2e[aaf9a434554c4560]::parse_command_reports_top_level_item_count::{closure#0} as core[df12db4294e9bfd3]::ops::function::FnOnce<()>>::call_once
[INFO] [stdout]   13:     0x55750185313b - test[9d35eded1c95d3be]::__rust_begin_short_backtrace::<core[df12db4294e9bfd3]::result::Result<(), alloc[2182bb758b4b3781]::string::String>, fn() -> core[df12db4294e9bfd3]::result::Result<(), alloc[2182bb758b4b3781]::string::String>>
[INFO] [stdout]   14:     0x5575018607a5 - test[9d35eded1c95d3be]::run_test::{closure#0}
[INFO] [stdout]   15:     0x55750185a064 - std[70759c8f55707aa4]::sys::backtrace::__rust_begin_short_backtrace::<test[9d35eded1c95d3be]::run_test::{closure#1}, ()>
[INFO] [stdout]   16:     0x557501863902 - <std[70759c8f55707aa4]::thread::lifecycle::spawn_unchecked<test[9d35eded1c95d3be]::run_test::{closure#1}, ()>::{closure#1} as core[df12db4294e9bfd3]::ops::function::FnOnce<()>>::call_once::{shim:vtable#0}
[INFO] [stdout]   17:     0x5575018cbf79 - <std[70759c8f55707aa4]::sys::thread::unix::Thread>::new::thread_start
[INFO] [stdout]   18:     0x7f30f029edfa - <unknown>
[INFO] [stdout]   19:     0x7f30f03323d4 - clone
[INFO] [stdout]   20:                0x0 - <unknown>
[INFO] [stdout] 
[INFO] [stdout] ---- validate_command_accepts_examples stdout ----
[INFO] [stdout] 
[INFO] [stdout] thread 'validate_command_accepts_examples' (1502) panicked at tests/cli_e2e.rs:348:5:
[INFO] [stdout] expected success, stderr was:
[INFO] [stdout] failed to read /opt/rustwide/workdir/../../examples/03_match.rs.dx: No such file or directory (os error 2)
[INFO] [stdout] 
[INFO] [stdout] stack backtrace:
[INFO] [stdout]    0:     0x5575018ccc01 - <<std[70759c8f55707aa4]::sys::backtrace::BacktraceLock>::print::DisplayBacktrace as core[df12db4294e9bfd3]::fmt::Display>::fmt
[INFO] [stdout]    1:     0x5575018e136a - core[df12db4294e9bfd3]::fmt::write
[INFO] [stdout]    2:     0x5575018d10bc - <alloc[2182bb758b4b3781]::vec::Vec<u8> as core[df12db4294e9bfd3]::io::write::Write>::write_fmt
[INFO] [stdout]    3:     0x5575018a7ec6 - std[70759c8f55707aa4]::panicking::default_hook::{closure#0}
[INFO] [stdout]    4:     0x5575018c4d69 - std[70759c8f55707aa4]::panicking::default_hook
[INFO] [stdout]    5:     0x55750185fe50 - test[9d35eded1c95d3be]::test_main_inner::<test[9d35eded1c95d3be]::test_main_static::{closure#0}>::{closure#0}
[INFO] [stdout]    6:     0x5575018c4f22 - std[70759c8f55707aa4]::panicking::panic_with_hook
[INFO] [stdout]    7:     0x5575018a7f72 - std[70759c8f55707aa4]::panicking::panic_handler::{closure#0}
[INFO] [stdout]    8:     0x5575018a0a49 - std[70759c8f55707aa4]::sys::backtrace::__rust_end_short_backtrace::<std[70759c8f55707aa4]::panicking::panic_handler::{closure#0}, !>
[INFO] [stdout]    9:     0x5575018a8b6d - __rustc[8fa7c3cbc660c2b3]::rust_begin_unwind
[INFO] [stdout]   10:     0x5575018e1a9c - core[df12db4294e9bfd3]::panicking::panic_fmt
[INFO] [stdout]   11:     0x55750184e351 - cli_e2e[aaf9a434554c4560]::run_ok
[INFO] [stdout]   12:     0x55750184f856 - <cli_e2e[aaf9a434554c4560]::validate_command_accepts_examples::{closure#0} as core[df12db4294e9bfd3]::ops::function::FnOnce<()>>::call_once
[INFO] [stdout]   13:     0x55750185313b - test[9d35eded1c95d3be]::__rust_begin_short_backtrace::<core[df12db4294e9bfd3]::result::Result<(), alloc[2182bb758b4b3781]::string::String>, fn() -> core[df12db4294e9bfd3]::result::Result<(), alloc[2182bb758b4b3781]::string::String>>
[INFO] [stdout]   14:     0x5575018607a5 - test[9d35eded1c95d3be]::run_test::{closure#0}
[INFO] [stdout]   15:     0x55750185a064 - std[70759c8f55707aa4]::sys::backtrace::__rust_begin_short_backtrace::<test[9d35eded1c95d3be]::run_test::{closure#1}, ()>
[INFO] [stdout]   16:     0x557501863902 - <std[70759c8f55707aa4]::thread::lifecycle::spawn_unchecked<test[9d35eded1c95d3be]::run_test::{closure#1}, ()>::{closure#1} as core[df12db4294e9bfd3]::ops::function::FnOnce<()>>::call_once::{shim:vtable#0}
[INFO] [stdout]   17:     0x5575018cbf79 - <std[70759c8f55707aa4]::sys::thread::unix::Thread>::new::thread_start
[INFO] [stdout]   18:     0x7f30f029edfa - <unknown>
[INFO] [stdout]   19:     0x7f30f03323d4 - clone
[INFO] [stdout]   20:                0x0 - <unknown>
[INFO] [stdout] 
[INFO] [stdout] 
[INFO] [stdout] failures:
[INFO] [stdout]     dump_json_command_matches_the_json_golden
[INFO] [stdout]     fmt_command_matches_the_canonical_golden
[INFO] [stdout]     lower_command_matches_the_lowered_golden
[INFO] [stdout]     lower_rust_command_matches_the_lowered_golden
[INFO] [stdout]     parse_command_reports_top_level_item_count
[INFO] [stdout]     validate_command_accepts_examples
[INFO] [stdout] 
[INFO] [stdout] test result: FAILED. 10 passed; 6 failed; 0 ignored; 0 measured; 0 filtered out; finished in 0.05s
[INFO] [stdout] 
[INFO] [stderr] error: test failed, to rerun pass `--test cli_e2e`
[INFO] running `Command { std: "docker" "inspect" "1d3129c2cb8e8e636200d373de92ba078278f6686d7e7f08efb1fb35bf16f097", kill_on_drop: false }`
[INFO] running `Command { std: "docker" "rm" "-f" "1d3129c2cb8e8e636200d373de92ba078278f6686d7e7f08efb1fb35bf16f097", kill_on_drop: false }`
[INFO] [stdout] 1d3129c2cb8e8e636200d373de92ba078278f6686d7e7f08efb1fb35bf16f097
