[INFO] fetching crate dracon-security 0.4.0...
[INFO] testing dracon-security-0.4.0 against 1.99.0-beta.8+cargoflags=--release for beta-release-1.100-2
[INFO] extracting crate dracon-security 0.4.0 into /workspace/builds/worker-2-tc1/source
[INFO] started tweaking crates.io crate dracon-security 0.4.0
[INFO] removed 0 missing tests
[INFO] finished tweaking crates.io crate dracon-security 0.4.0
[INFO] tweaked toml for crates.io crate dracon-security 0.4.0 written to /workspace/builds/worker-2-tc1/source/Cargo.toml
[INFO] validating manifest of crates.io crate dracon-security 0.4.0 on toolchain 1.99.0-beta.8
[INFO] running `Command { std: CARGO_HOME="/workspace/cargo-home" RUSTUP_HOME="/workspace/rustup-home" "/workspace/cargo-home/bin/cargo" "+1.99.0-beta.8" "metadata" "--manifest-path" "Cargo.toml" "--no-deps", kill_on_drop: false }`
[INFO] crate crates.io crate dracon-security 0.4.0 already has a lockfile, it will not be regenerated
[INFO] running `Command { std: CARGO_HOME="/workspace/cargo-home" RUSTUP_HOME="/workspace/rustup-home" "/workspace/cargo-home/bin/cargo" "+1.99.0-beta.8" "fetch" "--manifest-path" "Cargo.toml", kill_on_drop: false }`
[INFO] [stderr]     Updating crates.io index
[INFO] [stderr]  Downloading crates ...
[INFO] [stderr]   Downloaded i18n-embed-fl v0.7.0
[INFO] [stderr]   Downloaded cfb-mode v0.8.2
[INFO] [stderr]   Downloaded i18n-embed v0.14.1
[INFO] [stderr]   Downloaded fluent-syntax v0.11.1
[INFO] [stderr]   Downloaded fluent v0.16.1
[INFO] [stderr]   Downloaded self_cell v0.10.3
[INFO] [stderr]   Downloaded age-core v0.10.0
[INFO] [stderr]   Downloaded fluent-bundle v0.15.3
[INFO] [stderr]   Downloaded age v0.10.1
[INFO] running `Command { std: "docker" "create" "-v" "/var/lib/crater-agent-workspace/builds/worker-2-tc1/source:/opt/rustwide/workdir:ro,Z" "-v" "/var/lib/crater-agent-workspace/builds/worker-2-tc1/target:/opt/rustwide/target:rw,Z" "-v" "/var/lib/crater-agent-workspace/cargo-home:/opt/rustwide/cargo-home:ro,Z" "-v" "/var/lib/crater-agent-workspace/rustup-home:/opt/rustwide/rustup-home:ro,Z" "-m" "1610612736" "--network" "none" "ghcr.io/rust-lang/crates-build-env/linux@sha256:77db811e55d90add9212f6832c23229e3de5f1c1f9905e8cb07319ea15df73ac" "sleep" "infinity", kill_on_drop: false }`
[INFO] [stdout] cc6c59fc8f5407a13bda4c2110d2982ec29ac3d1f79eb1223ffe3271f86c8852
[INFO] running `Command { std: "docker" "start" "cc6c59fc8f5407a13bda4c2110d2982ec29ac3d1f79eb1223ffe3271f86c8852", kill_on_drop: false }`
[INFO] running `Command { std: "docker" "inspect" "cc6c59fc8f5407a13bda4c2110d2982ec29ac3d1f79eb1223ffe3271f86c8852", kill_on_drop: false }`
[INFO] running `Command { std: "docker" "exec" "-e" "SOURCE_DIR=/opt/rustwide/workdir" "-e" "CARGO_HOME=/opt/rustwide/cargo-home" "-e" "RUSTUP_HOME=/opt/rustwide/rustup-home" "-e" "CARGO_TARGET_DIR=/opt/rustwide/target" "-w" "/opt/rustwide/workdir" "--user" "0:0" "cc6c59fc8f5407a13bda4c2110d2982ec29ac3d1f79eb1223ffe3271f86c8852" "/opt/rustwide/cargo-home/bin/cargo" "+1.99.0-beta.8" "metadata" "--no-deps" "--format-version=1", kill_on_drop: false }`
[INFO] running `Command { std: "docker" "inspect" "cc6c59fc8f5407a13bda4c2110d2982ec29ac3d1f79eb1223ffe3271f86c8852", kill_on_drop: false }`
[INFO] running `Command { std: "docker" "exec" "-e" "SOURCE_DIR=/opt/rustwide/workdir" "-e" "CARGO_HOME=/opt/rustwide/cargo-home" "-e" "RUSTUP_HOME=/opt/rustwide/rustup-home" "-e" "CARGO_TARGET_DIR=/opt/rustwide/target" "-e" "CARGO_INCREMENTAL=0" "-e" "RUST_BACKTRACE=full" "-e" "RUSTFLAGS=--cap-lints=warn" "-e" "RUSTDOCFLAGS=--cap-lints=warn" "-w" "/opt/rustwide/workdir" "--user" "0:0" "cc6c59fc8f5407a13bda4c2110d2982ec29ac3d1f79eb1223ffe3271f86c8852" "/opt/rustwide/cargo-home/bin/cargo" "+1.99.0-beta.8" "build" "--frozen" "--message-format=json" "--release", kill_on_drop: false }`
[INFO] [stderr]    Compiling syn v3.0.6
[INFO] [stderr]    Compiling subtle v2.6.1
[INFO] [stderr]    Compiling zeroize_derive v1.5.0
[INFO] [stderr]    Compiling thiserror-impl v1.0.69
[INFO] [stderr]    Compiling typenum v1.20.1
[INFO] [stderr]    Compiling getrandom v0.2.17
[INFO] [stderr]    Compiling serde v1.0.229
[INFO] [stderr]    Compiling thiserror v1.0.69
[INFO] [stderr]    Compiling const-oid v0.10.2
[INFO] [stderr]    Compiling unicase v2.9.0
[INFO] [stderr]    Compiling cpufeatures v0.3.1
[INFO] [stderr]    Compiling mime v0.3.17
[INFO] [stderr]    Compiling smallvec v1.16.1
[INFO] [stderr]    Compiling block-buffer v0.10.4
[INFO] [stderr]    Compiling inout v0.1.4
[INFO] [stderr]    Compiling futures-core v0.3.34
[INFO] [stderr]    Compiling semver v1.0.28
[INFO] [stderr]    Compiling zerocopy v0.8.57
[INFO] [stderr]    Compiling rustc-hash v2.1.3
[INFO] [stderr]    Compiling futures-sink v0.3.34
[INFO] [stderr]    Compiling futures-io v0.3.34
[INFO] [stderr]    Compiling futures-channel v0.3.34
[INFO] [stderr]    Compiling type-map v0.5.1
[INFO] [stderr]    Compiling futures-task v0.3.34
[INFO] [stderr]    Compiling self_cell v1.3.0
[INFO] [stderr]    Compiling mime_guess v2.0.5
[INFO] [stderr]    Compiling rand_core v0.6.4
[INFO] [stderr]    Compiling digest v0.11.3
[INFO] [stderr]    Compiling self_cell v0.10.3
[INFO] [stderr]    Compiling rustc_version v0.4.1
[INFO] [stderr]    Compiling parking_lot_core v0.9.12
[INFO] [stderr]    Compiling rustc-hash v1.1.0
[INFO] [stderr]    Compiling curve25519-dalek-derive v0.1.1
[INFO] [stderr]    Compiling crypto-common v0.1.7
[INFO] [stderr]    Compiling proc-macro-error-attr v1.0.4
[INFO] [stderr]    Compiling syn v1.0.109
[INFO] [stderr]    Compiling arc-swap v1.9.2
[INFO] [stderr]    Compiling sha2 v0.11.0
[INFO] [stderr]    Compiling digest v0.10.7
[INFO] [stderr]    Compiling universal-hash v0.5.1
[INFO] [stderr]    Compiling curve25519-dalek v4.1.3
[INFO] [stderr]    Compiling hmac v0.12.1
[INFO] [stderr]    Compiling zeroize v1.9.0
[INFO] [stderr]    Compiling sha2 v0.10.9
[INFO] [stderr]    Compiling aead v0.5.2
[INFO] [stderr]    Compiling poly1305 v0.8.0
[INFO] [stderr]    Compiling parking_lot v0.12.5
[INFO] [stderr]    Compiling hashbrown v0.14.5
[INFO] [stderr]    Compiling minimal-lexical v0.2.1
[INFO] [stderr]    Compiling cipher v0.4.4
[INFO] [stderr]    Compiling lazy_static v1.5.0
[INFO] [stderr]    Compiling regex-automata v0.4.18
[INFO] [stderr]    Compiling chacha20 v0.9.1
[INFO] [stderr]    Compiling nom v7.1.3
[INFO] [stderr]    Compiling proc-macro-error v1.0.4
[INFO] [stderr]    Compiling salsa20 v0.10.2
[INFO] [stderr]    Compiling chacha20poly1305 v0.10.1
[INFO] [stderr]    Compiling fluent-syntax v0.11.1
[INFO] [stderr]    Compiling hkdf v0.12.4
[INFO] [stderr]    Compiling hybrid-array v0.4.15
[INFO] [stderr]    Compiling pbkdf2 v0.12.2
[INFO] [stderr]    Compiling polyval v0.6.2
[INFO] [stderr]    Compiling dashmap v5.5.3
[INFO] [stderr]    Compiling pin-project-internal v1.1.13
[INFO] [stderr]    Compiling signature v2.2.0
[INFO] [stderr]    Compiling option-ext v0.2.0
[INFO] [stderr]    Compiling io_tee v0.1.1
[INFO] [stderr]    Compiling serde_json v1.0.151
[INFO] [stderr]    Compiling dirs-sys v0.5.0
[INFO] [stderr]    Compiling ed25519 v2.2.3
[INFO] [stderr]    Compiling scrypt v0.11.0
[INFO] [stderr]    Compiling ghash v0.5.1
[INFO] [stderr]    Compiling ctr v0.9.2
[INFO] [stderr]    Compiling aes v0.8.4
[INFO] [stderr]    Compiling rust-embed-utils v8.12.0
[INFO] [stderr]    Compiling bech32 v0.9.1
[INFO] [stderr]    Compiling x25519-dalek v2.0.1
[INFO] [stderr]    Compiling crypto-common v0.2.2
[INFO] [stderr]    Compiling block-buffer v0.12.1
[INFO] [stderr]    Compiling ed25519-dalek v2.2.0
[INFO] [stderr]    Compiling uuid v1.26.1
[INFO] [stderr]    Compiling dirs v6.0.0
[INFO] [stderr]    Compiling bech32 v0.11.1
[INFO] [stderr]    Compiling pin-project v1.1.13
[INFO] [stderr]    Compiling aes-gcm v0.10.3
[INFO] [stderr]    Compiling displaydoc v0.2.7
[INFO] [stderr]    Compiling serde_derive v1.0.229
[INFO] [stderr]    Compiling futures-macro v0.3.34
[INFO] [stderr]    Compiling tinystr v0.8.4
[INFO] [stderr]    Compiling unic-langid-impl v0.9.6
[INFO] [stderr]    Compiling futures-util v0.3.34
[INFO] [stderr]    Compiling rust-embed-impl v8.12.0
[INFO] [stderr]    Compiling unic-langid v0.9.6
[INFO] [stderr]    Compiling fluent-langneg v0.13.1
[INFO] [stderr]    Compiling intl-memoizer v0.5.3
[INFO] [stderr]    Compiling intl_pluralrules v7.0.2
[INFO] [stderr]    Compiling fluent-bundle v0.15.3
[INFO] [stderr]    Compiling rust-embed v8.12.0
[INFO] [stderr]    Compiling globset v0.4.20
[INFO] [stderr]    Compiling regex v1.13.1
[INFO] [stderr]    Compiling fluent v0.16.1
[INFO] [stderr]    Compiling ppv-lite86 v0.2.21
[INFO] [stderr]    Compiling rand_chacha v0.3.1
[INFO] [stderr]    Compiling rand v0.8.8
[INFO] [stderr]    Compiling secrecy v0.8.0
[INFO] [stderr]    Compiling basic-toml v0.1.10
[INFO] [stderr]    Compiling toml v0.5.11
[INFO] [stderr]    Compiling i18n-config v0.4.8
[INFO] [stderr]    Compiling futures-executor v0.3.34
[INFO] [stderr]    Compiling futures v0.3.34
[INFO] [stderr]    Compiling cookie-factory v0.3.3
[INFO] [stderr]    Compiling find-crate v0.6.3
[INFO] [stderr]    Compiling i18n-embed-impl v0.8.4
[INFO] [stderr]    Compiling age-core v0.10.0
[INFO] [stderr]    Compiling i18n-embed v0.14.1
[INFO] [stderr]    Compiling i18n-embed-fl v0.7.0
[INFO] [stderr]    Compiling age v0.10.1
[INFO] [stderr]    Compiling dracon-security v0.4.0 (/opt/rustwide/workdir)
[INFO] [stderr]     Finished `release` profile [optimized] target(s) in 54.22s
[INFO] running `Command { std: "docker" "inspect" "cc6c59fc8f5407a13bda4c2110d2982ec29ac3d1f79eb1223ffe3271f86c8852", kill_on_drop: false }`
[INFO] running `Command { std: "docker" "exec" "-e" "SOURCE_DIR=/opt/rustwide/workdir" "-e" "CARGO_HOME=/opt/rustwide/cargo-home" "-e" "RUSTUP_HOME=/opt/rustwide/rustup-home" "-e" "CARGO_TARGET_DIR=/opt/rustwide/target" "-e" "CARGO_INCREMENTAL=0" "-e" "RUST_BACKTRACE=full" "-e" "RUSTFLAGS=--cap-lints=warn" "-e" "RUSTDOCFLAGS=--cap-lints=warn" "-w" "/opt/rustwide/workdir" "--user" "0:0" "cc6c59fc8f5407a13bda4c2110d2982ec29ac3d1f79eb1223ffe3271f86c8852" "/opt/rustwide/cargo-home/bin/cargo" "+1.99.0-beta.8" "test" "--frozen" "--no-run" "--message-format=json" "--release", kill_on_drop: false }`
[INFO] [stderr]    Compiling getrandom v0.3.4
[INFO] [stderr]    Compiling tempfile v3.27.0
[INFO] [stderr]    Compiling cfb-mode v0.8.2
[INFO] [stderr]    Compiling rand_core v0.9.5
[INFO] [stderr]    Compiling rand v0.9.4
[INFO] [stderr]    Compiling rand_chacha v0.9.0
[INFO] [stderr]    Compiling rand_xorshift v0.4.0
[INFO] [stderr]    Compiling rusty-fork v0.3.1
[INFO] [stderr]    Compiling proptest v1.11.0
[INFO] [stderr]    Compiling dracon-security v0.4.0 (/opt/rustwide/workdir)
[INFO] [stderr]     Finished `release` profile [optimized] target(s) in 27.28s
[INFO] running `Command { std: "docker" "inspect" "cc6c59fc8f5407a13bda4c2110d2982ec29ac3d1f79eb1223ffe3271f86c8852", kill_on_drop: false }`
[INFO] running `Command { std: "docker" "exec" "-e" "SOURCE_DIR=/opt/rustwide/workdir" "-e" "CARGO_HOME=/opt/rustwide/cargo-home" "-e" "RUSTUP_HOME=/opt/rustwide/rustup-home" "-e" "CARGO_TARGET_DIR=/opt/rustwide/target" "-e" "CARGO_INCREMENTAL=0" "-e" "RUST_BACKTRACE=full" "-e" "RUSTFLAGS=--cap-lints=warn" "-e" "RUSTDOCFLAGS=--cap-lints=warn" "-w" "/opt/rustwide/workdir" "--user" "0:0" "cc6c59fc8f5407a13bda4c2110d2982ec29ac3d1f79eb1223ffe3271f86c8852" "/opt/rustwide/cargo-home/bin/cargo" "+1.99.0-beta.8" "test" "--frozen" "--release", kill_on_drop: false }`
[INFO] [stderr]     Finished `release` profile [optimized] target(s) in 0.21s
[INFO] [stderr]      Running unittests src/lib.rs (/opt/rustwide/target/release/deps/dracon_security-d62e622cd608ce80)
[INFO] [stdout] 
[INFO] [stdout] running 79 tests
[INFO] [stdout] test tests::test_demon_security_once_cell_caching ... ok
[INFO] [stdout] test tests::test_encrypt_v2_binary_data ... ok
[INFO] [stdout] test tests::d3_removed_apis_stay_removed ... ok
[INFO] [stdout] test modules::backup::tests::write_backup_retries_when_timestamp_already_exists ... ok
[INFO] [stdout] test tests::test_decrypt_v2_requires_master_identity ... ok
[INFO] [stdout] test modules::scanner::tests::test_hook_shapes_cover_tier1_names ... ok
[INFO] [stdout] test tests::test_encrypt_v2_decrypt_v2_roundtrip ... ok
[INFO] [stdout] test modules::scanner::tests::test_hook_shapes_are_posix_ere ... ok
[INFO] [stdout] test tests::test_encrypt_v2_empty_data ... ok
[INFO] [stdout] test tests::test_encrypt_v2_for_all_roundtrip ... ok
[INFO] [stdout] test tests::test_encrypt_v2_for_all_empty_data ... ok
[INFO] [stdout] test modules::crypto::authorization_tests::delegated_dh_cannot_forge_owner_authorization_signature ... ok
[INFO] [stdout] test tests::test_env_versioning_increment_flow ... FAILED
[INFO] [stdout] test tests::test_env_reencryption_preserves_body_whitespace ... FAILED
[INFO] [stdout] test tests::test_gather_all_recipients_rejects_symlinked_repo_recipient_file ... ok
[INFO] [stdout] test tests::test_gather_all_recipients_rejects_symlinked_repo_key_directory ... ok
[INFO] [stdout] test tests::test_fresh_env_with_warden_comment_gets_v1_header ... ok
[INFO] [stdout] test tests::test_decrypt_v2_fails_with_wrong_identity ... ok
[INFO] [stdout] test tests::media_patterns_whole_file_encrypt_matched_binaries_only ... FAILED
[INFO] [stdout] test tests::test_get_env_version_extracts_version ... ok
[INFO] [stdout] test tests::test_gather_all_recipients_separates_symlinked_home_repo ... ok
[INFO] [stdout] test tests::test_git_seal_v1_rejects_ascii_prefix_binary_tail ... ok
[INFO] [stdout] test tests::test_git_seal_v1_rejects_short_valid_text_wrong_key ... ok
[INFO] [stdout] test tests::test_gather_all_recipients_separates_overlapping_home_repo ... ok
[INFO] [stdout] test modules::scanner::tests::test_hook_shapes_detect_their_tokens ... ok
[INFO] [stdout] test tests::test_clean_encrypts_tag_shaped_plaintext_protected_file ... ok
[INFO] [stdout] test tests::test_get_env_version_edge_cases ... ok
[INFO] [stdout] test tests::test_gather_all_recipients_validates_recipient_files ... ok
[INFO] [stdout] test tests::test_inline_tag_still_uses_smart_smudge ... ok
[INFO] [stdout] test tests::test_is_env_version_managed ... ok
[INFO] [stdout] test tests::test_make_env_version_header_increments_version ... ok
[INFO] [stdout] test tests::test_is_inside_secret_tag_detection ... ok
[INFO] [stdout] test tests::test_marker_migration_in_place ... ok
[INFO] [stdout] test modules::crypto::authorization_tests::delegated_machine_identity_cannot_authorize_new_recipient ... ok
[INFO] [stdout] test tests::test_managed_patterns_override_roundtrip ... ok
[INFO] [stdout] test tests::test_normalize_secret_marker_invalid ... ok
[INFO] [stdout] test tests::test_normalize_secret_marker_valid ... ok
[INFO] [stdout] test tests::test_path_is_protected_doublestar_components ... ok
[INFO] [stdout] test tests::test_path_is_protected_directory_prefix ... ok
[INFO] [stdout] test tests::test_path_is_protected_legacy_empty_passes_everything ... ok
[INFO] [stdout] test tests::test_path_is_protected_single_star_matches_one_component ... ok
[INFO] [stdout] test tests::test_path_is_protected_source_code_excluded ... ok
[INFO] [stdout] test tests::test_path_is_protected_path_patterns_are_repository_relative ... ok
[INFO] [stdout] test tests::test_path_is_protected_env_pattern ... ok
[INFO] [stdout] test tests::test_managed_env_body_version_line_does_not_drive_increment ... ok
[INFO] [stdout] test tests::test_managed_media_patterns_override_roundtrip ... FAILED
[INFO] [stdout] test tests::test_merge_clean_whole_file_ancestor_stays_encrypted ... ok
[INFO] [stdout] test tests::test_smart_clean_skips_unprotected_large_input_when_patterns_set ... ok
[INFO] [stdout] test tests::test_smart_smudge_preserves_tag_with_binary_plaintext ... ok
[INFO] [stdout] test tests::test_smudge_entrypoint_binary_roundtrip_byte_identical ... ok
[INFO] [stdout] test tests::test_smudge_passes_binary_unchanged ... ok
[INFO] [stdout] test tests::test_smudge_passes_through_tag_shaped_plaintext ... ok
[INFO] [stdout] test tests::test_smudge_preserves_invalid_utf8_with_literal_marker ... ok
[INFO] [stdout] test tests::test_smudge_robustness ... ok
[INFO] [stdout] test tests::test_smudge_roundtrips_inline_secret_with_nul ... ok
[INFO] [stdout] test tests::test_strip_env_version_header_only_strips_top_marker ... ok
[INFO] [stdout] test tests::test_strip_env_version_header_passthrough_when_no_header ... ok
[INFO] [stdout] test tests::test_strip_env_version_header_preserves_body_whitespace ... ok
[INFO] [stdout] test tests::test_strip_env_version_header_removes_header ... ok
[INFO] [stdout] test tests::test_tag_shaped_plaintext_is_not_recognized ... ok
[INFO] [stdout] test tests::test_unlock_payload_error_has_no_ciphertext_dump ... ok
[INFO] [stdout] test tests::test_unlock_payload_v2_roundtrip ... ok
[INFO] [stdout] test tests::test_whole_file_tag_binary_roundtrip_byte_identical ... ok
[INFO] [stdout] test tests::test_whole_file_tag_tolerates_crlf_and_multiple_newlines ... ok
[INFO] [stdout] test modules::scanner::tests::test_scanner_truncates_utf8_snippet_at_char_boundary ... ok
[INFO] [stdout] test modules::scanner::tests::test_scanner_custom_patterns_empty ... ok
[INFO] [stdout] test tests::test_slack_bot_token_compact_has_length_cap ... ok
[INFO] [stdout] test tests::test_mailgun_key_accepts_variable_length ... ok
[INFO] [stdout] test modules::scanner::tests::test_scanner_with_custom_patterns ... ok
[INFO] [stdout] test tests::test_github_token_patterns_accept_variable_length ... ok
[INFO] [stdout] test tests::test_slack_bot_token_compact ... ok
[INFO] [stdout] test tests::test_high_entropy_secret_quoted_requires_context ... ok
[INFO] [stdout] test tests::test_smart_clean_with_path_tier1_covers_unprotected_source_code ... ok
[INFO] [stdout] test tests::test_protection_exemptions ... ok
[INFO] [stdout] test tests::media_match_passes_the_gate_without_flipping_legacy_posture ... ok
[INFO] [stdout] test tests::test_hex_secret_quoted_requires_context ... ok
[INFO] [stdout] test tests::test_smart_clean_with_path_honors_single_star_attributes ... ok
[INFO] [stdout] test tests::test_merge_clean_inline_ancestor_stays_inline ... ok
[INFO] [stdout] test tests::test_inline_roundtrip_arbitrary_unicode_context ... ok
[INFO] [stdout] 
[INFO] [stdout] failures:
[INFO] [stdout] 
[INFO] [stdout] ---- tests::test_env_versioning_increment_flow stdout ----
[INFO] [stdout] ⚠️ Failed to load master identities: No valid identities found in any search path.
[INFO] [stdout] 
[INFO] [stdout] thread 'tests::test_env_versioning_increment_flow' (2734) panicked at src/lib.rs:2229:14:
[INFO] [stdout] called `Result::unwrap()` on an `Err` value: Failed to encrypt sensitive file: No master identity or public recipients found for encryption
[INFO] [stdout] 
[INFO] [stdout] Stack backtrace:
[INFO] [stdout]    0: <anyhow::Error>::msg::<alloc::string::String>
[INFO] [stdout]    1: <dracon_security::WardenSecurity>::encrypt_v2_to_b64_tag
[INFO] [stdout]    2: <dracon_security::WardenSecurity>::smart_clean_with_path
[INFO] [stdout]    3: dracon_security::tests::test_env_versioning_increment_flow
[INFO] [stdout]    4: <dracon_security::tests::test_env_versioning_increment_flow::{closure#0} as core::ops::function::FnOnce<()>>::call_once
[INFO] [stdout]    5: test::__rust_begin_short_backtrace::<core::result::Result<(), alloc::string::String>, fn() -> core::result::Result<(), alloc::string::String>>
[INFO] [stdout]    6: test::run_test::{closure#0}
[INFO] [stdout]    7: std::sys::backtrace::__rust_begin_short_backtrace::<test::run_test::{closure#1}, ()>
[INFO] [stdout]    8: <std::thread::lifecycle::spawn_unchecked<test::run_test::{closure#1}, ()>::{closure#1} as core::ops::function::FnOnce<()>>::call_once::{shim:vtable#0}
[INFO] [stdout]    9: <std::sys::thread::unix::Thread>::new::thread_start
[INFO] [stdout]   10: <unknown>
[INFO] [stdout]   11: clone
[INFO] [stdout] stack backtrace:
[INFO] [stdout]    0:     0x61ef763b93d1 - <<std[70759c8f55707aa4]::sys::backtrace::BacktraceLock>::print::DisplayBacktrace as core[df12db4294e9bfd3]::fmt::Display>::fmt
[INFO] [stdout]    1:     0x61ef763d1d6a - core[df12db4294e9bfd3]::fmt::write
[INFO] [stdout]    2:     0x61ef763be4ec - <alloc[2182bb758b4b3781]::vec::Vec<u8> as core[df12db4294e9bfd3]::io::write::Write>::write_fmt
[INFO] [stdout]    3:     0x61ef763919f6 - std[70759c8f55707aa4]::panicking::default_hook::{closure#0}
[INFO] [stdout]    4:     0x61ef763affe9 - std[70759c8f55707aa4]::panicking::default_hook
[INFO] [stdout]    5:     0x61ef76205150 - test[9d35eded1c95d3be]::test_main_inner::<test[9d35eded1c95d3be]::test_main_static::{closure#0}>::{closure#0}
[INFO] [stdout]    6:     0x61ef763b0312 - std[70759c8f55707aa4]::panicking::panic_with_hook
[INFO] [stdout]    7:     0x61ef76391aa2 - std[70759c8f55707aa4]::panicking::panic_handler::{closure#0}
[INFO] [stdout]    8:     0x61ef76389d29 - std[70759c8f55707aa4]::sys::backtrace::__rust_end_short_backtrace::<std[70759c8f55707aa4]::panicking::panic_handler::{closure#0}, !>
[INFO] [stdout]    9:     0x61ef76392abd - __rustc[8fa7c3cbc660c2b3]::rust_begin_unwind
[INFO] [stdout]   10:     0x61ef763d254c - core[df12db4294e9bfd3]::panicking::panic_fmt
[INFO] [stdout]   11:     0x61ef763d2322 - core[df12db4294e9bfd3]::result::unwrap_failed
[INFO] [stdout]   12:     0x61ef761834bf - dracon_security[18f0f27109e84483]::tests::test_env_versioning_increment_flow
[INFO] [stdout]   13:     0x61ef7617e1f9 - <dracon_security[18f0f27109e84483]::tests::test_env_versioning_increment_flow::{closure#0} as core[df12db4294e9bfd3]::ops::function::FnOnce<()>>::call_once
[INFO] [stdout]   14:     0x61ef761f843b - test[9d35eded1c95d3be]::__rust_begin_short_backtrace::<core[df12db4294e9bfd3]::result::Result<(), alloc[2182bb758b4b3781]::string::String>, fn() -> core[df12db4294e9bfd3]::result::Result<(), alloc[2182bb758b4b3781]::string::String>>
[INFO] [stdout]   15:     0x61ef76205aa5 - test[9d35eded1c95d3be]::run_test::{closure#0}
[INFO] [stdout]   16:     0x61ef761ff364 - std[70759c8f55707aa4]::sys::backtrace::__rust_begin_short_backtrace::<test[9d35eded1c95d3be]::run_test::{closure#1}, ()>
[INFO] [stdout]   17:     0x61ef76208c02 - <std[70759c8f55707aa4]::thread::lifecycle::spawn_unchecked<test[9d35eded1c95d3be]::run_test::{closure#1}, ()>::{closure#1} as core[df12db4294e9bfd3]::ops::function::FnOnce<()>>::call_once::{shim:vtable#0}
[INFO] [stdout]   18:     0x61ef763b83e9 - <std[70759c8f55707aa4]::sys::thread::unix::Thread>::new::thread_start
[INFO] [stdout]   19:     0x735575d5adfa - <unknown>
[INFO] [stdout]   20:     0x735575dee3d4 - clone
[INFO] [stdout]   21:                0x0 - <unknown>
[INFO] [stdout] 
[INFO] [stdout] ---- tests::test_env_reencryption_preserves_body_whitespace stdout ----
[INFO] [stdout] 
[INFO] [stdout] thread 'tests::test_env_reencryption_preserves_body_whitespace' (2733) panicked at src/lib.rs:2119:67:
[INFO] [stdout] called `Result::unwrap()` on an `Err` value: Failed to encrypt sensitive file: No master identity or public recipients found for encryption
[INFO] [stdout] 
[INFO] [stdout] Stack backtrace:
[INFO] [stdout]    0: <anyhow::Error>::msg::<alloc::string::String>
[INFO] [stdout]    1: <dracon_security::WardenSecurity>::encrypt_v2_to_b64_tag
[INFO] [stdout]    2: <dracon_security::WardenSecurity>::smart_clean_with_path
[INFO] [stdout]    3: dracon_security::tests::test_env_reencryption_preserves_body_whitespace
[INFO] [stdout]    4: <dracon_security::tests::test_env_reencryption_preserves_body_whitespace::{closure#0} as core::ops::function::FnOnce<()>>::call_once
[INFO] [stdout]    5: test::__rust_begin_short_backtrace::<core::result::Result<(), alloc::string::String>, fn() -> core::result::Result<(), alloc::string::String>>
[INFO] [stdout]    6: test::run_test::{closure#0}
[INFO] [stdout]    7: std::sys::backtrace::__rust_begin_short_backtrace::<test::run_test::{closure#1}, ()>
[INFO] [stdout]    8: <std::thread::lifecycle::spawn_unchecked<test::run_test::{closure#1}, ()>::{closure#1} as core::ops::function::FnOnce<()>>::call_once::{shim:vtable#0}
[INFO] [stdout]    9: <std::sys::thread::unix::Thread>::new::thread_start
[INFO] [stdout]   10: <unknown>
[INFO] [stdout]   11: clone
[INFO] [stdout] stack backtrace:
[INFO] [stdout]    0:     0x61ef763b93d1 - <<std[70759c8f55707aa4]::sys::backtrace::BacktraceLock>::print::DisplayBacktrace as core[df12db4294e9bfd3]::fmt::Display>::fmt
[INFO] [stdout]    1:     0x61ef763d1d6a - core[df12db4294e9bfd3]::fmt::write
[INFO] [stdout]    2:     0x61ef763be4ec - <alloc[2182bb758b4b3781]::vec::Vec<u8> as core[df12db4294e9bfd3]::io::write::Write>::write_fmt
[INFO] [stdout]    3:     0x61ef763919f6 - std[70759c8f55707aa4]::panicking::default_hook::{closure#0}
[INFO] [stdout]    4:     0x61ef763affe9 - std[70759c8f55707aa4]::panicking::default_hook
[INFO] [stdout]    5:     0x61ef76205150 - test[9d35eded1c95d3be]::test_main_inner::<test[9d35eded1c95d3be]::test_main_static::{closure#0}>::{closure#0}
[INFO] [stdout]    6:     0x61ef763b0312 - std[70759c8f55707aa4]::panicking::panic_with_hook
[INFO] [stdout]    7:     0x61ef76391aa2 - std[70759c8f55707aa4]::panicking::panic_handler::{closure#0}
[INFO] [stdout]    8:     0x61ef76389d29 - std[70759c8f55707aa4]::sys::backtrace::__rust_end_short_backtrace::<std[70759c8f55707aa4]::panicking::panic_handler::{closure#0}, !>
[INFO] [stdout]    9:     0x61ef76392abd - __rustc[8fa7c3cbc660c2b3]::rust_begin_unwind
[INFO] [stdout]   10:     0x61ef763d254c - core[df12db4294e9bfd3]::panicking::panic_fmt
[INFO] [stdout]   11:     0x61ef763d2322 - core[df12db4294e9bfd3]::result::unwrap_failed
[INFO] [stdout]   12:     0x61ef7618871c - dracon_security[18f0f27109e84483]::tests::test_env_reencryption_preserves_body_whitespace
[INFO] [stdout]   13:     0x61ef7617e4f9 - <dracon_security[18f0f27109e84483]::tests::test_env_reencryption_preserves_body_whitespace::{closure#0} as core[df12db4294e9bfd3]::ops::function::FnOnce<()>>::call_once
[INFO] [stdout]   14:     0x61ef761f843b - test[9d35eded1c95d3be]::__rust_begin_short_backtrace::<core[df12db4294e9bfd3]::result::Result<(), alloc[2182bb758b4b3781]::string::String>, fn() -> core[df12db4294e9bfd3]::result::Result<(), alloc[2182bb758b4b3781]::string::String>>
[INFO] [stdout]   15:     0x61ef76205aa5 - test[9d35eded1c95d3be]::run_test::{closure#0}
[INFO] [stdout]   16:     0x61ef761ff364 - std[70759c8f55707aa4]::sys::backtrace::__rust_begin_short_backtrace::<test[9d35eded1c95d3be]::run_test::{closure#1}, ()>
[INFO] [stdout]   17:     0x61ef76208c02 - <std[70759c8f55707aa4]::thread::lifecycle::spawn_unchecked<test[9d35eded1c95d3be]::run_test::{closure#1}, ()>::{closure#1} as core[df12db4294e9bfd3]::ops::function::FnOnce<()>>::call_once::{shim:vtable#0}
[INFO] [stdout]   18:     0x61ef763b83e9 - <std[70759c8f55707aa4]::sys::thread::unix::Thread>::new::thread_start
[INFO] [stdout]   19:     0x735575d5adfa - <unknown>
[INFO] [stdout]   20:     0x735575dee3d4 - clone
[INFO] [stdout]   21:                0x0 - <unknown>
[INFO] [stdout] 
[INFO] [stdout] ---- tests::media_patterns_whole_file_encrypt_matched_binaries_only stdout ----
[INFO] [stdout] ⚠️ Failed to load master identities: No valid identities found in any search path.
[INFO] [stdout] ⚠️ Failed to load master identities: No valid identities found in any search path.
[INFO] [stdout] ⚠️ whole-file tag decryption failed: Decryption failed after trying all keys (V2 + V1 + Keychain). Payload: age-format=true, len=252
[INFO] [stdout] 
[INFO] [stdout] thread 'tests::media_patterns_whole_file_encrypt_matched_binaries_only' (2723) panicked at src/lib.rs:1616:9:
[INFO] [stdout] assertion `left == right` failed
[INFO] [stdout]   left: [91, 68, 82, 65, 67, 79, 78, 95, 83, 69, 67, 82, 69, 84, 58, 89, 87, 100, 108, 76, 87, 86, 117, 89, 51, 74, 53, 99, 72, 82, 112, 98, 50, 52, 117, 98, 51, 74, 110, 76, 51, 89, 120, 67, 105, 48, 43, 73, 70, 103, 121, 78, 84, 85, 120, 79, 83, 66, 66, 90, 110, 89, 119, 79, 70, 90, 121, 97, 51, 86, 80, 81, 84, 66, 108, 99, 48, 53, 53, 97, 87, 103, 120, 86, 48, 116, 85, 77, 122, 108, 110, 82, 69, 57, 113, 83, 69, 104, 70, 90, 109, 100, 84, 89, 106, 66, 87, 87, 110, 70, 66, 86, 109, 104, 106, 67, 109, 90, 107, 101, 107, 115, 122, 78, 50, 82, 77, 77, 72, 108, 110, 90, 71, 112, 50, 98, 86, 74, 105, 87, 70, 99, 122, 97, 108, 70, 106, 85, 51, 100, 75, 78, 87, 86, 84, 77, 72, 77, 118, 100, 71, 108, 73, 90, 108, 112, 122, 90, 106, 70, 48, 86, 71, 77, 75, 76, 84, 52, 103, 81, 71, 81, 109, 77, 71, 48, 116, 90, 51, 74, 108, 89, 88, 78, 108, 67, 109, 53, 75, 83, 109, 104, 75, 90, 108, 86, 118, 76, 122, 66, 51, 89, 86, 100, 87, 81, 51, 77, 51, 79, 84, 78, 66, 84, 107, 112, 87, 86, 103, 111, 116, 76, 83, 48, 103, 84, 68, 82, 85, 82, 122, 104, 97, 81, 88, 66, 80, 100, 48, 104, 80, 77, 69, 74, 69, 97, 71, 70, 97, 75, 51, 112, 88, 79, 87, 70, 108, 82, 70, 73, 53, 84, 88, 103, 49, 89, 106, 103, 51, 85, 110, 90, 81, 86, 121, 57, 114, 84, 107, 78, 113, 79, 65, 114, 47, 57, 85, 53, 84, 72, 76, 114, 113, 119, 88, 83, 47, 49, 71, 86, 51, 115, 79, 116, 119, 109, 79, 102, 107, 113, 66, 110, 109, 49, 82, 121, 50, 66, 104, 75, 101, 78, 56, 83, 115, 55, 50, 55, 79, 65, 77, 106, 53, 57, 100, 103, 109, 82, 73, 116, 49, 93]
[INFO] [stdout]  right: [137, 80, 78, 71, 13, 10, 26, 10, 0, 255, 254]
[INFO] [stdout] stack backtrace:
[INFO] [stdout]    0:     0x61ef763b93d1 - <<std[70759c8f55707aa4]::sys::backtrace::BacktraceLock>::print::DisplayBacktrace as core[df12db4294e9bfd3]::fmt::Display>::fmt
[INFO] [stdout]    1:     0x61ef763d1d6a - core[df12db4294e9bfd3]::fmt::write
[INFO] [stdout]    2:     0x61ef763be4ec - <alloc[2182bb758b4b3781]::vec::Vec<u8> as core[df12db4294e9bfd3]::io::write::Write>::write_fmt
[INFO] [stdout]    3:     0x61ef763919f6 - std[70759c8f55707aa4]::panicking::default_hook::{closure#0}
[INFO] [stdout]    4:     0x61ef763affe9 - std[70759c8f55707aa4]::panicking::default_hook
[INFO] [stdout]    5:     0x61ef76205150 - test[9d35eded1c95d3be]::test_main_inner::<test[9d35eded1c95d3be]::test_main_static::{closure#0}>::{closure#0}
[INFO] [stdout]    6:     0x61ef763b0312 - std[70759c8f55707aa4]::panicking::panic_with_hook
[INFO] [stdout]    7:     0x61ef76391aa2 - std[70759c8f55707aa4]::panicking::panic_handler::{closure#0}
[INFO] [stdout]    8:     0x61ef76389d29 - std[70759c8f55707aa4]::sys::backtrace::__rust_end_short_backtrace::<std[70759c8f55707aa4]::panicking::panic_handler::{closure#0}, !>
[INFO] [stdout]    9:     0x61ef76392abd - __rustc[8fa7c3cbc660c2b3]::rust_begin_unwind
[INFO] [stdout]   10:     0x61ef763d254c - core[df12db4294e9bfd3]::panicking::panic_fmt
[INFO] [stdout]   11:     0x61ef763d2463 - core[df12db4294e9bfd3]::panicking::assert_failed_inner
[INFO] [stdout]   12:     0x61ef761c00fb - core[df12db4294e9bfd3]::panicking::assert_failed::<alloc[2182bb758b4b3781]::vec::Vec<u8>, alloc[2182bb758b4b3781]::vec::Vec<u8>>
[INFO] [stdout]   13:     0x61ef7618ffc5 - dracon_security[18f0f27109e84483]::tests::media_patterns_whole_file_encrypt_matched_binaries_only
[INFO] [stdout]   14:     0x61ef7617e729 - <dracon_security[18f0f27109e84483]::tests::media_patterns_whole_file_encrypt_matched_binaries_only::{closure#0} as core[df12db4294e9bfd3]::ops::function::FnOnce<()>>::call_once
[INFO] [stdout]   15:     0x61ef761f843b - test[9d35eded1c95d3be]::__rust_begin_short_backtrace::<core[df12db4294e9bfd3]::result::Result<(), alloc[2182bb758b4b3781]::string::String>, fn() -> core[df12db4294e9bfd3]::result::Result<(), alloc[2182bb758b4b3781]::string::String>>
[INFO] [stdout]   16:     0x61ef76205aa5 - test[9d35eded1c95d3be]::run_test::{closure#0}
[INFO] [stdout]   17:     0x61ef761ff364 - std[70759c8f55707aa4]::sys::backtrace::__rust_begin_short_backtrace::<test[9d35eded1c95d3be]::run_test::{closure#1}, ()>
[INFO] [stdout]   18:     0x61ef76208c02 - <std[70759c8f55707aa4]::thread::lifecycle::spawn_unchecked<test[9d35eded1c95d3be]::run_test::{closure#1}, ()>::{closure#1} as core[df12db4294e9bfd3]::ops::function::FnOnce<()>>::call_once::{shim:vtable#0}
[INFO] [stdout]   19:     0x61ef763b83e9 - <std[70759c8f55707aa4]::sys::thread::unix::Thread>::new::thread_start
[INFO] [stdout]   20:     0x735575d5adfa - <unknown>
[INFO] [stdout]   21:     0x735575dee3d4 - clone
[INFO] [stdout]   22:                0x0 - <unknown>
[INFO] [stdout] 
[INFO] [stdout] ---- tests::test_managed_media_patterns_override_roundtrip stdout ----
[INFO] [stdout] ⚠️ Failed to load master identities: No valid identities found in any search path.
[INFO] [stdout] 
[INFO] [stdout] thread 'tests::test_managed_media_patterns_override_roundtrip' (2755) panicked at src/lib.rs:1592:9:
[INFO] [stdout] assertion failed: security.managed_patterns.is_empty()
[INFO] [stdout] stack backtrace:
[INFO] [stdout]    0:     0x61ef763b93d1 - <<std[70759c8f55707aa4]::sys::backtrace::BacktraceLock>::print::DisplayBacktrace as core[df12db4294e9bfd3]::fmt::Display>::fmt
[INFO] [stdout]    1:     0x61ef763d1d6a - core[df12db4294e9bfd3]::fmt::write
[INFO] [stdout]    2:     0x61ef763be4ec - <alloc[2182bb758b4b3781]::vec::Vec<u8> as core[df12db4294e9bfd3]::io::write::Write>::write_fmt
[INFO] [stdout]    3:     0x61ef763919f6 - std[70759c8f55707aa4]::panicking::default_hook::{closure#0}
[INFO] [stdout]    4:     0x61ef763affe9 - std[70759c8f55707aa4]::panicking::default_hook
[INFO] [stdout]    5:     0x61ef76205150 - test[9d35eded1c95d3be]::test_main_inner::<test[9d35eded1c95d3be]::test_main_static::{closure#0}>::{closure#0}
[INFO] [stdout]    6:     0x61ef763b0312 - std[70759c8f55707aa4]::panicking::panic_with_hook
[INFO] [stdout]    7:     0x61ef76391ad4 - std[70759c8f55707aa4]::panicking::panic_handler::{closure#0}
[INFO] [stdout]    8:     0x61ef76389d29 - std[70759c8f55707aa4]::sys::backtrace::__rust_end_short_backtrace::<std[70759c8f55707aa4]::panicking::panic_handler::{closure#0}, !>
[INFO] [stdout]    9:     0x61ef76392abd - __rustc[8fa7c3cbc660c2b3]::rust_begin_unwind
[INFO] [stdout]   10:     0x61ef763d254c - core[df12db4294e9bfd3]::panicking::panic_fmt
[INFO] [stdout]   11:     0x61ef763d2512 - core[df12db4294e9bfd3]::panicking::panic
[INFO] [stdout]   12:     0x61ef76188413 - dracon_security[18f0f27109e84483]::tests::test_managed_media_patterns_override_roundtrip
[INFO] [stdout]   13:     0x61ef7617e4d9 - <dracon_security[18f0f27109e84483]::tests::test_managed_media_patterns_override_roundtrip::{closure#0} as core[df12db4294e9bfd3]::ops::function::FnOnce<()>>::call_once
[INFO] [stdout]   14:     0x61ef761f843b - test[9d35eded1c95d3be]::__rust_begin_short_backtrace::<core[df12db4294e9bfd3]::result::Result<(), alloc[2182bb758b4b3781]::string::String>, fn() -> core[df12db4294e9bfd3]::result::Result<(), alloc[2182bb758b4b3781]::string::String>>
[INFO] [stdout]   15:     0x61ef76205aa5 - test[9d35eded1c95d3be]::run_test::{closure#0}
[INFO] [stdout]   16:     0x61ef761ff364 - std[70759c8f55707aa4]::sys::backtrace::__rust_begin_short_backtrace::<test[9d35eded1c95d3be]::run_test::{closure#1}, ()>
[INFO] [stdout]   17:     0x61ef76208c02 - <std[70759c8f55707aa4]::thread::lifecycle::spawn_unchecked<test[9d35eded1c95d3be]::run_test::{closure#1}, ()>::{closure#1} as core[df12db4294e9bfd3]::ops::function::FnOnce<()>>::call_once::{shim:vtable#0}
[INFO] [stdout]   18:     0x61ef763b83e9 - <std[70759c8f55707aa4]::sys::thread::unix::Thread>::new::thread_start
[INFO] [stdout]   19:     0x735575d5adfa - <unknown>
[INFO] [stdout]   20:     0x735575dee3d4 - clone
[INFO] [stdout]   21:                0x0 - <unknown>
[INFO] [stdout] 
[INFO] [stdout] 
[INFO] [stdout] failures:
[INFO] [stdout]     tests::media_patterns_whole_file_encrypt_matched_binaries_only
[INFO] [stdout]     tests::test_env_reencryption_preserves_body_whitespace
[INFO] [stdout]     tests::test_env_versioning_increment_flow
[INFO] [stdout]     tests::test_managed_media_patterns_override_roundtrip
[INFO] [stdout] 
[INFO] [stdout] test result: FAILED. 75 passed; 4 failed; 0 ignored; 0 measured; 0 filtered out; finished in 1.11s
[INFO] [stdout] 
[INFO] [stderr] error: test failed, to rerun pass `--lib`
[INFO] running `Command { std: "docker" "inspect" "cc6c59fc8f5407a13bda4c2110d2982ec29ac3d1f79eb1223ffe3271f86c8852", kill_on_drop: false }`
[INFO] running `Command { std: "docker" "rm" "-f" "cc6c59fc8f5407a13bda4c2110d2982ec29ac3d1f79eb1223ffe3271f86c8852", kill_on_drop: false }`
[INFO] [stdout] cc6c59fc8f5407a13bda4c2110d2982ec29ac3d1f79eb1223ffe3271f86c8852
