[INFO] fetching crate dpc-tau-skills 0.2.1...
[INFO] testing dpc-tau-skills-0.2.1 against 1.99.0-beta.8+cargoflags=--release for beta-release-1.100-2
[INFO] extracting crate dpc-tau-skills 0.2.1 into /workspace/builds/worker-7-tc1/source
[INFO] started tweaking crates.io crate dpc-tau-skills 0.2.1
[INFO] finished tweaking crates.io crate dpc-tau-skills 0.2.1
[INFO] tweaked toml for crates.io crate dpc-tau-skills 0.2.1 written to /workspace/builds/worker-7-tc1/source/Cargo.toml
[INFO] validating manifest of crates.io crate dpc-tau-skills 0.2.1 on toolchain 1.99.0-beta.8
[INFO] running `Command { std: CARGO_HOME="/workspace/cargo-home" RUSTUP_HOME="/workspace/rustup-home" "/workspace/cargo-home/bin/cargo" "+1.99.0-beta.8" "metadata" "--manifest-path" "Cargo.toml" "--no-deps", kill_on_drop: false }`
[INFO] crate crates.io crate dpc-tau-skills 0.2.1 already has a lockfile, it will not be regenerated
[INFO] running `Command { std: CARGO_HOME="/workspace/cargo-home" RUSTUP_HOME="/workspace/rustup-home" "/workspace/cargo-home/bin/cargo" "+1.99.0-beta.8" "fetch" "--manifest-path" "Cargo.toml", kill_on_drop: false }`
[INFO] [stderr]     Updating crates.io index
[INFO] [stderr]  Downloading crates ...
[INFO] [stderr]   Downloaded dpc-tau-actions v0.1.0
[INFO] [stderr]   Downloaded dpc-tau-proto v0.10.0
[INFO] running `Command { std: "docker" "create" "-v" "/var/lib/crater-agent-workspace/builds/worker-7-tc1/source:/opt/rustwide/workdir:ro,Z" "-v" "/var/lib/crater-agent-workspace/builds/worker-7-tc1/target:/opt/rustwide/target:rw,Z" "-v" "/var/lib/crater-agent-workspace/cargo-home:/opt/rustwide/cargo-home:ro,Z" "-v" "/var/lib/crater-agent-workspace/rustup-home:/opt/rustwide/rustup-home:ro,Z" "-m" "1610612736" "--network" "none" "ghcr.io/rust-lang/crates-build-env/linux@sha256:77db811e55d90add9212f6832c23229e3de5f1c1f9905e8cb07319ea15df73ac" "sleep" "infinity", kill_on_drop: false }`
[INFO] [stdout] fecf84238d3791da076cabaef9681d554d37e5c844aba7f641e04c5ec0ed13e8
[INFO] running `Command { std: "docker" "start" "fecf84238d3791da076cabaef9681d554d37e5c844aba7f641e04c5ec0ed13e8", kill_on_drop: false }`
[INFO] running `Command { std: "docker" "inspect" "fecf84238d3791da076cabaef9681d554d37e5c844aba7f641e04c5ec0ed13e8", kill_on_drop: false }`
[INFO] running `Command { std: "docker" "exec" "-e" "SOURCE_DIR=/opt/rustwide/workdir" "-e" "CARGO_HOME=/opt/rustwide/cargo-home" "-e" "RUSTUP_HOME=/opt/rustwide/rustup-home" "-e" "CARGO_TARGET_DIR=/opt/rustwide/target" "-w" "/opt/rustwide/workdir" "--user" "0:0" "fecf84238d3791da076cabaef9681d554d37e5c844aba7f641e04c5ec0ed13e8" "/opt/rustwide/cargo-home/bin/cargo" "+1.99.0-beta.8" "metadata" "--no-deps" "--format-version=1", kill_on_drop: false }`
[INFO] running `Command { std: "docker" "inspect" "fecf84238d3791da076cabaef9681d554d37e5c844aba7f641e04c5ec0ed13e8", kill_on_drop: false }`
[INFO] running `Command { std: "docker" "exec" "-e" "SOURCE_DIR=/opt/rustwide/workdir" "-e" "CARGO_HOME=/opt/rustwide/cargo-home" "-e" "RUSTUP_HOME=/opt/rustwide/rustup-home" "-e" "CARGO_TARGET_DIR=/opt/rustwide/target" "-e" "CARGO_INCREMENTAL=0" "-e" "RUST_BACKTRACE=full" "-e" "RUSTFLAGS=--cap-lints=warn" "-e" "RUSTDOCFLAGS=--cap-lints=warn" "-w" "/opt/rustwide/workdir" "--user" "0:0" "fecf84238d3791da076cabaef9681d554d37e5c844aba7f641e04c5ec0ed13e8" "/opt/rustwide/cargo-home/bin/cargo" "+1.99.0-beta.8" "build" "--frozen" "--message-format=json" "--release", kill_on_drop: false }`
[INFO] [stderr]    Compiling zerocopy v0.8.48
[INFO] [stderr]    Compiling libc v0.2.185
[INFO] [stderr]    Compiling syn v2.0.117
[INFO] [stderr]    Compiling serde_json v1.0.149
[INFO] [stderr]    Compiling percent-encoding v2.3.2
[INFO] [stderr]    Compiling indexmap v2.14.0
[INFO] [stderr]    Compiling serde_bytes v0.11.19
[INFO] [stderr]    Compiling form_urlencoded v1.2.2
[INFO] [stderr]    Compiling getrandom v0.2.17
[INFO] [stderr]    Compiling rand_core v0.6.4
[INFO] [stderr]    Compiling synstructure v0.13.2
[INFO] [stderr]    Compiling zerofrom-derive v0.1.7
[INFO] [stderr]    Compiling yoke-derive v0.8.2
[INFO] [stderr]    Compiling zerovec-derive v0.11.3
[INFO] [stderr]    Compiling displaydoc v0.2.5
[INFO] [stderr]    Compiling zerocopy-derive v0.8.48
[INFO] [stderr]    Compiling serde_derive v1.0.228
[INFO] [stderr]    Compiling tracing-attributes v0.1.31
[INFO] [stderr]    Compiling zerofrom v0.1.7
[INFO] [stderr]    Compiling yoke v0.8.2
[INFO] [stderr]    Compiling tracing v0.1.44
[INFO] [stderr]    Compiling zerovec v0.11.6
[INFO] [stderr]    Compiling zerotrie v0.2.4
[INFO] [stderr]    Compiling tinystr v0.8.3
[INFO] [stderr]    Compiling potential_utf v0.1.5
[INFO] [stderr]    Compiling icu_collections v2.2.0
[INFO] [stderr]    Compiling icu_locale_core v2.2.0
[INFO] [stderr]    Compiling serde v1.0.228
[INFO] [stderr]    Compiling icu_provider v2.2.0
[INFO] [stderr]    Compiling dpc-tau-actions v0.1.0
[INFO] [stderr]    Compiling serde_yaml_ng v0.10.0
[INFO] [stderr]    Compiling icu_normalizer v2.2.0
[INFO] [stderr]    Compiling icu_properties v2.2.0
[INFO] [stderr]    Compiling idna_adapter v1.2.1
[INFO] [stderr]    Compiling idna v1.1.0
[INFO] [stderr]    Compiling url v2.5.8
[INFO] [stderr]    Compiling ppv-lite86 v0.2.21
[INFO] [stderr]    Compiling half v2.7.1
[INFO] [stderr]    Compiling ciborium-ll v0.2.2
[INFO] [stderr]    Compiling rand_chacha v0.3.1
[INFO] [stderr]    Compiling ciborium v0.2.2
[INFO] [stderr]    Compiling rand v0.8.6
[INFO] [stderr]    Compiling dpc-tau-proto v0.10.0
[INFO] [stderr]    Compiling dpc-tau-skills v0.2.1 (/opt/rustwide/workdir)
[INFO] [stderr]     Finished `release` profile [optimized] target(s) in 4m 12s
[INFO] running `Command { std: "docker" "inspect" "fecf84238d3791da076cabaef9681d554d37e5c844aba7f641e04c5ec0ed13e8", kill_on_drop: false }`
[INFO] running `Command { std: "docker" "exec" "-e" "SOURCE_DIR=/opt/rustwide/workdir" "-e" "CARGO_HOME=/opt/rustwide/cargo-home" "-e" "RUSTUP_HOME=/opt/rustwide/rustup-home" "-e" "CARGO_TARGET_DIR=/opt/rustwide/target" "-e" "CARGO_INCREMENTAL=0" "-e" "RUST_BACKTRACE=full" "-e" "RUSTFLAGS=--cap-lints=warn" "-e" "RUSTDOCFLAGS=--cap-lints=warn" "-w" "/opt/rustwide/workdir" "--user" "0:0" "fecf84238d3791da076cabaef9681d554d37e5c844aba7f641e04c5ec0ed13e8" "/opt/rustwide/cargo-home/bin/cargo" "+1.99.0-beta.8" "test" "--frozen" "--no-run" "--message-format=json" "--release", kill_on_drop: false }`
[INFO] [stderr]    Compiling tempfile v3.27.0
[INFO] [stderr]    Compiling dpc-tau-skills v0.2.1 (/opt/rustwide/workdir)
[INFO] [stderr]     Finished `release` profile [optimized] target(s) in 11.64s
[INFO] running `Command { std: "docker" "inspect" "fecf84238d3791da076cabaef9681d554d37e5c844aba7f641e04c5ec0ed13e8", kill_on_drop: false }`
[INFO] running `Command { std: "docker" "exec" "-e" "SOURCE_DIR=/opt/rustwide/workdir" "-e" "CARGO_HOME=/opt/rustwide/cargo-home" "-e" "RUSTUP_HOME=/opt/rustwide/rustup-home" "-e" "CARGO_TARGET_DIR=/opt/rustwide/target" "-e" "CARGO_INCREMENTAL=0" "-e" "RUST_BACKTRACE=full" "-e" "RUSTFLAGS=--cap-lints=warn" "-e" "RUSTDOCFLAGS=--cap-lints=warn" "-w" "/opt/rustwide/workdir" "--user" "0:0" "fecf84238d3791da076cabaef9681d554d37e5c844aba7f641e04c5ec0ed13e8" "/opt/rustwide/cargo-home/bin/cargo" "+1.99.0-beta.8" "test" "--frozen" "--release", kill_on_drop: false }`
[INFO] [stderr]     Finished `release` profile [optimized] target(s) in 0.11s
[INFO] [stderr]      Running unittests src/lib.rs (/opt/rustwide/target/release/deps/tau_skills-3b84f67dd88e9f6f)
[INFO] [stdout] 
[INFO] [stdout] running 84 tests
[INFO] [stdout] test context_frontmatter_tests::malformed_skill_identity_recovers_to_existing_path_name ... ok
[INFO] [stdout] test context_frontmatter_tests::malformed_filter_fails_open_without_losing_other_metadata ... ok
[INFO] [stdout] test context_frontmatter_tests::role_policy_matching_table ... ok
[INFO] [stdout] test context_frontmatter_tests::unidentifiable_skill_is_rejected_with_frontmatter_warning ... ok
[INFO] [stdout] test context_frontmatter_tests::valid_yaml_policy_strips_header_and_ignores_unknown_keys ... ok
[INFO] [stdout] test skill_discovery::tests::retained_discovery_roundtrip_preserves_exact_timestamps_and_policies ... ok
[INFO] [stdout] test tests::bounded_text_read_preserves_utf8_and_total_size ... ok
[INFO] [stdout] test context_frontmatter_tests::malformed_headers_preserve_raw_instructions ... ok
[INFO] [stdout] test context_frontmatter_tests::live_skill_preparation_reports_scalar_and_required_metadata_faults ... ok
[INFO] [stdout] test tests::built_in_skill_root_indexes_exactly_the_focused_built_ins ... ok
[INFO] [stdout] test tests::built_in_skill_content_resolves_runtime_version ... ok
[INFO] [stdout] test tests::captured_scopes_preserve_ties_and_diagnostic_order ... ok
[INFO] [stdout] test tests::built_in_skill_sources_load_with_matching_frontmatter_names ... ok
[INFO] [stdout] test tests::context_cache_and_utilities_self_knowledge_has_searchable_routes ... ok
[INFO] [stdout] test tests::discover_does_not_recurse_past_skill_md ... ok
[INFO] [stdout] test tests::built_in_skills_have_expected_name_order_and_set ... ok
[INFO] [stdout] test tests::built_in_skills_keep_expected_visibility ... ok
[INFO] [stdout] test context_frontmatter_tests::malformed_scalar_metadata_fails_open ... ok
[INFO] [stdout] test tests::discover_follows_symlinked_dirs ... ok
[INFO] [stdout] test tests::discover_follows_symlinked_skill_md ... ok
[INFO] [stdout] test tests::discover_skips_dot_dirs ... ok
[INFO] [stdout] test tests::discover_follows_symlinked_files ... ok
[INFO] [stdout] test tests::discover_root_md_files ... ok
[INFO] [stdout] test tests::discover_skips_node_modules ... ok
[INFO] [stdout] test tests::discover_skill_md_in_subdir ... ok
[INFO] [stdout] test tests::discover_symlink_cycles_do_not_recurse_forever ... ok
[INFO] [stdout] test tests::captured_scopes_preserve_nontransitive_collision_order ... ok
[INFO] [stdout] test tests::discover_nonexistent_dir ... ok
[INFO] [stdout] test tests::discovery_directory_budget_stops_the_root ... ok
[INFO] [stdout] test tests::handles_empty_and_comments_only_bodies ... ok
[INFO] [stdout] test tests::has_unclosed_frontmatter_detects_missing_closing_fence ... ok
[INFO] [stdout] test tests::ignores_nested_openers_and_uses_first_eligible_close ... ok
[INFO] [stdout] test tests::load_from_dir_collision_newest_beats_path_sort ... ok
[INFO] [stdout] test tests::load_from_dirs_collision_winner_is_newest_modified ... ok
[INFO] [stdout] test tests::load_from_dirs_diagnoses_overlarge_skill_root ... ok
[INFO] [stdout] test tests::load_from_dirs_diagnoses_overlarge_symlinked_directory ... ok
[INFO] [stdout] test tests::discovery_entry_budget_stops_root_but_directory_overflow_allows_siblings ... ok
[INFO] [stdout] test tests::load_from_dirs_is_sorted_by_name ... ok
[INFO] [stdout] test tests::load_from_dirs_reads_only_bounded_discovery_metadata_for_large_body ... ok
[INFO] [stdout] test tests::load_from_dirs_skips_oversized_unclosed_frontmatter ... ok
[INFO] [stdout] test tests::load_from_dirs_accepts_utf8_body_crossing_discovery_cut ... ok
[INFO] [stdout] test tests::load_skill_advertise_accepts_case_and_one ... ok
[INFO] [stdout] test tests::load_from_dirs_collision_winner_and_lexical_order_are_unchanged ... ok
[INFO] [stdout] test tests::load_from_scoped_dirs_applies_prompt_default_when_advertise_is_omitted ... ok
[INFO] [stdout] test tests::load_skill_invalid_bool_warns_and_uses_defaults ... ok
[INFO] [stdout] test tests::load_skill_invalid_yaml_recovers_with_parse_diagnostic ... ok
[INFO] [stdout] test tests::load_skill_name_mismatch_warning ... ok
[INFO] [stdout] test tests::load_skill_truncates_long_description ... ok
[INFO] [stdout] test tests::load_skill_truncates_multibyte_argument_hint ... ok
[INFO] [stdout] test tests::load_skill_user_invocation_policy_combinations ... ok
[INFO] [stdout] test tests::load_skill_valid_defaults_to_not_advertised ... ok
[INFO] [stdout] test tests::load_skill_visible_name_uses_frontmatter_or_skill_directory_fallback ... ok
[INFO] [stdout] test tests::load_skill_advertise_rejects_other_truthy_words ... ok
[INFO] [stdout] test tests::parse_frontmatter_basic ... ok
[INFO] [stdout] test tests::load_from_dirs_follows_symlinked_root ... ok
[INFO] [stdout] test tests::load_skill_missing_or_blank_descriptions_recover ... ok
[INFO] [stdout] test tests::operator_and_integration_help_has_searchable_routes ... ok
[INFO] [stdout] test tests::parse_frontmatter_bom ... ok
[INFO] [stdout] test tests::parse_frontmatter_crlf_mixed_with_multibyte ... ok
[INFO] [stdout] test tests::parse_frontmatter_drops_non_scalar_values ... ok
[INFO] [stdout] test tests::load_skill_name_validation_cases_are_skipped_or_accepted ... ok
[INFO] [stdout] test tests::parse_frontmatter_none_when_missing ... ok
[INFO] [stdout] test tests::load_from_skill_dirs_collision_prefers_explicit_root_precedence ... ok
[INFO] [stdout] test tests::parse_frontmatter_invalid_yaml_treats_as_no_frontmatter ... ok
[INFO] [stdout] test tests::parse_frontmatter_ignores_indented_fence_in_block_scalar ... ok
[INFO] [stdout] test tests::parse_frontmatter_multiline_block_scalar ... ok
[INFO] [stdout] test tests::prepares_raw_body_and_model_projections ... ok
[INFO] [stdout] test tests::preserves_inline_prose_comments ... ok
[INFO] [stdout] test tests::preserves_line_endings_and_final_newline_state ... ok
[INFO] [stdout] test tests::preserves_unterminated_and_trailing_prose_candidates ... ok
[INFO] [stdout] test tests::root_md_without_name_uses_file_stem ... ok
[INFO] [stdout] test tests::secrets_self_knowledge_retains_three_layer_delivery_contract ... ok
[INFO] [stdout] test tests::skill_name_validation_helpers_cover_each_rule ... ok
[INFO] [stdout] test tests::slack_self_knowledge_retains_published_protocol_eight_one_boundary ... ok
[INFO] [stdout] test tests::strip_frontmatter_returns_body ... ok
[INFO] [stdout] test tests::strips_standalone_html_comment_blocks ... ok
[INFO] [stdout] test tests::parse_frontmatter_unclosed ... ok
[INFO] [stdout] test tests::zulip_self_knowledge_retains_sender_tier_activity_and_rate_contract_tokens ... ok
[INFO] [stdout] test tests::truncate_description_is_utf8_safe_and_marks_truncation ... ok
[INFO] [stdout] test tests::websearch_self_knowledge_retains_practical_provider_overview ... ok
[INFO] [stdout] test tests::load_from_dirs_diagnoses_too_deep_skill_tree ... ok
[INFO] [stdout] test tests::repository_tool_verification_root_references_every_focused_skill ... FAILED
[INFO] [stderr] error: test failed, to rerun pass `--lib`
[INFO] [stdout] test tests::repository_tool_verification_prompt_listing_only_advertises_root ... FAILED
[INFO] [stdout] test tests::parse_frontmatter_unescapes_double_quoted_strings ... ok
[INFO] [stdout] 
[INFO] [stdout] failures:
[INFO] [stdout] 
[INFO] [stdout] ---- tests::repository_tool_verification_root_references_every_focused_skill stdout ----
[INFO] [stdout] 
[INFO] [stdout] thread 'tests::repository_tool_verification_root_references_every_focused_skill' (980) panicked at src/tests.rs:134:10:
[INFO] [stdout] verification root
[INFO] [stdout] stack backtrace:
[INFO] [stdout]    0:     0x57769bd06b81 - <<std[70759c8f55707aa4]::sys::backtrace::BacktraceLock>::print::DisplayBacktrace as core[df12db4294e9bfd3]::fmt::Display>::fmt
[INFO] [stdout]    1:     0x57769bd1c18a - core[df12db4294e9bfd3]::fmt::write
[INFO] [stdout]    2:     0x57769bd0b45c - <alloc[2182bb758b4b3781]::vec::Vec<u8> as core[df12db4294e9bfd3]::io::write::Write>::write_fmt
[INFO] [stdout]    3:     0x57769bce0856 - std[70759c8f55707aa4]::panicking::default_hook::{closure#0}
[INFO] [stdout]    4:     0x57769bcfe269 - std[70759c8f55707aa4]::panicking::default_hook
[INFO] [stdout]    5:     0x57769bc750d0 - test[9d35eded1c95d3be]::test_main_inner::<test[9d35eded1c95d3be]::test_main_static::{closure#0}>::{closure#0}
[INFO] [stdout]    6:     0x57769bcfe422 - std[70759c8f55707aa4]::panicking::panic_with_hook
[INFO] [stdout]    7:     0x57769bce0902 - std[70759c8f55707aa4]::panicking::panic_handler::{closure#0}
[INFO] [stdout]    8:     0x57769bcd92d9 - std[70759c8f55707aa4]::sys::backtrace::__rust_end_short_backtrace::<std[70759c8f55707aa4]::panicking::panic_handler::{closure#0}, !>
[INFO] [stdout]    9:     0x57769bce15ed - __rustc[8fa7c3cbc660c2b3]::rust_begin_unwind
[INFO] [stdout]   10:     0x57769bd1c8bc - core[df12db4294e9bfd3]::panicking::panic_fmt
[INFO] [stdout]   11:     0x57769bd1c614 - core[df12db4294e9bfd3]::option::expect_failed
[INFO] [stdout]   12:     0x57769bc29dc0 - tau_skills[d5802b556cb8c6f1]::tests::repository_tool_verification_root_references_every_focused_skill
[INFO] [stdout]   13:     0x57769bc462a9 - <tau_skills[d5802b556cb8c6f1]::tests::repository_tool_verification_root_references_every_focused_skill::{closure#0} as core[df12db4294e9bfd3]::ops::function::FnOnce<()>>::call_once
[INFO] [stdout]   14:     0x57769bc683bb - test[9d35eded1c95d3be]::__rust_begin_short_backtrace::<core[df12db4294e9bfd3]::result::Result<(), alloc[2182bb758b4b3781]::string::String>, fn() -> core[df12db4294e9bfd3]::result::Result<(), alloc[2182bb758b4b3781]::string::String>>
[INFO] [stdout]   15:     0x57769bc75a25 - test[9d35eded1c95d3be]::run_test::{closure#0}
[INFO] [stdout]   16:     0x57769bc6f2e4 - std[70759c8f55707aa4]::sys::backtrace::__rust_begin_short_backtrace::<test[9d35eded1c95d3be]::run_test::{closure#1}, ()>
[INFO] [stdout]   17:     0x57769bc78b82 - <std[70759c8f55707aa4]::thread::lifecycle::spawn_unchecked<test[9d35eded1c95d3be]::run_test::{closure#1}, ()>::{closure#1} as core[df12db4294e9bfd3]::ops::function::FnOnce<()>>::call_once::{shim:vtable#0}
[INFO] [stdout]   18:     0x57769bd05ef9 - <std[70759c8f55707aa4]::sys::thread::unix::Thread>::new::thread_start
[INFO] [stdout]   19:     0x7b69a5cabdfa - <unknown>
[INFO] [stdout]   20:     0x7b69a5d3f3d4 - clone
[INFO] [stdout]   21:                0x0 - <unknown>
[INFO] [stdout] 
[INFO] [stdout] ---- tests::repository_tool_verification_prompt_listing_only_advertises_root stdout ----
[INFO] [stdout] 
[INFO] [stdout] thread 'tests::repository_tool_verification_prompt_listing_only_advertises_root' (979) panicked at src/tests.rs:107:5:
[INFO] [stdout] assertion `left == right` failed
[INFO] [stdout]   left: []
[INFO] [stdout]  right: ["tau-tool-verification"]
[INFO] [stdout] stack backtrace:
[INFO] [stdout]    0:     0x57769bd06b81 - <<std[70759c8f55707aa4]::sys::backtrace::BacktraceLock>::print::DisplayBacktrace as core[df12db4294e9bfd3]::fmt::Display>::fmt
[INFO] [stdout]    1:     0x57769bd1c18a - core[df12db4294e9bfd3]::fmt::write
[INFO] [stdout]    2:     0x57769bd0b45c - <alloc[2182bb758b4b3781]::vec::Vec<u8> as core[df12db4294e9bfd3]::io::write::Write>::write_fmt
[INFO] [stdout]    3:     0x57769bce0856 - std[70759c8f55707aa4]::panicking::default_hook::{closure#0}
[INFO] [stdout]    4:     0x57769bcfe269 - std[70759c8f55707aa4]::panicking::default_hook
[INFO] [stdout]    5:     0x57769bc750d0 - test[9d35eded1c95d3be]::test_main_inner::<test[9d35eded1c95d3be]::test_main_static::{closure#0}>::{closure#0}
[INFO] [stdout]    6:     0x57769bcfe422 - std[70759c8f55707aa4]::panicking::panic_with_hook
[INFO] [stdout]    7:     0x57769bce0902 - std[70759c8f55707aa4]::panicking::panic_handler::{closure#0}
[INFO] [stdout]    8:     0x57769bcd92d9 - std[70759c8f55707aa4]::sys::backtrace::__rust_end_short_backtrace::<std[70759c8f55707aa4]::panicking::panic_handler::{closure#0}, !>
[INFO] [stdout]    9:     0x57769bce15ed - __rustc[8fa7c3cbc660c2b3]::rust_begin_unwind
[INFO] [stdout]   10:     0x57769bd1c8bc - core[df12db4294e9bfd3]::panicking::panic_fmt
[INFO] [stdout]   11:     0x57769bd1c7d3 - core[df12db4294e9bfd3]::panicking::assert_failed_inner
[INFO] [stdout]   12:     0x57769bc5ff84 - core[df12db4294e9bfd3]::panicking::assert_failed::<alloc[2182bb758b4b3781]::vec::Vec<&str>, [&str; 1usize]>
[INFO] [stdout]   13:     0x57769bc29ae0 - tau_skills[d5802b556cb8c6f1]::tests::repository_tool_verification_prompt_listing_only_advertises_root
[INFO] [stdout]   14:     0x57769bc46289 - <tau_skills[d5802b556cb8c6f1]::tests::repository_tool_verification_prompt_listing_only_advertises_root::{closure#0} as core[df12db4294e9bfd3]::ops::function::FnOnce<()>>::call_once
[INFO] [stdout]   15:     0x57769bc683bb - test[9d35eded1c95d3be]::__rust_begin_short_backtrace::<core[df12db4294e9bfd3]::result::Result<(), alloc[2182bb758b4b3781]::string::String>, fn() -> core[df12db4294e9bfd3]::result::Result<(), alloc[2182bb758b4b3781]::string::String>>
[INFO] [stdout]   16:     0x57769bc75a25 - test[9d35eded1c95d3be]::run_test::{closure#0}
[INFO] [stdout]   17:     0x57769bc6f2e4 - std[70759c8f55707aa4]::sys::backtrace::__rust_begin_short_backtrace::<test[9d35eded1c95d3be]::run_test::{closure#1}, ()>
[INFO] [stdout]   18:     0x57769bc78b82 - <std[70759c8f55707aa4]::thread::lifecycle::spawn_unchecked<test[9d35eded1c95d3be]::run_test::{closure#1}, ()>::{closure#1} as core[df12db4294e9bfd3]::ops::function::FnOnce<()>>::call_once::{shim:vtable#0}
[INFO] [stdout]   19:     0x57769bd05ef9 - <std[70759c8f55707aa4]::sys::thread::unix::Thread>::new::thread_start
[INFO] [stdout]   20:     0x7b69a5cabdfa - <unknown>
[INFO] [stdout]   21:     0x7b69a5d3f3d4 - clone
[INFO] [stdout]   22:                0x0 - <unknown>
[INFO] [stdout] 
[INFO] [stdout] 
[INFO] [stdout] failures:
[INFO] [stdout]     tests::repository_tool_verification_prompt_listing_only_advertises_root
[INFO] [stdout]     tests::repository_tool_verification_root_references_every_focused_skill
[INFO] [stdout] 
[INFO] [stdout] test result: FAILED. 82 passed; 2 failed; 0 ignored; 0 measured; 0 filtered out; finished in 0.04s
[INFO] [stdout] 
[INFO] running `Command { std: "docker" "inspect" "fecf84238d3791da076cabaef9681d554d37e5c844aba7f641e04c5ec0ed13e8", kill_on_drop: false }`
[INFO] running `Command { std: "docker" "rm" "-f" "fecf84238d3791da076cabaef9681d554d37e5c844aba7f641e04c5ec0ed13e8", kill_on_drop: false }`
[INFO] [stdout] fecf84238d3791da076cabaef9681d554d37e5c844aba7f641e04c5ec0ed13e8
