[INFO] fetching crate dove 0.3.0...
[INFO] testing dove-0.3.0 against 1.99.0-beta.8+cargoflags=--release for beta-release-1.100-2
[INFO] extracting crate dove 0.3.0 into /workspace/builds/worker-7-tc1/source
[INFO] started tweaking crates.io crate dove 0.3.0
[INFO] finished tweaking crates.io crate dove 0.3.0
[INFO] tweaked toml for crates.io crate dove 0.3.0 written to /workspace/builds/worker-7-tc1/source/Cargo.toml
[INFO] validating manifest of crates.io crate dove 0.3.0 on toolchain 1.99.0-beta.8
[INFO] running `Command { std: CARGO_HOME="/workspace/cargo-home" RUSTUP_HOME="/workspace/rustup-home" "/workspace/cargo-home/bin/cargo" "+1.99.0-beta.8" "metadata" "--manifest-path" "Cargo.toml" "--no-deps", kill_on_drop: false }`
[INFO] crate crates.io crate dove 0.3.0 already has a lockfile, it will not be regenerated
[INFO] running `Command { std: CARGO_HOME="/workspace/cargo-home" RUSTUP_HOME="/workspace/rustup-home" "/workspace/cargo-home/bin/cargo" "+1.99.0-beta.8" "fetch" "--manifest-path" "Cargo.toml", kill_on_drop: false }`
[INFO] [stderr]  Downloading crates ...
[INFO] [stderr]   Downloaded testcontainers v0.14.0
[INFO] [stderr]   Downloaded serde_derive v1.0.185
[INFO] [stderr]   Downloaded pin-project-lite v0.2.12
[INFO] [stderr]   Downloaded bollard-stubs v1.41.0
[INFO] [stderr]   Downloaded serde v1.0.185
[INFO] [stderr]   Downloaded chrono v0.4.26
[INFO] [stderr]   Downloaded reqwest v0.11.19
[INFO] [stderr]   Downloaded rustix v0.38.8
[INFO] [stderr]   Downloaded errno v0.3.2
[INFO] [stderr]   Downloaded openssl-sys v0.9.91
[INFO] [stderr]   Downloaded ipnet v2.8.0
[INFO] [stderr]   Downloaded linux-raw-sys v0.4.5
[INFO] [stderr]   Downloaded openssl v0.10.56
[INFO] [stderr]   Downloaded regex v1.9.3
[INFO] [stderr]   Downloaded aho-corasick v1.0.4
[INFO] [stderr]   Downloaded regex-automata v0.3.6
[INFO] running `Command { std: "docker" "create" "-v" "/var/lib/crater-agent-workspace/builds/worker-7-tc1/source:/opt/rustwide/workdir:ro,Z" "-v" "/var/lib/crater-agent-workspace/builds/worker-7-tc1/target:/opt/rustwide/target:rw,Z" "-v" "/var/lib/crater-agent-workspace/cargo-home:/opt/rustwide/cargo-home:ro,Z" "-v" "/var/lib/crater-agent-workspace/rustup-home:/opt/rustwide/rustup-home:ro,Z" "-m" "1610612736" "--network" "none" "ghcr.io/rust-lang/crates-build-env/linux@sha256:77db811e55d90add9212f6832c23229e3de5f1c1f9905e8cb07319ea15df73ac" "sleep" "infinity", kill_on_drop: false }`
[INFO] [stdout] de952c72869632909fe187056064f4c9ce09af43c410290c1096b8d1851b0fa9
[INFO] running `Command { std: "docker" "start" "de952c72869632909fe187056064f4c9ce09af43c410290c1096b8d1851b0fa9", kill_on_drop: false }`
[INFO] running `Command { std: "docker" "inspect" "de952c72869632909fe187056064f4c9ce09af43c410290c1096b8d1851b0fa9", kill_on_drop: false }`
[INFO] running `Command { std: "docker" "exec" "-e" "SOURCE_DIR=/opt/rustwide/workdir" "-e" "CARGO_HOME=/opt/rustwide/cargo-home" "-e" "RUSTUP_HOME=/opt/rustwide/rustup-home" "-e" "CARGO_TARGET_DIR=/opt/rustwide/target" "-w" "/opt/rustwide/workdir" "--user" "0:0" "de952c72869632909fe187056064f4c9ce09af43c410290c1096b8d1851b0fa9" "/opt/rustwide/cargo-home/bin/cargo" "+1.99.0-beta.8" "metadata" "--no-deps" "--format-version=1", kill_on_drop: false }`
[INFO] running `Command { std: "docker" "inspect" "de952c72869632909fe187056064f4c9ce09af43c410290c1096b8d1851b0fa9", kill_on_drop: false }`
[INFO] running `Command { std: "docker" "exec" "-e" "SOURCE_DIR=/opt/rustwide/workdir" "-e" "CARGO_HOME=/opt/rustwide/cargo-home" "-e" "RUSTUP_HOME=/opt/rustwide/rustup-home" "-e" "CARGO_TARGET_DIR=/opt/rustwide/target" "-e" "CARGO_INCREMENTAL=0" "-e" "RUST_BACKTRACE=full" "-e" "RUSTFLAGS=--cap-lints=warn" "-e" "RUSTDOCFLAGS=--cap-lints=warn" "-w" "/opt/rustwide/workdir" "--user" "0:0" "de952c72869632909fe187056064f4c9ce09af43c410290c1096b8d1851b0fa9" "/opt/rustwide/cargo-home/bin/cargo" "+1.99.0-beta.8" "build" "--frozen" "--message-format=json" "--release", kill_on_drop: false }`
[INFO] [stderr]    Compiling proc-macro2 v1.0.66
[INFO] [stderr]    Compiling libc v0.2.147
[INFO] [stderr]    Compiling unicode-ident v1.0.11
[INFO] [stderr]    Compiling crossbeam-utils v0.8.16
[INFO] [stderr]    Compiling thiserror v1.0.47
[INFO] [stderr]    Compiling concurrent-queue v2.2.0
[INFO] [stderr]    Compiling async-channel v1.9.0
[INFO] [stderr]    Compiling quote v1.0.33
[INFO] [stderr]    Compiling syn v2.0.29
[INFO] [stderr]    Compiling syn v1.0.109
[INFO] [stderr]    Compiling getrandom v0.2.10
[INFO] [stderr]    Compiling mio v0.8.8
[INFO] [stderr]    Compiling rand_core v0.6.4
[INFO] [stderr]    Compiling uuid v1.4.1
[INFO] [stderr]    Compiling rand_chacha v0.3.1
[INFO] [stderr]    Compiling rand v0.8.5
[INFO] [stderr]    Compiling thiserror-impl v1.0.47
[INFO] [stderr]    Compiling derive_more v0.99.17
[INFO] [stderr]    Compiling dove v0.3.0 (/opt/rustwide/workdir)
[INFO] [stdout] warning: use of deprecated constant `std::i32::MAX`: replaced by the `MAX` associated constant on this type
[INFO] [stdout]   --> src/driver.rs:82:40
[INFO] [stdout]    |
[INFO] [stdout] 82 |             incoming_window: std::i32::MAX as u32,
[INFO] [stdout]    |                                        ^^^
[INFO] [stdout]    |
[INFO] [stdout]    = note: `#[warn(deprecated)]` on by default
[INFO] [stdout] 
[INFO] [stdout] 
[INFO] [stdout] warning: use of deprecated constant `std::i32::MAX`: replaced by the `MAX` associated constant on this type
[INFO] [stdout]   --> src/driver.rs:83:40
[INFO] [stdout]    |
[INFO] [stdout] 83 |             outgoing_window: std::i32::MAX as u32,
[INFO] [stdout]    |                                        ^^^
[INFO] [stdout] 
[INFO] [stdout] 
[INFO] [stdout] warning: use of deprecated constant `std::i8::MAX`: replaced by the `MAX` associated constant on this type
[INFO] [stdout]   --> src/types.rs:24:36
[INFO] [stdout]    |
[INFO] [stdout] 24 | pub const I8_MAX: usize = std::i8::MAX as usize;
[INFO] [stdout]    |                                    ^^^
[INFO] [stdout] 
[INFO] [stdout] 
[INFO] [stdout] warning: use of deprecated method `std::sync::atomic::Atomic::<u32>::fetch_update`: renamed to `try_update` for consistency
[INFO] [stdout]    --> src/driver.rs:673:14
[INFO] [stdout]     |
[INFO] [stdout] 673 |             .fetch_update(Ordering::SeqCst, Ordering::SeqCst, semaphore_fn)
[INFO] [stdout]     |              ^^^^^^^^^^^^
[INFO] [stdout]     |
[INFO] [stdout] help: replace the use of the deprecated method
[INFO] [stdout]     |
[INFO] [stdout] 673 -             .fetch_update(Ordering::SeqCst, Ordering::SeqCst, semaphore_fn)
[INFO] [stdout] 673 +             .try_update(Ordering::SeqCst, Ordering::SeqCst, semaphore_fn)
[INFO] [stdout]     |
[INFO] [stdout] 
[INFO] [stdout] 
[INFO] [stdout] warning: use of deprecated method `std::sync::atomic::Atomic::<u32>::fetch_update`: renamed to `try_update` for consistency
[INFO] [stdout]    --> src/driver.rs:420:22
[INFO] [stdout]     |
[INFO] [stdout] 420 |                     .fetch_update(Ordering::SeqCst, Ordering::SeqCst, count_down)
[INFO] [stdout]     |                      ^^^^^^^^^^^^
[INFO] [stdout]     |
[INFO] [stdout] help: replace the use of the deprecated method
[INFO] [stdout]     |
[INFO] [stdout] 420 -                     .fetch_update(Ordering::SeqCst, Ordering::SeqCst, count_down)
[INFO] [stdout] 420 +                     .try_update(Ordering::SeqCst, Ordering::SeqCst, count_down)
[INFO] [stdout]     |
[INFO] [stdout] 
[INFO] [stdout] 
[INFO] [stdout] warning: hiding a lifetime that's elided elsewhere is confusing
[INFO] [stdout]    --> src/types.rs:217:22
[INFO] [stdout]     |
[INFO] [stdout] 217 |     pub fn value_ref(&self) -> ValueRef {
[INFO] [stdout]     |                      ^^^^^     ^^^^^^^^ the same lifetime is hidden here
[INFO] [stdout]     |                      |
[INFO] [stdout]     |                      the lifetime is elided here
[INFO] [stdout]     |
[INFO] [stdout]     = help: the same lifetime is referred to in inconsistent ways, making the signature confusing
[INFO] [stdout]     = note: `#[warn(mismatched_lifetime_syntaxes)]` on by default
[INFO] [stdout] help: use `'_` for type paths
[INFO] [stdout]     |
[INFO] [stdout] 217 |     pub fn value_ref(&self) -> ValueRef<'_> {
[INFO] [stdout]     |                                        ++++
[INFO] [stdout] 
[INFO] [stdout] 
[INFO] [stdout] warning: hiding a lifetime that's elided elsewhere is confusing
[INFO] [stdout]   --> src/url.rs:39:25
[INFO] [stdout]    |
[INFO] [stdout] 39 |     pub fn parse(input: &str) -> Result<Url> {
[INFO] [stdout]    |                         ^^^^            ^^^ the same lifetime is hidden here
[INFO] [stdout]    |                         |
[INFO] [stdout]    |                         the lifetime is elided here
[INFO] [stdout]    |
[INFO] [stdout]    = help: the same lifetime is referred to in inconsistent ways, making the signature confusing
[INFO] [stdout] help: use `'_` for type paths
[INFO] [stdout]    |
[INFO] [stdout] 39 |     pub fn parse(input: &str) -> Result<Url<'_>> {
[INFO] [stdout]    |                                            ++++
[INFO] [stdout] 
[INFO] [stdout] 
[INFO] [stderr]     Finished `release` profile [optimized] target(s) in 21.75s
[INFO] running `Command { std: "docker" "inspect" "de952c72869632909fe187056064f4c9ce09af43c410290c1096b8d1851b0fa9", kill_on_drop: false }`
[INFO] running `Command { std: "docker" "exec" "-e" "SOURCE_DIR=/opt/rustwide/workdir" "-e" "CARGO_HOME=/opt/rustwide/cargo-home" "-e" "RUSTUP_HOME=/opt/rustwide/rustup-home" "-e" "CARGO_TARGET_DIR=/opt/rustwide/target" "-e" "CARGO_INCREMENTAL=0" "-e" "RUST_BACKTRACE=full" "-e" "RUSTFLAGS=--cap-lints=warn" "-e" "RUSTDOCFLAGS=--cap-lints=warn" "-w" "/opt/rustwide/workdir" "--user" "0:0" "de952c72869632909fe187056064f4c9ce09af43c410290c1096b8d1851b0fa9" "/opt/rustwide/cargo-home/bin/cargo" "+1.99.0-beta.8" "test" "--frozen" "--no-run" "--message-format=json" "--release", kill_on_drop: false }`
[INFO] [stderr]    Compiling syn v2.0.29
[INFO] [stderr]    Compiling libc v0.2.147
[INFO] [stderr]    Compiling pin-project-lite v0.2.12
[INFO] [stderr]    Compiling lock_api v0.4.10
[INFO] [stderr]    Compiling once_cell v1.18.0
[INFO] [stderr]    Compiling parking_lot_core v0.9.8
[INFO] [stderr]    Compiling futures-sink v0.3.28
[INFO] [stderr]    Compiling futures-channel v0.3.28
[INFO] [stderr]    Compiling syn v1.0.109
[INFO] [stderr]    Compiling bytes v1.4.0
[INFO] [stderr]    Compiling futures-util v0.3.28
[INFO] [stderr]    Compiling smallvec v1.11.0
[INFO] [stderr]    Compiling serde v1.0.185
[INFO] [stderr]    Compiling typenum v1.16.0
[INFO] [stderr]    Compiling mio v0.8.8
[INFO] [stderr]    Compiling futures-io v0.3.28
[INFO] [stderr]    Compiling parking_lot v0.12.1
[INFO] [stderr]    Compiling socket2 v0.5.3
[INFO] [stderr]    Compiling num_cpus v1.16.0
[INFO] [stderr]    Compiling cc v1.0.83
[INFO] [stderr]    Compiling signal-hook-registry v1.4.1
[INFO] [stderr]    Compiling generic-array v0.14.7
[INFO] [stderr]    Compiling tracing-core v0.1.31
[INFO] [stderr]    Compiling openssl v0.10.56
[INFO] [stderr]    Compiling http v0.2.9
[INFO] [stderr]    Compiling num-traits v0.2.16
[INFO] [stderr]    Compiling rustix v0.38.8
[INFO] [stderr]    Compiling openssl-sys v0.9.91
[INFO] [stderr]    Compiling tracing v0.1.37
[INFO] [stderr]    Compiling block-buffer v0.10.4
[INFO] [stderr]    Compiling native-tls v0.2.11
[INFO] [stderr]    Compiling crypto-common v0.1.6
[INFO] [stderr]    Compiling time v0.1.45
[INFO] [stderr]    Compiling digest v0.10.7
[INFO] [stderr]    Compiling aho-corasick v1.0.4
[INFO] [stderr]    Compiling socket2 v0.4.9
[INFO] [stderr]    Compiling http-body v0.4.5
[INFO] [stderr]    Compiling darling_core v0.13.4
[INFO] [stderr]    Compiling bitflags v2.4.0
[INFO] [stderr]    Compiling serde_json v1.0.105
[INFO] [stderr]    Compiling regex-syntax v0.7.4
[INFO] [stderr]    Compiling linux-raw-sys v0.4.5
[INFO] [stderr]    Compiling iana-time-zone v0.1.57
[INFO] [stderr]    Compiling cpufeatures v0.2.9
[INFO] [stderr]    Compiling sha2 v0.10.7
[INFO] [stderr]    Compiling serde_derive v1.0.185
[INFO] [stderr]    Compiling futures-macro v0.3.28
[INFO] [stderr]    Compiling tokio-macros v2.1.0
[INFO] [stderr]    Compiling openssl-macros v0.1.1
[INFO] [stderr]    Compiling darling_macro v0.13.4
[INFO] [stderr]    Compiling tokio v1.32.0
[INFO] [stderr]    Compiling darling v0.13.4
[INFO] [stderr]    Compiling serde_with_macros v1.5.2
[INFO] [stderr]    Compiling regex-automata v0.3.6
[INFO] [stderr]    Compiling thiserror-impl v1.0.47
[INFO] [stderr]    Compiling thiserror v1.0.47
[INFO] [stderr]    Compiling derive_more v0.99.17
[INFO] [stderr]    Compiling futures-executor v0.3.28
[INFO] [stderr]    Compiling is-terminal v0.4.9
[INFO] [stderr]    Compiling futures v0.3.28
[INFO] [stderr]    Compiling url v2.4.0
[INFO] [stderr]    Compiling regex v1.9.3
[INFO] [stderr]    Compiling hmac v0.12.1
[INFO] [stderr]    Compiling encoding_rs v0.8.32
[INFO] [stderr]    Compiling base64 v0.21.2
[INFO] [stderr]    Compiling ipnet v2.8.0
[INFO] [stderr]    Compiling tokio-util v0.7.8
[INFO] [stderr]    Compiling tokio-native-tls v0.3.1
[INFO] [stderr]    Compiling chrono v0.4.26
[INFO] [stderr]    Compiling serde_with v1.14.0
[INFO] [stderr]    Compiling h2 v0.3.21
[INFO] [stderr]    Compiling serde_urlencoded v0.7.1
[INFO] [stderr]    Compiling env_logger v0.10.0
[INFO] [stderr]    Compiling bollard-stubs v1.41.0
[INFO] [stderr]    Compiling dove v0.3.0 (/opt/rustwide/workdir)
[INFO] [stdout] warning: use of deprecated constant `std::i32::MAX`: replaced by the `MAX` associated constant on this type
[INFO] [stdout]   --> src/driver.rs:82:40
[INFO] [stdout]    |
[INFO] [stdout] 82 |             incoming_window: std::i32::MAX as u32,
[INFO] [stdout]    |                                        ^^^
[INFO] [stdout]    |
[INFO] [stdout]    = note: `#[warn(deprecated)]` on by default
[INFO] [stdout] 
[INFO] [stdout] 
[INFO] [stdout] warning: use of deprecated constant `std::i32::MAX`: replaced by the `MAX` associated constant on this type
[INFO] [stdout]   --> src/driver.rs:83:40
[INFO] [stdout]    |
[INFO] [stdout] 83 |             outgoing_window: std::i32::MAX as u32,
[INFO] [stdout]    |                                        ^^^
[INFO] [stdout] 
[INFO] [stdout] 
[INFO] [stdout] warning: use of deprecated constant `std::i8::MAX`: replaced by the `MAX` associated constant on this type
[INFO] [stdout]   --> src/types.rs:24:36
[INFO] [stdout]    |
[INFO] [stdout] 24 | pub const I8_MAX: usize = std::i8::MAX as usize;
[INFO] [stdout]    |                                    ^^^
[INFO] [stdout] 
[INFO] [stdout] 
[INFO] [stdout] warning: use of deprecated method `std::sync::atomic::Atomic::<u32>::fetch_update`: renamed to `try_update` for consistency
[INFO] [stdout]    --> src/driver.rs:673:14
[INFO] [stdout]     |
[INFO] [stdout] 673 |             .fetch_update(Ordering::SeqCst, Ordering::SeqCst, semaphore_fn)
[INFO] [stdout]     |              ^^^^^^^^^^^^
[INFO] [stdout]     |
[INFO] [stdout] help: replace the use of the deprecated method
[INFO] [stdout]     |
[INFO] [stdout] 673 -             .fetch_update(Ordering::SeqCst, Ordering::SeqCst, semaphore_fn)
[INFO] [stdout] 673 +             .try_update(Ordering::SeqCst, Ordering::SeqCst, semaphore_fn)
[INFO] [stdout]     |
[INFO] [stdout] 
[INFO] [stdout] 
[INFO] [stdout] warning: use of deprecated method `std::sync::atomic::Atomic::<u32>::fetch_update`: renamed to `try_update` for consistency
[INFO] [stdout]    --> src/driver.rs:420:22
[INFO] [stdout]     |
[INFO] [stdout] 420 |                     .fetch_update(Ordering::SeqCst, Ordering::SeqCst, count_down)
[INFO] [stdout]     |                      ^^^^^^^^^^^^
[INFO] [stdout]     |
[INFO] [stdout] help: replace the use of the deprecated method
[INFO] [stdout]     |
[INFO] [stdout] 420 -                     .fetch_update(Ordering::SeqCst, Ordering::SeqCst, count_down)
[INFO] [stdout] 420 +                     .try_update(Ordering::SeqCst, Ordering::SeqCst, count_down)
[INFO] [stdout]     |
[INFO] [stdout] 
[INFO] [stdout] 
[INFO] [stderr]    Compiling hyper v0.14.27
[INFO] [stdout] warning: hiding a lifetime that's elided elsewhere is confusing
[INFO] [stdout]    --> src/types.rs:217:22
[INFO] [stdout]     |
[INFO] [stdout] 217 |     pub fn value_ref(&self) -> ValueRef {
[INFO] [stdout]     |                      ^^^^^     ^^^^^^^^ the same lifetime is hidden here
[INFO] [stdout]     |                      |
[INFO] [stdout]     |                      the lifetime is elided here
[INFO] [stdout]     |
[INFO] [stdout]     = help: the same lifetime is referred to in inconsistent ways, making the signature confusing
[INFO] [stdout]     = note: `#[warn(mismatched_lifetime_syntaxes)]` on by default
[INFO] [stdout] help: use `'_` for type paths
[INFO] [stdout]     |
[INFO] [stdout] 217 |     pub fn value_ref(&self) -> ValueRef<'_> {
[INFO] [stdout]     |                                        ++++
[INFO] [stdout] 
[INFO] [stdout] 
[INFO] [stdout] warning: hiding a lifetime that's elided elsewhere is confusing
[INFO] [stdout]   --> src/url.rs:39:25
[INFO] [stdout]    |
[INFO] [stdout] 39 |     pub fn parse(input: &str) -> Result<Url> {
[INFO] [stdout]    |                         ^^^^            ^^^ the same lifetime is hidden here
[INFO] [stdout]    |                         |
[INFO] [stdout]    |                         the lifetime is elided here
[INFO] [stdout]    |
[INFO] [stdout]    = help: the same lifetime is referred to in inconsistent ways, making the signature confusing
[INFO] [stdout] help: use `'_` for type paths
[INFO] [stdout]    |
[INFO] [stdout] 39 |     pub fn parse(input: &str) -> Result<Url<'_>> {
[INFO] [stdout]    |                                            ++++
[INFO] [stdout] 
[INFO] [stdout] 
[INFO] [stderr]    Compiling hyper-tls v0.5.0
[INFO] [stderr]    Compiling reqwest v0.11.19
[INFO] [stderr]    Compiling testcontainers v0.14.0
[INFO] [stdout] warning: use of deprecated constant `std::u32::MAX`: replaced by the `MAX` associated constant on this type
[INFO] [stdout]   --> examples/send_framing.rs:51:43
[INFO] [stdout]    |
[INFO] [stdout] 51 |         .begin(0, Begin::new(0, std::u32::MAX, std::u32::MAX))
[INFO] [stdout]    |                                           ^^^
[INFO] [stdout]    |
[INFO] [stdout]    = note: `#[warn(deprecated)]` on by default
[INFO] [stdout] 
[INFO] [stdout] 
[INFO] [stdout] warning: use of deprecated constant `std::u32::MAX`: replaced by the `MAX` associated constant on this type
[INFO] [stdout]   --> examples/send_framing.rs:51:58
[INFO] [stdout]    |
[INFO] [stdout] 51 |         .begin(0, Begin::new(0, std::u32::MAX, std::u32::MAX))
[INFO] [stdout]    |                                                          ^^^
[INFO] [stdout] 
[INFO] [stdout] 
[INFO] [stdout] warning: use of deprecated constant `std::i32::MAX`: replaced by the `MAX` associated constant on this type
[INFO] [stdout]   --> src/driver.rs:82:40
[INFO] [stdout]    |
[INFO] [stdout] 82 |             incoming_window: std::i32::MAX as u32,
[INFO] [stdout]    |                                        ^^^
[INFO] [stdout]    |
[INFO] [stdout]    = note: `#[warn(deprecated)]` on by default
[INFO] [stdout] 
[INFO] [stdout] 
[INFO] [stdout] warning: use of deprecated constant `std::i32::MAX`: replaced by the `MAX` associated constant on this type
[INFO] [stdout]   --> src/driver.rs:83:40
[INFO] [stdout]    |
[INFO] [stdout] 83 |             outgoing_window: std::i32::MAX as u32,
[INFO] [stdout]    |                                        ^^^
[INFO] [stdout] 
[INFO] [stdout] 
[INFO] [stdout] warning: use of deprecated constant `std::i8::MAX`: replaced by the `MAX` associated constant on this type
[INFO] [stdout]   --> src/types.rs:24:36
[INFO] [stdout]    |
[INFO] [stdout] 24 | pub const I8_MAX: usize = std::i8::MAX as usize;
[INFO] [stdout]    |                                    ^^^
[INFO] [stdout] 
[INFO] [stdout] 
[INFO] [stdout] warning: use of deprecated method `std::sync::atomic::Atomic::<u32>::fetch_update`: renamed to `try_update` for consistency
[INFO] [stdout]    --> src/driver.rs:673:14
[INFO] [stdout]     |
[INFO] [stdout] 673 |             .fetch_update(Ordering::SeqCst, Ordering::SeqCst, semaphore_fn)
[INFO] [stdout]     |              ^^^^^^^^^^^^
[INFO] [stdout]     |
[INFO] [stdout] help: replace the use of the deprecated method
[INFO] [stdout]     |
[INFO] [stdout] 673 -             .fetch_update(Ordering::SeqCst, Ordering::SeqCst, semaphore_fn)
[INFO] [stdout] 673 +             .try_update(Ordering::SeqCst, Ordering::SeqCst, semaphore_fn)
[INFO] [stdout]     |
[INFO] [stdout] 
[INFO] [stdout] 
[INFO] [stdout] warning: use of deprecated method `std::sync::atomic::Atomic::<u32>::fetch_update`: renamed to `try_update` for consistency
[INFO] [stdout]    --> src/driver.rs:420:22
[INFO] [stdout]     |
[INFO] [stdout] 420 |                     .fetch_update(Ordering::SeqCst, Ordering::SeqCst, count_down)
[INFO] [stdout]     |                      ^^^^^^^^^^^^
[INFO] [stdout]     |
[INFO] [stdout] help: replace the use of the deprecated method
[INFO] [stdout]     |
[INFO] [stdout] 420 -                     .fetch_update(Ordering::SeqCst, Ordering::SeqCst, count_down)
[INFO] [stdout] 420 +                     .try_update(Ordering::SeqCst, Ordering::SeqCst, count_down)
[INFO] [stdout]     |
[INFO] [stdout] 
[INFO] [stdout] 
[INFO] [stdout] warning: hiding a lifetime that's elided elsewhere is confusing
[INFO] [stdout]    --> src/types.rs:217:22
[INFO] [stdout]     |
[INFO] [stdout] 217 |     pub fn value_ref(&self) -> ValueRef {
[INFO] [stdout]     |                      ^^^^^     ^^^^^^^^ the same lifetime is hidden here
[INFO] [stdout]     |                      |
[INFO] [stdout]     |                      the lifetime is elided here
[INFO] [stdout]     |
[INFO] [stdout]     = help: the same lifetime is referred to in inconsistent ways, making the signature confusing
[INFO] [stdout]     = note: `#[warn(mismatched_lifetime_syntaxes)]` on by default
[INFO] [stdout] help: use `'_` for type paths
[INFO] [stdout]     |
[INFO] [stdout] 217 |     pub fn value_ref(&self) -> ValueRef<'_> {
[INFO] [stdout]     |                                        ++++
[INFO] [stdout] 
[INFO] [stdout] 
[INFO] [stdout] warning: hiding a lifetime that's elided elsewhere is confusing
[INFO] [stdout]   --> src/url.rs:39:25
[INFO] [stdout]    |
[INFO] [stdout] 39 |     pub fn parse(input: &str) -> Result<Url> {
[INFO] [stdout]    |                         ^^^^            ^^^ the same lifetime is hidden here
[INFO] [stdout]    |                         |
[INFO] [stdout]    |                         the lifetime is elided here
[INFO] [stdout]    |
[INFO] [stdout]    = help: the same lifetime is referred to in inconsistent ways, making the signature confusing
[INFO] [stdout] help: use `'_` for type paths
[INFO] [stdout]    |
[INFO] [stdout] 39 |     pub fn parse(input: &str) -> Result<Url<'_>> {
[INFO] [stdout]    |                                            ++++
[INFO] [stdout] 
[INFO] [stdout] 
[INFO] [stderr]     Finished `release` profile [optimized] target(s) in 3m 08s
[INFO] running `Command { std: "docker" "inspect" "de952c72869632909fe187056064f4c9ce09af43c410290c1096b8d1851b0fa9", kill_on_drop: false }`
[INFO] running `Command { std: "docker" "exec" "-e" "SOURCE_DIR=/opt/rustwide/workdir" "-e" "CARGO_HOME=/opt/rustwide/cargo-home" "-e" "RUSTUP_HOME=/opt/rustwide/rustup-home" "-e" "CARGO_TARGET_DIR=/opt/rustwide/target" "-e" "CARGO_INCREMENTAL=0" "-e" "RUST_BACKTRACE=full" "-e" "RUSTFLAGS=--cap-lints=warn" "-e" "RUSTDOCFLAGS=--cap-lints=warn" "-w" "/opt/rustwide/workdir" "--user" "0:0" "de952c72869632909fe187056064f4c9ce09af43c410290c1096b8d1851b0fa9" "/opt/rustwide/cargo-home/bin/cargo" "+1.99.0-beta.8" "test" "--frozen" "--release", kill_on_drop: false }`
[INFO] [stderr] warning: use of deprecated constant `std::i32::MAX`: replaced by the `MAX` associated constant on this type
[INFO] [stderr]   --> src/driver.rs:82:40
[INFO] [stderr]    |
[INFO] [stderr] 82 |             incoming_window: std::i32::MAX as u32,
[INFO] [stderr]    |                                        ^^^
[INFO] [stderr]    |
[INFO] [stderr]    = note: `#[warn(deprecated)]` on by default
[INFO] [stderr] 
[INFO] [stderr] warning: use of deprecated constant `std::i32::MAX`: replaced by the `MAX` associated constant on this type
[INFO] [stderr]   --> src/driver.rs:83:40
[INFO] [stderr]    |
[INFO] [stderr] 83 |             outgoing_window: std::i32::MAX as u32,
[INFO] [stderr]    |                                        ^^^
[INFO] [stderr] 
[INFO] [stderr] warning: use of deprecated constant `std::i8::MAX`: replaced by the `MAX` associated constant on this type
[INFO] [stderr]   --> src/types.rs:24:36
[INFO] [stderr]    |
[INFO] [stderr] 24 | pub const I8_MAX: usize = std::i8::MAX as usize;
[INFO] [stderr]    |                                    ^^^
[INFO] [stderr] 
[INFO] [stderr] warning: use of deprecated method `std::sync::atomic::Atomic::<u32>::fetch_update`: renamed to `try_update` for consistency
[INFO] [stderr]    --> src/driver.rs:673:14
[INFO] [stderr]     |
[INFO] [stderr] 673 |             .fetch_update(Ordering::SeqCst, Ordering::SeqCst, semaphore_fn)
[INFO] [stderr]     |              ^^^^^^^^^^^^
[INFO] [stderr]     |
[INFO] [stderr] help: replace the use of the deprecated method
[INFO] [stderr]     |
[INFO] [stderr] 673 -             .fetch_update(Ordering::SeqCst, Ordering::SeqCst, semaphore_fn)
[INFO] [stderr] 673 +             .try_update(Ordering::SeqCst, Ordering::SeqCst, semaphore_fn)
[INFO] [stderr]     |
[INFO] [stderr] 
[INFO] [stderr] warning: use of deprecated method `std::sync::atomic::Atomic::<u32>::fetch_update`: renamed to `try_update` for consistency
[INFO] [stderr]    --> src/driver.rs:420:22
[INFO] [stderr]     |
[INFO] [stderr] 420 |                     .fetch_update(Ordering::SeqCst, Ordering::SeqCst, count_down)
[INFO] [stderr]     |                      ^^^^^^^^^^^^
[INFO] [stderr]     |
[INFO] [stderr] help: replace the use of the deprecated method
[INFO] [stderr]     |
[INFO] [stderr] 420 -                     .fetch_update(Ordering::SeqCst, Ordering::SeqCst, count_down)
[INFO] [stderr] 420 +                     .try_update(Ordering::SeqCst, Ordering::SeqCst, count_down)
[INFO] [stderr]     |
[INFO] [stderr] 
[INFO] [stderr] warning: hiding a lifetime that's elided elsewhere is confusing
[INFO] [stderr]    --> src/types.rs:217:22
[INFO] [stderr]     |
[INFO] [stderr] 217 |     pub fn value_ref(&self) -> ValueRef {
[INFO] [stderr]     |                      ^^^^^     ^^^^^^^^ the same lifetime is hidden here
[INFO] [stderr]     |                      |
[INFO] [stderr]     |                      the lifetime is elided here
[INFO] [stderr]     |
[INFO] [stderr]     = help: the same lifetime is referred to in inconsistent ways, making the signature confusing
[INFO] [stderr]     = note: `#[warn(mismatched_lifetime_syntaxes)]` on by default
[INFO] [stderr] help: use `'_` for type paths
[INFO] [stderr]     |
[INFO] [stderr] 217 |     pub fn value_ref(&self) -> ValueRef<'_> {
[INFO] [stderr]     |                                        ++++
[INFO] [stderr] 
[INFO] [stderr] warning: hiding a lifetime that's elided elsewhere is confusing
[INFO] [stderr]   --> src/url.rs:39:25
[INFO] [stderr]    |
[INFO] [stderr] 39 |     pub fn parse(input: &str) -> Result<Url> {
[INFO] [stderr]    |                         ^^^^            ^^^ the same lifetime is hidden here
[INFO] [stderr]    |                         |
[INFO] [stderr]    |                         the lifetime is elided here
[INFO] [stderr]    |
[INFO] [stderr]    = help: the same lifetime is referred to in inconsistent ways, making the signature confusing
[INFO] [stderr] help: use `'_` for type paths
[INFO] [stderr]    |
[INFO] [stderr] 39 |     pub fn parse(input: &str) -> Result<Url<'_>> {
[INFO] [stderr]    |                                            ++++
[INFO] [stderr] 
[INFO] [stderr] warning: `dove` (lib) generated 7 warnings (run `cargo fix --lib -p dove` to apply 4 suggestions)
[INFO] [stderr] warning: use of deprecated constant `std::u32::MAX`: replaced by the `MAX` associated constant on this type
[INFO] [stderr]   --> examples/send_framing.rs:51:43
[INFO] [stderr]    |
[INFO] [stderr] 51 |         .begin(0, Begin::new(0, std::u32::MAX, std::u32::MAX))
[INFO] [stderr]    |                                           ^^^
[INFO] [stderr]    |
[INFO] [stderr]    = note: `#[warn(deprecated)]` on by default
[INFO] [stderr] 
[INFO] [stderr] warning: use of deprecated constant `std::u32::MAX`: replaced by the `MAX` associated constant on this type
[INFO] [stderr]   --> examples/send_framing.rs:51:58
[INFO] [stderr]    |
[INFO] [stderr] 51 |         .begin(0, Begin::new(0, std::u32::MAX, std::u32::MAX))
[INFO] [stderr]    |                                                          ^^^
[INFO] [stderr] 
[INFO] [stderr] warning: `dove` (lib test) generated 7 warnings (7 duplicates)
[INFO] [stderr] warning: `dove` (example "send_framing") generated 2 warnings
[INFO] [stderr]     Finished `release` profile [optimized] target(s) in 0.23s
[INFO] [stderr]      Running unittests src/lib.rs (/opt/rustwide/target/release/deps/dove-cb291994dfde74ff)
[INFO] [stdout] 
[INFO] [stdout] running 10 tests
[INFO] [stdout] test framing::tests::check_performatives ... ok
[INFO] [stdout] test url::tests::test_credentials ... ok
[INFO] [stdout] test url::tests::test_full ... ok
[INFO] [stdout] test driver::tests::check_handle_map ... ok
[INFO] [stdout] test url::tests::test_nodest ... ok
[INFO] [stdout] test transport::tests::writebuffer ... ok
[INFO] [stdout] test types::tests::check_types ... ok
[INFO] [stdout] test transport::tests::readbuffer ... ok
[INFO] [stdout] test url::tests::test_simple ... ok
[INFO] [stderr]      Running tests/integration_tests.rs (/opt/rustwide/target/release/deps/integration_tests-83dfe2aa7c0a998a)
[INFO] [stdout] test url::tests::test_port ... ok
[INFO] [stdout] 
[INFO] [stdout] test result: ok. 10 passed; 0 failed; 0 ignored; 0 measured; 0 filtered out; finished in 0.00s
[INFO] [stdout] 
[INFO] [stdout] 
[INFO] [stdout] running 3 tests
[INFO] [stdout] test test_artemis ... FAILED
[INFO] [stdout] test test_qpid_broker_j ... FAILED
[INFO] [stdout] test test_qpid_dispatch ... FAILED
[INFO] [stdout] 
[INFO] [stdout] failures:
[INFO] [stdout] 
[INFO] [stdout] ---- test_artemis stdout ----
[INFO] [stdout] 
[INFO] [stdout] thread 'test_artemis' (2235) panicked at /opt/rustwide/cargo-home/registry/src/index.crates.io-1949cf8c6b5b557f/testcontainers-0.14.0/src/clients/cli.rs:48:9:
[INFO] [stdout] failed to start container
[INFO] [stdout] stack backtrace:
[INFO] [stdout]    0:     0x5d121d18a5f1 - <<std[70759c8f55707aa4]::sys::backtrace::BacktraceLock>::print::DisplayBacktrace as core[df12db4294e9bfd3]::fmt::Display>::fmt
[INFO] [stdout]    1:     0x5d121d1a292a - core[df12db4294e9bfd3]::fmt::write
[INFO] [stdout]    2:     0x5d121d19088c - <alloc[2182bb758b4b3781]::vec::Vec<u8> as core[df12db4294e9bfd3]::io::write::Write>::write_fmt
[INFO] [stdout]    3:     0x5d121d165406 - std[70759c8f55707aa4]::panicking::default_hook::{closure#0}
[INFO] [stdout]    4:     0x5d121d1823f9 - std[70759c8f55707aa4]::panicking::default_hook
[INFO] [stdout]    5:     0x5d121d02c240 - test[9d35eded1c95d3be]::test_main_inner::<test[9d35eded1c95d3be]::test_main_static::{closure#0}>::{closure#0}
[INFO] [stdout]    6:     0x5d121d182722 - std[70759c8f55707aa4]::panicking::panic_with_hook
[INFO] [stdout]    7:     0x5d121d1654e4 - std[70759c8f55707aa4]::panicking::panic_handler::{closure#0}
[INFO] [stdout]    8:     0x5d121d15df19 - std[70759c8f55707aa4]::sys::backtrace::__rust_end_short_backtrace::<std[70759c8f55707aa4]::panicking::panic_handler::{closure#0}, !>
[INFO] [stdout]    9:     0x5d121d16633d - __rustc[8fa7c3cbc660c2b3]::rust_begin_unwind
[INFO] [stdout]   10:     0x5d121d1a310c - core[df12db4294e9bfd3]::panicking::panic_fmt
[INFO] [stdout]   11:     0x5d121ce43fa3 - <testcontainers[a171e89dd71614a8]::clients::cli::Cli>::run::<testcontainers[a171e89dd71614a8]::images::generic::GenericImage, testcontainers[a171e89dd71614a8]::images::generic::GenericImage>
[INFO] [stdout]   12:     0x5d121ce2d121 - integration_tests[fe3713abecc21fda]::test_artemis::{closure#0}
[INFO] [stdout]   13:     0x5d121ce4d13b - <tokio[8601cf860527b979]::runtime::runtime::Runtime>::block_on::<core[df12db4294e9bfd3]::pin::Pin<&mut dyn core[df12db4294e9bfd3]::future::future::Future<Output = ()>>>
[INFO] [stdout]   14:     0x5d121ce2e7ae - <integration_tests[fe3713abecc21fda]::test_artemis::{closure#0} as core[df12db4294e9bfd3]::ops::function::FnOnce<()>>::call_once
[INFO] [stdout]   15:     0x5d121d01f52b - test[9d35eded1c95d3be]::__rust_begin_short_backtrace::<core[df12db4294e9bfd3]::result::Result<(), alloc[2182bb758b4b3781]::string::String>, fn() -> core[df12db4294e9bfd3]::result::Result<(), alloc[2182bb758b4b3781]::string::String>>
[INFO] [stdout]   16:     0x5d121d02cb95 - test[9d35eded1c95d3be]::run_test::{closure#0}
[INFO] [stdout]   17:     0x5d121d026454 - std[70759c8f55707aa4]::sys::backtrace::__rust_begin_short_backtrace::<test[9d35eded1c95d3be]::run_test::{closure#1}, ()>
[INFO] [stdout]   18:     0x5d121d02fcf2 - <std[70759c8f55707aa4]::thread::lifecycle::spawn_unchecked<test[9d35eded1c95d3be]::run_test::{closure#1}, ()>::{closure#1} as core[df12db4294e9bfd3]::ops::function::FnOnce<()>>::call_once::{shim:vtable#0}
[INFO] [stdout]   19:     0x5d121d189a99 - <std[70759c8f55707aa4]::sys::thread::unix::Thread>::new::thread_start
[INFO] [stdout]   20:     0x7e4143579dfa - <unknown>
[INFO] [stdout]   21:     0x7e414360d3d4 - clone
[INFO] [stdout]   22:                0x0 - <unknown>
[INFO] [stdout] 
[INFO] [stdout] ---- test_qpid_broker_j stdout ----
[INFO] [stdout] 
[INFO] [stdout] thread 'test_qpid_broker_j' (2236) panicked at /opt/rustwide/cargo-home/registry/src/index.crates.io-1949cf8c6b5b557f/testcontainers-0.14.0/src/clients/cli.rs:48:9:
[INFO] [stdout] failed to start container
[INFO] [stdout] stack backtrace:
[INFO] [stdout]    0:     0x5d121d18a5f1 - <<std[70759c8f55707aa4]::sys::backtrace::BacktraceLock>::print::DisplayBacktrace as core[df12db4294e9bfd3]::fmt::Display>::fmt
[INFO] [stdout]    1:     0x5d121d1a292a - core[df12db4294e9bfd3]::fmt::write
[INFO] [stdout]    2:     0x5d121d19088c - <alloc[2182bb758b4b3781]::vec::Vec<u8> as core[df12db4294e9bfd3]::io::write::Write>::write_fmt
[INFO] [stdout]    3:     0x5d121d165406 - std[70759c8f55707aa4]::panicking::default_hook::{closure#0}
[INFO] [stdout]    4:     0x5d121d1823f9 - std[70759c8f55707aa4]::panicking::default_hook
[INFO] [stdout]    5:     0x5d121d02c240 - test[9d35eded1c95d3be]::test_main_inner::<test[9d35eded1c95d3be]::test_main_static::{closure#0}>::{closure#0}
[INFO] [stdout]    6:     0x5d121d182722 - std[70759c8f55707aa4]::panicking::panic_with_hook
[INFO] [stdout]    7:     0x5d121d1654e4 - std[70759c8f55707aa4]::panicking::panic_handler::{closure#0}
[INFO] [stdout]    8:     0x5d121d15df19 - std[70759c8f55707aa4]::sys::backtrace::__rust_end_short_backtrace::<std[70759c8f55707aa4]::panicking::panic_handler::{closure#0}, !>
[INFO] [stdout]    9:     0x5d121d16633d - __rustc[8fa7c3cbc660c2b3]::rust_begin_unwind
[INFO] [stdout]   10:     0x5d121d1a310c - core[df12db4294e9bfd3]::panicking::panic_fmt
[INFO] [stdout]   11:     0x5d121ce43fa3 - <testcontainers[a171e89dd71614a8]::clients::cli::Cli>::run::<testcontainers[a171e89dd71614a8]::images::generic::GenericImage, testcontainers[a171e89dd71614a8]::images::generic::GenericImage>
[INFO] [stdout]   12:     0x5d121ce2d870 - integration_tests[fe3713abecc21fda]::test_qpid_broker_j::{closure#0}
[INFO] [stdout]   13:     0x5d121ce4d13b - <tokio[8601cf860527b979]::runtime::runtime::Runtime>::block_on::<core[df12db4294e9bfd3]::pin::Pin<&mut dyn core[df12db4294e9bfd3]::future::future::Future<Output = ()>>>
[INFO] [stdout]   14:     0x5d121ce2e90e - <integration_tests[fe3713abecc21fda]::test_qpid_broker_j::{closure#0} as core[df12db4294e9bfd3]::ops::function::FnOnce<()>>::call_once
[INFO] [stdout]   15:     0x5d121d01f52b - test[9d35eded1c95d3be]::__rust_begin_short_backtrace::<core[df12db4294e9bfd3]::result::Result<(), alloc[2182bb758b4b3781]::string::String>, fn() -> core[df12db4294e9bfd3]::result::Result<(), alloc[2182bb758b4b3781]::string::String>>
[INFO] [stdout]   16:     0x5d121d02cb95 - test[9d35eded1c95d3be]::run_test::{closure#0}
[INFO] [stdout]   17:     0x5d121d026454 - std[70759c8f55707aa4]::sys::backtrace::__rust_begin_short_backtrace::<test[9d35eded1c95d3be]::run_test::{closure#1}, ()>
[INFO] [stdout]   18:     0x5d121d02fcf2 - <std[70759c8f55707aa4]::thread::lifecycle::spawn_unchecked<test[9d35eded1c95d3be]::run_test::{closure#1}, ()>::{closure#1} as core[df12db4294e9bfd3]::ops::function::FnOnce<()>>::call_once::{shim:vtable#0}
[INFO] [stdout]   19:     0x5d121d189a99 - <std[70759c8f55707aa4]::sys::thread::unix::Thread>::new::thread_start
[INFO] [stdout]   20:     0x7e4143579dfa - <unknown>
[INFO] [stdout]   21:     0x7e414360d3d4 - clone
[INFO] [stdout]   22:                0x0 - <unknown>
[INFO] [stdout] 
[INFO] [stdout] ---- test_qpid_dispatch stdout ----
[INFO] [stdout] 
[INFO] [stdout] thread 'test_qpid_dispatch' (2237) panicked at /opt/rustwide/cargo-home/registry/src/index.crates.io-1949cf8c6b5b557f/testcontainers-0.14.0/src/clients/cli.rs:48:9:
[INFO] [stdout] failed to start container
[INFO] [stdout] stack backtrace:
[INFO] [stdout]    0:     0x5d121d18a5f1 - <<std[70759c8f55707aa4]::sys::backtrace::BacktraceLock>::print::DisplayBacktrace as core[df12db4294e9bfd3]::fmt::Display>::fmt
[INFO] [stdout]    1:     0x5d121d1a292a - core[df12db4294e9bfd3]::fmt::write
[INFO] [stdout]    2:     0x5d121d19088c - <alloc[2182bb758b4b3781]::vec::Vec<u8> as core[df12db4294e9bfd3]::io::write::Write>::write_fmt
[INFO] [stdout]    3:     0x5d121d165406 - std[70759c8f55707aa4]::panicking::default_hook::{closure#0}
[INFO] [stdout]    4:     0x5d121d1823f9 - std[70759c8f55707aa4]::panicking::default_hook
[INFO] [stdout]    5:     0x5d121d02c240 - test[9d35eded1c95d3be]::test_main_inner::<test[9d35eded1c95d3be]::test_main_static::{closure#0}>::{closure#0}
[INFO] [stdout]    6:     0x5d121d182722 - std[70759c8f55707aa4]::panicking::panic_with_hook
[INFO] [stdout]    7:     0x5d121d1654e4 - std[70759c8f55707aa4]::panicking::panic_handler::{closure#0}
[INFO] [stdout]    8:     0x5d121d15df19 - std[70759c8f55707aa4]::sys::backtrace::__rust_end_short_backtrace::<std[70759c8f55707aa4]::panicking::panic_handler::{closure#0}, !>
[INFO] [stdout]    9:     0x5d121d16633d - __rustc[8fa7c3cbc660c2b3]::rust_begin_unwind
[INFO] [stdout]   10:     0x5d121d1a310c - core[df12db4294e9bfd3]::panicking::panic_fmt
[INFO] [stdout]   11:     0x5d121ce43fa3 - <testcontainers[a171e89dd71614a8]::clients::cli::Cli>::run::<testcontainers[a171e89dd71614a8]::images::generic::GenericImage, testcontainers[a171e89dd71614a8]::images::generic::GenericImage>
[INFO] [stdout]   12:     0x5d121ce2de9c - integration_tests[fe3713abecc21fda]::test_qpid_dispatch::{closure#0}
[INFO] [stdout]   13:     0x5d121ce4d13b - <tokio[8601cf860527b979]::runtime::runtime::Runtime>::block_on::<core[df12db4294e9bfd3]::pin::Pin<&mut dyn core[df12db4294e9bfd3]::future::future::Future<Output = ()>>>
[INFO] [stdout]   14:     0x5d121ce2ea6e - <integration_tests[fe3713abecc21fda]::test_qpid_dispatch::{closure#0} as core[df12db4294e9bfd3]::ops::function::FnOnce<()>>::call_once
[INFO] [stdout]   15:     0x5d121d01f52b - test[9d35eded1c95d3be]::__rust_begin_short_backtrace::<core[df12db4294e9bfd3]::result::Result<(), alloc[2182bb758b4b3781]::string::String>, fn() -> core[df12db4294e9bfd3]::result::Result<(), alloc[2182bb758b4b3781]::string::String>>
[INFO] [stdout]   16:     0x5d121d02cb95 - test[9d35eded1c95d3be]::run_test::{closure#0}
[INFO] [stdout]   17:     0x5d121d026454 - std[70759c8f55707aa4]::sys::backtrace::__rust_begin_short_backtrace::<test[9d35eded1c95d3be]::run_test::{closure#1}, ()>
[INFO] [stdout]   18:     0x5d121d02fcf2 - <std[70759c8f55707aa4]::thread::lifecycle::spawn_unchecked<test[9d35eded1c95d3be]::run_test::{closure#1}, ()>::{closure#1} as core[df12db4294e9bfd3]::ops::function::FnOnce<()>>::call_once::{shim:vtable#0}
[INFO] [stdout]   19:     0x5d121d189a99 - <std[70759c8f55707aa4]::sys::thread::unix::Thread>::new::thread_start
[INFO] [stdout]   20:     0x7e4143579dfa - <unknown>
[INFO] [stdout]   21:     0x7e414360d3d4 - clone
[INFO] [stdout]   22:                0x0 - <unknown>
[INFO] [stdout] 
[INFO] [stdout] 
[INFO] [stdout] failures:
[INFO] [stdout]     test_artemis
[INFO] [stdout]     test_qpid_broker_j
[INFO] [stdout]     test_qpid_dispatch
[INFO] [stdout] 
[INFO] [stdout] test result: FAILED. 0 passed; 3 failed; 0 ignored; 0 measured; 0 filtered out; finished in 0.22s
[INFO] [stdout] 
[INFO] [stderr] error: test failed, to rerun pass `--test integration_tests`
[INFO] running `Command { std: "docker" "inspect" "de952c72869632909fe187056064f4c9ce09af43c410290c1096b8d1851b0fa9", kill_on_drop: false }`
[INFO] running `Command { std: "docker" "rm" "-f" "de952c72869632909fe187056064f4c9ce09af43c410290c1096b8d1851b0fa9", kill_on_drop: false }`
[INFO] [stdout] de952c72869632909fe187056064f4c9ce09af43c410290c1096b8d1851b0fa9
