[INFO] fetching crate double_linked_list 0.1.2...
[INFO] testing double_linked_list-0.1.2 against 1.100.0-beta.1+cargoflags=--release for beta-release-1.100-2
[INFO] extracting crate double_linked_list 0.1.2 into /workspace/builds/worker-4-tc2/source
[INFO] started tweaking crates.io crate double_linked_list 0.1.2
[INFO] removed 0 missing tests
[INFO] finished tweaking crates.io crate double_linked_list 0.1.2
[INFO] tweaked toml for crates.io crate double_linked_list 0.1.2 written to /workspace/builds/worker-4-tc2/source/Cargo.toml
[INFO] validating manifest of crates.io crate double_linked_list 0.1.2 on toolchain 1.100.0-beta.1
[INFO] running `Command { std: CARGO_HOME="/workspace/cargo-home" RUSTUP_HOME="/workspace/rustup-home" "/workspace/cargo-home/bin/cargo" "+1.100.0-beta.1" "metadata" "--manifest-path" "Cargo.toml" "--no-deps", kill_on_drop: false }`
[INFO] crate crates.io crate double_linked_list 0.1.2 already has a lockfile, it will not be regenerated
[INFO] running `Command { std: CARGO_HOME="/workspace/cargo-home" RUSTUP_HOME="/workspace/rustup-home" "/workspace/cargo-home/bin/cargo" "+1.100.0-beta.1" "fetch" "--manifest-path" "Cargo.toml", kill_on_drop: false }`
[INFO] [stderr] warning: `package.homepage` is redundant with `package.repository`
[INFO] [stderr]   --> Cargo.toml:35:12
[INFO] [stderr]    |
[INFO] [stderr] 35 | homepage = "https://github.com/touskar/double_linked_list"
[INFO] [stderr]    |            ^^^^^^^^^^^^^^^^^^^^^^^^^^^^^^^^^^^^^^^^^^^^^^^
[INFO] [stderr] ...
[INFO] [stderr] 40 | repository = "https://github.com/touskar/double_linked_list"
[INFO] [stderr]    |              -----------------------------------------------
[INFO] [stderr]    |
[INFO] [stderr]    = note: `cargo::redundant_homepage` is set to `warn` by default
[INFO] [stderr] help: consider removing `package.homepage`
[INFO] [stderr] warning: `double_linked_list` (manifest) generated 1 warning
[INFO] [stderr]     Blocking waiting for file lock on package cache
[INFO] [stderr]     Blocking waiting for file lock on package cache
[INFO] running `Command { std: "docker" "create" "-v" "/var/lib/crater-agent-workspace/builds/worker-4-tc2/source:/opt/rustwide/workdir:ro,Z" "-v" "/var/lib/crater-agent-workspace/builds/worker-4-tc2/target:/opt/rustwide/target:rw,Z" "-v" "/var/lib/crater-agent-workspace/cargo-home:/opt/rustwide/cargo-home:ro,Z" "-v" "/var/lib/crater-agent-workspace/rustup-home:/opt/rustwide/rustup-home:ro,Z" "-m" "1610612736" "--network" "none" "ghcr.io/rust-lang/crates-build-env/linux@sha256:77db811e55d90add9212f6832c23229e3de5f1c1f9905e8cb07319ea15df73ac" "sleep" "infinity", kill_on_drop: false }`
[INFO] [stdout] 7232eca28903f3b0522e37571aa2258c5e6531a261aaa670b8715d75abd908d4
[INFO] running `Command { std: "docker" "start" "7232eca28903f3b0522e37571aa2258c5e6531a261aaa670b8715d75abd908d4", kill_on_drop: false }`
[INFO] running `Command { std: "docker" "inspect" "7232eca28903f3b0522e37571aa2258c5e6531a261aaa670b8715d75abd908d4", kill_on_drop: false }`
[INFO] running `Command { std: "docker" "exec" "-e" "SOURCE_DIR=/opt/rustwide/workdir" "-e" "CARGO_HOME=/opt/rustwide/cargo-home" "-e" "RUSTUP_HOME=/opt/rustwide/rustup-home" "-e" "CARGO_TARGET_DIR=/opt/rustwide/target" "-w" "/opt/rustwide/workdir" "--user" "0:0" "7232eca28903f3b0522e37571aa2258c5e6531a261aaa670b8715d75abd908d4" "/opt/rustwide/cargo-home/bin/cargo" "+1.100.0-beta.1" "metadata" "--no-deps" "--format-version=1", kill_on_drop: false }`
[INFO] running `Command { std: "docker" "inspect" "7232eca28903f3b0522e37571aa2258c5e6531a261aaa670b8715d75abd908d4", kill_on_drop: false }`
[INFO] running `Command { std: "docker" "exec" "-e" "SOURCE_DIR=/opt/rustwide/workdir" "-e" "CARGO_HOME=/opt/rustwide/cargo-home" "-e" "RUSTUP_HOME=/opt/rustwide/rustup-home" "-e" "CARGO_TARGET_DIR=/opt/rustwide/target" "-e" "CARGO_INCREMENTAL=0" "-e" "RUST_BACKTRACE=full" "-e" "RUSTFLAGS=--cap-lints=warn" "-e" "RUSTDOCFLAGS=--cap-lints=warn" "-w" "/opt/rustwide/workdir" "--user" "0:0" "7232eca28903f3b0522e37571aa2258c5e6531a261aaa670b8715d75abd908d4" "/opt/rustwide/cargo-home/bin/cargo" "+1.100.0-beta.1" "build" "--frozen" "--message-format=json" "--release", kill_on_drop: false }`
[INFO] [stderr] warning: `package.homepage` is redundant with `package.repository`
[INFO] [stderr]   --> Cargo.toml:35:12
[INFO] [stderr]    |
[INFO] [stderr] 35 | homepage = "https://github.com/touskar/double_linked_list"
[INFO] [stderr]    |            ^^^^^^^^^^^^^^^^^^^^^^^^^^^^^^^^^^^^^^^^^^^^^^^
[INFO] [stderr] ...
[INFO] [stderr] 40 | repository = "https://github.com/touskar/double_linked_list"
[INFO] [stderr]    |              -----------------------------------------------
[INFO] [stderr]    |
[INFO] [stderr]    = note: `cargo::redundant_homepage` is set to `warn` by default
[INFO] [stderr] help: consider removing `package.homepage`
[INFO] [stderr] warning: `double_linked_list` (manifest) generated 1 warning
[INFO] [stderr]    Compiling double_linked_list v0.1.2 (/opt/rustwide/workdir)
[INFO] [stderr]     Finished `release` profile [optimized] target(s) in 1.02s
[INFO] running `Command { std: "docker" "inspect" "7232eca28903f3b0522e37571aa2258c5e6531a261aaa670b8715d75abd908d4", kill_on_drop: false }`
[INFO] running `Command { std: "docker" "exec" "-e" "SOURCE_DIR=/opt/rustwide/workdir" "-e" "CARGO_HOME=/opt/rustwide/cargo-home" "-e" "RUSTUP_HOME=/opt/rustwide/rustup-home" "-e" "CARGO_TARGET_DIR=/opt/rustwide/target" "-e" "CARGO_INCREMENTAL=0" "-e" "RUST_BACKTRACE=full" "-e" "RUSTFLAGS=--cap-lints=warn" "-e" "RUSTDOCFLAGS=--cap-lints=warn" "-w" "/opt/rustwide/workdir" "--user" "0:0" "7232eca28903f3b0522e37571aa2258c5e6531a261aaa670b8715d75abd908d4" "/opt/rustwide/cargo-home/bin/cargo" "+1.100.0-beta.1" "test" "--frozen" "--no-run" "--message-format=json" "--release", kill_on_drop: false }`
[INFO] [stderr] warning: `package.homepage` is redundant with `package.repository`
[INFO] [stderr]   --> Cargo.toml:35:12
[INFO] [stderr]    |
[INFO] [stderr] 35 | homepage = "https://github.com/touskar/double_linked_list"
[INFO] [stderr]    |            ^^^^^^^^^^^^^^^^^^^^^^^^^^^^^^^^^^^^^^^^^^^^^^^
[INFO] [stderr] ...
[INFO] [stderr] 40 | repository = "https://github.com/touskar/double_linked_list"
[INFO] [stderr]    |              -----------------------------------------------
[INFO] [stderr]    |
[INFO] [stderr]    = note: `cargo::redundant_homepage` is set to `warn` by default
[INFO] [stderr] help: consider removing `package.homepage`
[INFO] [stderr] warning: `double_linked_list` (manifest) generated 1 warning
[INFO] [stderr]    Compiling proc-macro2 v1.0.101
[INFO] [stderr]    Compiling serde_json v1.0.143
[INFO] [stderr]    Compiling plotters-backend v0.3.7
[INFO] [stderr]    Compiling ciborium-io v0.2.2
[INFO] [stderr]    Compiling regex-syntax v0.8.5
[INFO] [stderr]    Compiling half v2.6.0
[INFO] [stderr]    Compiling itertools v0.10.5
[INFO] [stderr]    Compiling cast v0.3.0
[INFO] [stderr]    Compiling clap_builder v4.5.44
[INFO] [stderr]    Compiling anes v0.1.6
[INFO] [stderr]    Compiling getrandom v0.2.16
[INFO] [stderr]    Compiling is-terminal v0.4.16
[INFO] [stderr]    Compiling oorandom v11.1.5
[INFO] [stderr]    Compiling rayon v1.11.0
[INFO] [stderr]    Compiling rand_core v0.6.4
[INFO] [stderr]    Compiling plotters-svg v0.3.7
[INFO] [stderr]    Compiling rand_chacha v0.3.1
[INFO] [stderr]    Compiling ciborium-ll v0.2.2
[INFO] [stderr]    Compiling plotters v0.3.7
[INFO] [stderr]    Compiling rand v0.8.5
[INFO] [stderr]    Compiling quote v1.0.40
[INFO] [stderr]    Compiling syn v2.0.106
[INFO] [stderr]    Compiling criterion-plot v0.5.0
[INFO] [stderr]    Compiling regex-automata v0.4.9
[INFO] [stderr]    Compiling clap v4.5.45
[INFO] [stderr]    Compiling serde_derive v1.0.219
[INFO] [stderr]    Compiling regex v1.11.1
[INFO] [stderr]    Compiling serde v1.0.219
[INFO] [stderr]    Compiling ciborium v0.2.2
[INFO] [stderr]    Compiling tinytemplate v1.2.1
[INFO] [stderr]    Compiling criterion v0.5.1
[INFO] [stderr]    Compiling double_linked_list v0.1.2 (/opt/rustwide/workdir)
[INFO] [stderr]     Finished `release` profile [optimized] target(s) in 41.36s
[INFO] running `Command { std: "docker" "inspect" "7232eca28903f3b0522e37571aa2258c5e6531a261aaa670b8715d75abd908d4", kill_on_drop: false }`
[INFO] running `Command { std: "docker" "exec" "-e" "SOURCE_DIR=/opt/rustwide/workdir" "-e" "CARGO_HOME=/opt/rustwide/cargo-home" "-e" "RUSTUP_HOME=/opt/rustwide/rustup-home" "-e" "CARGO_TARGET_DIR=/opt/rustwide/target" "-e" "CARGO_INCREMENTAL=0" "-e" "RUST_BACKTRACE=full" "-e" "RUSTFLAGS=--cap-lints=warn" "-e" "RUSTDOCFLAGS=--cap-lints=warn" "-w" "/opt/rustwide/workdir" "--user" "0:0" "7232eca28903f3b0522e37571aa2258c5e6531a261aaa670b8715d75abd908d4" "/opt/rustwide/cargo-home/bin/cargo" "+1.100.0-beta.1" "test" "--frozen" "--release", kill_on_drop: false }`
[INFO] [stderr] warning: `package.homepage` is redundant with `package.repository`
[INFO] [stderr]   --> Cargo.toml:35:12
[INFO] [stderr]    |
[INFO] [stderr] 35 | homepage = "https://github.com/touskar/double_linked_list"
[INFO] [stderr]    |            ^^^^^^^^^^^^^^^^^^^^^^^^^^^^^^^^^^^^^^^^^^^^^^^
[INFO] [stderr] ...
[INFO] [stderr] 40 | repository = "https://github.com/touskar/double_linked_list"
[INFO] [stderr]    |              -----------------------------------------------
[INFO] [stderr]    |
[INFO] [stderr]    = note: `cargo::redundant_homepage` is set to `warn` by default
[INFO] [stderr] help: consider removing `package.homepage`
[INFO] [stderr] warning: `double_linked_list` (manifest) generated 1 warning
[INFO] [stderr]     Finished `release` profile [optimized] target(s) in 0.11s
[INFO] [stderr]      Running unittests src/lib.rs (/opt/rustwide/target/release/build/double_linked_list/c922e8f77bd4b096/out/double_linked_list-c922e8f77bd4b096)
[INFO] [stdout] 
[INFO] [stdout] running 0 tests
[INFO] [stdout] 
[INFO] [stdout] test result: ok. 0 passed; 0 failed; 0 ignored; 0 measured; 0 filtered out; finished in 0.00s
[INFO] [stdout] 
[INFO] [stderr]      Running unittests src/main.rs (/opt/rustwide/target/release/build/double_linked_list/07b38762f64f1ff9/out/double_linked_list-07b38762f64f1ff9)
[INFO] [stdout] 
[INFO] [stdout] running 0 tests
[INFO] [stdout] 
[INFO] [stdout] test result: ok. 0 passed; 0 failed; 0 ignored; 0 measured; 0 filtered out; finished in 0.00s
[INFO] [stdout] 
[INFO] [stderr]      Running tests/tests.rs (/opt/rustwide/target/release/build/double_linked_list/d946a3a4209846db/out/tests-d946a3a4209846db)
[INFO] [stdout] 
[INFO] [stdout] running 34 tests
[INFO] [stdout] test tests::test_comprehensive_functional_operations ... ok
[INFO] [stdout] test tests::test_debug_enabled_performance ... ok
[INFO] [stdout] test tests::test_basic_stack_operations ... FAILED
[INFO] [stdout] test tests::test_construction_and_capacity ... FAILED
[INFO] [stdout] test tests::test_clone_trait ... ok
[INFO] [stdout] test tests::test_error_handling ... FAILED
[INFO] [stdout] test tests::test_element_access ... ok
[INFO] [stdout] test tests::test_cursor_positioning ... FAILED
[INFO] [stdout] test tests::test_default_trait ... ok
[INFO] [stdout] test tests::test_debug_functionality ... ok
[INFO] [stdout] test tests::test_functional_programming ... ok
[INFO] [stdout] test tests::test_cursor_operations ... FAILED
[INFO] [stdout] test tests::test_edge_cases ... ok
[INFO] [stdout] test tests::test_from_iterator ... ok
[INFO] [stdout] test tests::test_insert_many_at_index ... ok
[INFO] [stdout] test tests::test_capacity_management ... FAILED
[INFO] [stdout] test tests::test_removal_operations ... ok
[INFO] [stdout] test tests::test_insertion_operations ... ok
[INFO] [stdout] test tests::test_large_list_operations ... FAILED
[INFO] [stdout] test tests::test_memory_pool_functionality ... ok
[INFO] [stdout] test tests::test_queue_operations ... ok
[INFO] [stdout] test tests::test_large_scale_operations ... FAILED
[INFO] [stdout] test tests::test_cursor_management ... ok
[INFO] [stdout] test tests::test_display_methods ... ok
[INFO] [stdout] test tests::test_production_ready_basic ... ok
[INFO] [stdout] test tests::test_simple_push_performance ... ok
[INFO] [stdout] test tests::test_splice_operation ... ok
[INFO] [stdout] test tests::test_error_handling_production ... FAILED
[INFO] [stdout] test tests::test_iterator_implementation ... FAILED
[INFO] [stdout] test tests::test_utility_methods ... FAILED
[INFO] [stdout] test tests::test_search_operations ... ok
[INFO] [stdout] test tests::test_thread_safety_ready ... ok
[INFO] [stdout] test tests::test_splice_comprehensive ... FAILED
[INFO] [stdout] test tests::test_cursor_sequential_navigation ... ok
[INFO] [stdout] 
[INFO] [stdout] failures:
[INFO] [stdout] 
[INFO] [stdout] ---- tests::test_basic_stack_operations stdout ----
[INFO] [stdout] 
[INFO] [stdout] thread 'tests::test_basic_stack_operations' (775) panicked at tests/tests.rs:61:9:
[INFO] [stdout] assertion `left == right` failed
[INFO] [stdout]   left: None
[INFO] [stdout]  right: Some(2)
[INFO] [stdout] stack backtrace:
[INFO] [stdout]    0:     0x634e208ac821 - <<std[617be2ca0a6fd877]::sys::backtrace::BacktraceLock>::print::DisplayBacktrace as core[a373ad73a504971]::fmt::Display>::fmt
[INFO] [stdout]    1:     0x634e208c0a6a - core[a373ad73a504971]::fmt::write
[INFO] [stdout]    2:     0x634e208b0a3c - <alloc[2e1b2a31b91974c5]::vec::Vec<u8> as core[a373ad73a504971]::io::write::Write>::write_fmt
[INFO] [stdout]    3:     0x634e20888c86 - std[617be2ca0a6fd877]::panicking::default_hook::{closure#0}
[INFO] [stdout]    4:     0x634e208a4eb9 - std[617be2ca0a6fd877]::panicking::default_hook
[INFO] [stdout]    5:     0x634e20841450 - test[aada8e7e76ba119b]::test_main_inner::{closure#0}
[INFO] [stdout]    6:     0x634e208a5072 - std[617be2ca0a6fd877]::panicking::panic_with_hook
[INFO] [stdout]    7:     0x634e20888d32 - std[617be2ca0a6fd877]::panicking::panic_handler::{closure#0}
[INFO] [stdout]    8:     0x634e20881a49 - std[617be2ca0a6fd877]::sys::backtrace::__rust_end_short_backtrace::<std[617be2ca0a6fd877]::panicking::panic_handler::{closure#0}, !>
[INFO] [stdout]    9:     0x634e2088993d - __rustc[ea4f61d10b84890b]::rust_begin_unwind
[INFO] [stdout]   10:     0x634e208c11cc - core[a373ad73a504971]::panicking::panic_fmt
[INFO] [stdout]   11:     0x634e208c10e3 - core[a373ad73a504971]::panicking::assert_failed_inner
[INFO] [stdout]   12:     0x634e20832d62 - core[a373ad73a504971]::panicking::assert_failed::<core[a373ad73a504971]::option::Option<i32>, core[a373ad73a504971]::option::Option<i32>>
[INFO] [stdout]   13:     0x634e2082fbb8 - <tests[d52df75a034358d7]::tests::test_basic_stack_operations::{closure#0} as core[a373ad73a504971]::ops::function::FnOnce<()>>::call_once
[INFO] [stdout]   14:     0x634e2083489b - test[aada8e7e76ba119b]::__rust_begin_short_backtrace::<core[a373ad73a504971]::result::Result<(), alloc[2e1b2a31b91974c5]::string::String>, fn() -> core[a373ad73a504971]::result::Result<(), alloc[2e1b2a31b91974c5]::string::String>>
[INFO] [stdout]   15:     0x634e20841a75 - test[aada8e7e76ba119b]::run_test::{closure#0}
[INFO] [stdout]   16:     0x634e2083b364 - std[617be2ca0a6fd877]::sys::backtrace::__rust_begin_short_backtrace::<test[aada8e7e76ba119b]::run_test::{closure#1}, ()>
[INFO] [stdout]   17:     0x634e20844b02 - <std[617be2ca0a6fd877]::thread::lifecycle::spawn_unchecked<test[aada8e7e76ba119b]::run_test::{closure#1}, ()>::{closure#1} as core[a373ad73a504971]::ops::function::FnOnce<()>>::call_once::{shim:vtable#0}
[INFO] [stdout]   18:     0x634e208ac07f - <std[617be2ca0a6fd877]::sys::thread::unix::Thread>::new::thread_start
[INFO] [stdout]   19:     0x73076a437dfa - <unknown>
[INFO] [stdout]   20:     0x73076a4cb3d4 - clone
[INFO] [stdout]   21:                0x0 - <unknown>
[INFO] [stdout] 
[INFO] [stdout] ---- tests::test_construction_and_capacity stdout ----
[INFO] [stdout] 
[INFO] [stdout] thread 'tests::test_construction_and_capacity' (779) panicked at tests/tests.rs:41:9:
[INFO] [stdout] assertion failed: list_fail.set_capacity(1).is_err()
[INFO] [stdout] stack backtrace:
[INFO] [stdout]    0:     0x634e208ac821 - <<std[617be2ca0a6fd877]::sys::backtrace::BacktraceLock>::print::DisplayBacktrace as core[a373ad73a504971]::fmt::Display>::fmt
[INFO] [stdout]    1:     0x634e208c0a6a - core[a373ad73a504971]::fmt::write
[INFO] [stdout]    2:     0x634e208b0a3c - <alloc[2e1b2a31b91974c5]::vec::Vec<u8> as core[a373ad73a504971]::io::write::Write>::write_fmt
[INFO] [stdout]    3:     0x634e20888c86 - std[617be2ca0a6fd877]::panicking::default_hook::{closure#0}
[INFO] [stdout]    4:     0x634e208a4eb9 - std[617be2ca0a6fd877]::panicking::default_hook
[INFO] [stdout]    5:     0x634e20841450 - test[aada8e7e76ba119b]::test_main_inner::{closure#0}
[INFO] [stdout]    6:     0x634e208a5072 - std[617be2ca0a6fd877]::panicking::panic_with_hook
[INFO] [stdout]    7:     0x634e20888d64 - std[617be2ca0a6fd877]::panicking::panic_handler::{closure#0}
[INFO] [stdout]    8:     0x634e20881a49 - std[617be2ca0a6fd877]::sys::backtrace::__rust_end_short_backtrace::<std[617be2ca0a6fd877]::panicking::panic_handler::{closure#0}, !>
[INFO] [stdout]    9:     0x634e2088993d - __rustc[ea4f61d10b84890b]::rust_begin_unwind
[INFO] [stdout]   10:     0x634e208c11cc - core[a373ad73a504971]::panicking::panic_fmt
[INFO] [stdout]   11:     0x634e208c1192 - core[a373ad73a504971]::panicking::panic
[INFO] [stdout]   12:     0x634e20831a03 - <tests[d52df75a034358d7]::tests::test_construction_and_capacity::{closure#0} as core[a373ad73a504971]::ops::function::FnOnce<()>>::call_once
[INFO] [stdout]   13:     0x634e2083489b - test[aada8e7e76ba119b]::__rust_begin_short_backtrace::<core[a373ad73a504971]::result::Result<(), alloc[2e1b2a31b91974c5]::string::String>, fn() -> core[a373ad73a504971]::result::Result<(), alloc[2e1b2a31b91974c5]::string::String>>
[INFO] [stdout]   14:     0x634e20841a75 - test[aada8e7e76ba119b]::run_test::{closure#0}
[INFO] [stdout]   15:     0x634e2083b364 - std[617be2ca0a6fd877]::sys::backtrace::__rust_begin_short_backtrace::<test[aada8e7e76ba119b]::run_test::{closure#1}, ()>
[INFO] [stdout]   16:     0x634e20844b02 - <std[617be2ca0a6fd877]::thread::lifecycle::spawn_unchecked<test[aada8e7e76ba119b]::run_test::{closure#1}, ()>::{closure#1} as core[a373ad73a504971]::ops::function::FnOnce<()>>::call_once::{shim:vtable#0}
[INFO] [stdout]   17:     0x634e208ac07f - <std[617be2ca0a6fd877]::sys::thread::unix::Thread>::new::thread_start
[INFO] [stdout]   18:     0x73076a437dfa - <unknown>
[INFO] [stdout]   19:     0x73076a4cb3d4 - clone
[INFO] [stdout]   20:                0x0 - <unknown>
[INFO] [stdout] 
[INFO] [stdout] ---- tests::test_error_handling stdout ----
[INFO] [stdout] 
[INFO] [stdout] thread 'tests::test_error_handling' (790) panicked at tests/tests.rs:504:18:
[INFO] [stdout] Expected InsufficientCapacity error
[INFO] [stdout] stack backtrace:
[INFO] [stdout]    0:     0x634e208ac821 - <<std[617be2ca0a6fd877]::sys::backtrace::BacktraceLock>::print::DisplayBacktrace as core[a373ad73a504971]::fmt::Display>::fmt
[INFO] [stdout]    1:     0x634e208c0a6a - core[a373ad73a504971]::fmt::write
[INFO] [stdout]    2:     0x634e208b0a3c - <alloc[2e1b2a31b91974c5]::vec::Vec<u8> as core[a373ad73a504971]::io::write::Write>::write_fmt
[INFO] [stdout]    3:     0x634e20888c86 - std[617be2ca0a6fd877]::panicking::default_hook::{closure#0}
[INFO] [stdout]    4:     0x634e208a4eb9 - std[617be2ca0a6fd877]::panicking::default_hook
[INFO] [stdout]    5:     0x634e20841450 - test[aada8e7e76ba119b]::test_main_inner::{closure#0}
[INFO] [stdout]    6:     0x634e208a5072 - std[617be2ca0a6fd877]::panicking::panic_with_hook
[INFO] [stdout]    7:     0x634e20888d64 - std[617be2ca0a6fd877]::panicking::panic_handler::{closure#0}
[INFO] [stdout]    8:     0x634e20881a49 - std[617be2ca0a6fd877]::sys::backtrace::__rust_end_short_backtrace::<std[617be2ca0a6fd877]::panicking::panic_handler::{closure#0}, !>
[INFO] [stdout]    9:     0x634e2088993d - __rustc[ea4f61d10b84890b]::rust_begin_unwind
[INFO] [stdout]   10:     0x634e208c11cc - core[a373ad73a504971]::panicking::panic_fmt
[INFO] [stdout]   11:     0x634e20829d7c - <tests[d52df75a034358d7]::tests::test_error_handling::{closure#0} as core[a373ad73a504971]::ops::function::FnOnce<()>>::call_once
[INFO] [stdout]   12:     0x634e2083489b - test[aada8e7e76ba119b]::__rust_begin_short_backtrace::<core[a373ad73a504971]::result::Result<(), alloc[2e1b2a31b91974c5]::string::String>, fn() -> core[a373ad73a504971]::result::Result<(), alloc[2e1b2a31b91974c5]::string::String>>
[INFO] [stdout]   13:     0x634e20841a75 - test[aada8e7e76ba119b]::run_test::{closure#0}
[INFO] [stdout]   14:     0x634e2083b364 - std[617be2ca0a6fd877]::sys::backtrace::__rust_begin_short_backtrace::<test[aada8e7e76ba119b]::run_test::{closure#1}, ()>
[INFO] [stdout]   15:     0x634e20844b02 - <std[617be2ca0a6fd877]::thread::lifecycle::spawn_unchecked<test[aada8e7e76ba119b]::run_test::{closure#1}, ()>::{closure#1} as core[a373ad73a504971]::ops::function::FnOnce<()>>::call_once::{shim:vtable#0}
[INFO] [stdout]   16:     0x634e208ac07f - <std[617be2ca0a6fd877]::sys::thread::unix::Thread>::new::thread_start
[INFO] [stdout]   17:     0x73076a437dfa - <unknown>
[INFO] [stdout]   18:     0x73076a4cb3d4 - clone
[INFO] [stdout]   19:                0x0 - <unknown>
[INFO] [stdout] 
[INFO] [stdout] ---- tests::test_cursor_positioning stdout ----
[INFO] [stdout] 
[INFO] [stdout] thread 'tests::test_cursor_positioning' (782) panicked at tests/tests.rs:283:9:
[INFO] [stdout] assertion failed: empty.move_cursor_at_index(0).is_err()
[INFO] [stdout] stack backtrace:
[INFO] [stdout]    0:     0x634e208ac821 - <<std[617be2ca0a6fd877]::sys::backtrace::BacktraceLock>::print::DisplayBacktrace as core[a373ad73a504971]::fmt::Display>::fmt
[INFO] [stdout]    1:     0x634e208c0a6a - core[a373ad73a504971]::fmt::write
[INFO] [stdout]    2:     0x634e208b0a3c - <alloc[2e1b2a31b91974c5]::vec::Vec<u8> as core[a373ad73a504971]::io::write::Write>::write_fmt
[INFO] [stdout]    3:     0x634e20888c86 - std[617be2ca0a6fd877]::panicking::default_hook::{closure#0}
[INFO] [stdout]    4:     0x634e208a4eb9 - std[617be2ca0a6fd877]::panicking::default_hook
[INFO] [stdout]    5:     0x634e20841450 - test[aada8e7e76ba119b]::test_main_inner::{closure#0}
[INFO] [stdout]    6:     0x634e208a5072 - std[617be2ca0a6fd877]::panicking::panic_with_hook
[INFO] [stdout]    7:     0x634e20888d64 - std[617be2ca0a6fd877]::panicking::panic_handler::{closure#0}
[INFO] [stdout]    8:     0x634e20881a49 - std[617be2ca0a6fd877]::sys::backtrace::__rust_end_short_backtrace::<std[617be2ca0a6fd877]::panicking::panic_handler::{closure#0}, !>
[INFO] [stdout]    9:     0x634e2088993d - __rustc[ea4f61d10b84890b]::rust_begin_unwind
[INFO] [stdout]   10:     0x634e208c11cc - core[a373ad73a504971]::panicking::panic_fmt
[INFO] [stdout]   11:     0x634e208c1192 - core[a373ad73a504971]::panicking::panic
[INFO] [stdout]   12:     0x634e2082c50f - <tests[d52df75a034358d7]::tests::test_cursor_positioning::{closure#0} as core[a373ad73a504971]::ops::function::FnOnce<()>>::call_once
[INFO] [stdout]   13:     0x634e2083489b - test[aada8e7e76ba119b]::__rust_begin_short_backtrace::<core[a373ad73a504971]::result::Result<(), alloc[2e1b2a31b91974c5]::string::String>, fn() -> core[a373ad73a504971]::result::Result<(), alloc[2e1b2a31b91974c5]::string::String>>
[INFO] [stdout]   14:     0x634e20841a75 - test[aada8e7e76ba119b]::run_test::{closure#0}
[INFO] [stdout]   15:     0x634e2083b364 - std[617be2ca0a6fd877]::sys::backtrace::__rust_begin_short_backtrace::<test[aada8e7e76ba119b]::run_test::{closure#1}, ()>
[INFO] [stdout]   16:     0x634e20844b02 - <std[617be2ca0a6fd877]::thread::lifecycle::spawn_unchecked<test[aada8e7e76ba119b]::run_test::{closure#1}, ()>::{closure#1} as core[a373ad73a504971]::ops::function::FnOnce<()>>::call_once::{shim:vtable#0}
[INFO] [stdout]   17:     0x634e208ac07f - <std[617be2ca0a6fd877]::sys::thread::unix::Thread>::new::thread_start
[INFO] [stdout]   18:     0x73076a437dfa - <unknown>
[INFO] [stdout]   19:     0x73076a4cb3d4 - clone
[INFO] [stdout]   20:                0x0 - <unknown>
[INFO] [stdout] 
[INFO] [stdout] ---- tests::test_cursor_operations stdout ----
[INFO] [stdout] 
[INFO] [stdout] thread 'tests::test_cursor_operations' (781) panicked at tests/tests.rs:297:9:
[INFO] [stdout] assertion `left == right` failed
[INFO] [stdout]   left: [2, 1]
[INFO] [stdout]  right: [1, 2]
[INFO] [stdout] stack backtrace:
[INFO] [stdout]    0:     0x634e208ac821 - <<std[617be2ca0a6fd877]::sys::backtrace::BacktraceLock>::print::DisplayBacktrace as core[a373ad73a504971]::fmt::Display>::fmt
[INFO] [stdout]    1:     0x634e208c0a6a - core[a373ad73a504971]::fmt::write
[INFO] [stdout]    2:     0x634e208b0a3c - <alloc[2e1b2a31b91974c5]::vec::Vec<u8> as core[a373ad73a504971]::io::write::Write>::write_fmt
[INFO] [stdout]    3:     0x634e20888c86 - std[617be2ca0a6fd877]::panicking::default_hook::{closure#0}
[INFO] [stdout]    4:     0x634e208a4eb9 - std[617be2ca0a6fd877]::panicking::default_hook
[INFO] [stdout]    5:     0x634e20841450 - test[aada8e7e76ba119b]::test_main_inner::{closure#0}
[INFO] [stdout]    6:     0x634e208a5072 - std[617be2ca0a6fd877]::panicking::panic_with_hook
[INFO] [stdout]    7:     0x634e20888d32 - std[617be2ca0a6fd877]::panicking::panic_handler::{closure#0}
[INFO] [stdout]    8:     0x634e20881a49 - std[617be2ca0a6fd877]::sys::backtrace::__rust_end_short_backtrace::<std[617be2ca0a6fd877]::panicking::panic_handler::{closure#0}, !>
[INFO] [stdout]    9:     0x634e2088993d - __rustc[ea4f61d10b84890b]::rust_begin_unwind
[INFO] [stdout]   10:     0x634e208c11cc - core[a373ad73a504971]::panicking::panic_fmt
[INFO] [stdout]   11:     0x634e208c10e3 - core[a373ad73a504971]::panicking::assert_failed_inner
[INFO] [stdout]   12:     0x634e20832d95 - core[a373ad73a504971]::panicking::assert_failed::<alloc[2e1b2a31b91974c5]::vec::Vec<i32>, alloc[2e1b2a31b91974c5]::vec::Vec<i32>>
[INFO] [stdout]   13:     0x634e2082bad4 - <tests[d52df75a034358d7]::tests::test_cursor_operations::{closure#0} as core[a373ad73a504971]::ops::function::FnOnce<()>>::call_once
[INFO] [stdout]   14:     0x634e2083489b - test[aada8e7e76ba119b]::__rust_begin_short_backtrace::<core[a373ad73a504971]::result::Result<(), alloc[2e1b2a31b91974c5]::string::String>, fn() -> core[a373ad73a504971]::result::Result<(), alloc[2e1b2a31b91974c5]::string::String>>
[INFO] [stdout]   15:     0x634e20841a75 - test[aada8e7e76ba119b]::run_test::{closure#0}
[INFO] [stdout]   16:     0x634e2083b364 - std[617be2ca0a6fd877]::sys::backtrace::__rust_begin_short_backtrace::<test[aada8e7e76ba119b]::run_test::{closure#1}, ()>
[INFO] [stdout]   17:     0x634e20844b02 - <std[617be2ca0a6fd877]::thread::lifecycle::spawn_unchecked<test[aada8e7e76ba119b]::run_test::{closure#1}, ()>::{closure#1} as core[a373ad73a504971]::ops::function::FnOnce<()>>::call_once::{shim:vtable#0}
[INFO] [stdout]   18:     0x634e208ac07f - <std[617be2ca0a6fd877]::sys::thread::unix::Thread>::new::thread_start
[INFO] [stdout]   19:     0x73076a437dfa - <unknown>
[INFO] [stdout]   20:     0x73076a4cb3d4 - clone
[INFO] [stdout]   21:                0x0 - <unknown>
[INFO] [stdout] 
[INFO] [stdout] ---- tests::test_capacity_management stdout ----
[INFO] [stdout] 
[INFO] [stdout] thread 'tests::test_capacity_management' (776) panicked at tests/tests.rs:724:9:
[INFO] [stdout] assertion failed: list.set_capacity(1).is_err()
[INFO] [stdout] stack backtrace:
[INFO] [stdout]    0:     0x634e208ac821 - <<std[617be2ca0a6fd877]::sys::backtrace::BacktraceLock>::print::DisplayBacktrace as core[a373ad73a504971]::fmt::Display>::fmt
[INFO] [stdout]    1:     0x634e208c0a6a - core[a373ad73a504971]::fmt::write
[INFO] [stdout]    2:     0x634e208b0a3c - <alloc[2e1b2a31b91974c5]::vec::Vec<u8> as core[a373ad73a504971]::io::write::Write>::write_fmt
[INFO] [stdout]    3:     0x634e20888c86 - std[617be2ca0a6fd877]::panicking::default_hook::{closure#0}
[INFO] [stdout]    4:     0x634e208a4eb9 - std[617be2ca0a6fd877]::panicking::default_hook
[INFO] [stdout]    5:     0x634e20841450 - test[aada8e7e76ba119b]::test_main_inner::{closure#0}
[INFO] [stdout]    6:     0x634e208a5072 - std[617be2ca0a6fd877]::panicking::panic_with_hook
[INFO] [stdout]    7:     0x634e20888d64 - std[617be2ca0a6fd877]::panicking::panic_handler::{closure#0}
[INFO] [stdout]    8:     0x634e20881a49 - std[617be2ca0a6fd877]::sys::backtrace::__rust_end_short_backtrace::<std[617be2ca0a6fd877]::panicking::panic_handler::{closure#0}, !>
[INFO] [stdout]    9:     0x634e2088993d - __rustc[ea4f61d10b84890b]::rust_begin_unwind
[INFO] [stdout]   10:     0x634e208c11cc - core[a373ad73a504971]::panicking::panic_fmt
[INFO] [stdout]   11:     0x634e208c1192 - core[a373ad73a504971]::panicking::panic
[INFO] [stdout]   12:     0x634e2082cfc9 - <tests[d52df75a034358d7]::tests::test_capacity_management::{closure#0} as core[a373ad73a504971]::ops::function::FnOnce<()>>::call_once
[INFO] [stdout]   13:     0x634e2083489b - test[aada8e7e76ba119b]::__rust_begin_short_backtrace::<core[a373ad73a504971]::result::Result<(), alloc[2e1b2a31b91974c5]::string::String>, fn() -> core[a373ad73a504971]::result::Result<(), alloc[2e1b2a31b91974c5]::string::String>>
[INFO] [stdout]   14:     0x634e20841a75 - test[aada8e7e76ba119b]::run_test::{closure#0}
[INFO] [stdout]   15:     0x634e2083b364 - std[617be2ca0a6fd877]::sys::backtrace::__rust_begin_short_backtrace::<test[aada8e7e76ba119b]::run_test::{closure#1}, ()>
[INFO] [stdout]   16:     0x634e20844b02 - <std[617be2ca0a6fd877]::thread::lifecycle::spawn_unchecked<test[aada8e7e76ba119b]::run_test::{closure#1}, ()>::{closure#1} as core[a373ad73a504971]::ops::function::FnOnce<()>>::call_once::{shim:vtable#0}
[INFO] [stdout]   17:     0x634e208ac07f - <std[617be2ca0a6fd877]::sys::thread::unix::Thread>::new::thread_start
[INFO] [stdout]   18:     0x73076a437dfa - <unknown>
[INFO] [stdout]   19:     0x73076a4cb3d4 - clone
[INFO] [stdout]   20:                0x0 - <unknown>
[INFO] [stdout] 
[INFO] [stdout] ---- tests::test_large_list_operations stdout ----
[INFO] [stdout] 
[INFO] [stdout] thread 'tests::test_large_list_operations' (797) panicked at tests/tests.rs:564:9:
[INFO] [stdout] assertion failed: list.contains(&500)
[INFO] [stdout] stack backtrace:
[INFO] [stdout]    0:     0x634e208ac821 - <<std[617be2ca0a6fd877]::sys::backtrace::BacktraceLock>::print::DisplayBacktrace as core[a373ad73a504971]::fmt::Display>::fmt
[INFO] [stdout]    1:     0x634e208c0a6a - core[a373ad73a504971]::fmt::write
[INFO] [stdout]    2:     0x634e208b0a3c - <alloc[2e1b2a31b91974c5]::vec::Vec<u8> as core[a373ad73a504971]::io::write::Write>::write_fmt
[INFO] [stdout]    3:     0x634e20888c86 - std[617be2ca0a6fd877]::panicking::default_hook::{closure#0}
[INFO] [stdout]    4:     0x634e208a4eb9 - std[617be2ca0a6fd877]::panicking::default_hook
[INFO] [stdout]    5:     0x634e20841450 - test[aada8e7e76ba119b]::test_main_inner::{closure#0}
[INFO] [stdout]    6:     0x634e208a5072 - std[617be2ca0a6fd877]::panicking::panic_with_hook
[INFO] [stdout]    7:     0x634e20888d64 - std[617be2ca0a6fd877]::panicking::panic_handler::{closure#0}
[INFO] [stdout]    8:     0x634e20881a49 - std[617be2ca0a6fd877]::sys::backtrace::__rust_end_short_backtrace::<std[617be2ca0a6fd877]::panicking::panic_handler::{closure#0}, !>
[INFO] [stdout]    9:     0x634e2088993d - __rustc[ea4f61d10b84890b]::rust_begin_unwind
[INFO] [stdout]   10:     0x634e208c11cc - core[a373ad73a504971]::panicking::panic_fmt
[INFO] [stdout]   11:     0x634e208c1192 - core[a373ad73a504971]::panicking::panic
[INFO] [stdout]   12:     0x634e2082f854 - <tests[d52df75a034358d7]::tests::test_large_list_operations::{closure#0} as core[a373ad73a504971]::ops::function::FnOnce<()>>::call_once
[INFO] [stdout]   13:     0x634e2083489b - test[aada8e7e76ba119b]::__rust_begin_short_backtrace::<core[a373ad73a504971]::result::Result<(), alloc[2e1b2a31b91974c5]::string::String>, fn() -> core[a373ad73a504971]::result::Result<(), alloc[2e1b2a31b91974c5]::string::String>>
[INFO] [stdout]   14:     0x634e20841a75 - test[aada8e7e76ba119b]::run_test::{closure#0}
[INFO] [stdout]   15:     0x634e2083b364 - std[617be2ca0a6fd877]::sys::backtrace::__rust_begin_short_backtrace::<test[aada8e7e76ba119b]::run_test::{closure#1}, ()>
[INFO] [stdout]   16:     0x634e20844b02 - <std[617be2ca0a6fd877]::thread::lifecycle::spawn_unchecked<test[aada8e7e76ba119b]::run_test::{closure#1}, ()>::{closure#1} as core[a373ad73a504971]::ops::function::FnOnce<()>>::call_once::{shim:vtable#0}
[INFO] [stdout]   17:     0x634e208ac07f - <std[617be2ca0a6fd877]::sys::thread::unix::Thread>::new::thread_start
[INFO] [stdout]   18:     0x73076a437dfa - <unknown>
[INFO] [stdout]   19:     0x73076a4cb3d4 - clone
[INFO] [stdout]   20:                0x0 - <unknown>
[INFO] [stdout] 
[INFO] [stdout] ---- tests::test_large_scale_operations stdout ----
[INFO] [stdout] 
[INFO] [stdout] thread 'tests::test_large_scale_operations' (798) panicked at tests/tests.rs:803:9:
[INFO] [stdout] assertion `left == right` failed
[INFO] [stdout]   left: 1000
[INFO] [stdout]  right: 500
[INFO] [stdout] stack backtrace:
[INFO] [stdout]    0:     0x634e208ac821 - <<std[617be2ca0a6fd877]::sys::backtrace::BacktraceLock>::print::DisplayBacktrace as core[a373ad73a504971]::fmt::Display>::fmt
[INFO] [stdout]    1:     0x634e208c0a6a - core[a373ad73a504971]::fmt::write
[INFO] [stdout]    2:     0x634e208b0a3c - <alloc[2e1b2a31b91974c5]::vec::Vec<u8> as core[a373ad73a504971]::io::write::Write>::write_fmt
[INFO] [stdout]    3:     0x634e20888c86 - std[617be2ca0a6fd877]::panicking::default_hook::{closure#0}
[INFO] [stdout]    4:     0x634e208a4eb9 - std[617be2ca0a6fd877]::panicking::default_hook
[INFO] [stdout]    5:     0x634e20841450 - test[aada8e7e76ba119b]::test_main_inner::{closure#0}
[INFO] [stdout]    6:     0x634e208a5072 - std[617be2ca0a6fd877]::panicking::panic_with_hook
[INFO] [stdout]    7:     0x634e20888d32 - std[617be2ca0a6fd877]::panicking::panic_handler::{closure#0}
[INFO] [stdout]    8:     0x634e20881a49 - std[617be2ca0a6fd877]::sys::backtrace::__rust_end_short_backtrace::<std[617be2ca0a6fd877]::panicking::panic_handler::{closure#0}, !>
[INFO] [stdout]    9:     0x634e2088993d - __rustc[ea4f61d10b84890b]::rust_begin_unwind
[INFO] [stdout]   10:     0x634e208c11cc - core[a373ad73a504971]::panicking::panic_fmt
[INFO] [stdout]   11:     0x634e208c10e3 - core[a373ad73a504971]::panicking::assert_failed_inner
[INFO] [stdout]   12:     0x634e208bd64d - core[a373ad73a504971]::panicking::assert_failed::<usize, usize>
[INFO] [stdout]   13:     0x634e20830678 - <tests[d52df75a034358d7]::tests::test_large_scale_operations::{closure#0} as core[a373ad73a504971]::ops::function::FnOnce<()>>::call_once
[INFO] [stdout]   14:     0x634e2083489b - test[aada8e7e76ba119b]::__rust_begin_short_backtrace::<core[a373ad73a504971]::result::Result<(), alloc[2e1b2a31b91974c5]::string::String>, fn() -> core[a373ad73a504971]::result::Result<(), alloc[2e1b2a31b91974c5]::string::String>>
[INFO] [stdout]   15:     0x634e20841a75 - test[aada8e7e76ba119b]::run_test::{closure#0}
[INFO] [stdout]   16:     0x634e2083b364 - std[617be2ca0a6fd877]::sys::backtrace::__rust_begin_short_backtrace::<test[aada8e7e76ba119b]::run_test::{closure#1}, ()>
[INFO] [stdout]   17:     0x634e20844b02 - <std[617be2ca0a6fd877]::thread::lifecycle::spawn_unchecked<test[aada8e7e76ba119b]::run_test::{closure#1}, ()>::{closure#1} as core[a373ad73a504971]::ops::function::FnOnce<()>>::call_once::{shim:vtable#0}
[INFO] [stdout]   18:     0x634e208ac07f - <std[617be2ca0a6fd877]::sys::thread::unix::Thread>::new::thread_start
[INFO] [stdout]   19:     0x73076a437dfa - <unknown>
[INFO] [stdout]   20:     0x73076a4cb3d4 - clone
[INFO] [stdout]   21:                0x0 - <unknown>
[INFO] [stdout] 
[INFO] [stdout] ---- tests::test_error_handling_production stdout ----
[INFO] [stdout] 
[INFO] [stdout] thread 'tests::test_error_handling_production' (791) panicked at tests/tests.rs:704:18:
[INFO] [stdout] Expected capacity error
[INFO] [stdout] stack backtrace:
[INFO] [stdout]    0:     0x634e208ac821 - <<std[617be2ca0a6fd877]::sys::backtrace::BacktraceLock>::print::DisplayBacktrace as core[a373ad73a504971]::fmt::Display>::fmt
[INFO] [stdout]    1:     0x634e208c0a6a - core[a373ad73a504971]::fmt::write
[INFO] [stdout]    2:     0x634e208b0a3c - <alloc[2e1b2a31b91974c5]::vec::Vec<u8> as core[a373ad73a504971]::io::write::Write>::write_fmt
[INFO] [stdout]    3:     0x634e20888c86 - std[617be2ca0a6fd877]::panicking::default_hook::{closure#0}
[INFO] [stdout]    4:     0x634e208a4eb9 - std[617be2ca0a6fd877]::panicking::default_hook
[INFO] [stdout]    5:     0x634e20841450 - test[aada8e7e76ba119b]::test_main_inner::{closure#0}
[INFO] [stdout]    6:     0x634e208a5072 - std[617be2ca0a6fd877]::panicking::panic_with_hook
[INFO] [stdout]    7:     0x634e20888d64 - std[617be2ca0a6fd877]::panicking::panic_handler::{closure#0}
[INFO] [stdout]    8:     0x634e20881a49 - std[617be2ca0a6fd877]::sys::backtrace::__rust_end_short_backtrace::<std[617be2ca0a6fd877]::panicking::panic_handler::{closure#0}, !>
[INFO] [stdout]    9:     0x634e2088993d - __rustc[ea4f61d10b84890b]::rust_begin_unwind
[INFO] [stdout]   10:     0x634e208c11cc - core[a373ad73a504971]::panicking::panic_fmt
[INFO] [stdout]   11:     0x634e20831fea - <tests[d52df75a034358d7]::tests::test_error_handling_production::{closure#0} as core[a373ad73a504971]::ops::function::FnOnce<()>>::call_once
[INFO] [stdout]   12:     0x634e2083489b - test[aada8e7e76ba119b]::__rust_begin_short_backtrace::<core[a373ad73a504971]::result::Result<(), alloc[2e1b2a31b91974c5]::string::String>, fn() -> core[a373ad73a504971]::result::Result<(), alloc[2e1b2a31b91974c5]::string::String>>
[INFO] [stdout]   13:     0x634e20841a75 - test[aada8e7e76ba119b]::run_test::{closure#0}
[INFO] [stdout]   14:     0x634e2083b364 - std[617be2ca0a6fd877]::sys::backtrace::__rust_begin_short_backtrace::<test[aada8e7e76ba119b]::run_test::{closure#1}, ()>
[INFO] [stdout]   15:     0x634e20844b02 - <std[617be2ca0a6fd877]::thread::lifecycle::spawn_unchecked<test[aada8e7e76ba119b]::run_test::{closure#1}, ()>::{closure#1} as core[a373ad73a504971]::ops::function::FnOnce<()>>::call_once::{shim:vtable#0}
[INFO] [stdout]   16:     0x634e208ac07f - <std[617be2ca0a6fd877]::sys::thread::unix::Thread>::new::thread_start
[INFO] [stdout]   17:     0x73076a437dfa - <unknown>
[INFO] [stdout]   18:     0x73076a4cb3d4 - clone
[INFO] [stdout]   19:                0x0 - <unknown>
[INFO] [stdout] 
[INFO] [stdout] ---- tests::test_iterator_implementation stdout ----
[INFO] [stdout] 
[INFO] [stdout] thread 'tests::test_iterator_implementation' (796) panicked at tests/tests.rs:405:9:
[INFO] [stdout] assertion `left == right` failed
[INFO] [stdout]   left: []
[INFO] [stdout]  right: [1, 2, 3, 4, 5]
[INFO] [stdout] stack backtrace:
[INFO] [stdout]    0:     0x634e208ac821 - <<std[617be2ca0a6fd877]::sys::backtrace::BacktraceLock>::print::DisplayBacktrace as core[a373ad73a504971]::fmt::Display>::fmt
[INFO] [stdout]    1:     0x634e208c0a6a - core[a373ad73a504971]::fmt::write
[INFO] [stdout]    2:     0x634e208b0a3c - <alloc[2e1b2a31b91974c5]::vec::Vec<u8> as core[a373ad73a504971]::io::write::Write>::write_fmt
[INFO] [stdout]    3:     0x634e20888c86 - std[617be2ca0a6fd877]::panicking::default_hook::{closure#0}
[INFO] [stdout]    4:     0x634e208a4eb9 - std[617be2ca0a6fd877]::panicking::default_hook
[INFO] [stdout]    5:     0x634e20841450 - test[aada8e7e76ba119b]::test_main_inner::{closure#0}
[INFO] [stdout]    6:     0x634e208a5072 - std[617be2ca0a6fd877]::panicking::panic_with_hook
[INFO] [stdout]    7:     0x634e20888d32 - std[617be2ca0a6fd877]::panicking::panic_handler::{closure#0}
[INFO] [stdout]    8:     0x634e20881a49 - std[617be2ca0a6fd877]::sys::backtrace::__rust_end_short_backtrace::<std[617be2ca0a6fd877]::panicking::panic_handler::{closure#0}, !>
[INFO] [stdout]    9:     0x634e2088993d - __rustc[ea4f61d10b84890b]::rust_begin_unwind
[INFO] [stdout]   10:     0x634e208c11cc - core[a373ad73a504971]::panicking::panic_fmt
[INFO] [stdout]   11:     0x634e208c10e3 - core[a373ad73a504971]::panicking::assert_failed_inner
[INFO] [stdout]   12:     0x634e20832d95 - core[a373ad73a504971]::panicking::assert_failed::<alloc[2e1b2a31b91974c5]::vec::Vec<i32>, alloc[2e1b2a31b91974c5]::vec::Vec<i32>>
[INFO] [stdout]   13:     0x634e20830ef4 - <tests[d52df75a034358d7]::tests::test_iterator_implementation::{closure#0} as core[a373ad73a504971]::ops::function::FnOnce<()>>::call_once
[INFO] [stdout]   14:     0x634e2083489b - test[aada8e7e76ba119b]::__rust_begin_short_backtrace::<core[a373ad73a504971]::result::Result<(), alloc[2e1b2a31b91974c5]::string::String>, fn() -> core[a373ad73a504971]::result::Result<(), alloc[2e1b2a31b91974c5]::string::String>>
[INFO] [stdout]   15:     0x634e20841a75 - test[aada8e7e76ba119b]::run_test::{closure#0}
[INFO] [stdout]   16:     0x634e2083b364 - std[617be2ca0a6fd877]::sys::backtrace::__rust_begin_short_backtrace::<test[aada8e7e76ba119b]::run_test::{closure#1}, ()>
[INFO] [stdout]   17:     0x634e20844b02 - <std[617be2ca0a6fd877]::thread::lifecycle::spawn_unchecked<test[aada8e7e76ba119b]::run_test::{closure#1}, ()>::{closure#1} as core[a373ad73a504971]::ops::function::FnOnce<()>>::call_once::{shim:vtable#0}
[INFO] [stdout]   18:     0x634e208ac07f - <std[617be2ca0a6fd877]::sys::thread::unix::Thread>::new::thread_start
[INFO] [stdout]   19:     0x73076a437dfa - <unknown>
[INFO] [stdout]   20:     0x73076a4cb3d4 - clone
[INFO] [stdout]   21:                0x0 - <unknown>
[INFO] [stdout] 
[INFO] [stdout] ---- tests::test_utility_methods stdout ----
[INFO] [stdout] 
[INFO] [stdout] thread 'tests::test_utility_methods' (808) panicked at tests/tests.rs:369:9:
[INFO] [stdout] assertion `left == right` failed
[INFO] [stdout]   left: []
[INFO] [stdout]  right: [5, 4, 3, 2, 1]
[INFO] [stdout] stack backtrace:
[INFO] [stdout]    0:     0x634e208ac821 - <<std[617be2ca0a6fd877]::sys::backtrace::BacktraceLock>::print::DisplayBacktrace as core[a373ad73a504971]::fmt::Display>::fmt
[INFO] [stdout]    1:     0x634e208c0a6a - core[a373ad73a504971]::fmt::write
[INFO] [stdout]    2:     0x634e208b0a3c - <alloc[2e1b2a31b91974c5]::vec::Vec<u8> as core[a373ad73a504971]::io::write::Write>::write_fmt
[INFO] [stdout]    3:     0x634e20888c86 - std[617be2ca0a6fd877]::panicking::default_hook::{closure#0}
[INFO] [stdout]    4:     0x634e208a4eb9 - std[617be2ca0a6fd877]::panicking::default_hook
[INFO] [stdout]    5:     0x634e20841450 - test[aada8e7e76ba119b]::test_main_inner::{closure#0}
[INFO] [stdout]    6:     0x634e208a5072 - std[617be2ca0a6fd877]::panicking::panic_with_hook
[INFO] [stdout]    7:     0x634e20888d32 - std[617be2ca0a6fd877]::panicking::panic_handler::{closure#0}
[INFO] [stdout]    8:     0x634e20881a49 - std[617be2ca0a6fd877]::sys::backtrace::__rust_end_short_backtrace::<std[617be2ca0a6fd877]::panicking::panic_handler::{closure#0}, !>
[INFO] [stdout]    9:     0x634e2088993d - __rustc[ea4f61d10b84890b]::rust_begin_unwind
[INFO] [stdout]   10:     0x634e208c11cc - core[a373ad73a504971]::panicking::panic_fmt
[INFO] [stdout]   11:     0x634e208c10e3 - core[a373ad73a504971]::panicking::assert_failed_inner
[INFO] [stdout]   12:     0x634e20832d95 - core[a373ad73a504971]::panicking::assert_failed::<alloc[2e1b2a31b91974c5]::vec::Vec<i32>, alloc[2e1b2a31b91974c5]::vec::Vec<i32>>
[INFO] [stdout]   13:     0x634e2082a2a3 - <tests[d52df75a034358d7]::tests::test_utility_methods::{closure#0} as core[a373ad73a504971]::ops::function::FnOnce<()>>::call_once
[INFO] [stdout]   14:     0x634e2083489b - test[aada8e7e76ba119b]::__rust_begin_short_backtrace::<core[a373ad73a504971]::result::Result<(), alloc[2e1b2a31b91974c5]::string::String>, fn() -> core[a373ad73a504971]::result::Result<(), alloc[2e1b2a31b91974c5]::string::String>>
[INFO] [stdout]   15:     0x634e20841a75 - test[aada8e7e76ba119b]::run_test::{closure#0}
[INFO] [stdout]   16:     0x634e2083b364 - std[617be2ca0a6fd877]::sys::backtrace::__rust_begin_short_backtrace::<test[aada8e7e76ba119b]::run_test::{closure#1}, ()>
[INFO] [stdout]   17:     0x634e20844b02 - <std[617be2ca0a6fd877]::thread::lifecycle::spawn_unchecked<test[aada8e7e76ba119b]::run_test::{closure#1}, ()>::{closure#1} as core[a373ad73a504971]::ops::function::FnOnce<()>>::call_once::{shim:vtable#0}
[INFO] [stdout]   18:     0x634e208ac07f - <std[617be2ca0a6fd877]::sys::thread::unix::Thread>::new::thread_start
[INFO] [stdout]   19:     0x73076a437dfa - <unknown>
[INFO] [stdout]   20:     0x73076a4cb3d4 - clone
[INFO] [stdout]   21:                0x0 - <unknown>
[INFO] [stdout] 
[INFO] [stdout] ---- tests::test_splice_comprehensive stdout ----
[INFO] [stdout] 
[INFO] [stdout] thread 'tests::test_splice_comprehensive' (805) panicked at tests/tests.rs:780:9:
[INFO] [stdout] assertion `left == right` failed
[INFO] [stdout]   left: []
[INFO] [stdout]  right: [100, 200]
[INFO] [stdout] stack backtrace:
[INFO] [stdout]    0:     0x634e208ac821 - <<std[617be2ca0a6fd877]::sys::backtrace::BacktraceLock>::print::DisplayBacktrace as core[a373ad73a504971]::fmt::Display>::fmt
[INFO] [stdout]    1:     0x634e208c0a6a - core[a373ad73a504971]::fmt::write
[INFO] [stdout]    2:     0x634e208b0a3c - <alloc[2e1b2a31b91974c5]::vec::Vec<u8> as core[a373ad73a504971]::io::write::Write>::write_fmt
[INFO] [stdout]    3:     0x634e20888c86 - std[617be2ca0a6fd877]::panicking::default_hook::{closure#0}
[INFO] [stdout]    4:     0x634e208a4eb9 - std[617be2ca0a6fd877]::panicking::default_hook
[INFO] [stdout]    5:     0x634e20841450 - test[aada8e7e76ba119b]::test_main_inner::{closure#0}
[INFO] [stdout]    6:     0x634e208a5072 - std[617be2ca0a6fd877]::panicking::panic_with_hook
[INFO] [stdout]    7:     0x634e20888d32 - std[617be2ca0a6fd877]::panicking::panic_handler::{closure#0}
[INFO] [stdout]    8:     0x634e20881a49 - std[617be2ca0a6fd877]::sys::backtrace::__rust_end_short_backtrace::<std[617be2ca0a6fd877]::panicking::panic_handler::{closure#0}, !>
[INFO] [stdout]    9:     0x634e2088993d - __rustc[ea4f61d10b84890b]::rust_begin_unwind
[INFO] [stdout]   10:     0x634e208c11cc - core[a373ad73a504971]::panicking::panic_fmt
[INFO] [stdout]   11:     0x634e208c10e3 - core[a373ad73a504971]::panicking::assert_failed_inner
[INFO] [stdout]   12:     0x634e20832d95 - core[a373ad73a504971]::panicking::assert_failed::<alloc[2e1b2a31b91974c5]::vec::Vec<i32>, alloc[2e1b2a31b91974c5]::vec::Vec<i32>>
[INFO] [stdout]   13:     0x634e2082f249 - <tests[d52df75a034358d7]::tests::test_splice_comprehensive::{closure#0} as core[a373ad73a504971]::ops::function::FnOnce<()>>::call_once
[INFO] [stdout]   14:     0x634e2083489b - test[aada8e7e76ba119b]::__rust_begin_short_backtrace::<core[a373ad73a504971]::result::Result<(), alloc[2e1b2a31b91974c5]::string::String>, fn() -> core[a373ad73a504971]::result::Result<(), alloc[2e1b2a31b91974c5]::string::String>>
[INFO] [stdout]   15:     0x634e20841a75 - test[aada8e7e76ba119b]::run_test::{closure#0}
[INFO] [stdout]   16:     0x634e2083b364 - std[617be2ca0a6fd877]::sys::backtrace::__rust_begin_short_backtrace::<test[aada8e7e76ba119b]::run_test::{closure#1}, ()>
[INFO] [stdout]   17:     0x634e20844b02 - <std[617be2ca0a6fd877]::thread::lifecycle::spawn_unchecked<test[aada8e7e76ba119b]::run_test::{closure#1}, ()>::{closure#1} as core[a373ad73a504971]::ops::function::FnOnce<()>>::call_once::{shim:vtable#0}
[INFO] [stdout]   18:     0x634e208ac07f - <std[617be2ca0a6fd877]::sys::thread::unix::Thread>::new::thread_start
[INFO] [stdout]   19:     0x73076a437dfa - <unknown>
[INFO] [stdout]   20:     0x73076a4cb3d4 - clone
[INFO] [stdout]   21:                0x0 - <unknown>
[INFO] [stdout] 
[INFO] [stdout] 
[INFO] [stdout] failures:
[INFO] [stdout]     tests::test_basic_stack_operations
[INFO] [stdout]     tests::test_capacity_management
[INFO] [stdout]     tests::test_construction_and_capacity
[INFO] [stdout]     tests::test_cursor_operations
[INFO] [stdout]     tests::test_cursor_positioning
[INFO] [stdout]     tests::test_error_handling
[INFO] [stdout]     tests::test_error_handling_production
[INFO] [stdout]     tests::test_iterator_implementation
[INFO] [stdout]     tests::test_large_list_operations
[INFO] [stdout]     tests::test_large_scale_operations
[INFO] [stdout]     tests::test_splice_comprehensive
[INFO] [stdout]     tests::test_utility_methods
[INFO] [stdout] 
[INFO] [stdout] test result: FAILED. 22 passed; 12 failed; 0 ignored; 0 measured; 0 filtered out; finished in 0.01s
[INFO] [stdout] 
[INFO] [stderr] error: test failed, to rerun pass `--test tests`
[INFO] running `Command { std: "docker" "inspect" "7232eca28903f3b0522e37571aa2258c5e6531a261aaa670b8715d75abd908d4", kill_on_drop: false }`
[INFO] running `Command { std: "docker" "rm" "-f" "7232eca28903f3b0522e37571aa2258c5e6531a261aaa670b8715d75abd908d4", kill_on_drop: false }`
[INFO] [stdout] 7232eca28903f3b0522e37571aa2258c5e6531a261aaa670b8715d75abd908d4
