[INFO] fetching crate dotrepo-mcp 1.0.3...
[INFO] testing dotrepo-mcp-1.0.3 against 1.99.0-beta.8+cargoflags=--release for beta-release-1.100-2
[INFO] extracting crate dotrepo-mcp 1.0.3 into /workspace/builds/worker-3-tc1/source
[INFO] started tweaking crates.io crate dotrepo-mcp 1.0.3
[INFO] finished tweaking crates.io crate dotrepo-mcp 1.0.3
[INFO] tweaked toml for crates.io crate dotrepo-mcp 1.0.3 written to /workspace/builds/worker-3-tc1/source/Cargo.toml
[INFO] validating manifest of crates.io crate dotrepo-mcp 1.0.3 on toolchain 1.99.0-beta.8
[INFO] running `Command { std: CARGO_HOME="/workspace/cargo-home" RUSTUP_HOME="/workspace/rustup-home" "/workspace/cargo-home/bin/cargo" "+1.99.0-beta.8" "metadata" "--manifest-path" "Cargo.toml" "--no-deps", kill_on_drop: false }`
[INFO] crate crates.io crate dotrepo-mcp 1.0.3 already has a lockfile, it will not be regenerated
[INFO] running `Command { std: CARGO_HOME="/workspace/cargo-home" RUSTUP_HOME="/workspace/rustup-home" "/workspace/cargo-home/bin/cargo" "+1.99.0-beta.8" "fetch" "--manifest-path" "Cargo.toml", kill_on_drop: false }`
[INFO] [stderr]     Updating crates.io index
[INFO] [stderr]      Locking 3 packages to highest compatible versions
[INFO] [stderr]       Adding dotrepo-core v1.0.3
[INFO] [stderr]       Adding dotrepo-schema v1.0.3
[INFO] [stderr]       Adding dotrepo-transport v1.0.3
[INFO] [stderr]  Downloading crates ...
[INFO] [stderr]   Downloaded tinyvec v1.11.0
[INFO] [stderr]   Downloaded num-conv v0.2.0
[INFO] [stderr]   Downloaded dotrepo-schema v1.0.3
[INFO] [stderr]   Downloaded time-core v0.1.8
[INFO] [stderr]   Downloaded dotrepo-transport v1.0.3
[INFO] [stderr]   Downloaded ipnet v2.12.0
[INFO] [stderr]   Downloaded time-macros v0.2.27
[INFO] [stderr]   Downloaded anyhow v1.0.103
[INFO] [stderr]   Downloaded roxmltree v0.20.0
[INFO] [stderr]   Downloaded iri-string v0.7.10
[INFO] [stderr]   Downloaded zerocopy-derive v0.8.42
[INFO] [stderr]   Downloaded rustls-webpki v0.103.14
[INFO] [stderr]   Downloaded hyper v1.8.1
[INFO] [stderr]   Downloaded dotrepo-core v1.0.3
[INFO] [stderr]   Downloaded quinn-proto v0.11.14
[INFO] [stderr]   Downloaded zerocopy v0.8.42
[INFO] [stderr]   Downloaded time v0.3.47
[INFO] running `Command { std: "docker" "create" "-v" "/var/lib/crater-agent-workspace/builds/worker-3-tc1/source:/opt/rustwide/workdir:ro,Z" "-v" "/var/lib/crater-agent-workspace/builds/worker-3-tc1/target:/opt/rustwide/target:rw,Z" "-v" "/var/lib/crater-agent-workspace/cargo-home:/opt/rustwide/cargo-home:ro,Z" "-v" "/var/lib/crater-agent-workspace/rustup-home:/opt/rustwide/rustup-home:ro,Z" "-m" "1610612736" "--network" "none" "ghcr.io/rust-lang/crates-build-env/linux@sha256:77db811e55d90add9212f6832c23229e3de5f1c1f9905e8cb07319ea15df73ac" "sleep" "infinity", kill_on_drop: false }`
[INFO] [stdout] 4a74df5a93c5c5eeed7a3255f219c9335b2b8733d001d77fe8baf1e96f13727c
[INFO] running `Command { std: "docker" "start" "4a74df5a93c5c5eeed7a3255f219c9335b2b8733d001d77fe8baf1e96f13727c", kill_on_drop: false }`
[INFO] running `Command { std: "docker" "inspect" "4a74df5a93c5c5eeed7a3255f219c9335b2b8733d001d77fe8baf1e96f13727c", kill_on_drop: false }`
[INFO] running `Command { std: "docker" "exec" "-e" "SOURCE_DIR=/opt/rustwide/workdir" "-e" "CARGO_HOME=/opt/rustwide/cargo-home" "-e" "RUSTUP_HOME=/opt/rustwide/rustup-home" "-e" "CARGO_TARGET_DIR=/opt/rustwide/target" "-w" "/opt/rustwide/workdir" "--user" "0:0" "4a74df5a93c5c5eeed7a3255f219c9335b2b8733d001d77fe8baf1e96f13727c" "/opt/rustwide/cargo-home/bin/cargo" "+1.99.0-beta.8" "metadata" "--no-deps" "--format-version=1", kill_on_drop: false }`
[INFO] running `Command { std: "docker" "inspect" "4a74df5a93c5c5eeed7a3255f219c9335b2b8733d001d77fe8baf1e96f13727c", kill_on_drop: false }`
[INFO] running `Command { std: "docker" "exec" "-e" "SOURCE_DIR=/opt/rustwide/workdir" "-e" "CARGO_HOME=/opt/rustwide/cargo-home" "-e" "RUSTUP_HOME=/opt/rustwide/rustup-home" "-e" "CARGO_TARGET_DIR=/opt/rustwide/target" "-e" "CARGO_INCREMENTAL=0" "-e" "RUST_BACKTRACE=full" "-e" "RUSTFLAGS=--cap-lints=warn" "-e" "RUSTDOCFLAGS=--cap-lints=warn" "-w" "/opt/rustwide/workdir" "--user" "0:0" "4a74df5a93c5c5eeed7a3255f219c9335b2b8733d001d77fe8baf1e96f13727c" "/opt/rustwide/cargo-home/bin/cargo" "+1.99.0-beta.8" "build" "--frozen" "--message-format=json" "--release", kill_on_drop: false }`
[INFO] [stderr]    Compiling libc v0.2.183
[INFO] [stderr]    Compiling bytes v1.11.1
[INFO] [stderr]    Compiling futures-core v0.3.32
[INFO] [stderr]    Compiling shlex v1.3.0
[INFO] [stderr]    Compiling find-msvc-tools v0.1.9
[INFO] [stderr]    Compiling memchr v2.8.0
[INFO] [stderr]    Compiling syn v2.0.117
[INFO] [stderr]    Compiling cfg-if v1.0.4
[INFO] [stderr]    Compiling futures-sink v0.3.32
[INFO] [stderr]    Compiling smallvec v1.15.1
[INFO] [stderr]    Compiling cc v1.2.57
[INFO] [stderr]    Compiling litemap v0.8.1
[INFO] [stderr]    Compiling typenum v1.19.0
[INFO] [stderr]    Compiling writeable v0.6.2
[INFO] [stderr]    Compiling generic-array v0.14.7
[INFO] [stderr]    Compiling zeroize v1.8.2
[INFO] [stderr]    Compiling crossbeam-utils v0.8.21
[INFO] [stderr]    Compiling icu_normalizer_data v2.1.1
[INFO] [stderr]    Compiling icu_properties_data v2.1.2
[INFO] [stderr]    Compiling rustls-pki-types v1.14.0
[INFO] [stderr]    Compiling futures-task v0.3.32
[INFO] [stderr]    Compiling untrusted v0.9.0
[INFO] [stderr]    Compiling crossbeam-epoch v0.9.20
[INFO] [stderr]    Compiling percent-encoding v2.3.2
[INFO] [stderr]    Compiling socket2 v0.6.3
[INFO] [stderr]    Compiling mio v1.1.1
[INFO] [stderr]    Compiling http v1.4.0
[INFO] [stderr]    Compiling getrandom v0.2.17
[INFO] [stderr]    Compiling futures-io v0.3.32
[INFO] [stderr]    Compiling futures-util v0.3.32
[INFO] [stderr]    Compiling tokio v1.50.0
[INFO] [stderr]    Compiling ring v0.17.14
[INFO] [stderr]    Compiling hashbrown v0.16.1
[INFO] [stderr]    Compiling rustls v0.23.45
[INFO] [stderr]    Compiling equivalent v1.0.2
[INFO] [stderr]    Compiling want v0.3.1
[INFO] [stderr]    Compiling futures-channel v0.3.32
[INFO] [stderr]    Compiling http-body v1.0.1
[INFO] [stderr]    Compiling synstructure v0.13.2
[INFO] [stderr]    Compiling anyhow v1.0.103
[INFO] [stderr]    Compiling indexmap v2.13.0
[INFO] [stderr]    Compiling winnow v0.7.15
[INFO] [stderr]    Compiling toml_write v0.1.2
[INFO] [stderr]    Compiling subtle v2.6.1
[INFO] [stderr]    Compiling crossbeam-deque v0.8.6
[INFO] [stderr]    Compiling serde_json v1.0.149
[INFO] [stderr]    Compiling zerofrom-derive v0.1.6
[INFO] [stderr]    Compiling yoke-derive v0.8.1
[INFO] [stderr]    Compiling zerovec-derive v0.11.2
[INFO] [stderr]    Compiling displaydoc v0.2.5
[INFO] [stderr]    Compiling zerofrom v0.1.6
[INFO] [stderr]    Compiling yoke v0.8.1
[INFO] [stderr]    Compiling serde_derive v1.0.228
[INFO] [stderr]    Compiling zerotrie v0.2.3
[INFO] [stderr]    Compiling zerovec v0.11.5
[INFO] [stderr]    Compiling thiserror-impl v1.0.69
[INFO] [stderr]    Compiling block-buffer v0.10.4
[INFO] [stderr]    Compiling crypto-common v0.1.7
[INFO] [stderr]    Compiling form_urlencoded v1.2.2
[INFO] [stderr]    Compiling sync_wrapper v1.0.2
[INFO] [stderr]    Compiling tower-layer v0.3.3
[INFO] [stderr]    Compiling ipnet v2.12.0
[INFO] [stderr]    Compiling powerfmt v0.2.0
[INFO] [stderr]    Compiling tinystr v0.8.2
[INFO] [stderr]    Compiling potential_utf v0.1.4
[INFO] [stderr]    Compiling icu_locale_core v2.1.1
[INFO] [stderr]    Compiling icu_collections v2.1.1
[INFO] [stderr]    Compiling thiserror v1.0.69
[INFO] [stderr]    Compiling deranged v0.5.8
[INFO] [stderr]    Compiling digest v0.10.7
[INFO] [stderr]    Compiling hyper v1.8.1
[INFO] [stderr]    Compiling tower v0.5.3
[INFO] [stderr]    Compiling rayon-core v1.13.0
[INFO] [stderr]    Compiling icu_provider v2.1.1
[INFO] [stderr]    Compiling icu_properties v2.1.2
[INFO] [stderr]    Compiling icu_normalizer v2.1.1
[INFO] [stderr]    Compiling serde v1.0.228
[INFO] [stderr]    Compiling hyper-util v0.1.20
[INFO] [stderr]    Compiling toml_datetime v0.6.11
[INFO] [stderr]    Compiling serde_spanned v0.6.9
[INFO] [stderr]    Compiling idna_adapter v1.2.1
[INFO] [stderr]    Compiling toml_edit v0.22.27
[INFO] [stderr]    Compiling idna v1.1.0
[INFO] [stderr]    Compiling webpki-roots v1.0.6
[INFO] [stderr]    Compiling num-conv v0.2.0
[INFO] [stderr]    Compiling iri-string v0.7.10
[INFO] [stderr]    Compiling either v1.16.0
[INFO] [stderr]    Compiling time-core v0.1.8
[INFO] [stderr]    Compiling bitflags v2.11.0
[INFO] [stderr]    Compiling rayon v1.12.0
[INFO] [stderr]    Compiling time v0.3.47
[INFO] [stderr]    Compiling url v2.5.8
[INFO] [stderr]    Compiling sha2 v0.10.9
[INFO] [stderr]    Compiling serde_urlencoded v0.7.1
[INFO] [stderr]    Compiling toml v0.8.23
[INFO] [stderr]    Compiling dotrepo-schema v1.0.3
[INFO] [stderr]    Compiling tower-http v0.6.8
[INFO] [stderr]    Compiling http-body-util v0.1.3
[INFO] [stderr]    Compiling roxmltree v0.20.0
[INFO] [stderr]    Compiling log v0.4.29
[INFO] [stderr]    Compiling dotrepo-transport v1.0.3
[INFO] [stderr]    Compiling dotrepo-core v1.0.3
[INFO] [stderr]    Compiling rustls-webpki v0.103.14
[INFO] [stderr]    Compiling tokio-rustls v0.26.4
[INFO] [stderr]    Compiling hyper-rustls v0.27.7
[INFO] [stderr]    Compiling reqwest v0.12.28
[INFO] [stderr]    Compiling dotrepo-mcp v1.0.3 (/opt/rustwide/workdir)
[INFO] [stderr]     Finished `release` profile [optimized] target(s) in 4m 12s
[INFO] running `Command { std: "docker" "inspect" "4a74df5a93c5c5eeed7a3255f219c9335b2b8733d001d77fe8baf1e96f13727c", kill_on_drop: false }`
[INFO] running `Command { std: "docker" "exec" "-e" "SOURCE_DIR=/opt/rustwide/workdir" "-e" "CARGO_HOME=/opt/rustwide/cargo-home" "-e" "RUSTUP_HOME=/opt/rustwide/rustup-home" "-e" "CARGO_TARGET_DIR=/opt/rustwide/target" "-e" "CARGO_INCREMENTAL=0" "-e" "RUST_BACKTRACE=full" "-e" "RUSTFLAGS=--cap-lints=warn" "-e" "RUSTDOCFLAGS=--cap-lints=warn" "-w" "/opt/rustwide/workdir" "--user" "0:0" "4a74df5a93c5c5eeed7a3255f219c9335b2b8733d001d77fe8baf1e96f13727c" "/opt/rustwide/cargo-home/bin/cargo" "+1.99.0-beta.8" "test" "--frozen" "--no-run" "--message-format=json" "--release", kill_on_drop: false }`
[INFO] [stderr]    Compiling dotrepo-mcp v1.0.3 (/opt/rustwide/workdir)
[INFO] [stderr]     Finished `release` profile [optimized] target(s) in 9.36s
[INFO] running `Command { std: "docker" "inspect" "4a74df5a93c5c5eeed7a3255f219c9335b2b8733d001d77fe8baf1e96f13727c", kill_on_drop: false }`
[INFO] running `Command { std: "docker" "exec" "-e" "SOURCE_DIR=/opt/rustwide/workdir" "-e" "CARGO_HOME=/opt/rustwide/cargo-home" "-e" "RUSTUP_HOME=/opt/rustwide/rustup-home" "-e" "CARGO_TARGET_DIR=/opt/rustwide/target" "-e" "CARGO_INCREMENTAL=0" "-e" "RUST_BACKTRACE=full" "-e" "RUSTFLAGS=--cap-lints=warn" "-e" "RUSTDOCFLAGS=--cap-lints=warn" "-w" "/opt/rustwide/workdir" "--user" "0:0" "4a74df5a93c5c5eeed7a3255f219c9335b2b8733d001d77fe8baf1e96f13727c" "/opt/rustwide/cargo-home/bin/cargo" "+1.99.0-beta.8" "test" "--frozen" "--release", kill_on_drop: false }`
[INFO] [stderr]     Finished `release` profile [optimized] target(s) in 0.23s
[INFO] [stderr]      Running unittests src/main.rs (/opt/rustwide/target/release/deps/dotrepo_mcp-07548be07caf9131)
[INFO] [stdout] 
[INFO] [stdout] running 26 tests
[INFO] [stdout] test lookup::tests::normalize_public_base_url_requires_opt_in_for_custom_origins ... ok
[INFO] [stdout] test lookup::tests::parse_repository_url_supports_upstream_and_hosted_urls ... ok
[INFO] [stdout] test lookup::tests::remote_body_read_stops_without_content_length ... ok
[INFO] [stdout] test lookup::tests::normalize_public_base_url_blocks_private_hosts_by_default ... ok
[INFO] [stdout] test lookup::tests::error_diagnostic_is_bounded_at_unicode_boundaries ... ok
[INFO] [stdout] test lookup::tests::ensure_lookup_endpoint_safe_blocks_literal_private_ips ... ok
[INFO] [stdout] test lookup::tests::validate_lookup_addresses_rejects_any_private_resolution ... ok
[INFO] [stdout] test tests::import_preview_reports_inferred_overlay_fallbacks ... ok
[INFO] [stdout] test tests::claim_inspect_tool_matches_core_report ... ok
[INFO] [stdout] test tests::import_write_refuses_existing_evidence_without_leaving_partial_manifest ... ok
[INFO] [stdout] test tests::import_write_respects_force_flag ... ok
[INFO] [stdout] test tests::initialize_and_list_tools ... ok
[INFO] [stdout] test tests::message_framing_round_trips ... ok
[INFO] [stdout] test tests::tools_require_initialized_notification ... ok
[INFO] [stdout] test tests::validate_accepts_missing_repository_subdirectory ... FAILED
[INFO] [stdout] test tests::lookup_tool_fetches_hosted_summary_trust_and_query ... ok
[INFO] [stdout] test tests::import_preview_tool_matches_core_report ... ok
[INFO] [stdout] test lookup::tests::normalize_public_base_url_allows_default_public_origins ... ok
[INFO] [stdout] test tests::write_import_output_refuses_to_clobber_existing_file_without_force ... ok
[INFO] [stdout] test tests::query_tool_returns_trust_context ... ok
[INFO] [stdout] test lookup::tests::normalize_public_base_url_requires_https_by_default ... ok
[INFO] [stdout] test tests::maintainer_path_tools_match_core_reports ... ok
[INFO] [stdout] test tests::validate_tool_rejects_absolute_root_without_opt_in ... ok
[INFO] [stdout] test tests::validate_tool_rejects_relative_root_escape ... ok
[INFO] [stdout] test tests::validate_tool_returns_structured_diagnostics ... ok
[INFO] [stdout] test tests::forced_import_refuses_links_and_preserves_regular_file_permissions ... ok
[INFO] [stdout] 
[INFO] [stdout] failures:
[INFO] [stdout] 
[INFO] [stdout] ---- tests::validate_accepts_missing_repository_subdirectory stdout ----
[INFO] [stdout] 
[INFO] [stdout] thread 'tests::validate_accepts_missing_repository_subdirectory' (1994) panicked at src/tests.rs:313:47:
[INFO] [stdout] parent nested dir created: Os { code: 30, kind: ReadOnlyFilesystem, message: "Read-only file system" }
[INFO] [stdout] stack backtrace:
[INFO] [stdout]    0:     0x556891391e31 - <<std[70759c8f55707aa4]::sys::backtrace::BacktraceLock>::print::DisplayBacktrace as core[df12db4294e9bfd3]::fmt::Display>::fmt
[INFO] [stdout]    1:     0x5568913aac6a - core[df12db4294e9bfd3]::fmt::write
[INFO] [stdout]    2:     0x5568913974dc - <alloc[2182bb758b4b3781]::vec::Vec<u8> as core[df12db4294e9bfd3]::io::write::Write>::write_fmt
[INFO] [stdout]    3:     0x556891368c06 - std[70759c8f55707aa4]::panicking::default_hook::{closure#0}
[INFO] [stdout]    4:     0x556891387da9 - std[70759c8f55707aa4]::panicking::default_hook
[INFO] [stdout]    5:     0x556890fe5b40 - test[9d35eded1c95d3be]::test_main_inner::<test[9d35eded1c95d3be]::test_main_static::{closure#0}>::{closure#0}
[INFO] [stdout]    6:     0x5568913880d2 - std[70759c8f55707aa4]::panicking::panic_with_hook
[INFO] [stdout]    7:     0x556891368cb2 - std[70759c8f55707aa4]::panicking::panic_handler::{closure#0}
[INFO] [stdout]    8:     0x556891360d89 - std[70759c8f55707aa4]::sys::backtrace::__rust_end_short_backtrace::<std[70759c8f55707aa4]::panicking::panic_handler::{closure#0}, !>
[INFO] [stdout]    9:     0x55689136a06d - __rustc[8fa7c3cbc660c2b3]::rust_begin_unwind
[INFO] [stdout]   10:     0x5568913ab3cc - core[df12db4294e9bfd3]::panicking::panic_fmt
[INFO] [stdout]   11:     0x5568913ab1a2 - core[df12db4294e9bfd3]::result::unwrap_failed
[INFO] [stdout]   12:     0x556890f8da9d - dotrepo_mcp[580d3faf53483fc2]::tests::validate_accepts_missing_repository_subdirectory
[INFO] [stdout]   13:     0x556890fc94a9 - <dotrepo_mcp[580d3faf53483fc2]::tests::validate_accepts_missing_repository_subdirectory::{closure#0} as core[df12db4294e9bfd3]::ops::function::FnOnce<()>>::call_once
[INFO] [stdout]   14:     0x556890fd8e2b - test[9d35eded1c95d3be]::__rust_begin_short_backtrace::<core[df12db4294e9bfd3]::result::Result<(), alloc[2182bb758b4b3781]::string::String>, fn() -> core[df12db4294e9bfd3]::result::Result<(), alloc[2182bb758b4b3781]::string::String>>
[INFO] [stdout]   15:     0x556890fe6495 - test[9d35eded1c95d3be]::run_test::{closure#0}
[INFO] [stdout]   16:     0x556890fdfd54 - std[70759c8f55707aa4]::sys::backtrace::__rust_begin_short_backtrace::<test[9d35eded1c95d3be]::run_test::{closure#1}, ()>
[INFO] [stdout]   17:     0x556890fe95f2 - <std[70759c8f55707aa4]::thread::lifecycle::spawn_unchecked<test[9d35eded1c95d3be]::run_test::{closure#1}, ()>::{closure#1} as core[df12db4294e9bfd3]::ops::function::FnOnce<()>>::call_once::{shim:vtable#0}
[INFO] [stdout]   18:     0x556891390889 - <std[70759c8f55707aa4]::sys::thread::unix::Thread>::new::thread_start
[INFO] [stdout]   19:     0x7e3f108eedfa - <unknown>
[INFO] [stdout]   20:     0x7e3f109823d4 - clone
[INFO] [stdout]   21:                0x0 - <unknown>
[INFO] [stdout] 
[INFO] [stdout] 
[INFO] [stdout] failures:
[INFO] [stdout]     tests::validate_accepts_missing_repository_subdirectory
[INFO] [stdout] 
[INFO] [stdout] test result: FAILED. 25 passed; 1 failed; 0 ignored; 0 measured; 0 filtered out; finished in 0.07s
[INFO] [stdout] 
[INFO] [stderr] error: test failed, to rerun pass `--bin dotrepo-mcp`
[INFO] running `Command { std: "docker" "inspect" "4a74df5a93c5c5eeed7a3255f219c9335b2b8733d001d77fe8baf1e96f13727c", kill_on_drop: false }`
[INFO] running `Command { std: "docker" "rm" "-f" "4a74df5a93c5c5eeed7a3255f219c9335b2b8733d001d77fe8baf1e96f13727c", kill_on_drop: false }`
[INFO] [stdout] 4a74df5a93c5c5eeed7a3255f219c9335b2b8733d001d77fe8baf1e96f13727c
