[INFO] fetching crate dotrepo-cli 1.0.3...
[INFO] testing dotrepo-cli-1.0.3 against 1.100.0-beta.1+cargoflags=--release for beta-release-1.100-2
[INFO] extracting crate dotrepo-cli 1.0.3 into /workspace/builds/worker-5-tc2/source
[INFO] started tweaking crates.io crate dotrepo-cli 1.0.3
[INFO] removed 0 missing tests
[INFO] finished tweaking crates.io crate dotrepo-cli 1.0.3
[INFO] tweaked toml for crates.io crate dotrepo-cli 1.0.3 written to /workspace/builds/worker-5-tc2/source/Cargo.toml
[INFO] validating manifest of crates.io crate dotrepo-cli 1.0.3 on toolchain 1.100.0-beta.1
[INFO] running `Command { std: CARGO_HOME="/workspace/cargo-home" RUSTUP_HOME="/workspace/rustup-home" "/workspace/cargo-home/bin/cargo" "+1.100.0-beta.1" "metadata" "--manifest-path" "Cargo.toml" "--no-deps", kill_on_drop: false }`
[INFO] crate crates.io crate dotrepo-cli 1.0.3 already has a lockfile, it will not be regenerated
[INFO] running `Command { std: CARGO_HOME="/workspace/cargo-home" RUSTUP_HOME="/workspace/rustup-home" "/workspace/cargo-home/bin/cargo" "+1.100.0-beta.1" "fetch" "--manifest-path" "Cargo.toml", kill_on_drop: false }`
[INFO] [stderr]     Updating crates.io index
[INFO] [stderr]      Locking 2 packages to highest compatible versions
[INFO] [stderr]       Adding dotrepo-core v1.0.3
[INFO] [stderr]       Adding dotrepo-schema v1.0.3
[INFO] running `Command { std: "docker" "create" "-v" "/var/lib/crater-agent-workspace/builds/worker-5-tc2/source:/opt/rustwide/workdir:ro,Z" "-v" "/var/lib/crater-agent-workspace/builds/worker-5-tc2/target:/opt/rustwide/target:rw,Z" "-v" "/var/lib/crater-agent-workspace/cargo-home:/opt/rustwide/cargo-home:ro,Z" "-v" "/var/lib/crater-agent-workspace/rustup-home:/opt/rustwide/rustup-home:ro,Z" "-m" "1610612736" "--network" "none" "ghcr.io/rust-lang/crates-build-env/linux@sha256:77db811e55d90add9212f6832c23229e3de5f1c1f9905e8cb07319ea15df73ac" "sleep" "infinity", kill_on_drop: false }`
[INFO] [stdout] 7c63f16753b814a9096bd1b3b4bec63551138b43b0e1264ca2455b6989e91f88
[INFO] running `Command { std: "docker" "start" "7c63f16753b814a9096bd1b3b4bec63551138b43b0e1264ca2455b6989e91f88", kill_on_drop: false }`
[INFO] running `Command { std: "docker" "inspect" "7c63f16753b814a9096bd1b3b4bec63551138b43b0e1264ca2455b6989e91f88", kill_on_drop: false }`
[INFO] running `Command { std: "docker" "exec" "-e" "SOURCE_DIR=/opt/rustwide/workdir" "-e" "CARGO_HOME=/opt/rustwide/cargo-home" "-e" "RUSTUP_HOME=/opt/rustwide/rustup-home" "-e" "CARGO_TARGET_DIR=/opt/rustwide/target" "-w" "/opt/rustwide/workdir" "--user" "0:0" "7c63f16753b814a9096bd1b3b4bec63551138b43b0e1264ca2455b6989e91f88" "/opt/rustwide/cargo-home/bin/cargo" "+1.100.0-beta.1" "metadata" "--no-deps" "--format-version=1", kill_on_drop: false }`
[INFO] running `Command { std: "docker" "inspect" "7c63f16753b814a9096bd1b3b4bec63551138b43b0e1264ca2455b6989e91f88", kill_on_drop: false }`
[INFO] running `Command { std: "docker" "exec" "-e" "SOURCE_DIR=/opt/rustwide/workdir" "-e" "CARGO_HOME=/opt/rustwide/cargo-home" "-e" "RUSTUP_HOME=/opt/rustwide/rustup-home" "-e" "CARGO_TARGET_DIR=/opt/rustwide/target" "-e" "CARGO_INCREMENTAL=0" "-e" "RUST_BACKTRACE=full" "-e" "RUSTFLAGS=--cap-lints=warn" "-e" "RUSTDOCFLAGS=--cap-lints=warn" "-w" "/opt/rustwide/workdir" "--user" "0:0" "7c63f16753b814a9096bd1b3b4bec63551138b43b0e1264ca2455b6989e91f88" "/opt/rustwide/cargo-home/bin/cargo" "+1.100.0-beta.1" "build" "--frozen" "--message-format=json" "--release", kill_on_drop: false }`
[INFO] [stderr]    Compiling quote v1.0.45
[INFO] [stderr]    Compiling proc-macro2 v1.0.106
[INFO] [stderr]    Compiling serde v1.0.228
[INFO] [stderr]    Compiling crossbeam-epoch v0.9.20
[INFO] [stderr]    Compiling toml_write v0.1.2
[INFO] [stderr]    Compiling winnow v0.7.15
[INFO] [stderr]    Compiling anstyle-parse v0.2.7
[INFO] [stderr]    Compiling libc v0.2.183
[INFO] [stderr]    Compiling anstyle v1.0.13
[INFO] [stderr]    Compiling colorchoice v1.0.4
[INFO] [stderr]    Compiling anyhow v1.0.103
[INFO] [stderr]    Compiling anstyle-query v1.1.5
[INFO] [stderr]    Compiling is_terminal_polyfill v1.70.2
[INFO] [stderr]    Compiling powerfmt v0.2.0
[INFO] [stderr]    Compiling num-conv v0.2.0
[INFO] [stderr]    Compiling anstream v0.6.21
[INFO] [stderr]    Compiling either v1.16.0
[INFO] [stderr]    Compiling time-core v0.1.8
[INFO] [stderr]    Compiling crossbeam-deque v0.8.6
[INFO] [stderr]    Compiling deranged v0.5.8
[INFO] [stderr]    Compiling clap_lex v1.0.0
[INFO] [stderr]    Compiling memchr v2.8.0
[INFO] [stderr]    Compiling rayon-core v1.13.0
[INFO] [stderr]    Compiling clap_builder v4.5.60
[INFO] [stderr]    Compiling syn v2.0.117
[INFO] [stderr]    Compiling sha2 v0.10.9
[INFO] [stderr]    Compiling serde_json v1.0.149
[INFO] [stderr]    Compiling time v0.3.47
[INFO] [stderr]    Compiling rayon v1.12.0
[INFO] [stderr]    Compiling roxmltree v0.20.0
[INFO] [stderr]    Compiling synstructure v0.13.2
[INFO] [stderr]    Compiling zerovec-derive v0.11.2
[INFO] [stderr]    Compiling displaydoc v0.2.5
[INFO] [stderr]    Compiling serde_derive v1.0.228
[INFO] [stderr]    Compiling thiserror-impl v1.0.69
[INFO] [stderr]    Compiling clap_derive v4.5.55
[INFO] [stderr]    Compiling zerofrom-derive v0.1.6
[INFO] [stderr]    Compiling yoke-derive v0.8.1
[INFO] [stderr]    Compiling zerofrom v0.1.6
[INFO] [stderr]    Compiling thiserror v1.0.69
[INFO] [stderr]    Compiling yoke v0.8.1
[INFO] [stderr]    Compiling zerovec v0.11.5
[INFO] [stderr]    Compiling zerotrie v0.2.3
[INFO] [stderr]    Compiling clap v4.5.60
[INFO] [stderr]    Compiling tinystr v0.8.2
[INFO] [stderr]    Compiling potential_utf v0.1.4
[INFO] [stderr]    Compiling icu_collections v2.1.1
[INFO] [stderr]    Compiling icu_locale_core v2.1.1
[INFO] [stderr]    Compiling icu_provider v2.1.1
[INFO] [stderr]    Compiling toml_datetime v0.6.11
[INFO] [stderr]    Compiling serde_spanned v0.6.9
[INFO] [stderr]    Compiling icu_normalizer v2.1.1
[INFO] [stderr]    Compiling icu_properties v2.1.2
[INFO] [stderr]    Compiling toml_edit v0.22.27
[INFO] [stderr]    Compiling idna_adapter v1.2.1
[INFO] [stderr]    Compiling idna v1.1.0
[INFO] [stderr]    Compiling url v2.5.8
[INFO] [stderr]    Compiling toml v0.8.23
[INFO] [stderr]    Compiling dotrepo-schema v1.0.3
[INFO] [stderr]    Compiling dotrepo-core v1.0.3
[INFO] [stderr]    Compiling dotrepo-cli v1.0.3 (/opt/rustwide/workdir)
[INFO] [stderr]     Finished `release` profile [optimized] target(s) in 2m 31s
[INFO] running `Command { std: "docker" "inspect" "7c63f16753b814a9096bd1b3b4bec63551138b43b0e1264ca2455b6989e91f88", kill_on_drop: false }`
[INFO] running `Command { std: "docker" "exec" "-e" "SOURCE_DIR=/opt/rustwide/workdir" "-e" "CARGO_HOME=/opt/rustwide/cargo-home" "-e" "RUSTUP_HOME=/opt/rustwide/rustup-home" "-e" "CARGO_TARGET_DIR=/opt/rustwide/target" "-e" "CARGO_INCREMENTAL=0" "-e" "RUST_BACKTRACE=full" "-e" "RUSTFLAGS=--cap-lints=warn" "-e" "RUSTDOCFLAGS=--cap-lints=warn" "-w" "/opt/rustwide/workdir" "--user" "0:0" "7c63f16753b814a9096bd1b3b4bec63551138b43b0e1264ca2455b6989e91f88" "/opt/rustwide/cargo-home/bin/cargo" "+1.100.0-beta.1" "test" "--frozen" "--no-run" "--message-format=json" "--release", kill_on_drop: false }`
[INFO] [stderr]    Compiling dotrepo-cli v1.0.3 (/opt/rustwide/workdir)
[INFO] [stderr]     Finished `release` profile [optimized] target(s) in 16.30s
[INFO] running `Command { std: "docker" "inspect" "7c63f16753b814a9096bd1b3b4bec63551138b43b0e1264ca2455b6989e91f88", kill_on_drop: false }`
[INFO] running `Command { std: "docker" "exec" "-e" "SOURCE_DIR=/opt/rustwide/workdir" "-e" "CARGO_HOME=/opt/rustwide/cargo-home" "-e" "RUSTUP_HOME=/opt/rustwide/rustup-home" "-e" "CARGO_TARGET_DIR=/opt/rustwide/target" "-e" "CARGO_INCREMENTAL=0" "-e" "RUST_BACKTRACE=full" "-e" "RUSTFLAGS=--cap-lints=warn" "-e" "RUSTDOCFLAGS=--cap-lints=warn" "-w" "/opt/rustwide/workdir" "--user" "0:0" "7c63f16753b814a9096bd1b3b4bec63551138b43b0e1264ca2455b6989e91f88" "/opt/rustwide/cargo-home/bin/cargo" "+1.100.0-beta.1" "test" "--frozen" "--release", kill_on_drop: false }`
[INFO] [stderr]     Finished `release` profile [optimized] target(s) in 0.16s
[INFO] [stderr]      Running unittests src/lib.rs (/opt/rustwide/target/release/build/dotrepo-cli/87b348547cc83abd/out/dotrepo_cli-87b348547cc83abd)
[INFO] [stdout] 
[INFO] [stdout] running 38 tests
[INFO] [stdout] test tests::adopt_overlay_rejects_non_overlay_record ... ok
[INFO] [stdout] test tests::claim_accept_native_requires_homepage_identity ... ok
[INFO] [stdout] test tests::claim_accept_native_requires_path_or_claim_id ... ok
[INFO] [stdout] test tests::adopt_overlay_refuses_existing_repo_without_force ... ok
[INFO] [stdout] test tests::adoption_status_reports_ready_native_loop ... ok
[INFO] [stdout] test tests::adoption_status_reports_missing_native_onboarding_steps ... ok
[INFO] [stdout] test tests::adopt_overlay_bootstraps_native_manifest ... ok
[INFO] [stdout] test tests::claim_accept_native_records_canonical_handoff_links ... ok
[INFO] [stdout] test tests::claim_init_force_refuses_existing_event_history ... ok
[INFO] [stdout] test tests::claim_init_refuses_existing_claim_dir_without_force ... ok
[INFO] [stdout] test tests::claim_init_scaffolds_valid_claim_directory ... ok
[INFO] [stdout] test tests::claim_from_native_requires_homepage_identity ... ok
[INFO] [stdout] test tests::claim_submit_native_requires_homepage_identity ... ok
[INFO] [stdout] test tests::claim_event_refuses_invalid_transition ... ok
[INFO] [stdout] test tests::format_claim_report_surfaces_handoff_and_events ... ok
[INFO] [stdout] test tests::format_query_value_defaults_to_human_readable_strings ... ok
[INFO] [stdout] test tests::doctor_refuses_overlay_records ... ok
[INFO] [stdout] test tests::claim_from_native_derives_identity_and_canonical_source ... ok
[INFO] [stdout] test tests::claim_event_appends_submitted_history_and_updates_claim_state ... ok
[INFO] [stdout] test tests::format_query_value_rejects_raw_composite_values ... ok
[INFO] [stdout] test tests::format_trust_report_explains_canonical_handoff_plainly ... ok
[INFO] [stdout] test tests::deterministic_public_export_requires_generated_at_for_fixed_stale_after ... ok
[INFO] [stdout] test tests::claim_event_records_canonical_handoff_links ... ok
[INFO] [stdout] test tests::generate_refuses_overlay_records ... ok
[INFO] [stdout] test tests::format_trust_report_explains_equal_authority_conflicts ... ok
[INFO] [stdout] test tests::generate_check_refuses_overlay_records ... ok
[INFO] [stdout] test tests::import_writes_overlay_manifest_and_evidence ... ok
[INFO] [stdout] test tests::import_refuses_existing_evidence_without_leaving_partial_manifest ... ok
[INFO] [stdout] test tests::query_raw_should_refuse_competing_records ... ok
[INFO] [stdout] test tests::public_freshness_reuses_snapshot_digest ... ok
[INFO] [stdout] test tests::validate_index_fails_on_structural_errors ... ok
[INFO] [stdout] test tests::validate_index_allows_warning_only_runs ... ok
[INFO] [stdout] test tests::validate_reports_multiple_diagnostics ... ok
[INFO] [stdout] test tests::write_import_output_refuses_to_clobber_existing_file_without_force ... ok
[INFO] [stdout] test tests::public_export_writes_static_repository_and_trust_json ... ok
[INFO] [stdout] test tests::public_export_honors_base_path_in_inventory_links ... ok
[INFO] [stdout] test tests::deterministic_public_export_repeats_byte_for_byte ... ok
[INFO] [stdout] test tests::forced_import_refuses_links_and_preserves_regular_file_permissions ... ok
[INFO] [stdout] 
[INFO] [stdout] test result: ok. 38 passed; 0 failed; 0 ignored; 0 measured; 0 filtered out; finished in 0.09s
[INFO] [stdout] 
[INFO] [stderr]      Running unittests src/main.rs (/opt/rustwide/target/release/build/dotrepo-cli/3814b903646b0837/out/dotrepo-3814b903646b0837)
[INFO] [stderr]      Running unittests src/bin/dotrepo-public-query.rs (/opt/rustwide/target/release/build/dotrepo-cli/ee510fb2e7b316c1/out/dotrepo_public_query-ee510fb2e7b316c1)
[INFO] [stdout] 
[INFO] [stdout] running 0 tests
[INFO] [stdout] 
[INFO] [stdout] test result: ok. 0 passed; 0 failed; 0 ignored; 0 measured; 0 filtered out; finished in 0.00s
[INFO] [stdout] 
[INFO] [stdout] 
[INFO] [stdout] running 6 tests
[INFO] [stdout] test tests::route_request_rejects_dot_segments_in_repository_identity ... ok
[INFO] [stdout] test tests::resolve_static_path_serves_directory_index ... ok
[INFO] [stdout] test tests::route_request_decodes_batch_profiles ... ok
[INFO] [stdout] test tests::route_request_decodes_valid_repository_identity ... ok
[INFO] [stdout] test tests::route_request_rejects_batch_without_repositories ... ok
[INFO] [stdout] test tests::route_request_decodes_batch_query_with_base_path ... ok
[INFO] [stdout] 
[INFO] [stdout] test result: ok. 6 passed; 0 failed; 0 ignored; 0 measured; 0 filtered out; finished in 0.01s
[INFO] [stdout] 
[INFO] [stderr]      Running tests/ci_command_contract.rs (/opt/rustwide/target/release/build/dotrepo-cli/d93b976bde9be951/out/ci_command_contract-d93b976bde9be951)
[INFO] [stdout] 
[INFO] [stdout] running 4 tests
[INFO] [stdout] test ci_init_writes_pinned_native_repo_workflow ... ok
[INFO] [stdout] test ci_init_refuses_overlay_records ... ok
[INFO] [stdout] test ci_init_refuses_to_overwrite_without_force ... ok
[INFO] [stdout] test ci_init_matches_checked_in_native_example_workflow ... FAILED
[INFO] [stdout] 
[INFO] [stdout] failures:
[INFO] [stdout] 
[INFO] [stdout] ---- ci_init_matches_checked_in_native_example_workflow stdout ----
[INFO] [stdout] 
[INFO] [stdout] thread 'ci_init_matches_checked_in_native_example_workflow' (1518) panicked at tests/ci_command_contract.rs:189:6:
[INFO] [stdout] checked-in example workflow: Os { code: 2, kind: NotFound, message: "No such file or directory" }
[INFO] [stdout] stack backtrace:
[INFO] [stdout]    0:     0x5a1d4683cc21 - <<std[617be2ca0a6fd877]::sys::backtrace::BacktraceLock>::print::DisplayBacktrace as core[a373ad73a504971]::fmt::Display>::fmt
[INFO] [stdout]    1:     0x5a1d468512ea - core[a373ad73a504971]::fmt::write
[INFO] [stdout]    2:     0x5a1d4684109c - <alloc[2e1b2a31b91974c5]::vec::Vec<u8> as core[a373ad73a504971]::io::write::Write>::write_fmt
[INFO] [stdout]    3:     0x5a1d46817876 - std[617be2ca0a6fd877]::panicking::default_hook::{closure#0}
[INFO] [stdout]    4:     0x5a1d46834699 - std[617be2ca0a6fd877]::panicking::default_hook
[INFO] [stdout]    5:     0x5a1d467cfa10 - test[aada8e7e76ba119b]::test_main_inner::{closure#0}
[INFO] [stdout]    6:     0x5a1d46834852 - std[617be2ca0a6fd877]::panicking::panic_with_hook
[INFO] [stdout]    7:     0x5a1d46817922 - std[617be2ca0a6fd877]::panicking::panic_handler::{closure#0}
[INFO] [stdout]    8:     0x5a1d46810389 - std[617be2ca0a6fd877]::sys::backtrace::__rust_end_short_backtrace::<std[617be2ca0a6fd877]::panicking::panic_handler::{closure#0}, !>
[INFO] [stdout]    9:     0x5a1d4681852d - __rustc[ea4f61d10b84890b]::rust_begin_unwind
[INFO] [stdout]   10:     0x5a1d46851a1c - core[a373ad73a504971]::panicking::panic_fmt
[INFO] [stdout]   11:     0x5a1d468517f2 - core[a373ad73a504971]::result::unwrap_failed
[INFO] [stdout]   12:     0x5a1d467c2c43 - <ci_command_contract[2935017e2e11f718]::ci_init_matches_checked_in_native_example_workflow::{closure#0} as core[a373ad73a504971]::ops::function::FnOnce<()>>::call_once
[INFO] [stdout]   13:     0x5a1d467c2e5b - test[aada8e7e76ba119b]::__rust_begin_short_backtrace::<core[a373ad73a504971]::result::Result<(), alloc[2e1b2a31b91974c5]::string::String>, fn() -> core[a373ad73a504971]::result::Result<(), alloc[2e1b2a31b91974c5]::string::String>>
[INFO] [stdout]   14:     0x5a1d467d0035 - test[aada8e7e76ba119b]::run_test::{closure#0}
[INFO] [stdout]   15:     0x5a1d467c9924 - std[617be2ca0a6fd877]::sys::backtrace::__rust_begin_short_backtrace::<test[aada8e7e76ba119b]::run_test::{closure#1}, ()>
[INFO] [stdout]   16:     0x5a1d467d30c2 - <std[617be2ca0a6fd877]::thread::lifecycle::spawn_unchecked<test[aada8e7e76ba119b]::run_test::{closure#1}, ()>::{closure#1} as core[a373ad73a504971]::ops::function::FnOnce<()>>::call_once::{shim:vtable#0}
[INFO] [stdout]   17:     0x5a1d4683bf3f - <std[617be2ca0a6fd877]::sys::thread::unix::Thread>::new::thread_start
[INFO] [stdout]   18:     0x7585b4de7dfa - <unknown>
[INFO] [stdout]   19:     0x7585b4e7b3d4 - clone
[INFO] [stdout]   20:                0x0 - <unknown>
[INFO] [stdout] 
[INFO] [stdout] 
[INFO] [stdout] failures:
[INFO] [stdout]     ci_init_matches_checked_in_native_example_workflow
[INFO] [stdout] 
[INFO] [stdout] test result: FAILED. 3 passed; 1 failed; 0 ignored; 0 measured; 0 filtered out; finished in 0.01s
[INFO] [stdout] 
[INFO] [stderr] error: test failed, to rerun pass `--test ci_command_contract`
[INFO] running `Command { std: "docker" "inspect" "7c63f16753b814a9096bd1b3b4bec63551138b43b0e1264ca2455b6989e91f88", kill_on_drop: false }`
[INFO] running `Command { std: "docker" "rm" "-f" "7c63f16753b814a9096bd1b3b4bec63551138b43b0e1264ca2455b6989e91f88", kill_on_drop: false }`
[INFO] [stdout] 7c63f16753b814a9096bd1b3b4bec63551138b43b0e1264ca2455b6989e91f88
