[INFO] fetching crate dotf 0.2.2...
[INFO] testing dotf-0.2.2 against 1.99.0-beta.8+cargoflags=--release for beta-release-1.100-2
[INFO] extracting crate dotf 0.2.2 into /workspace/builds/worker-5-tc1/source
[INFO] started tweaking crates.io crate dotf 0.2.2
[INFO] finished tweaking crates.io crate dotf 0.2.2
[INFO] tweaked toml for crates.io crate dotf 0.2.2 written to /workspace/builds/worker-5-tc1/source/Cargo.toml
[INFO] validating manifest of crates.io crate dotf 0.2.2 on toolchain 1.99.0-beta.8
[INFO] running `Command { std: CARGO_HOME="/workspace/cargo-home" RUSTUP_HOME="/workspace/rustup-home" "/workspace/cargo-home/bin/cargo" "+1.99.0-beta.8" "metadata" "--manifest-path" "Cargo.toml" "--no-deps", kill_on_drop: false }`
[INFO] crate crates.io crate dotf 0.2.2 already has a lockfile, it will not be regenerated
[INFO] running `Command { std: CARGO_HOME="/workspace/cargo-home" RUSTUP_HOME="/workspace/rustup-home" "/workspace/cargo-home/bin/cargo" "+1.99.0-beta.8" "fetch" "--manifest-path" "Cargo.toml", kill_on_drop: false }`
[INFO] [stderr]     Updating crates.io index
[INFO] [stderr]  Downloading crates ...
[INFO] [stderr]   Downloaded reqwest v0.12.23
[INFO] [stderr]   Downloaded downcast v0.11.0
[INFO] [stderr]   Downloaded predicates-tree v1.0.12
[INFO] [stderr]   Downloaded anstyle-wincon v3.0.10
[INFO] [stderr]   Downloaded libredox v0.1.9
[INFO] [stderr]   Downloaded number_prefix v0.4.0
[INFO] [stderr]   Downloaded assert_matches v1.5.0
[INFO] [stderr]   Downloaded predicates-core v1.0.9
[INFO] [stderr]   Downloaded shell-words v1.1.0
[INFO] [stderr]   Downloaded anstyle-query v1.1.4
[INFO] [stderr]   Downloaded thiserror v2.0.15
[INFO] [stderr]   Downloaded thiserror-impl v2.0.15
[INFO] [stderr]   Downloaded fragile v2.0.1
[INFO] [stderr]   Downloaded quinn-udp v0.5.13
[INFO] [stderr]   Downloaded mockall v0.13.1
[INFO] [stderr]   Downloaded dialoguer v0.11.0
[INFO] [stderr]   Downloaded predicates v3.1.3
[INFO] [stderr]   Downloaded termtree v0.5.1
[INFO] [stderr]   Downloaded anstream v0.6.20
[INFO] [stderr]   Downloaded clap_derive v4.5.45
[INFO] [stderr]   Downloaded jobserver v0.1.33
[INFO] [stderr]   Downloaded console v0.15.11
[INFO] [stderr]   Downloaded mockall_derive v0.13.1
[INFO] [stderr]   Downloaded clap v4.5.45
[INFO] [stderr]   Downloaded tinyvec v1.9.0
[INFO] [stderr]   Downloaded quinn v0.11.8
[INFO] [stderr]   Downloaded indicatif v0.17.11
[INFO] [stderr]   Downloaded zerocopy-derive v0.8.26
[INFO] [stderr]   Downloaded hyper-util v0.1.16
[INFO] [stderr]   Downloaded zerovec v0.11.4
[INFO] [stderr]   Downloaded serde_json v1.0.142
[INFO] [stderr]   Downloaded hyper v1.7.0
[INFO] [stderr]   Downloaded clap_builder v4.5.44
[INFO] [stderr]   Downloaded portable-atomic v1.11.1
[INFO] [stderr]   Downloaded zerocopy v0.8.26
[INFO] [stderr]   Downloaded git2 v0.20.2
[INFO] [stderr]   Downloaded quinn-proto v0.11.12
[INFO] [stderr]   Downloaded webpki-roots v1.0.2
[INFO] [stderr]   Downloaded rustls v0.23.31
[INFO] [stderr]   Downloaded libz-sys v1.1.22
[INFO] [stderr]   Downloaded libgit2-sys v0.18.2+1.9.1
[INFO] [stderr]   Downloaded openssl-src v300.5.2+3.5.2
[INFO] running `Command { std: "docker" "create" "-v" "/var/lib/crater-agent-workspace/builds/worker-5-tc1/source:/opt/rustwide/workdir:ro,Z" "-v" "/var/lib/crater-agent-workspace/builds/worker-5-tc1/target:/opt/rustwide/target:rw,Z" "-v" "/var/lib/crater-agent-workspace/cargo-home:/opt/rustwide/cargo-home:ro,Z" "-v" "/var/lib/crater-agent-workspace/rustup-home:/opt/rustwide/rustup-home:ro,Z" "-m" "1610612736" "--network" "none" "ghcr.io/rust-lang/crates-build-env/linux@sha256:77db811e55d90add9212f6832c23229e3de5f1c1f9905e8cb07319ea15df73ac" "sleep" "infinity", kill_on_drop: false }`
[INFO] [stdout] c307f0cf82b1a538ef0f24c2f6741103a38e985f6e93d83a0a7de692541dd018
[INFO] running `Command { std: "docker" "start" "c307f0cf82b1a538ef0f24c2f6741103a38e985f6e93d83a0a7de692541dd018", kill_on_drop: false }`
[INFO] running `Command { std: "docker" "inspect" "c307f0cf82b1a538ef0f24c2f6741103a38e985f6e93d83a0a7de692541dd018", kill_on_drop: false }`
[INFO] running `Command { std: "docker" "exec" "-e" "SOURCE_DIR=/opt/rustwide/workdir" "-e" "CARGO_HOME=/opt/rustwide/cargo-home" "-e" "RUSTUP_HOME=/opt/rustwide/rustup-home" "-e" "CARGO_TARGET_DIR=/opt/rustwide/target" "-w" "/opt/rustwide/workdir" "--user" "0:0" "c307f0cf82b1a538ef0f24c2f6741103a38e985f6e93d83a0a7de692541dd018" "/opt/rustwide/cargo-home/bin/cargo" "+1.99.0-beta.8" "metadata" "--no-deps" "--format-version=1", kill_on_drop: false }`
[INFO] running `Command { std: "docker" "inspect" "c307f0cf82b1a538ef0f24c2f6741103a38e985f6e93d83a0a7de692541dd018", kill_on_drop: false }`
[INFO] running `Command { std: "docker" "exec" "-e" "SOURCE_DIR=/opt/rustwide/workdir" "-e" "CARGO_HOME=/opt/rustwide/cargo-home" "-e" "RUSTUP_HOME=/opt/rustwide/rustup-home" "-e" "CARGO_TARGET_DIR=/opt/rustwide/target" "-e" "CARGO_INCREMENTAL=0" "-e" "RUST_BACKTRACE=full" "-e" "RUSTFLAGS=--cap-lints=warn" "-e" "RUSTDOCFLAGS=--cap-lints=warn" "-w" "/opt/rustwide/workdir" "--user" "0:0" "c307f0cf82b1a538ef0f24c2f6741103a38e985f6e93d83a0a7de692541dd018" "/opt/rustwide/cargo-home/bin/cargo" "+1.99.0-beta.8" "build" "--frozen" "--message-format=json" "--release", kill_on_drop: false }`
[INFO] [stderr]    Compiling proc-macro2 v1.0.101
[INFO] [stderr]    Compiling unicode-ident v1.0.18
[INFO] [stderr]    Compiling libc v0.2.175
[INFO] [stderr]    Compiling shlex v1.3.0
[INFO] [stderr]    Compiling cfg-if v1.0.1
[INFO] [stderr]    Compiling autocfg v1.5.0
[INFO] [stderr]    Compiling smallvec v1.15.1
[INFO] [stderr]    Compiling stable_deref_trait v1.2.0
[INFO] [stderr]    Compiling bytes v1.10.1
[INFO] [stderr]    Compiling parking_lot_core v0.9.11
[INFO] [stderr]    Compiling once_cell v1.21.3
[INFO] [stderr]    Compiling futures-core v0.3.31
[INFO] [stderr]    Compiling itoa v1.0.15
[INFO] [stderr]    Compiling pkg-config v0.3.32
[INFO] [stderr]    Compiling scopeguard v1.2.0
[INFO] [stderr]    Compiling writeable v0.6.1
[INFO] [stderr]    Compiling litemap v0.8.0
[INFO] [stderr]    Compiling serde v1.0.219
[INFO] [stderr]    Compiling vcpkg v0.2.15
[INFO] [stderr]    Compiling icu_normalizer_data v2.0.0
[INFO] [stderr]    Compiling fnv v1.0.7
[INFO] [stderr]    Compiling zeroize v1.8.1
[INFO] [stderr]    Compiling icu_properties_data v2.0.1
[INFO] [stderr]    Compiling percent-encoding v2.3.1
[INFO] [stderr]    Compiling rustls-pki-types v1.12.0
[INFO] [stderr]    Compiling untrusted v0.9.0
[INFO] [stderr]    Compiling bitflags v2.9.2
[INFO] [stderr]    Compiling httparse v1.10.1
[INFO] [stderr]    Compiling futures-util v0.3.31
[INFO] [stderr]    Compiling try-lock v0.2.5
[INFO] [stderr]    Compiling lock_api v0.4.13
[INFO] [stderr]    Compiling http v1.3.1
[INFO] [stderr]    Compiling tower-service v0.3.3
[INFO] [stderr]    Compiling rustls v0.23.31
[INFO] [stderr]    Compiling want v0.3.1
[INFO] [stderr]    Compiling form_urlencoded v1.2.1
[INFO] [stderr]    Compiling tracing-core v0.1.34
[INFO] [stderr]    Compiling futures-channel v0.3.31
[INFO] [stderr]    Compiling subtle v2.6.1
[INFO] [stderr]    Compiling rustix v1.0.8
[INFO] [stderr]    Compiling getrandom v0.3.3
[INFO] [stderr]    Compiling atomic-waker v1.1.2
[INFO] [stderr]    Compiling utf8_iter v1.0.4
[INFO] [stderr]    Compiling anstyle-parse v0.2.7
[INFO] [stderr]    Compiling num-traits v0.2.19
[INFO] [stderr]    Compiling sync_wrapper v1.0.2
[INFO] [stderr]    Compiling portable-atomic v1.11.1
[INFO] [stderr]    Compiling is_terminal_polyfill v1.70.1
[INFO] [stderr]    Compiling anstyle-query v1.1.4
[INFO] [stderr]    Compiling thiserror v1.0.69
[INFO] [stderr]    Compiling ipnet v2.11.0
[INFO] [stderr]    Compiling linux-raw-sys v0.9.4
[INFO] [stderr]    Compiling tower-layer v0.3.3
[INFO] [stderr]    Compiling ryu v1.0.20
[INFO] [stderr]    Compiling colorchoice v1.0.4
[INFO] [stderr]    Compiling anstyle v1.0.11
[INFO] [stderr]    Compiling unicode-width v0.2.1
[INFO] [stderr]    Compiling base64 v0.22.1
[INFO] [stderr]    Compiling tracing v0.1.41
[INFO] [stderr]    Compiling serde_json v1.0.142
[INFO] [stderr]    Compiling anstream v0.6.20
[INFO] [stderr]    Compiling webpki-roots v1.0.2
[INFO] [stderr]    Compiling winnow v0.7.12
[INFO] [stderr]    Compiling clap_lex v0.7.5
[INFO] [stderr]    Compiling fastrand v2.3.0
[INFO] [stderr]    Compiling quote v1.0.40
[INFO] [stderr]    Compiling iri-string v0.7.8
[INFO] [stderr]    Compiling memchr v2.7.5
[INFO] [stderr]    Compiling thiserror v2.0.15
[INFO] [stderr]    Compiling syn v2.0.106
[INFO] [stderr]    Compiling socket2 v0.6.0
[INFO] [stderr]    Compiling mio v1.0.4
[INFO] [stderr]    Compiling jobserver v0.1.33
[INFO] [stderr]    Compiling signal-hook-registry v1.4.6
[INFO] [stderr]    Compiling getrandom v0.2.16
[INFO] [stderr]    Compiling console v0.15.11
[INFO] [stderr]    Compiling cc v1.2.33
[INFO] [stderr]    Compiling parking_lot v0.12.4
[INFO] [stderr]    Compiling option-ext v0.2.0
[INFO] [stderr]    Compiling log v0.4.27
[INFO] [stderr]    Compiling dirs-sys v0.5.0
[INFO] [stderr]    Compiling http-body v1.0.1
[INFO] [stderr]    Compiling http-body-util v0.1.3
[INFO] [stderr]    Compiling clap_builder v4.5.44
[INFO] [stderr]    Compiling number_prefix v0.4.0
[INFO] [stderr]    Compiling iana-time-zone v0.1.63
[INFO] [stderr]    Compiling toml_writer v1.0.2
[INFO] [stderr]    Compiling shell-words v1.1.0
[INFO] [stderr]    Compiling openssl-probe v0.1.6
[INFO] [stderr]    Compiling openssl-src v300.5.2+3.5.2
[INFO] [stderr]    Compiling dirs v6.0.0
[INFO] [stderr]    Compiling colored v3.0.0
[INFO] [stderr]    Compiling ring v0.17.14
[INFO] [stderr]    Compiling openssl-sys v0.9.109
[INFO] [stderr]    Compiling libz-sys v1.1.22
[INFO] [stderr]    Compiling libgit2-sys v0.18.2+1.9.1
[INFO] [stderr]    Compiling indicatif v0.17.11
[INFO] [stderr]    Compiling tempfile v3.20.0
[INFO] [stderr]    Compiling toml_parser v1.0.2
[INFO] [stderr]    Compiling synstructure v0.13.2
[INFO] [stderr]    Compiling zerovec-derive v0.11.1
[INFO] [stderr]    Compiling displaydoc v0.2.5
[INFO] [stderr]    Compiling tokio-macros v2.5.0
[INFO] [stderr]    Compiling serde_derive v1.0.219
[INFO] [stderr]    Compiling thiserror-impl v1.0.69
[INFO] [stderr]    Compiling thiserror-impl v2.0.15
[INFO] [stderr]    Compiling clap_derive v4.5.45
[INFO] [stderr]    Compiling async-trait v0.1.89
[INFO] [stderr]    Compiling zerofrom-derive v0.1.6
[INFO] [stderr]    Compiling yoke-derive v0.8.0
[INFO] [stderr]    Compiling tokio v1.47.1
[INFO] [stderr]    Compiling dialoguer v0.11.0
[INFO] [stderr]    Compiling zerofrom v0.1.6
[INFO] [stderr]    Compiling yoke v0.8.0
[INFO] [stderr]    Compiling zerovec v0.11.4
[INFO] [stderr]    Compiling zerotrie v0.2.2
[INFO] [stderr]    Compiling clap v4.5.45
[INFO] [stderr]    Compiling tinystr v0.8.1
[INFO] [stderr]    Compiling potential_utf v0.1.2
[INFO] [stderr]    Compiling icu_collections v2.0.0
[INFO] [stderr]    Compiling icu_locale_core v2.0.0
[INFO] [stderr]    Compiling icu_provider v2.0.0
[INFO] [stderr]    Compiling icu_normalizer v2.0.0
[INFO] [stderr]    Compiling icu_properties v2.0.1
[INFO] [stderr]    Compiling idna_adapter v1.2.1
[INFO] [stderr]    Compiling idna v1.0.3
[INFO] [stderr]    Compiling rustls-webpki v0.103.4
[INFO] [stderr]    Compiling url v2.5.4
[INFO] [stderr]    Compiling toml_datetime v0.7.0
[INFO] [stderr]    Compiling serde_spanned v1.0.0
[INFO] [stderr]    Compiling serde_urlencoded v0.7.1
[INFO] [stderr]    Compiling chrono v0.4.41
[INFO] [stderr]    Compiling toml v0.9.5
[INFO] [stderr]    Compiling hyper v1.7.0
[INFO] [stderr]    Compiling tower v0.5.2
[INFO] [stderr]    Compiling tower-http v0.6.6
[INFO] [stderr]    Compiling hyper-util v0.1.16
[INFO] [stderr]    Compiling tokio-rustls v0.26.2
[INFO] [stderr]    Compiling hyper-rustls v0.27.7
[INFO] [stderr]    Compiling reqwest v0.12.23
[INFO] [stderr]    Compiling git2 v0.20.2
[INFO] [stderr]    Compiling dotf v0.2.2 (/opt/rustwide/workdir)
[INFO] [stderr]     Finished `release` profile [optimized] target(s) in 4m 50s
[INFO] running `Command { std: "docker" "inspect" "c307f0cf82b1a538ef0f24c2f6741103a38e985f6e93d83a0a7de692541dd018", kill_on_drop: false }`
[INFO] running `Command { std: "docker" "exec" "-e" "SOURCE_DIR=/opt/rustwide/workdir" "-e" "CARGO_HOME=/opt/rustwide/cargo-home" "-e" "RUSTUP_HOME=/opt/rustwide/rustup-home" "-e" "CARGO_TARGET_DIR=/opt/rustwide/target" "-e" "CARGO_INCREMENTAL=0" "-e" "RUST_BACKTRACE=full" "-e" "RUSTFLAGS=--cap-lints=warn" "-e" "RUSTDOCFLAGS=--cap-lints=warn" "-w" "/opt/rustwide/workdir" "--user" "0:0" "c307f0cf82b1a538ef0f24c2f6741103a38e985f6e93d83a0a7de692541dd018" "/opt/rustwide/cargo-home/bin/cargo" "+1.99.0-beta.8" "test" "--frozen" "--no-run" "--message-format=json" "--release", kill_on_drop: false }`
[INFO] [stderr]    Compiling tokio v1.47.1
[INFO] [stderr]    Compiling mockall_derive v0.13.1
[INFO] [stderr]    Compiling predicates-core v1.0.9
[INFO] [stderr]    Compiling async-stream-impl v0.3.6
[INFO] [stderr]    Compiling cfg-if v1.0.1
[INFO] [stderr]    Compiling termtree v0.5.1
[INFO] [stderr]    Compiling diff v0.1.13
[INFO] [stderr]    Compiling fragile v2.0.1
[INFO] [stderr]    Compiling downcast v0.11.0
[INFO] [stderr]    Compiling yansi v1.0.1
[INFO] [stderr]    Compiling assert_matches v1.5.0
[INFO] [stderr]    Compiling predicates v3.1.3
[INFO] [stderr]    Compiling predicates-tree v1.0.12
[INFO] [stderr]    Compiling async-stream v0.3.6
[INFO] [stderr]    Compiling pretty_assertions v1.4.1
[INFO] [stderr]    Compiling mockall v0.13.1
[INFO] [stderr]    Compiling hyper v1.7.0
[INFO] [stderr]    Compiling tower v0.5.2
[INFO] [stderr]    Compiling tokio-rustls v0.26.2
[INFO] [stderr]    Compiling tokio-stream v0.1.17
[INFO] [stderr]    Compiling tower-http v0.6.6
[INFO] [stderr]    Compiling tokio-test v0.4.4
[INFO] [stderr]    Compiling hyper-util v0.1.16
[INFO] [stderr]    Compiling hyper-rustls v0.27.7
[INFO] [stderr]    Compiling reqwest v0.12.23
[INFO] [stderr]    Compiling dotf v0.2.2 (/opt/rustwide/workdir)
[INFO] [stderr]     Finished `release` profile [optimized] target(s) in 57.11s
[INFO] running `Command { std: "docker" "inspect" "c307f0cf82b1a538ef0f24c2f6741103a38e985f6e93d83a0a7de692541dd018", kill_on_drop: false }`
[INFO] running `Command { std: "docker" "exec" "-e" "SOURCE_DIR=/opt/rustwide/workdir" "-e" "CARGO_HOME=/opt/rustwide/cargo-home" "-e" "RUSTUP_HOME=/opt/rustwide/rustup-home" "-e" "CARGO_TARGET_DIR=/opt/rustwide/target" "-e" "CARGO_INCREMENTAL=0" "-e" "RUST_BACKTRACE=full" "-e" "RUSTFLAGS=--cap-lints=warn" "-e" "RUSTDOCFLAGS=--cap-lints=warn" "-w" "/opt/rustwide/workdir" "--user" "0:0" "c307f0cf82b1a538ef0f24c2f6741103a38e985f6e93d83a0a7de692541dd018" "/opt/rustwide/cargo-home/bin/cargo" "+1.99.0-beta.8" "test" "--frozen" "--release", kill_on_drop: false }`
[INFO] [stderr]     Finished `release` profile [optimized] target(s) in 0.29s
[INFO] [stderr]      Running unittests src/lib.rs (/opt/rustwide/target/release/deps/dotf-f9b65939183f2577)
[INFO] [stdout] 
[INFO] [stdout] running 99 tests
[INFO] [stdout] test core::config::validation::tests::test_dangerous_symlink_target ... ok
[INFO] [stdout] test core::config::settings::tests::test_settings_new ... ok
[INFO] [stdout] test cli::ui::interruption::tests::test_interruption_contexts ... ok
[INFO] [stdout] test core::config::validation::tests::test_empty_script_paths ... ok
[INFO] [stdout] test core::config::validation::tests::test_empty_symlink_paths ... ok
[INFO] [stdout] test core::config::validation::tests::test_valid_scripts ... ok
[INFO] [stdout] test core::config::validation::tests::test_valid_symlinks ... ok
[INFO] [stdout] test core::repository::git::tests::test_git_repository_creation ... ok
[INFO] [stdout] test core::config::validation::tests::test_valid_config ... ok
[INFO] [stdout] test core::config::settings::tests::test_settings_default ... ok
[INFO] [stdout] test core::repository::manager::tests::test_repository_manager_status ... ok
[INFO] [stdout] test cli::ui::interruption::tests::test_interruption_handler_creation ... ok
[INFO] [stdout] test core::config::settings::tests::test_settings_serialization ... ok
[INFO] [stdout] test core::repository::manager::tests::test_repository_manager_validate_and_fetch ... ok
[INFO] [stdout] test core::repository::manager::tests::test_repository_manager_clone ... ok
[INFO] [stdout] test core::symlinks::backup::tests::test_backup_file ... ok
[INFO] [stdout] test core::symlinks::backup::tests::test_restore_backup ... ok
[INFO] [stdout] test core::filesystem::operations::tests::test_real_filesystem_copy_file ... ok
[INFO] [stdout] test core::filesystem::operations::tests::test_real_filesystem_symlink_operations ... ok
[INFO] [stdout] test core::symlinks::conflict::tests::test_conflict_with_existing_file ... ok
[INFO] [stdout] test core::symlinks::backup::tests::test_backup_symlink ... ok
[INFO] [stdout] test core::symlinks::conflict::tests::test_conflict_with_existing_symlink ... ok
[INFO] [stdout] test core::symlinks::conflict::tests::test_resolve_conflict_backup ... ok
[INFO] [stdout] test core::symlinks::conflict::tests::test_no_conflict_when_file_does_not_exist ... ok
[INFO] [stdout] test core::symlinks::conflict::tests::test_no_conflict_when_symlink_points_to_same_source ... ok
[INFO] [stdout] test core::symlinks::conflict::tests::test_resolve_conflict_abort ... ok
[INFO] [stdout] test core::symlinks::conflict::tests::test_resolve_conflict_overwrite ... ok
[INFO] [stdout] test core::symlinks::manager::tests::test_create_symlinks_no_conflicts ... ok
[INFO] [stdout] test core::symlinks::backup::tests::test_manifest_operations ... ok
[INFO] [stdout] test core::scripts::executor::tests::test_system_script_executor_nonexistent_script ... ok
[INFO] [stdout] test core::filesystem::operations::tests::test_real_filesystem_file_operations ... ok
[INFO] [stdout] test core::symlinks::manager::tests::test_get_symlink_status_broken ... ok
[INFO] [stdout] test core::symlinks::manager::tests::test_get_symlink_status_invalid_target ... ok
[INFO] [stdout] test core::symlinks::manager::tests::test_get_symlink_status_missing ... ok
[INFO] [stdout] test core::symlinks::manager::tests::test_get_symlink_status_conflict ... ok
[INFO] [stdout] test core::symlinks::manager::tests::test_remove_symlinks ... ok
[INFO] [stdout] test core::filesystem::operations::tests::test_real_filesystem_error_handling ... FAILED
[INFO] [stdout] test core::symlinks::conflict::tests::test_resolve_conflict_skip ... ok
[INFO] [stdout] test services::config_service::tests::test_show_repository_config_success ... ok
[INFO] [stdout] test core::filesystem::operations::tests::test_real_filesystem_nested_directory_creation ... ok
[INFO] [stdout] test core::filesystem::operations::tests::test_real_filesystem_directory_operations ... ok
[INFO] [stdout] test core::symlinks::manager::tests::test_get_symlink_status_valid ... ok
[INFO] [stdout] test core::symlinks::manager::tests::test_validate_sources ... ok
[INFO] [stdout] test services::config_service::tests::test_show_config_summary ... ok
[INFO] [stdout] test services::config_service::tests::test_validate_config_with_warnings ... ok
[INFO] [stdout] test services::init_service::tests::test_init_with_existing_directory_user_cancels ... ok
[INFO] [stdout] test services::init_service::tests::test_init_with_fresh_directory ... ok
[INFO] [stdout] test services::init_service::tests::test_is_initialized_false ... ok
[INFO] [stdout] test services::init_service::tests::test_is_initialized_true ... ok
[INFO] [stdout] test services::install_service::tests::test_install_custom_not_found ... ok
[INFO] [stdout] test services::init_service::tests::test_reinit_removes_existing_repo ... ok
[INFO] [stdout] test services::init_service::tests::test_validate_config_invalid_symlink ... ok
[INFO] [stdout] test services::config_service::tests::test_show_settings_success ... ok
[INFO] [stdout] test services::install_service::tests::test_install_custom_success ... ok
[INFO] [stdout] test services::config_service::tests::test_validate_config_success ... ok
[INFO] [stdout] test services::install_service::tests::test_install_config_missing_source ... ok
[INFO] [stdout] test services::config_service::tests::test_show_repository_config_not_found ... ok
[INFO] [stdout] test services::init_service::tests::test_init_with_existing_directory_user_confirms ... ok
[INFO] [stdout] test services::install_service::tests::test_install_config_success ... ok
[INFO] [stdout] test services::schema_service::tests::test_init_file_already_exists ... ignored, Flaky in tarpaulin coverage environment
[INFO] [stdout] test services::install_service::tests::test_uninstall_config ... ok
[INFO] [stdout] test services::schema_service::tests::test_generate_template ... ok
[INFO] [stdout] test services::schema_validator::tests::test_format_result_quiet ... ok
[INFO] [stdout] test services::install_service::tests::test_install_dependencies_missing_script ... ok
[INFO] [stdout] test services::schema_service::tests::test_init_success ... ok
[INFO] [stdout] test services::install_service::tests::test_install_dependencies_success ... ok
[INFO] [stdout] test services::sync_service::tests::test_sync_success ... ok
[INFO] [stdout] test services::schema_validator::tests::test_format_result_success ... ok
[INFO] [stdout] test services::sync_service::tests::test_sync_with_uncommitted_changes_without_force ... ok
[INFO] [stdout] test services::schema_validator::tests::test_validate_empty_paths ... ok
[INFO] [stdout] test services::sync_service::tests::test_check_sync_status_behind_remote ... ok
[INFO] [stdout] test services::sync_service::tests::test_check_sync_status_up_to_date ... ok
[INFO] [stdout] test services::sync_service::tests::test_sync_not_initialized ... ok
[INFO] [stdout] test traits::filesystem::filesystem_tests::test_dotf_paths ... ok
[INFO] [stdout] test traits::filesystem::filesystem_tests::test_mock_filesystem_copy_file ... ok
[INFO] [stdout] test traits::filesystem::filesystem_tests::test_mock_filesystem_directory_operations ... ok
[INFO] [stdout] test traits::prompt::prompt_tests::test_mock_prompt_input ... ok
[INFO] [stdout] test services::schema_validator::tests::test_validate_valid_config ... ok
[INFO] [stdout] test traits::script_executor::script_executor_tests::test_mock_script_executor_missing_script ... ok
[INFO] [stdout] test services::schema_validator::tests::test_validate_duplicate_targets ... ok
[INFO] [stdout] test traits::script_executor::script_executor_tests::test_mock_script_executor_tracks_executions ... ok
[INFO] [stdout] test traits::prompt::prompt_tests::test_mock_prompt_select ... ok
[INFO] [stdout] test services::schema_validator::tests::test_format_result_with_errors ... ok
[INFO] [stdout] test traits::filesystem::filesystem_tests::test_mock_filesystem_file_operations ... ok
[INFO] [stdout] test utils::prompt::tests::test_console_prompt_confirm ... ignored
[INFO] [stdout] test utils::prompt::tests::test_console_prompt_input ... ignored
[INFO] [stdout] test utils::prompt::tests::test_console_prompt_select ... ignored
[INFO] [stdout] test traits::filesystem::filesystem_tests::test_mock_filesystem_symlink_operations ... ok
[INFO] [stdout] test traits::prompt::prompt_tests::test_mock_prompt_confirm ... ok
[INFO] [stdout] test traits::script_executor::script_executor_tests::test_mock_script_executor_failure ... ok
[INFO] [stdout] test traits::script_executor::script_executor_tests::test_mock_script_executor_permissions ... ok
[INFO] [stdout] test traits::script_executor::script_executor_tests::test_mock_script_executor_success ... ok
[INFO] [stdout] test traits::script_executor::script_executor_tests::test_mock_script_executor_with_args ... ok
[INFO] [stdout] test services::schema_validator::tests::test_validate_invalid_toml ... ok
[INFO] [stdout] test core::scripts::executor::tests::test_system_script_executor_failure ... ok
[INFO] [stdout] test core::scripts::executor::tests::test_system_script_executor_success ... ok
[INFO] [stdout] test core::scripts::executor::tests::test_system_script_executor_stderr ... ok
[INFO] [stdout] test core::scripts::executor::tests::test_system_script_executor_permissions ... ok
[INFO] [stdout] test core::scripts::executor::tests::test_system_script_executor_with_args ... ok
[INFO] [stdout] 
[INFO] [stdout] failures:
[INFO] [stdout] 
[INFO] [stdout] ---- core::filesystem::operations::tests::test_real_filesystem_error_handling stdout ----
[INFO] [stdout] 
[INFO] [stdout] thread 'core::filesystem::operations::tests::test_real_filesystem_error_handling' (14316) panicked at src/core/filesystem/operations.rs:285:9:
[INFO] [stdout] assertion failed: result.is_err()
[INFO] [stdout] stack backtrace:
[INFO] [stdout]    0:     0x57c3f456a8e1 - <<std[70759c8f55707aa4]::sys::backtrace::BacktraceLock>::print::DisplayBacktrace as core[df12db4294e9bfd3]::fmt::Display>::fmt
[INFO] [stdout]    1:     0x57c3f4580aaa - core[df12db4294e9bfd3]::fmt::write
[INFO] [stdout]    2:     0x57c3f456f61c - <alloc[2182bb758b4b3781]::vec::Vec<u8> as core[df12db4294e9bfd3]::io::write::Write>::write_fmt
[INFO] [stdout]    3:     0x57c3f4543526 - std[70759c8f55707aa4]::panicking::default_hook::{closure#0}
[INFO] [stdout]    4:     0x57c3f4560dd9 - std[70759c8f55707aa4]::panicking::default_hook
[INFO] [stdout]    5:     0x57c3f44bf8b0 - test[9d35eded1c95d3be]::test_main_inner::<test[9d35eded1c95d3be]::test_main_static::{closure#0}>::{closure#0}
[INFO] [stdout]    6:     0x57c3f4561102 - std[70759c8f55707aa4]::panicking::panic_with_hook
[INFO] [stdout]    7:     0x57c3f4543604 - std[70759c8f55707aa4]::panicking::panic_handler::{closure#0}
[INFO] [stdout]    8:     0x57c3f453bf09 - std[70759c8f55707aa4]::sys::backtrace::__rust_end_short_backtrace::<std[70759c8f55707aa4]::panicking::panic_handler::{closure#0}, !>
[INFO] [stdout]    9:     0x57c3f45443fd - __rustc[8fa7c3cbc660c2b3]::rust_begin_unwind
[INFO] [stdout]   10:     0x57c3f458124c - core[df12db4294e9bfd3]::panicking::panic_fmt
[INFO] [stdout]   11:     0x57c3f4581212 - core[df12db4294e9bfd3]::panicking::panic
[INFO] [stdout]   12:     0x57c3f442ed96 - dotf[c80a49f4a5edb60f]::core::filesystem::operations::tests::test_real_filesystem_error_handling::{closure#0}
[INFO] [stdout]   13:     0x57c3f44274f3 - <tokio[629fca1b26e1ddc2]::runtime::scheduler::current_thread::Context>::enter::<core[df12db4294e9bfd3]::task::poll::Poll<()>, <tokio[629fca1b26e1ddc2]::runtime::scheduler::current_thread::CoreGuard>::block_on<core[df12db4294e9bfd3]::pin::Pin<&mut core[df12db4294e9bfd3]::pin::Pin<&mut dyn core[df12db4294e9bfd3]::future::future::Future<Output = ()>>>>::{closure#0}::{closure#0}>
[INFO] [stdout]   14:     0x57c3f444f729 - <std[70759c8f55707aa4]::thread::local::LocalKey<tokio[629fca1b26e1ddc2]::runtime::context::Context>>::with::<tokio[629fca1b26e1ddc2]::runtime::context::set_scheduler<(alloc[2182bb758b4b3781]::boxed::Box<tokio[629fca1b26e1ddc2]::runtime::scheduler::current_thread::Core>, core[df12db4294e9bfd3]::option::Option<()>), <tokio[629fca1b26e1ddc2]::runtime::scheduler::current_thread::CoreGuard>::enter<<tokio[629fca1b26e1ddc2]::runtime::scheduler::current_thread::CoreGuard>::block_on<core[df12db4294e9bfd3]::pin::Pin<&mut core[df12db4294e9bfd3]::pin::Pin<&mut dyn core[df12db4294e9bfd3]::future::future::Future<Output = ()>>>>::{closure#0}, core[df12db4294e9bfd3]::option::Option<()>>::{closure#0}>::{closure#0}, (alloc[2182bb758b4b3781]::boxed::Box<tokio[629fca1b26e1ddc2]::runtime::scheduler::current_thread::Core>, core[df12db4294e9bfd3]::option::Option<()>)>
[INFO] [stdout]   15:     0x57c3f4427a27 - <tokio[629fca1b26e1ddc2]::runtime::scheduler::current_thread::CoreGuard>::block_on::<core[df12db4294e9bfd3]::pin::Pin<&mut core[df12db4294e9bfd3]::pin::Pin<&mut dyn core[df12db4294e9bfd3]::future::future::Future<Output = ()>>>>
[INFO] [stdout]   16:     0x57c3f4452827 - tokio[629fca1b26e1ddc2]::runtime::context::runtime::enter_runtime::<<tokio[629fca1b26e1ddc2]::runtime::scheduler::current_thread::CurrentThread>::block_on<core[df12db4294e9bfd3]::pin::Pin<&mut dyn core[df12db4294e9bfd3]::future::future::Future<Output = ()>>>::{closure#0}, ()>
[INFO] [stdout]   17:     0x57c3f44273d5 - <tokio[629fca1b26e1ddc2]::runtime::runtime::Runtime>::block_on::<core[df12db4294e9bfd3]::pin::Pin<&mut dyn core[df12db4294e9bfd3]::future::future::Future<Output = ()>>>
[INFO] [stdout]   18:     0x57c3f44370ae - <dotf[c80a49f4a5edb60f]::core::filesystem::operations::tests::test_real_filesystem_error_handling::{closure#0} as core[df12db4294e9bfd3]::ops::function::FnOnce<()>>::call_once
[INFO] [stdout]   19:     0x57c3f44b2b9b - test[9d35eded1c95d3be]::__rust_begin_short_backtrace::<core[df12db4294e9bfd3]::result::Result<(), alloc[2182bb758b4b3781]::string::String>, fn() -> core[df12db4294e9bfd3]::result::Result<(), alloc[2182bb758b4b3781]::string::String>>
[INFO] [stdout]   20:     0x57c3f44c0205 - test[9d35eded1c95d3be]::run_test::{closure#0}
[INFO] [stdout]   21:     0x57c3f44b9ac4 - std[70759c8f55707aa4]::sys::backtrace::__rust_begin_short_backtrace::<test[9d35eded1c95d3be]::run_test::{closure#1}, ()>
[INFO] [stdout]   22:     0x57c3f44c3362 - <std[70759c8f55707aa4]::thread::lifecycle::spawn_unchecked<test[9d35eded1c95d3be]::run_test::{closure#1}, ()>::{closure#1} as core[df12db4294e9bfd3]::ops::function::FnOnce<()>>::call_once::{shim:vtable#0}
[INFO] [stdout]   23:     0x57c3f4569b89 - <std[70759c8f55707aa4]::sys::thread::unix::Thread>::new::thread_start
[INFO] [stdout]   24:     0x7fbe84fefdfa - <unknown>
[INFO] [stdout]   25:     0x7fbe850833d4 - clone
[INFO] [stdout]   26:                0x0 - <unknown>
[INFO] [stdout] 
[INFO] [stdout] 
[INFO] [stdout] failures:
[INFO] [stdout]     core::filesystem::operations::tests::test_real_filesystem_error_handling
[INFO] [stdout] 
[INFO] [stdout] test result: FAILED. 94 passed; 1 failed; 4 ignored; 0 measured; 0 filtered out; finished in 0.06s
[INFO] [stdout] 
[INFO] [stderr] error: test failed, to rerun pass `--lib`
[INFO] running `Command { std: "docker" "inspect" "c307f0cf82b1a538ef0f24c2f6741103a38e985f6e93d83a0a7de692541dd018", kill_on_drop: false }`
[INFO] running `Command { std: "docker" "rm" "-f" "c307f0cf82b1a538ef0f24c2f6741103a38e985f6e93d83a0a7de692541dd018", kill_on_drop: false }`
[INFO] [stdout] c307f0cf82b1a538ef0f24c2f6741103a38e985f6e93d83a0a7de692541dd018
