[INFO] fetching crate dotenvor 0.2.0...
[INFO] testing dotenvor-0.2.0 against 1.99.0-beta.8+cargoflags=--release for beta-release-1.100-2
[INFO] extracting crate dotenvor 0.2.0 into /workspace/builds/worker-1-tc1/source
[INFO] started tweaking crates.io crate dotenvor 0.2.0
[INFO] removed 0 missing tests
[INFO] finished tweaking crates.io crate dotenvor 0.2.0
[INFO] tweaked toml for crates.io crate dotenvor 0.2.0 written to /workspace/builds/worker-1-tc1/source/Cargo.toml
[INFO] validating manifest of crates.io crate dotenvor 0.2.0 on toolchain 1.99.0-beta.8
[INFO] running `Command { std: CARGO_HOME="/workspace/cargo-home" RUSTUP_HOME="/workspace/rustup-home" "/workspace/cargo-home/bin/cargo" "+1.99.0-beta.8" "metadata" "--manifest-path" "Cargo.toml" "--no-deps", kill_on_drop: false }`
[INFO] crate crates.io crate dotenvor 0.2.0 already has a lockfile, it will not be regenerated
[INFO] running `Command { std: CARGO_HOME="/workspace/cargo-home" RUSTUP_HOME="/workspace/rustup-home" "/workspace/cargo-home/bin/cargo" "+1.99.0-beta.8" "fetch" "--manifest-path" "Cargo.toml", kill_on_drop: false }`
[INFO] [stderr]     Updating crates.io index
[INFO] [stderr]  Downloading crates ...
[INFO] [stderr]   Downloaded toml_datetime v1.0.0+spec-1.1.0
[INFO] [stderr]   Downloaded toml v1.0.6+spec-1.1.0
[INFO] [stderr]   Downloaded dotenvor-macros v0.1.0
[INFO] [stderr]   Downloaded criterion v0.6.0
[INFO] [stderr]   Downloaded toml_edit v0.25.4+spec-1.1.0
[INFO] [stderr]   Downloaded zerocopy-derive v0.8.41
[INFO] [stderr]   Downloaded zerocopy v0.8.41
[INFO] running `Command { std: "docker" "create" "-v" "/var/lib/crater-agent-workspace/builds/worker-1-tc1/source:/opt/rustwide/workdir:ro,Z" "-v" "/var/lib/crater-agent-workspace/builds/worker-1-tc1/target:/opt/rustwide/target:rw,Z" "-v" "/var/lib/crater-agent-workspace/cargo-home:/opt/rustwide/cargo-home:ro,Z" "-v" "/var/lib/crater-agent-workspace/rustup-home:/opt/rustwide/rustup-home:ro,Z" "-m" "1610612736" "--network" "none" "ghcr.io/rust-lang/crates-build-env/linux@sha256:77db811e55d90add9212f6832c23229e3de5f1c1f9905e8cb07319ea15df73ac" "sleep" "infinity", kill_on_drop: false }`
[INFO] [stdout] 7f387790308535ebf24aa079aad795b523534f404d015e4c1226fa5bb6ac2506
[INFO] running `Command { std: "docker" "start" "7f387790308535ebf24aa079aad795b523534f404d015e4c1226fa5bb6ac2506", kill_on_drop: false }`
[INFO] running `Command { std: "docker" "inspect" "7f387790308535ebf24aa079aad795b523534f404d015e4c1226fa5bb6ac2506", kill_on_drop: false }`
[INFO] running `Command { std: "docker" "exec" "-e" "SOURCE_DIR=/opt/rustwide/workdir" "-e" "CARGO_HOME=/opt/rustwide/cargo-home" "-e" "RUSTUP_HOME=/opt/rustwide/rustup-home" "-e" "CARGO_TARGET_DIR=/opt/rustwide/target" "-w" "/opt/rustwide/workdir" "--user" "0:0" "7f387790308535ebf24aa079aad795b523534f404d015e4c1226fa5bb6ac2506" "/opt/rustwide/cargo-home/bin/cargo" "+1.99.0-beta.8" "metadata" "--no-deps" "--format-version=1", kill_on_drop: false }`
[INFO] running `Command { std: "docker" "inspect" "7f387790308535ebf24aa079aad795b523534f404d015e4c1226fa5bb6ac2506", kill_on_drop: false }`
[INFO] running `Command { std: "docker" "exec" "-e" "SOURCE_DIR=/opt/rustwide/workdir" "-e" "CARGO_HOME=/opt/rustwide/cargo-home" "-e" "RUSTUP_HOME=/opt/rustwide/rustup-home" "-e" "CARGO_TARGET_DIR=/opt/rustwide/target" "-e" "CARGO_INCREMENTAL=0" "-e" "RUST_BACKTRACE=full" "-e" "RUSTFLAGS=--cap-lints=warn" "-e" "RUSTDOCFLAGS=--cap-lints=warn" "-w" "/opt/rustwide/workdir" "--user" "0:0" "7f387790308535ebf24aa079aad795b523534f404d015e4c1226fa5bb6ac2506" "/opt/rustwide/cargo-home/bin/cargo" "+1.99.0-beta.8" "build" "--frozen" "--message-format=json" "--release", kill_on_drop: false }`
[INFO] [stderr]    Compiling toml_datetime v1.0.0+spec-1.1.0
[INFO] [stderr]    Compiling indexmap v2.13.0
[INFO] [stderr]    Compiling toml_parser v1.0.9+spec-1.1.0
[INFO] [stderr]    Compiling toml_edit v0.25.4+spec-1.1.0
[INFO] [stderr]    Compiling proc-macro-crate v3.5.0
[INFO] [stderr]    Compiling dotenvor-macros v0.1.0
[INFO] [stderr]    Compiling dotenvor v0.2.0 (/opt/rustwide/workdir)
[INFO] [stderr]     Finished `release` profile [optimized] target(s) in 5.09s
[INFO] running `Command { std: "docker" "inspect" "7f387790308535ebf24aa079aad795b523534f404d015e4c1226fa5bb6ac2506", kill_on_drop: false }`
[INFO] running `Command { std: "docker" "exec" "-e" "SOURCE_DIR=/opt/rustwide/workdir" "-e" "CARGO_HOME=/opt/rustwide/cargo-home" "-e" "RUSTUP_HOME=/opt/rustwide/rustup-home" "-e" "CARGO_TARGET_DIR=/opt/rustwide/target" "-e" "CARGO_INCREMENTAL=0" "-e" "RUST_BACKTRACE=full" "-e" "RUSTFLAGS=--cap-lints=warn" "-e" "RUSTDOCFLAGS=--cap-lints=warn" "-w" "/opt/rustwide/workdir" "--user" "0:0" "7f387790308535ebf24aa079aad795b523534f404d015e4c1226fa5bb6ac2506" "/opt/rustwide/cargo-home/bin/cargo" "+1.99.0-beta.8" "test" "--frozen" "--no-run" "--message-format=json" "--release", kill_on_drop: false }`
[INFO] [stderr]    Compiling zerocopy v0.8.41
[INFO] [stderr]    Compiling serde_derive v1.0.228
[INFO] [stderr]    Compiling zerocopy-derive v0.8.41
[INFO] [stderr]    Compiling regex-syntax v0.8.10
[INFO] [stderr]    Compiling winnow v0.7.15
[INFO] [stderr]    Compiling clap_lex v1.0.0
[INFO] [stderr]    Compiling serde_json v1.0.149
[INFO] [stderr]    Compiling toml_datetime v1.0.0+spec-1.1.0
[INFO] [stderr]    Compiling serde_spanned v1.0.4
[INFO] [stderr]    Compiling itertools v0.13.0
[INFO] [stderr]    Compiling tokio-macros v2.6.1
[INFO] [stderr]    Compiling clap_builder v4.5.60
[INFO] [stderr]    Compiling tokio v1.50.0
[INFO] [stderr]    Compiling toml_parser v1.0.9+spec-1.1.0
[INFO] [stderr]    Compiling regex-automata v0.4.14
[INFO] [stderr]    Compiling serde v1.0.228
[INFO] [stderr]    Compiling toml v1.0.6+spec-1.1.0
[INFO] [stderr]    Compiling tinytemplate v1.2.1
[INFO] [stderr]    Compiling trybuild v1.0.116
[INFO] [stderr]    Compiling regex v1.12.3
[INFO] [stderr]    Compiling clap v4.5.60
[INFO] [stderr]    Compiling half v2.7.1
[INFO] [stderr]    Compiling ciborium-ll v0.2.2
[INFO] [stderr]    Compiling ciborium v0.2.2
[INFO] [stderr]    Compiling criterion v0.6.0
[INFO] [stderr]    Compiling dotenvor v0.2.0 (/opt/rustwide/workdir)
[INFO] [stderr]     Finished `release` profile [optimized] target(s) in 53.12s
[INFO] running `Command { std: "docker" "inspect" "7f387790308535ebf24aa079aad795b523534f404d015e4c1226fa5bb6ac2506", kill_on_drop: false }`
[INFO] running `Command { std: "docker" "exec" "-e" "SOURCE_DIR=/opt/rustwide/workdir" "-e" "CARGO_HOME=/opt/rustwide/cargo-home" "-e" "RUSTUP_HOME=/opt/rustwide/rustup-home" "-e" "CARGO_TARGET_DIR=/opt/rustwide/target" "-e" "CARGO_INCREMENTAL=0" "-e" "RUST_BACKTRACE=full" "-e" "RUSTFLAGS=--cap-lints=warn" "-e" "RUSTDOCFLAGS=--cap-lints=warn" "-w" "/opt/rustwide/workdir" "--user" "0:0" "7f387790308535ebf24aa079aad795b523534f404d015e4c1226fa5bb6ac2506" "/opt/rustwide/cargo-home/bin/cargo" "+1.99.0-beta.8" "test" "--frozen" "--release", kill_on_drop: false }`
[INFO] [stderr]     Finished `release` profile [optimized] target(s) in 0.11s
[INFO] [stderr]      Running unittests src/lib.rs (/opt/rustwide/target/release/deps/dotenvor-b49bbd9cf97ae5bf)
[INFO] [stdout] 
[INFO] [stdout] running 35 tests
[INFO] [stdout] test loader::tests::convention_builder_sets_common_stack_paths ... ok
[INFO] [stdout] test loader::tests::required_builder_sets_flag ... ok
[INFO] [stdout] test loader::tests::key_parsing_mode_builder_sets_flag ... ok
[INFO] [stdout] test loader::tests::quiet_overrides_verbose ... ok
[INFO] [stdout] test loader::tests::logging_disabled_by_default ... ok
[INFO] [stdout] test loader::tests::search_upward_builder_sets_flag ... ok
[INFO] [stdout] test loader::tests::resolve_upward_path_returns_local_candidate_when_missing ... ok
[INFO] [stdout] test loader::tests::resolve_upward_path_uses_nearest_ancestor ... ok
[INFO] [stdout] test loader::tests::verbose_enables_logging ... ok
[INFO] [stdout] test loader::tests::resolve_upward_path_keeps_absolute_paths ... ok
[INFO] [stdout] test loader::tests::convention_paths_avoid_duplicates ... ok
[INFO] [stdout] test loader::tests::convention_builder_handles_blank_environment_name ... ok
[INFO] [stdout] test parser::tests::does_not_start_multiline_mode_for_quote_in_trailing_comment ... ok
[INFO] [stdout] test parser::tests::parses_crlf_newlines_in_multiline_quotes ... ok
[INFO] [stdout] test parser::tests::parse_reader_with_mode_supports_permissive_keys ... ok
[INFO] [stdout] test parser::tests::keeps_escaped_single_quotes_inside_multiline_single_quote ... ok
[INFO] [stdout] test parser::tests::parses_basic_values_and_comments ... ok
[INFO] [stdout] test parser::tests::parses_comment_after_multiline_quote ... ok
[INFO] [stdout] test parser::tests::parses_multiline_quoted_values ... ok
[INFO] [stdout] test parser::tests::parses_double_quoted_value_ending_with_escaped_backslash ... ok
[INFO] [stdout] test parser::tests::parses_export_and_quotes ... ok
[INFO] [stdout] test parser::tests::does_not_start_multiline_mode_for_quote_in_unquoted_value ... ok
[INFO] [stdout] test parser::tests::parses_single_quoted_value_ending_with_backslash ... ok
[INFO] [stdout] test parser::tests::duplicate_keys_keep_last ... ok
[INFO] [stdout] test parser::tests::parses_unicode_values ... ok
[INFO] [stdout] test parser::tests::parses_multiline_backtick_values ... ok
[INFO] [stdout] test parser::tests::parses_backtick_quoted_value_ending_with_backslash ... ok
[INFO] [stdout] test parser::tests::permissive_mode_allows_digit_prefixed_and_punctuation_keys ... ok
[INFO] [stdout] test parser::tests::permissive_mode_does_not_treat_quotes_in_keys_as_value_quotes ... ok
[INFO] [stdout] test parser::tests::permissive_mode_rejects_unicode_control_and_whitespace_in_keys ... ok
[INFO] [stdout] test parser::tests::reports_unterminated_quote ... ok
[INFO] [stdout] test parser::tests::permissive_mode_accepts_extended_key_names ... ok
[INFO] [stdout] test parser::tests::reports_invalid_key ... ok
[INFO] [stdout] test parser::tests::preserves_unknown_escapes_in_double_quoted_values ... ok
[INFO] [stdout] test parser::tests::strict_mode_rejects_extended_key_names ... ok
[INFO] [stdout] 
[INFO] [stdout] test result: ok. 35 passed; 0 failed; 0 ignored; 0 measured; 0 filtered out; finished in 0.01s
[INFO] [stdout] 
[INFO] [stderr]      Running unittests src/bin/dotenv.rs (/opt/rustwide/target/release/deps/dotenv-054329784d961755)
[INFO] [stdout] 
[INFO] [stdout] running 7 tests
[INFO] [stdout] test tests::parse_run_uses_defaults ... ok
[INFO] [stdout] test tests::run_options_default_matches_expected_behavior ... ok
[INFO] [stdout] test tests::parse_run_preserves_non_utf8_file_paths ... ok
[INFO] [stdout] test tests::parse_run_rejects_empty_file_path ... ok
[INFO] [stderr]      Running tests/cli.rs (/opt/rustwide/target/release/deps/cli-99754ba614a642cb)
[INFO] [stdout] test tests::parse_run_reports_missing_file_value ... ok
[INFO] [stdout] test tests::parse_run_supports_repeated_files ... ok
[INFO] [stdout] test tests::parse_run_help_short_circuits ... ok
[INFO] [stdout] 
[INFO] [stdout] test result: ok. 7 passed; 0 failed; 0 ignored; 0 measured; 0 filtered out; finished in 0.01s
[INFO] [stdout] 
[INFO] [stdout] 
[INFO] [stdout] running 7 tests
[INFO] [stdout] test run_expand_fails_when_inherited_env_value_is_not_utf8 ... ok
[INFO] [stdout] test run_without_ignore_missing_fails_when_selected_file_is_missing ... ok
[INFO] [stdout] test run_loads_default_dotenv_file ... ok
[INFO] [stdout] test run_uses_last_file_precedence_for_selected_files ... ok
[INFO] [stdout] test run_search_upward_finds_parent_file_when_requested ... ok
[INFO] [stdout] test run_ignore_missing_skips_missing_selected_files ... ok
[INFO] [stderr]      Running tests/load.rs (/opt/rustwide/target/release/deps/load-3d22ca629ed66916)
[INFO] [stdout] test run_override_flag_controls_existing_environment_precedence ... ok
[INFO] [stdout] 
[INFO] [stdout] test result: ok. 7 passed; 0 failed; 0 ignored; 0 measured; 0 filtered out; finished in 0.03s
[INFO] [stdout] 
[INFO] [stdout] 
[INFO] [stdout] running 25 tests
[INFO] [stdout] test missing_file_is_skipped_when_not_required ... ok
[INFO] [stdout] test latin1_encoding_option_decodes_non_utf8_input ... ok
[INFO] [stdout] test convention_stack_uses_expected_precedence ... ok
[INFO] [stdout] test missing_file_returns_io_error ... ok
[INFO] [stdout] test convention_stack_can_skip_missing_files ... ok
[INFO] [stdout] test malformed_file_returns_parse_error ... ok
[INFO] [stdout] test permissive_key_mode_loads_extended_keys_and_substitutions ... ok
[INFO] [stdout] test substitution_against_process_target_rejects_non_utf8_inherited_values ... ok
[INFO] [stdout] test search_upward_false_does_not_walk_parents ... ok
[INFO] [stdout] test optional_mode_skips_missing_files_in_multi_file_load ... ok
[INFO] [stdout] test substitution_expands_chained_and_forward_references ... ok
[INFO] [stdout] test search_upward_true_finds_parent_file ... ok
[INFO] [stdout] test strict_key_mode_rejects_extended_key_names ... ok
[INFO] [stdout] test substitution_respects_literal_dollar_in_single_quotes_and_backslash_escapes ... ok
[INFO] [stdout] test override_existing_false_skips_existing_values ... ok
[INFO] [stdout] test multi_file_load_uses_last_file_precedence ... ok
[INFO] [stdout] test substitution_resolves_modifier_shaped_keys_in_permissive_mode ... ok
[INFO] [stderr]      Running tests/macro.rs (/opt/rustwide/target/release/deps/macro-007d1b23a7567664)
[INFO] [stdout] test substitution_uses_target_environment_for_missing_values ... ok
[INFO] [stdout] test override_existing_true_replaces_values ... ok
[INFO] [stdout] test substitution_expands_permissive_placeholders_with_punctuation_keys ... ok
[INFO] [stdout] test search_upward_false_can_skip_missing_default_file_when_not_required ... ok
[INFO] [stdout] test substitution_preserves_unknown_placeholders ... ok
[INFO] [stdout] test substitution_expands_colon_minus_defaults_in_strict_mode ... ok
[INFO] [stdout] test substitution_respects_override_existing_false ... ok
[INFO] [stdout] test process_target_rejects_nul_value_with_typed_error ... ok
[INFO] [stdout] 
[INFO] [stdout] test result: ok. 25 passed; 0 failed; 0 ignored; 0 measured; 0 filtered out; finished in 0.01s
[INFO] [stdout] 
[INFO] [stdout] 
[INFO] [stdout] running 8 tests
[INFO] [stdout] test load_attribute_respects_override_existing ... ok
[INFO] [stdout] test load_attribute_runtime_wrapper_forwards_generics ... ok
[INFO] [stdout] test load_attribute_search_upward_finds_parent_file ... ok
[INFO] [stdout] test load_attribute_plain_async_runs_before_future_is_polled ... ok
[INFO] [stdout] test load_attribute_required_missing_file_returns_not_found ... ok
[INFO] [stdout] test load_attribute_optional_missing_file_is_ok ... ok
[INFO] [stdout] test load_attribute_runs_before_cfg_attr_tokio_runtime_entry ... ok
[INFO] [stdout] test load_attribute_runs_before_tokio_runtime_entry ... ok
[INFO] [stdout] 
[INFO] [stdout] test result: ok. 8 passed; 0 failed; 0 ignored; 0 measured; 0 filtered out; finished in 0.00s
[INFO] [stdout] 
[INFO] [stderr]      Running tests/macro_renamed_dependency.rs (/opt/rustwide/target/release/deps/macro_renamed_dependency-7e866d7e594cd001)
[INFO] [stdout] 
[INFO] [stdout] running 1 test
[INFO] [stdout] test load_attribute_resolves_renamed_dependency_path ... FAILED
[INFO] [stdout] 
[INFO] [stdout] failures:
[INFO] [stdout] 
[INFO] [stdout] ---- load_attribute_resolves_renamed_dependency_path stdout ----
[INFO] [stdout] 
[INFO] [stdout] thread 'load_attribute_resolves_renamed_dependency_path' (1141) panicked at tests/macro_renamed_dependency.rs:46:5:
[INFO] [stdout] expected renamed dependency macro usage to compile: stdout="", stderr="    Updating crates.io index\nwarning: spurious network error (3 tries remaining): [6] Could not resolve hostname (Could not resolve host: index.crates.io)\nwarning: spurious network error (2 tries remaining): [6] Could not resolve hostname (Could not resolve host: index.crates.io)\nwarning: spurious network error (1 try remaining): [6] Could not resolve hostname (Could not resolve host: index.crates.io)\nerror: failed to get `dotenvor-macros` as a dependency of package `dotenvor v0.2.0 (/opt/rustwide/workdir)`\n    ... which satisfies path dependency `denv` of package `dotenvor-renamed-dep-smoke v0.0.0 (/tmp/dotenvor-macro-renamed-dep-1140-1792310456069681902)`\n\nCaused by:\n  failed to load source for dependency `dotenvor-macros`\n\nCaused by:\n  unable to update registry `crates-io`\n\nCaused by:\n  download of config.json failed\n\nCaused by:\n  [6] Could not resolve hostname (Could not resolve host: index.crates.io)\n"
[INFO] [stdout] stack backtrace:
[INFO] [stdout]    0:     0x63123fb8d821 - <<std[70759c8f55707aa4]::sys::backtrace::BacktraceLock>::print::DisplayBacktrace as core[df12db4294e9bfd3]::fmt::Display>::fmt
[INFO] [stdout]    1:     0x63123fba1e2a - core[df12db4294e9bfd3]::fmt::write
[INFO] [stdout]    2:     0x63123fb91cbc - <alloc[2182bb758b4b3781]::vec::Vec<u8> as core[df12db4294e9bfd3]::io::write::Write>::write_fmt
[INFO] [stdout]    3:     0x63123fb68fd6 - std[70759c8f55707aa4]::panicking::default_hook::{closure#0}
[INFO] [stdout]    4:     0x63123fb85d99 - std[70759c8f55707aa4]::panicking::default_hook
[INFO] [stdout]    5:     0x63123fb214b0 - test[9d35eded1c95d3be]::test_main_inner::<test[9d35eded1c95d3be]::test_main_static::{closure#0}>::{closure#0}
[INFO] [stdout]    6:     0x63123fb85f52 - std[70759c8f55707aa4]::panicking::panic_with_hook
[INFO] [stdout]    7:     0x63123fb69082 - std[70759c8f55707aa4]::panicking::panic_handler::{closure#0}
[INFO] [stdout]    8:     0x63123fb61ce9 - std[70759c8f55707aa4]::sys::backtrace::__rust_end_short_backtrace::<std[70759c8f55707aa4]::panicking::panic_handler::{closure#0}, !>
[INFO] [stdout]    9:     0x63123fb69c7d - __rustc[8fa7c3cbc660c2b3]::rust_begin_unwind
[INFO] [stdout]   10:     0x63123fba255c - core[df12db4294e9bfd3]::panicking::panic_fmt
[INFO] [stdout]   11:     0x63123fb14530 - <macro_renamed_dependency[1e1b7f67741cc6a5]::load_attribute_resolves_renamed_dependency_path::{closure#0} as core[df12db4294e9bfd3]::ops::function::FnOnce<()>>::call_once
[INFO] [stdout]   12:     0x63123fb1479b - test[9d35eded1c95d3be]::__rust_begin_short_backtrace::<core[df12db4294e9bfd3]::result::Result<(), alloc[2182bb758b4b3781]::string::String>, fn() -> core[df12db4294e9bfd3]::result::Result<(), alloc[2182bb758b4b3781]::string::String>>
[INFO] [stdout]   13:     0x63123fb21e05 - test[9d35eded1c95d3be]::run_test::{closure#0}
[INFO] [stdout]   14:     0x63123fb1b6c4 - std[70759c8f55707aa4]::sys::backtrace::__rust_begin_short_backtrace::<test[9d35eded1c95d3be]::run_test::{closure#1}, ()>
[INFO] [stdout]   15:     0x63123fb24f62 - <std[70759c8f55707aa4]::thread::lifecycle::spawn_unchecked<test[9d35eded1c95d3be]::run_test::{closure#1}, ()>::{closure#1} as core[df12db4294e9bfd3]::ops::function::FnOnce<()>>::call_once::{shim:vtable#0}
[INFO] [stdout]   16:     0x63123fb8cf09 - <std[70759c8f55707aa4]::sys::thread::unix::Thread>::new::thread_start
[INFO] [stdout]   17:     0x7c3349fa7dfa - <unknown>
[INFO] [stdout]   18:     0x7c334a03b3d4 - clone
[INFO] [stdout]   19:                0x0 - <unknown>
[INFO] [stdout] 
[INFO] [stdout] 
[INFO] [stdout] failures:
[INFO] [stdout]     load_attribute_resolves_renamed_dependency_path
[INFO] [stdout] 
[INFO] [stdout] test result: FAILED. 0 passed; 1 failed; 0 ignored; 0 measured; 0 filtered out; finished in 10.70s
[INFO] [stdout] 
[INFO] [stderr] error: test failed, to rerun pass `--test macro_renamed_dependency`
[INFO] running `Command { std: "docker" "inspect" "7f387790308535ebf24aa079aad795b523534f404d015e4c1226fa5bb6ac2506", kill_on_drop: false }`
[INFO] running `Command { std: "docker" "rm" "-f" "7f387790308535ebf24aa079aad795b523534f404d015e4c1226fa5bb6ac2506", kill_on_drop: false }`
[INFO] [stdout] 7f387790308535ebf24aa079aad795b523534f404d015e4c1226fa5bb6ac2506
