[INFO] fetching crate dotbim_rust 0.1.1...
[INFO] testing dotbim_rust-0.1.1 against 1.100.0-beta.1+cargoflags=--release for beta-release-1.100-2
[INFO] extracting crate dotbim_rust 0.1.1 into /workspace/builds/worker-4-tc2/source
[INFO] started tweaking crates.io crate dotbim_rust 0.1.1
[INFO] finished tweaking crates.io crate dotbim_rust 0.1.1
[INFO] tweaked toml for crates.io crate dotbim_rust 0.1.1 written to /workspace/builds/worker-4-tc2/source/Cargo.toml
[INFO] validating manifest of crates.io crate dotbim_rust 0.1.1 on toolchain 1.100.0-beta.1
[INFO] running `Command { std: CARGO_HOME="/workspace/cargo-home" RUSTUP_HOME="/workspace/rustup-home" "/workspace/cargo-home/bin/cargo" "+1.100.0-beta.1" "metadata" "--manifest-path" "Cargo.toml" "--no-deps", kill_on_drop: false }`
[INFO] running `Command { std: CARGO_HOME="/workspace/cargo-home" RUSTUP_HOME="/workspace/rustup-home" "/workspace/cargo-home/bin/cargo" "+1.100.0-beta.1" "generate-lockfile" "--manifest-path" "Cargo.toml", kill_on_drop: false }`
[INFO] [stderr]     Updating crates.io index
[INFO] [stderr]      Locking 33 packages to highest compatible versions
[INFO] running `Command { std: CARGO_HOME="/workspace/cargo-home" RUSTUP_HOME="/workspace/rustup-home" "/workspace/cargo-home/bin/cargo" "+1.100.0-beta.1" "fetch" "--manifest-path" "Cargo.toml", kill_on_drop: false }`
[INFO] running `Command { std: "docker" "create" "-v" "/var/lib/crater-agent-workspace/builds/worker-4-tc2/source:/opt/rustwide/workdir:ro,Z" "-v" "/var/lib/crater-agent-workspace/builds/worker-4-tc2/target:/opt/rustwide/target:rw,Z" "-v" "/var/lib/crater-agent-workspace/cargo-home:/opt/rustwide/cargo-home:ro,Z" "-v" "/var/lib/crater-agent-workspace/rustup-home:/opt/rustwide/rustup-home:ro,Z" "-m" "1610612736" "--network" "none" "ghcr.io/rust-lang/crates-build-env/linux@sha256:77db811e55d90add9212f6832c23229e3de5f1c1f9905e8cb07319ea15df73ac" "sleep" "infinity", kill_on_drop: false }`
[INFO] [stdout] dc094b5a640f1975af0db98d1f8bf26a19dfaefe74ff167ae514d642605e2567
[INFO] running `Command { std: "docker" "start" "dc094b5a640f1975af0db98d1f8bf26a19dfaefe74ff167ae514d642605e2567", kill_on_drop: false }`
[INFO] running `Command { std: "docker" "inspect" "dc094b5a640f1975af0db98d1f8bf26a19dfaefe74ff167ae514d642605e2567", kill_on_drop: false }`
[INFO] running `Command { std: "docker" "exec" "-e" "SOURCE_DIR=/opt/rustwide/workdir" "-e" "CARGO_HOME=/opt/rustwide/cargo-home" "-e" "RUSTUP_HOME=/opt/rustwide/rustup-home" "-e" "CARGO_TARGET_DIR=/opt/rustwide/target" "-w" "/opt/rustwide/workdir" "--user" "0:0" "dc094b5a640f1975af0db98d1f8bf26a19dfaefe74ff167ae514d642605e2567" "/opt/rustwide/cargo-home/bin/cargo" "+1.100.0-beta.1" "metadata" "--no-deps" "--format-version=1", kill_on_drop: false }`
[INFO] running `Command { std: "docker" "inspect" "dc094b5a640f1975af0db98d1f8bf26a19dfaefe74ff167ae514d642605e2567", kill_on_drop: false }`
[INFO] running `Command { std: "docker" "exec" "-e" "SOURCE_DIR=/opt/rustwide/workdir" "-e" "CARGO_HOME=/opt/rustwide/cargo-home" "-e" "RUSTUP_HOME=/opt/rustwide/rustup-home" "-e" "CARGO_TARGET_DIR=/opt/rustwide/target" "-e" "CARGO_INCREMENTAL=0" "-e" "RUST_BACKTRACE=full" "-e" "RUSTFLAGS=--cap-lints=warn" "-e" "RUSTDOCFLAGS=--cap-lints=warn" "-w" "/opt/rustwide/workdir" "--user" "0:0" "dc094b5a640f1975af0db98d1f8bf26a19dfaefe74ff167ae514d642605e2567" "/opt/rustwide/cargo-home/bin/cargo" "+1.100.0-beta.1" "build" "--frozen" "--message-format=json" "--release", kill_on_drop: false }`
[INFO] [stderr]    Compiling libc v0.2.191
[INFO] [stderr]    Compiling serde_json v1.0.154
[INFO] [stderr]    Compiling getrandom v0.4.3
[INFO] [stderr]    Compiling rand v0.10.3
[INFO] [stderr]    Compiling uuid v1.28.0
[INFO] [stderr]    Compiling dotbim_rust v0.1.1 (/opt/rustwide/workdir)
[INFO] [stderr] warning: unused dependency `serde_json`
[INFO] [stderr]  --> Cargo.toml:5:15
[INFO] [stderr]   |
[INFO] [stderr] 5 | [dependencies.serde_json]
[INFO] [stderr]   |               ^^^^^^^^^^^
[INFO] [stderr]   |
[INFO] [stderr]   = note: `cargo::unused_dependencies` is set to `warn` by default
[INFO] [stderr] help: consider removing the dependency on `serde_json`
[INFO] [stderr] warning: unused dependency `uuid`
[INFO] [stderr]  --> Cargo.toml:8:15
[INFO] [stderr]   |
[INFO] [stderr] 8 | [dependencies.uuid]
[INFO] [stderr]   |               ^^^^^
[INFO] [stderr]   |
[INFO] [stderr] help: consider removing the dependency on `uuid`
[INFO] [stderr] warning: `dotbim_rust` (manifest) generated 2 warnings
[INFO] [stderr]     Finished `release` profile [optimized] target(s) in 4.41s
[INFO] running `Command { std: "docker" "inspect" "dc094b5a640f1975af0db98d1f8bf26a19dfaefe74ff167ae514d642605e2567", kill_on_drop: false }`
[INFO] running `Command { std: "docker" "exec" "-e" "SOURCE_DIR=/opt/rustwide/workdir" "-e" "CARGO_HOME=/opt/rustwide/cargo-home" "-e" "RUSTUP_HOME=/opt/rustwide/rustup-home" "-e" "CARGO_TARGET_DIR=/opt/rustwide/target" "-e" "CARGO_INCREMENTAL=0" "-e" "RUST_BACKTRACE=full" "-e" "RUSTFLAGS=--cap-lints=warn" "-e" "RUSTDOCFLAGS=--cap-lints=warn" "-w" "/opt/rustwide/workdir" "--user" "0:0" "dc094b5a640f1975af0db98d1f8bf26a19dfaefe74ff167ae514d642605e2567" "/opt/rustwide/cargo-home/bin/cargo" "+1.100.0-beta.1" "test" "--frozen" "--no-run" "--message-format=json" "--release", kill_on_drop: false }`
[INFO] [stderr]    Compiling dotbim_rust v0.1.1 (/opt/rustwide/workdir)
[INFO] [stderr] warning: unused dependency `serde_json`
[INFO] [stderr]  --> Cargo.toml:5:15
[INFO] [stderr]   |
[INFO] [stderr] 5 | [dependencies.serde_json]
[INFO] [stderr]   |               ^^^^^^^^^^^
[INFO] [stderr]   |
[INFO] [stderr]   = note: `cargo::unused_dependencies` is set to `warn` by default
[INFO] [stderr] help: consider removing the dependency on `serde_json`
[INFO] [stderr] help: to still use for development builds, move to `dev-dependencies`
[INFO] [stderr] warning: unused dependency `uuid`
[INFO] [stderr]  --> Cargo.toml:8:15
[INFO] [stderr]   |
[INFO] [stderr] 8 | [dependencies.uuid]
[INFO] [stderr]   |               ^^^^^
[INFO] [stderr]   |
[INFO] [stderr] help: consider removing the dependency on `uuid`
[INFO] [stderr] warning: `dotbim_rust` (manifest) generated 2 warnings
[INFO] [stderr]     Finished `release` profile [optimized] target(s) in 3.58s
[INFO] running `Command { std: "docker" "inspect" "dc094b5a640f1975af0db98d1f8bf26a19dfaefe74ff167ae514d642605e2567", kill_on_drop: false }`
[INFO] running `Command { std: "docker" "exec" "-e" "SOURCE_DIR=/opt/rustwide/workdir" "-e" "CARGO_HOME=/opt/rustwide/cargo-home" "-e" "RUSTUP_HOME=/opt/rustwide/rustup-home" "-e" "CARGO_TARGET_DIR=/opt/rustwide/target" "-e" "CARGO_INCREMENTAL=0" "-e" "RUST_BACKTRACE=full" "-e" "RUSTFLAGS=--cap-lints=warn" "-e" "RUSTDOCFLAGS=--cap-lints=warn" "-w" "/opt/rustwide/workdir" "--user" "0:0" "dc094b5a640f1975af0db98d1f8bf26a19dfaefe74ff167ae514d642605e2567" "/opt/rustwide/cargo-home/bin/cargo" "+1.100.0-beta.1" "test" "--frozen" "--release", kill_on_drop: false }`
[INFO] [stderr] warning: unused dependency `serde_json`
[INFO] [stderr]  --> Cargo.toml:5:15
[INFO] [stderr]   |
[INFO] [stderr] 5 | [dependencies.serde_json]
[INFO] [stderr]   |               ^^^^^^^^^^^
[INFO] [stderr]   |
[INFO] [stderr]   = note: `cargo::unused_dependencies` is set to `warn` by default
[INFO] [stderr] help: consider removing the dependency on `serde_json`
[INFO] [stderr] help: to still use for development builds, move to `dev-dependencies`
[INFO] [stderr] warning: unused dependency `uuid`
[INFO] [stderr]  --> Cargo.toml:8:15
[INFO] [stderr]   |
[INFO] [stderr] 8 | [dependencies.uuid]
[INFO] [stderr]   |               ^^^^^
[INFO] [stderr]   |
[INFO] [stderr] help: consider removing the dependency on `uuid`
[INFO] [stderr] warning: `dotbim_rust` (manifest) generated 2 warnings
[INFO] [stderr]     Finished `release` profile [optimized] target(s) in 0.05s
[INFO] [stderr]      Running unittests src/lib.rs (/opt/rustwide/target/release/build/dotbim_rust/c83fdc190d440c84/out/dotbim_rust-c83fdc190d440c84)
[INFO] [stdout] 
[INFO] [stdout] running 68 tests
[INFO] [stdout] test color::tests::test_new ... ok
[INFO] [stdout] test color::tests::test_partialeq_all_different_false ... ok
[INFO] [stdout] test color::tests::test_from_json ... ok
[INFO] [stdout] test element::tests::test_from_json_without_face_colors ... ok
[INFO] [stdout] test element::tests::test_partial_eq_without_face_colors_different_face_colors ... ok
[INFO] [stdout] test element::tests::test_partial_eq_without_face_colors_different_face_colors_count ... ok
[INFO] [stdout] test element::tests::test_partial_eq_without_face_colors_different_info_length ... ok
[INFO] [stdout] test element::tests::test_partial_eq_without_face_colors_different_guid ... ok
[INFO] [stdout] test element::tests::test_partial_eq_without_face_colors_different_mesh_id ... ok
[INFO] [stdout] test color::tests::test_partialeq_fourth_different_false ... ok
[INFO] [stdout] test element::tests::test_partial_eq_without_face_colors_different_type ... ok
[INFO] [stdout] test element::tests::test_partial_eq_without_face_colors_different_vector ... ok
[INFO] [stdout] test color::tests::test_partialeq_third_different_false ... ok
[INFO] [stdout] test element::tests::test_new_with_face_colors ... ok
[INFO] [stdout] test element::tests::test_partial_eq_without_face_colors_different_color ... ok
[INFO] [stdout] test element::tests::test_new_without_face_colors ... ok
[INFO] [stdout] test element::tests::test_partial_eq_without_face_colors_different_info_value ... ok
[INFO] [stdout] test color::tests::test_to_json ... ok
[INFO] [stdout] test element::tests::test_from_json_with_face_colors ... ok
[INFO] [stdout] test file::tests::test_from_json ... ok
[INFO] [stdout] test color::tests::test_partialeq_second_different_false ... ok
[INFO] [stdout] test color::tests::test_partialeq_true ... ok
[INFO] [stdout] test element::tests::test_partial_eq_without_face_colors_different_info_key ... ok
[INFO] [stdout] test element::tests::test_partial_eq_without_face_colors_true ... ok
[INFO] [stdout] test element::tests::test_partial_eq_with_face_colors_true ... ok
[INFO] [stdout] test file::tests::test_partial_eq_true ... ok
[INFO] [stdout] test file::tests::test_to_json ... ok
[INFO] [stdout] test mesh::tests::test_from_json ... ok
[INFO] [stdout] test file::tests::test_partial_eq_different_element_false ... ok
[INFO] [stdout] test file::tests::test_partial_eq_different_elements_count_false ... ok
[INFO] [stdout] test file::tests::test_partial_eq_different_file_info_false ... ok
[INFO] [stdout] test color::tests::test_partialeq_first_different_false ... ok
[INFO] [stdout] test file::tests::test_new ... ok
[INFO] [stdout] test element::tests::test_to_json_without_face_colors ... ok
[INFO] [stdout] test element::tests::test_to_json_with_face_colors ... ok
[INFO] [stdout] test mesh::tests::test_partialeq_coordinates_count_false ... ok
[INFO] [stdout] test mesh::tests::test_to_json ... ok
[INFO] [stdout] test file::tests::test_create_and_read_cubes_with_face_colors_and_without ... FAILED
[INFO] [stdout] test file::tests::test_create_and_read_pyramid ... FAILED
[INFO] [stdout] test file::tests::test_create_and_read_cubes ... FAILED
[INFO] [stdout] test file::tests::test_partial_eq_different_mesh_false ... ok
[INFO] [stdout] test file::tests::test_partial_eq_different_meshes_count_false ... ok
[INFO] [stdout] test file::tests::test_partial_eq_different_schema_version_false ... ok
[INFO] [stdout] test mesh::tests::test_new ... ok
[INFO] [stdout] test mesh::tests::test_partialeq_different_coordinates_false ... ok
[INFO] [stdout] test rotation::tests::test_new ... ok
[INFO] [stdout] test mesh::tests::test_partialeq_indices_count_false ... ok
[INFO] [stdout] test rotation::tests::test_partialeq_all_different_false ... ok
[INFO] [stdout] test mesh::tests::test_partialeq_true ... ok
[INFO] [stdout] test rotation::tests::test_to_json ... ok
[INFO] [stdout] test vector::tests::test_new ... ok
[INFO] [stdout] test rotation::tests::test_partialeq_first_different_false ... ok
[INFO] [stdout] test rotation::tests::test_partialeq_fourth_different_false ... ok
[INFO] [stdout] test rotation::tests::test_partialeq_second_different_false ... ok
[INFO] [stdout] test rotation::tests::test_partialeq_third_different_false ... ok
[INFO] [stdout] test rotation::tests::test_partialeq_true ... ok
[INFO] [stdout] test vector::tests::test_from_json ... ok
[INFO] [stdout] test mesh::tests::test_partialeq_different_id_false ... ok
[INFO] [stdout] test mesh::tests::test_partialeq_different_indices_false ... ok
[INFO] [stdout] test vector::tests::test_partialeq_third_different_false ... ok
[INFO] [stdout] test vector::tests::test_partialeq_all_different_false ... ok
[INFO] [stdout] test element::tests::test_partial_eq_without_face_colors_existing_face_colors ... ok
[INFO] [stdout] test element::tests::test_partial_eq_without_face_colors_different_rotation ... ok
[INFO] [stdout] test vector::tests::test_partialeq_second_different_false ... ok
[INFO] [stderr] error: test failed, to rerun pass `--lib`
[INFO] [stdout] test vector::tests::test_partialeq_first_different_false ... ok
[INFO] [stdout] test vector::tests::test_partialeq_true ... ok
[INFO] [stdout] test rotation::tests::test_from_json ... ok
[INFO] [stdout] test vector::tests::test_to_json ... ok
[INFO] [stdout] 
[INFO] [stdout] failures:
[INFO] [stdout] 
[INFO] [stdout] ---- file::tests::test_create_and_read_cubes_with_face_colors_and_without stdout ----
[INFO] [stdout] 
[INFO] [stdout] thread 'file::tests::test_create_and_read_cubes_with_face_colors_and_without' (255) panicked at src/file.rs:750:49:
[INFO] [stdout] Unable to write the file: Os { code: 2, kind: NotFound, message: "No such file or directory" }
[INFO] [stdout] stack backtrace:
[INFO] [stdout]    0:     0x59b49c7ea921 - <<std[617be2ca0a6fd877]::sys::backtrace::BacktraceLock>::print::DisplayBacktrace as core[a373ad73a504971]::fmt::Display>::fmt
[INFO] [stdout]    1:     0x59b49c7ff31a - core[a373ad73a504971]::fmt::write
[INFO] [stdout]    2:     0x59b49c7eeb3c - <alloc[2e1b2a31b91974c5]::vec::Vec<u8> as core[a373ad73a504971]::io::write::Write>::write_fmt
[INFO] [stdout]    3:     0x59b49c7c6ba6 - std[617be2ca0a6fd877]::panicking::default_hook::{closure#0}
[INFO] [stdout]    4:     0x59b49c7e2dd9 - std[617be2ca0a6fd877]::panicking::default_hook
[INFO] [stdout]    5:     0x59b49c77a190 - test[aada8e7e76ba119b]::test_main_inner::{closure#0}
[INFO] [stdout]    6:     0x59b49c7e2f92 - std[617be2ca0a6fd877]::panicking::panic_with_hook
[INFO] [stdout]    7:     0x59b49c7c6c52 - std[617be2ca0a6fd877]::panicking::panic_handler::{closure#0}
[INFO] [stdout]    8:     0x59b49c7bf969 - std[617be2ca0a6fd877]::sys::backtrace::__rust_end_short_backtrace::<std[617be2ca0a6fd877]::panicking::panic_handler::{closure#0}, !>
[INFO] [stdout]    9:     0x59b49c7c785d - __rustc[ea4f61d10b84890b]::rust_begin_unwind
[INFO] [stdout]   10:     0x59b49c7ffa4c - core[a373ad73a504971]::panicking::panic_fmt
[INFO] [stdout]   11:     0x59b49c7ff822 - core[a373ad73a504971]::result::unwrap_failed
[INFO] [stdout]   12:     0x59b49c7538ad - <dotbim_rust[cffe6d527e29b3ab]::file::tests::test_create_and_read_cubes_with_face_colors_and_without::{closure#0} as core[a373ad73a504971]::ops::function::FnOnce<()>>::call_once
[INFO] [stdout]   13:     0x59b49c76d5db - test[aada8e7e76ba119b]::__rust_begin_short_backtrace::<core[a373ad73a504971]::result::Result<(), alloc[2e1b2a31b91974c5]::string::String>, fn() -> core[a373ad73a504971]::result::Result<(), alloc[2e1b2a31b91974c5]::string::String>>
[INFO] [stdout]   14:     0x59b49c77a7b5 - test[aada8e7e76ba119b]::run_test::{closure#0}
[INFO] [stdout]   15:     0x59b49c7740a4 - std[617be2ca0a6fd877]::sys::backtrace::__rust_begin_short_backtrace::<test[aada8e7e76ba119b]::run_test::{closure#1}, ()>
[INFO] [stdout]   16:     0x59b49c77d842 - <std[617be2ca0a6fd877]::thread::lifecycle::spawn_unchecked<test[aada8e7e76ba119b]::run_test::{closure#1}, ()>::{closure#1} as core[a373ad73a504971]::ops::function::FnOnce<()>>::call_once::{shim:vtable#0}
[INFO] [stdout]   17:     0x59b49c7e9f9f - <std[617be2ca0a6fd877]::sys::thread::unix::Thread>::new::thread_start
[INFO] [stdout]   18:     0x7dc68f48edfa - <unknown>
[INFO] [stdout]   19:     0x7dc68f5223d4 - clone
[INFO] [stdout]   20:                0x0 - <unknown>
[INFO] [stdout] 
[INFO] [stdout] ---- file::tests::test_create_and_read_pyramid stdout ----
[INFO] [stdout] 
[INFO] [stdout] thread 'file::tests::test_create_and_read_pyramid' (256) panicked at src/file.rs:508:49:
[INFO] [stdout] Unable to write the file: Os { code: 2, kind: NotFound, message: "No such file or directory" }
[INFO] [stdout] stack backtrace:
[INFO] [stdout]    0:     0x59b49c7ea921 - <<std[617be2ca0a6fd877]::sys::backtrace::BacktraceLock>::print::DisplayBacktrace as core[a373ad73a504971]::fmt::Display>::fmt
[INFO] [stdout]    1:     0x59b49c7ff31a - core[a373ad73a504971]::fmt::write
[INFO] [stdout]    2:     0x59b49c7eeb3c - <alloc[2e1b2a31b91974c5]::vec::Vec<u8> as core[a373ad73a504971]::io::write::Write>::write_fmt
[INFO] [stdout]    3:     0x59b49c7c6ba6 - std[617be2ca0a6fd877]::panicking::default_hook::{closure#0}
[INFO] [stdout]    4:     0x59b49c7e2dd9 - std[617be2ca0a6fd877]::panicking::default_hook
[INFO] [stdout]    5:     0x59b49c77a190 - test[aada8e7e76ba119b]::test_main_inner::{closure#0}
[INFO] [stdout]    6:     0x59b49c7e2f92 - std[617be2ca0a6fd877]::panicking::panic_with_hook
[INFO] [stdout]    7:     0x59b49c7c6c52 - std[617be2ca0a6fd877]::panicking::panic_handler::{closure#0}
[INFO] [stdout]    8:     0x59b49c7bf969 - std[617be2ca0a6fd877]::sys::backtrace::__rust_end_short_backtrace::<std[617be2ca0a6fd877]::panicking::panic_handler::{closure#0}, !>
[INFO] [stdout]    9:     0x59b49c7c785d - __rustc[ea4f61d10b84890b]::rust_begin_unwind
[INFO] [stdout]   10:     0x59b49c7ffa4c - core[a373ad73a504971]::panicking::panic_fmt
[INFO] [stdout]   11:     0x59b49c7ff822 - core[a373ad73a504971]::result::unwrap_failed
[INFO] [stdout]   12:     0x59b49c74f278 - <dotbim_rust[cffe6d527e29b3ab]::file::tests::test_create_and_read_pyramid::{closure#0} as core[a373ad73a504971]::ops::function::FnOnce<()>>::call_once
[INFO] [stdout]   13:     0x59b49c76d5db - test[aada8e7e76ba119b]::__rust_begin_short_backtrace::<core[a373ad73a504971]::result::Result<(), alloc[2e1b2a31b91974c5]::string::String>, fn() -> core[a373ad73a504971]::result::Result<(), alloc[2e1b2a31b91974c5]::string::String>>
[INFO] [stdout]   14:     0x59b49c77a7b5 - test[aada8e7e76ba119b]::run_test::{closure#0}
[INFO] [stdout]   15:     0x59b49c7740a4 - std[617be2ca0a6fd877]::sys::backtrace::__rust_begin_short_backtrace::<test[aada8e7e76ba119b]::run_test::{closure#1}, ()>
[INFO] [stdout]   16:     0x59b49c77d842 - <std[617be2ca0a6fd877]::thread::lifecycle::spawn_unchecked<test[aada8e7e76ba119b]::run_test::{closure#1}, ()>::{closure#1} as core[a373ad73a504971]::ops::function::FnOnce<()>>::call_once::{shim:vtable#0}
[INFO] [stdout]   17:     0x59b49c7e9f9f - <std[617be2ca0a6fd877]::sys::thread::unix::Thread>::new::thread_start
[INFO] [stdout]   18:     0x7dc68f48edfa - <unknown>
[INFO] [stdout]   19:     0x7dc68f5223d4 - clone
[INFO] [stdout]   20:                0x0 - <unknown>
[INFO] [stdout] 
[INFO] [stdout] ---- file::tests::test_create_and_read_cubes stdout ----
[INFO] [stdout] 
[INFO] [stdout] thread 'file::tests::test_create_and_read_cubes' (254) panicked at src/file.rs:617:49:
[INFO] [stdout] Unable to write the file: Os { code: 2, kind: NotFound, message: "No such file or directory" }
[INFO] [stdout] stack backtrace:
[INFO] [stdout]    0:     0x59b49c7ea921 - <<std[617be2ca0a6fd877]::sys::backtrace::BacktraceLock>::print::DisplayBacktrace as core[a373ad73a504971]::fmt::Display>::fmt
[INFO] [stdout]    1:     0x59b49c7ff31a - core[a373ad73a504971]::fmt::write
[INFO] [stdout]    2:     0x59b49c7eeb3c - <alloc[2e1b2a31b91974c5]::vec::Vec<u8> as core[a373ad73a504971]::io::write::Write>::write_fmt
[INFO] [stdout]    3:     0x59b49c7c6ba6 - std[617be2ca0a6fd877]::panicking::default_hook::{closure#0}
[INFO] [stdout]    4:     0x59b49c7e2dd9 - std[617be2ca0a6fd877]::panicking::default_hook
[INFO] [stdout]    5:     0x59b49c77a190 - test[aada8e7e76ba119b]::test_main_inner::{closure#0}
[INFO] [stdout]    6:     0x59b49c7e2f92 - std[617be2ca0a6fd877]::panicking::panic_with_hook
[INFO] [stdout]    7:     0x59b49c7c6c52 - std[617be2ca0a6fd877]::panicking::panic_handler::{closure#0}
[INFO] [stdout]    8:     0x59b49c7bf969 - std[617be2ca0a6fd877]::sys::backtrace::__rust_end_short_backtrace::<std[617be2ca0a6fd877]::panicking::panic_handler::{closure#0}, !>
[INFO] [stdout]    9:     0x59b49c7c785d - __rustc[ea4f61d10b84890b]::rust_begin_unwind
[INFO] [stdout]   10:     0x59b49c7ffa4c - core[a373ad73a504971]::panicking::panic_fmt
[INFO] [stdout]   11:     0x59b49c7ff822 - core[a373ad73a504971]::result::unwrap_failed
[INFO] [stdout]   12:     0x59b49c74e33b - <dotbim_rust[cffe6d527e29b3ab]::file::tests::test_create_and_read_cubes::{closure#0} as core[a373ad73a504971]::ops::function::FnOnce<()>>::call_once
[INFO] [stdout]   13:     0x59b49c76d5db - test[aada8e7e76ba119b]::__rust_begin_short_backtrace::<core[a373ad73a504971]::result::Result<(), alloc[2e1b2a31b91974c5]::string::String>, fn() -> core[a373ad73a504971]::result::Result<(), alloc[2e1b2a31b91974c5]::string::String>>
[INFO] [stdout]   14:     0x59b49c77a7b5 - test[aada8e7e76ba119b]::run_test::{closure#0}
[INFO] [stdout]   15:     0x59b49c7740a4 - std[617be2ca0a6fd877]::sys::backtrace::__rust_begin_short_backtrace::<test[aada8e7e76ba119b]::run_test::{closure#1}, ()>
[INFO] [stdout]   16:     0x59b49c77d842 - <std[617be2ca0a6fd877]::thread::lifecycle::spawn_unchecked<test[aada8e7e76ba119b]::run_test::{closure#1}, ()>::{closure#1} as core[a373ad73a504971]::ops::function::FnOnce<()>>::call_once::{shim:vtable#0}
[INFO] [stdout]   17:     0x59b49c7e9f9f - <std[617be2ca0a6fd877]::sys::thread::unix::Thread>::new::thread_start
[INFO] [stdout]   18:     0x7dc68f48edfa - <unknown>
[INFO] [stdout]   19:     0x7dc68f5223d4 - clone
[INFO] [stdout]   20:                0x0 - <unknown>
[INFO] [stdout] 
[INFO] [stdout] 
[INFO] [stdout] failures:
[INFO] [stdout]     file::tests::test_create_and_read_cubes
[INFO] [stdout]     file::tests::test_create_and_read_cubes_with_face_colors_and_without
[INFO] [stdout]     file::tests::test_create_and_read_pyramid
[INFO] [stdout] 
[INFO] [stdout] test result: FAILED. 65 passed; 3 failed; 0 ignored; 0 measured; 0 filtered out; finished in 0.02s
[INFO] [stdout] 
[INFO] running `Command { std: "docker" "inspect" "dc094b5a640f1975af0db98d1f8bf26a19dfaefe74ff167ae514d642605e2567", kill_on_drop: false }`
[INFO] running `Command { std: "docker" "rm" "-f" "dc094b5a640f1975af0db98d1f8bf26a19dfaefe74ff167ae514d642605e2567", kill_on_drop: false }`
[INFO] [stdout] dc094b5a640f1975af0db98d1f8bf26a19dfaefe74ff167ae514d642605e2567
