[INFO] fetching crate dotbak 0.4.0-alpha.0...
[INFO] testing dotbak-0.4.0-alpha.0 against 1.99.0-beta.8+cargoflags=--release for beta-release-1.100-2
[INFO] extracting crate dotbak 0.4.0-alpha.0 into /workspace/builds/worker-0-tc1/source
[INFO] started tweaking crates.io crate dotbak 0.4.0-alpha.0
[INFO] finished tweaking crates.io crate dotbak 0.4.0-alpha.0
[INFO] tweaked toml for crates.io crate dotbak 0.4.0-alpha.0 written to /workspace/builds/worker-0-tc1/source/Cargo.toml
[INFO] validating manifest of crates.io crate dotbak 0.4.0-alpha.0 on toolchain 1.99.0-beta.8
[INFO] running `Command { std: CARGO_HOME="/workspace/cargo-home" RUSTUP_HOME="/workspace/rustup-home" "/workspace/cargo-home/bin/cargo" "+1.99.0-beta.8" "metadata" "--manifest-path" "Cargo.toml" "--no-deps", kill_on_drop: false }`
[INFO] crate crates.io crate dotbak 0.4.0-alpha.0 already has a lockfile, it will not be regenerated
[INFO] running `Command { std: CARGO_HOME="/workspace/cargo-home" RUSTUP_HOME="/workspace/rustup-home" "/workspace/cargo-home/bin/cargo" "+1.99.0-beta.8" "fetch" "--manifest-path" "Cargo.toml", kill_on_drop: false }`
[INFO] [stderr]  Downloading crates ...
[INFO] [stderr]   Downloaded serde_spanned v0.6.6
[INFO] [stderr]   Downloaded toml_edit v0.22.14
[INFO] [stderr]   Downloaded supports-hyperlinks v2.1.0
[INFO] [stderr]   Downloaded miette-derive v5.10.0
[INFO] [stderr]   Downloaded supports-unicode v2.1.0
[INFO] [stderr]   Downloaded predicates v3.1.0
[INFO] [stderr]   Downloaded assert_fs v1.1.1
[INFO] [stderr]   Downloaded toml v0.8.14
[INFO] [stderr]   Downloaded textwrap v0.15.2
[INFO] [stderr]   Downloaded clap v4.5.8
[INFO] [stderr]   Downloaded cc v1.0.104
[INFO] [stderr]   Downloaded winnow v0.6.13
[INFO] [stderr]   Downloaded miette v5.10.0
[INFO] [stderr]   Downloaded portable-atomic v1.6.0
[INFO] [stderr]   Downloaded clap_builder v4.5.8
[INFO] [stderr]   Downloaded syn v2.0.69
[INFO] running `Command { std: "docker" "create" "-v" "/var/lib/crater-agent-workspace/builds/worker-0-tc1/source:/opt/rustwide/workdir:ro,Z" "-v" "/var/lib/crater-agent-workspace/builds/worker-0-tc1/target:/opt/rustwide/target:rw,Z" "-v" "/var/lib/crater-agent-workspace/cargo-home:/opt/rustwide/cargo-home:ro,Z" "-v" "/var/lib/crater-agent-workspace/rustup-home:/opt/rustwide/rustup-home:ro,Z" "-m" "1610612736" "--network" "none" "ghcr.io/rust-lang/crates-build-env/linux@sha256:77db811e55d90add9212f6832c23229e3de5f1c1f9905e8cb07319ea15df73ac" "sleep" "infinity", kill_on_drop: false }`
[INFO] [stdout] e1fb135b238db5ea57445fa942d56590d1fe17824f21605da5eea22322f6883e
[INFO] running `Command { std: "docker" "start" "e1fb135b238db5ea57445fa942d56590d1fe17824f21605da5eea22322f6883e", kill_on_drop: false }`
[INFO] running `Command { std: "docker" "inspect" "e1fb135b238db5ea57445fa942d56590d1fe17824f21605da5eea22322f6883e", kill_on_drop: false }`
[INFO] running `Command { std: "docker" "exec" "-e" "SOURCE_DIR=/opt/rustwide/workdir" "-e" "CARGO_HOME=/opt/rustwide/cargo-home" "-e" "RUSTUP_HOME=/opt/rustwide/rustup-home" "-e" "CARGO_TARGET_DIR=/opt/rustwide/target" "-w" "/opt/rustwide/workdir" "--user" "0:0" "e1fb135b238db5ea57445fa942d56590d1fe17824f21605da5eea22322f6883e" "/opt/rustwide/cargo-home/bin/cargo" "+1.99.0-beta.8" "metadata" "--no-deps" "--format-version=1", kill_on_drop: false }`
[INFO] running `Command { std: "docker" "inspect" "e1fb135b238db5ea57445fa942d56590d1fe17824f21605da5eea22322f6883e", kill_on_drop: false }`
[INFO] running `Command { std: "docker" "exec" "-e" "SOURCE_DIR=/opt/rustwide/workdir" "-e" "CARGO_HOME=/opt/rustwide/cargo-home" "-e" "RUSTUP_HOME=/opt/rustwide/rustup-home" "-e" "CARGO_TARGET_DIR=/opt/rustwide/target" "-e" "CARGO_INCREMENTAL=0" "-e" "RUST_BACKTRACE=full" "-e" "RUSTFLAGS=--cap-lints=warn" "-e" "RUSTDOCFLAGS=--cap-lints=warn" "-w" "/opt/rustwide/workdir" "--user" "0:0" "e1fb135b238db5ea57445fa942d56590d1fe17824f21605da5eea22322f6883e" "/opt/rustwide/cargo-home/bin/cargo" "+1.99.0-beta.8" "build" "--frozen" "--message-format=json" "--release", kill_on_drop: false }`
[INFO] [stderr]    Compiling libc v0.2.155
[INFO] [stderr]    Compiling cc v1.0.104
[INFO] [stderr]    Compiling gimli v0.29.0
[INFO] [stderr]    Compiling memchr v2.7.4
[INFO] [stderr]    Compiling thiserror v1.0.61
[INFO] [stderr]    Compiling portable-atomic v1.6.0
[INFO] [stderr]    Compiling syn v2.0.69
[INFO] [stderr]    Compiling miniz_oxide v0.7.4
[INFO] [stderr]    Compiling rustc-demangle v0.1.24
[INFO] [stderr]    Compiling winnow v0.6.13
[INFO] [stderr]    Compiling unicode-linebreak v0.1.5
[INFO] [stderr]    Compiling is_ci v1.2.0
[INFO] [stderr]    Compiling smawk v0.3.2
[INFO] [stderr]    Compiling clap_builder v4.5.8
[INFO] [stderr]    Compiling owo-colors v3.5.0
[INFO] [stderr]    Compiling either v1.13.0
[INFO] [stderr]    Compiling textwrap v0.15.2
[INFO] [stderr]    Compiling itertools v0.12.1
[INFO] [stderr]    Compiling object v0.36.1
[INFO] [stderr]    Compiling is-terminal v0.4.12
[INFO] [stderr]    Compiling dirs-sys v0.4.1
[INFO] [stderr]    Compiling console v0.15.8
[INFO] [stderr]    Compiling supports-unicode v2.1.0
[INFO] [stderr]    Compiling supports-hyperlinks v2.1.0
[INFO] [stderr]    Compiling supports-color v2.1.0
[INFO] [stderr]    Compiling terminal_size v0.1.17
[INFO] [stderr]    Compiling dirs v5.0.1
[INFO] [stderr]    Compiling daemonize v0.5.0
[INFO] [stderr]    Compiling backtrace v0.3.73
[INFO] [stderr]    Compiling indicatif v0.17.8
[INFO] [stderr]    Compiling addr2line v0.22.0
[INFO] [stderr]    Compiling serde_derive v1.0.204
[INFO] [stderr]    Compiling thiserror-impl v1.0.61
[INFO] [stderr]    Compiling miette-derive v5.10.0
[INFO] [stderr]    Compiling clap_derive v4.5.8
[INFO] [stderr]    Compiling clap v4.5.8
[INFO] [stderr]    Compiling backtrace-ext v0.2.1
[INFO] [stderr]    Compiling miette v5.10.0
[INFO] [stderr]    Compiling serde v1.0.204
[INFO] [stderr]    Compiling toml_datetime v0.6.6
[INFO] [stderr]    Compiling serde_spanned v0.6.6
[INFO] [stderr]    Compiling toml_edit v0.22.14
[INFO] [stderr]    Compiling toml v0.8.14
[INFO] [stderr]    Compiling dotbak v0.4.0-alpha.0 (/opt/rustwide/workdir)
[INFO] [stdout] warning: unused import: `ExitStatus`
[INFO] [stdout]  --> src/dotbak/daemon.rs:7:29
[INFO] [stdout]   |
[INFO] [stdout] 7 | use std::process::{Command, ExitStatus};
[INFO] [stdout]   |                             ^^^^^^^^^^
[INFO] [stdout]   |
[INFO] [stdout]   = note: `#[warn(unused_imports)]` (part of `#[warn(unused)]`) on by default
[INFO] [stdout] 
[INFO] [stdout] 
[INFO] [stdout] warning: method `undo` is never used
[INFO] [stdout]    --> src/dotbak/mod.rs:240:12
[INFO] [stdout]     |
[INFO] [stdout]  42 | impl Dotbak {
[INFO] [stdout]     | ----------- method in this implementation
[INFO] [stdout] ...
[INFO] [stdout] 240 |     pub fn undo(&mut self) -> Result<()> {
[INFO] [stdout]     |            ^^^^
[INFO] [stdout]     |
[INFO] [stdout]     = note: `#[warn(dead_code)]` (part of `#[warn(unused)]`) on by default
[INFO] [stdout] 
[INFO] [stdout] 
[INFO] [stdout] warning: field `term` is never read
[INFO] [stdout]   --> src/ui/mod.rs:19:5
[INFO] [stdout]    |
[INFO] [stdout] 17 | pub struct Interface {
[INFO] [stdout]    |            --------- field in this struct
[INFO] [stdout] 18 |     /// The terminal to draw to.
[INFO] [stdout] 19 |     term: Term,
[INFO] [stdout]    |     ^^^^
[INFO] [stdout]    |
[INFO] [stdout]    = note: `Interface` has derived impls for the traits `Debug` and `Clone`, but these are intentionally ignored during dead code analysis
[INFO] [stdout] 
[INFO] [stdout] 
[INFO] [stdout] warning: methods `println` and `warn` are never used
[INFO] [stdout]   --> src/ui/mod.rs:51:12
[INFO] [stdout]    |
[INFO] [stdout] 31 | impl Interface {
[INFO] [stdout]    | -------------- methods in this implementation
[INFO] [stdout] ...
[INFO] [stdout] 51 |     pub fn println<S>(&self, message: S)
[INFO] [stdout]    |            ^^^^^^^
[INFO] [stdout] ...
[INFO] [stdout] 59 |     pub fn warn<S>(&self, message: S)
[INFO] [stdout]    |            ^^^^
[INFO] [stdout] 
[INFO] [stdout] 
[INFO] [stdout] warning: constant `UNDO_MSG` is never used
[INFO] [stdout]  --> src/ui/messages.rs:7:11
[INFO] [stdout]   |
[INFO] [stdout] 7 | pub const UNDO_MSG: &str = "⏪ Undoing last commit";
[INFO] [stdout]   |           ^^^^^^^^
[INFO] [stdout] 
[INFO] [stdout] 
[INFO] [stderr]     Finished `release` profile [optimized] target(s) in 46.32s
[INFO] running `Command { std: "docker" "inspect" "e1fb135b238db5ea57445fa942d56590d1fe17824f21605da5eea22322f6883e", kill_on_drop: false }`
[INFO] running `Command { std: "docker" "exec" "-e" "SOURCE_DIR=/opt/rustwide/workdir" "-e" "CARGO_HOME=/opt/rustwide/cargo-home" "-e" "RUSTUP_HOME=/opt/rustwide/rustup-home" "-e" "CARGO_TARGET_DIR=/opt/rustwide/target" "-e" "CARGO_INCREMENTAL=0" "-e" "RUST_BACKTRACE=full" "-e" "RUSTFLAGS=--cap-lints=warn" "-e" "RUSTDOCFLAGS=--cap-lints=warn" "-w" "/opt/rustwide/workdir" "--user" "0:0" "e1fb135b238db5ea57445fa942d56590d1fe17824f21605da5eea22322f6883e" "/opt/rustwide/cargo-home/bin/cargo" "+1.99.0-beta.8" "test" "--frozen" "--no-run" "--message-format=json" "--release", kill_on_drop: false }`
[INFO] [stderr]    Compiling crossbeam-utils v0.8.20
[INFO] [stderr]    Compiling regex-syntax v0.8.4
[INFO] [stderr]    Compiling bstr v1.9.1
[INFO] [stderr]    Compiling rustix v0.38.34
[INFO] [stderr]    Compiling object v0.36.1
[INFO] [stderr]    Compiling predicates-core v1.0.6
[INFO] [stderr]    Compiling termtree v0.4.1
[INFO] [stderr]    Compiling predicates v3.1.0
[INFO] [stderr]    Compiling predicates-tree v1.0.9
[INFO] [stderr]    Compiling crossbeam-epoch v0.9.18
[INFO] [stderr]    Compiling crossbeam-deque v0.8.5
[INFO] [stderr]    Compiling regex-automata v0.4.7
[INFO] [stderr]    Compiling tempfile v3.10.1
[INFO] [stderr]    Compiling backtrace v0.3.73
[INFO] [stderr]    Compiling globset v0.4.14
[INFO] [stderr]    Compiling backtrace-ext v0.2.1
[INFO] [stderr]    Compiling miette v5.10.0
[INFO] [stderr]    Compiling ignore v0.4.22
[INFO] [stderr]    Compiling globwalk v0.9.1
[INFO] [stderr]    Compiling assert_fs v1.1.1
[INFO] [stderr]    Compiling dotbak v0.4.0-alpha.0 (/opt/rustwide/workdir)
[INFO] [stdout] warning: unused import: `ExitStatus`
[INFO] [stdout]  --> src/dotbak/daemon.rs:7:29
[INFO] [stdout]   |
[INFO] [stdout] 7 | use std::process::{Command, ExitStatus};
[INFO] [stdout]   |                             ^^^^^^^^^^
[INFO] [stdout]   |
[INFO] [stdout]   = note: `#[warn(unused_imports)]` (part of `#[warn(unused)]`) on by default
[INFO] [stdout] 
[INFO] [stdout] 
[INFO] [stdout] warning: method `undo` is never used
[INFO] [stdout]    --> src/dotbak/mod.rs:240:12
[INFO] [stdout]     |
[INFO] [stdout]  42 | impl Dotbak {
[INFO] [stdout]     | ----------- method in this implementation
[INFO] [stdout] ...
[INFO] [stdout] 240 |     pub fn undo(&mut self) -> Result<()> {
[INFO] [stdout]     |            ^^^^
[INFO] [stdout]     |
[INFO] [stdout]     = note: `#[warn(dead_code)]` (part of `#[warn(unused)]`) on by default
[INFO] [stdout] 
[INFO] [stdout] 
[INFO] [stdout] warning: field `term` is never read
[INFO] [stdout]   --> src/ui/mod.rs:19:5
[INFO] [stdout]    |
[INFO] [stdout] 17 | pub struct Interface {
[INFO] [stdout]    |            --------- field in this struct
[INFO] [stdout] 18 |     /// The terminal to draw to.
[INFO] [stdout] 19 |     term: Term,
[INFO] [stdout]    |     ^^^^
[INFO] [stdout]    |
[INFO] [stdout]    = note: `Interface` has derived impls for the traits `Debug` and `Clone`, but these are intentionally ignored during dead code analysis
[INFO] [stdout] 
[INFO] [stdout] 
[INFO] [stdout] warning: methods `println` and `warn` are never used
[INFO] [stdout]   --> src/ui/mod.rs:51:12
[INFO] [stdout]    |
[INFO] [stdout] 31 | impl Interface {
[INFO] [stdout]    | -------------- methods in this implementation
[INFO] [stdout] ...
[INFO] [stdout] 51 |     pub fn println<S>(&self, message: S)
[INFO] [stdout]    |            ^^^^^^^
[INFO] [stdout] ...
[INFO] [stdout] 59 |     pub fn warn<S>(&self, message: S)
[INFO] [stdout]    |            ^^^^
[INFO] [stdout] 
[INFO] [stdout] 
[INFO] [stdout] warning: constant `UNDO_MSG` is never used
[INFO] [stdout]  --> src/ui/messages.rs:7:11
[INFO] [stdout]   |
[INFO] [stdout] 7 | pub const UNDO_MSG: &str = "⏪ Undoing last commit";
[INFO] [stdout]   |           ^^^^^^^^
[INFO] [stdout] 
[INFO] [stdout] 
[INFO] [stderr]     Finished `release` profile [optimized] target(s) in 29.65s
[INFO] running `Command { std: "docker" "inspect" "e1fb135b238db5ea57445fa942d56590d1fe17824f21605da5eea22322f6883e", kill_on_drop: false }`
[INFO] running `Command { std: "docker" "exec" "-e" "SOURCE_DIR=/opt/rustwide/workdir" "-e" "CARGO_HOME=/opt/rustwide/cargo-home" "-e" "RUSTUP_HOME=/opt/rustwide/rustup-home" "-e" "CARGO_TARGET_DIR=/opt/rustwide/target" "-e" "CARGO_INCREMENTAL=0" "-e" "RUST_BACKTRACE=full" "-e" "RUSTFLAGS=--cap-lints=warn" "-e" "RUSTDOCFLAGS=--cap-lints=warn" "-w" "/opt/rustwide/workdir" "--user" "0:0" "e1fb135b238db5ea57445fa942d56590d1fe17824f21605da5eea22322f6883e" "/opt/rustwide/cargo-home/bin/cargo" "+1.99.0-beta.8" "test" "--frozen" "--release", kill_on_drop: false }`
[INFO] [stderr] warning: unused import: `ExitStatus`
[INFO] [stderr]  --> src/dotbak/daemon.rs:7:29
[INFO] [stderr]   |
[INFO] [stderr] 7 | use std::process::{Command, ExitStatus};
[INFO] [stderr]   |                             ^^^^^^^^^^
[INFO] [stderr]   |
[INFO] [stderr]   = note: `#[warn(unused_imports)]` (part of `#[warn(unused)]`) on by default
[INFO] [stderr] 
[INFO] [stderr] warning: method `undo` is never used
[INFO] [stderr]    --> src/dotbak/mod.rs:240:12
[INFO] [stderr]     |
[INFO] [stderr]  42 | impl Dotbak {
[INFO] [stderr]     | ----------- method in this implementation
[INFO] [stderr] ...
[INFO] [stderr] 240 |     pub fn undo(&mut self) -> Result<()> {
[INFO] [stderr]     |            ^^^^
[INFO] [stderr]     |
[INFO] [stderr]     = note: `#[warn(dead_code)]` (part of `#[warn(unused)]`) on by default
[INFO] [stderr] 
[INFO] [stderr] warning: field `term` is never read
[INFO] [stderr]   --> src/ui/mod.rs:19:5
[INFO] [stderr]    |
[INFO] [stderr] 17 | pub struct Interface {
[INFO] [stderr]    |            --------- field in this struct
[INFO] [stderr] 18 |     /// The terminal to draw to.
[INFO] [stderr] 19 |     term: Term,
[INFO] [stderr]    |     ^^^^
[INFO] [stderr]    |
[INFO] [stderr]    = note: `Interface` has derived impls for the traits `Debug` and `Clone`, but these are intentionally ignored during dead code analysis
[INFO] [stderr] 
[INFO] [stderr] warning: methods `println` and `warn` are never used
[INFO] [stderr]   --> src/ui/mod.rs:51:12
[INFO] [stderr]    |
[INFO] [stderr] 31 | impl Interface {
[INFO] [stderr]    | -------------- methods in this implementation
[INFO] [stderr] ...
[INFO] [stderr] 51 |     pub fn println<S>(&self, message: S)
[INFO] [stderr]    |            ^^^^^^^
[INFO] [stderr] ...
[INFO] [stderr] 59 |     pub fn warn<S>(&self, message: S)
[INFO] [stderr]    |            ^^^^
[INFO] [stderr] 
[INFO] [stderr] warning: constant `UNDO_MSG` is never used
[INFO] [stderr]  --> src/ui/messages.rs:7:11
[INFO] [stderr]   |
[INFO] [stderr] 7 | pub const UNDO_MSG: &str = "⏪ Undoing last commit";
[INFO] [stderr]   |           ^^^^^^^^
[INFO] [stderr] 
[INFO] [stderr] warning: `dotbak` (bin "dotbak" test) generated 5 warnings (run `cargo fix --bin "dotbak" -p dotbak --tests` to apply 1 suggestion)
[INFO] [stderr]     Finished `release` profile [optimized] target(s) in 0.12s
[INFO] [stderr]      Running unittests src/main.rs (/opt/rustwide/target/release/deps/dotbak-b8d33cac2badaf3d)
[INFO] [stdout] 
[INFO] [stdout] running 32 tests
[INFO] [stdout] test config::tests::test_load_config_file_exists ... ok
[INFO] [stdout] test config::tests::test_save_config_file_exists ... ok
[INFO] [stdout] test config::tests::test_create_config_file_absent ... ok
[INFO] [stdout] test dotbak::tests::test_load_dotbak_no_dir ... ok
[INFO] [stdout] test config::tests::test_create_config_file_exists - should panic ... ok
[INFO] [stdout] test config::tests::test_save_config_file_absent - should panic ... ok
[INFO] [stdout] test config::tests::test_load_config_file_absent - should panic ... ok
[INFO] [stdout] test files::tests::test_move_and_symlink ... ok
[INFO] [stdout] test files::tests::test_remove_and_restore ... ok
[INFO] [stdout]    > Added files: test.txt
[INFO] [stdout]    > Synced files: test.txt
[INFO] [stdout] test git::tests::test_delete ... ok
[INFO] [stdout] test dotbak::tests::test_init_dotbak ... ok
[INFO] [stdout] test dotbak::tests::test_load_dotbak ... ok
[INFO] [stdout] test git::tests::test_init_exists_already ... ok
[INFO] [stdout]    > Added files: test.txt
[INFO] [stdout]    > Added files: test.txt
[INFO] [stdout] test git::tests::test_load_path_nonexistent ... ok
[INFO] [stdout] test dotbak::tests::test_sync_all_files ... ok
[INFO] [stdout]    > Added files: test
[INFO] [stdout]    > Synced files: test.txt
[INFO] [stdout] test git::tests::test_clone_exists_already ... ok
[INFO] [stdout]    > Synced files: test
[INFO] [stdout] test git::tests::test_init_path_exists ... ok
[INFO] [stdout]    > Synced files: test.txt
[INFO] [stdout] test dotbak::tests::test_init_dotbak_no_dir ... ok
[INFO] [stdout] test git::tests::test_load_path_exists ... ok
[INFO] [stdout] test git::tests::test_init_path_nonexistent ... ok
[INFO] [stdout] test dotbak::tests::test_add_files ... FAILED
[INFO] [stdout] test git::tests::test_arbitrary_command ... FAILED
[INFO] [stdout] test dotbak::tests::test_remove_files ... FAILED
[INFO] [stdout] test dotbak::tests::test_delete_dotbak ... FAILED
[INFO] [stdout] test git::tests::test_commit ... ok
[INFO] [stdout] test dotbak::tests::test_add_folder ... FAILED
[INFO] [stdout] test git::tests::test_set_remote ... FAILED
[INFO] [stdout] test git::tests::test_push ... FAILED
[INFO] [stdout] test git::tests::test_clone_path_exists ... FAILED
[INFO] [stdout] test git::tests::test_pull ... FAILED
[INFO] [stdout] test dotbak::tests::test_clone_dotbak ... FAILED
[INFO] [stdout] test git::tests::test_clone_path_nonexistent ... FAILED
[INFO] [stdout] 
[INFO] [stdout] failures:
[INFO] [stdout] 
[INFO] [stdout] ---- dotbak::tests::test_add_files stdout ----
[INFO] [stdout] 
[INFO] [stdout] thread 'dotbak::tests::test_add_files' (1442) panicked at src/dotbak/tests.rs:124:31:
[INFO] [stdout] called `Result::unwrap()` on an `Err` value: Io(CommandRun { command: "git", args: ["commit", "-am", "📦 Added files: test.txt"], stdout: "", stderr: "Author identity unknown\n\n*** Please tell me who you are.\n\nRun\n\n  git config --global user.email \"you@example.com\"\n  git config --global user.name \"Your Name\"\n\nto set your account's default identity.\nOmit --global to set the identity only in this repository.\n\nfatal: unable to auto-detect email address (got 'root@e1fb135b238d.(none)')\n" })
[INFO] [stdout] stack backtrace:
[INFO] [stdout]    0:     0x56f33f6b7751 - <<std[70759c8f55707aa4]::sys::backtrace::BacktraceLock>::print::DisplayBacktrace as core[df12db4294e9bfd3]::fmt::Display>::fmt
[INFO] [stdout]    1:     0x56f33f6cee1a - core[df12db4294e9bfd3]::fmt::write
[INFO] [stdout]    2:     0x56f33f6bd39c - <alloc[2182bb758b4b3781]::vec::Vec<u8> as core[df12db4294e9bfd3]::io::write::Write>::write_fmt
[INFO] [stdout]    3:     0x56f33f691806 - std[70759c8f55707aa4]::panicking::default_hook::{closure#0}
[INFO] [stdout]    4:     0x56f33f6aec89 - std[70759c8f55707aa4]::panicking::default_hook
[INFO] [stdout]    5:     0x56f33f631500 - test[9d35eded1c95d3be]::test_main_inner::<test[9d35eded1c95d3be]::test_main_static::{closure#0}>::{closure#0}
[INFO] [stdout]    6:     0x56f33f6aee42 - std[70759c8f55707aa4]::panicking::panic_with_hook
[INFO] [stdout]    7:     0x56f33f6918b2 - std[70759c8f55707aa4]::panicking::panic_handler::{closure#0}
[INFO] [stdout]    8:     0x56f33f68a2c9 - std[70759c8f55707aa4]::sys::backtrace::__rust_end_short_backtrace::<std[70759c8f55707aa4]::panicking::panic_handler::{closure#0}, !>
[INFO] [stdout]    9:     0x56f33f69268d - __rustc[8fa7c3cbc660c2b3]::rust_begin_unwind
[INFO] [stdout]   10:     0x56f33f6cf54c - core[df12db4294e9bfd3]::panicking::panic_fmt
[INFO] [stdout]   11:     0x56f33f6cf322 - core[df12db4294e9bfd3]::result::unwrap_failed
[INFO] [stdout]   12:     0x56f33f5b71e7 - dotbak[98ee417f09d837f]::dotbak::tests::test_add_files
[INFO] [stdout]   13:     0x56f33f5e91c9 - <dotbak[98ee417f09d837f]::dotbak::tests::test_add_files::{closure#0} as core[df12db4294e9bfd3]::ops::function::FnOnce<()>>::call_once
[INFO] [stdout]   14:     0x56f33f6247eb - test[9d35eded1c95d3be]::__rust_begin_short_backtrace::<core[df12db4294e9bfd3]::result::Result<(), alloc[2182bb758b4b3781]::string::String>, fn() -> core[df12db4294e9bfd3]::result::Result<(), alloc[2182bb758b4b3781]::string::String>>
[INFO] [stdout]   15:     0x56f33f631e55 - test[9d35eded1c95d3be]::run_test::{closure#0}
[INFO] [stdout]   16:     0x56f33f62b714 - std[70759c8f55707aa4]::sys::backtrace::__rust_begin_short_backtrace::<test[9d35eded1c95d3be]::run_test::{closure#1}, ()>
[INFO] [stdout]   17:     0x56f33f634fb2 - <std[70759c8f55707aa4]::thread::lifecycle::spawn_unchecked<test[9d35eded1c95d3be]::run_test::{closure#1}, ()>::{closure#1} as core[df12db4294e9bfd3]::ops::function::FnOnce<()>>::call_once::{shim:vtable#0}
[INFO] [stdout]   18:     0x56f33f6b6ac9 - <std[70759c8f55707aa4]::sys::thread::unix::Thread>::new::thread_start
[INFO] [stdout]   19:     0x75fe294dddfa - <unknown>
[INFO] [stdout]   20:     0x75fe295713d4 - clone
[INFO] [stdout]   21:                0x0 - <unknown>
[INFO] [stdout] 
[INFO] [stdout] ---- git::tests::test_arbitrary_command stdout ----
[INFO] [stdout] 
[INFO] [stdout] thread 'git::tests::test_arbitrary_command' (1454) panicked at src/git/tests.rs:215:10:
[INFO] [stdout] called `Result::unwrap()` on an `Err` value: Io(CommandRun { command: "git", args: ["commit", "-m", "Test commit"], stdout: "", stderr: "Author identity unknown\n\n*** Please tell me who you are.\n\nRun\n\n  git config --global user.email \"you@example.com\"\n  git config --global user.name \"Your Name\"\n\nto set your account's default identity.\nOmit --global to set the identity only in this repository.\n\nfatal: unable to auto-detect email address (got 'root@e1fb135b238d.(none)')\n" })
[INFO] [stdout] stack backtrace:
[INFO] [stdout]    0:     0x56f33f6b7751 - <<std[70759c8f55707aa4]::sys::backtrace::BacktraceLock>::print::DisplayBacktrace as core[df12db4294e9bfd3]::fmt::Display>::fmt
[INFO] [stdout]    1:     0x56f33f6cee1a - core[df12db4294e9bfd3]::fmt::write
[INFO] [stdout]    2:     0x56f33f6bd39c - <alloc[2182bb758b4b3781]::vec::Vec<u8> as core[df12db4294e9bfd3]::io::write::Write>::write_fmt
[INFO] [stdout]    3:     0x56f33f691806 - std[70759c8f55707aa4]::panicking::default_hook::{closure#0}
[INFO] [stdout]    4:     0x56f33f6aec89 - std[70759c8f55707aa4]::panicking::default_hook
[INFO] [stdout]    5:     0x56f33f631500 - test[9d35eded1c95d3be]::test_main_inner::<test[9d35eded1c95d3be]::test_main_static::{closure#0}>::{closure#0}
[INFO] [stdout]    6:     0x56f33f6aee42 - std[70759c8f55707aa4]::panicking::panic_with_hook
[INFO] [stdout]    7:     0x56f33f6918b2 - std[70759c8f55707aa4]::panicking::panic_handler::{closure#0}
[INFO] [stdout]    8:     0x56f33f68a2c9 - std[70759c8f55707aa4]::sys::backtrace::__rust_end_short_backtrace::<std[70759c8f55707aa4]::panicking::panic_handler::{closure#0}, !>
[INFO] [stdout]    9:     0x56f33f69268d - __rustc[8fa7c3cbc660c2b3]::rust_begin_unwind
[INFO] [stdout]   10:     0x56f33f6cf54c - core[df12db4294e9bfd3]::panicking::panic_fmt
[INFO] [stdout]   11:     0x56f33f6cf322 - core[df12db4294e9bfd3]::result::unwrap_failed
[INFO] [stdout]   12:     0x56f33f5b2a63 - dotbak[98ee417f09d837f]::git::tests::test_arbitrary_command
[INFO] [stdout]   13:     0x56f33f5e8fa9 - <dotbak[98ee417f09d837f]::git::tests::test_arbitrary_command::{closure#0} as core[df12db4294e9bfd3]::ops::function::FnOnce<()>>::call_once
[INFO] [stdout]   14:     0x56f33f6247eb - test[9d35eded1c95d3be]::__rust_begin_short_backtrace::<core[df12db4294e9bfd3]::result::Result<(), alloc[2182bb758b4b3781]::string::String>, fn() -> core[df12db4294e9bfd3]::result::Result<(), alloc[2182bb758b4b3781]::string::String>>
[INFO] [stdout]   15:     0x56f33f631e55 - test[9d35eded1c95d3be]::run_test::{closure#0}
[INFO] [stdout]   16:     0x56f33f62b714 - std[70759c8f55707aa4]::sys::backtrace::__rust_begin_short_backtrace::<test[9d35eded1c95d3be]::run_test::{closure#1}, ()>
[INFO] [stdout]   17:     0x56f33f634fb2 - <std[70759c8f55707aa4]::thread::lifecycle::spawn_unchecked<test[9d35eded1c95d3be]::run_test::{closure#1}, ()>::{closure#1} as core[df12db4294e9bfd3]::ops::function::FnOnce<()>>::call_once::{shim:vtable#0}
[INFO] [stdout]   18:     0x56f33f6b6ac9 - <std[70759c8f55707aa4]::sys::thread::unix::Thread>::new::thread_start
[INFO] [stdout]   19:     0x75fe294dddfa - <unknown>
[INFO] [stdout]   20:     0x75fe295713d4 - clone
[INFO] [stdout]   21:                0x0 - <unknown>
[INFO] [stdout] 
[INFO] [stdout] ---- dotbak::tests::test_remove_files stdout ----
[INFO] [stdout] 
[INFO] [stdout] thread 'dotbak::tests::test_remove_files' (1450) panicked at src/dotbak/tests.rs:195:31:
[INFO] [stdout] called `Result::unwrap()` on an `Err` value: Io(CommandRun { command: "git", args: ["commit", "-am", "📦 Added files: test.txt"], stdout: "", stderr: "Author identity unknown\n\n*** Please tell me who you are.\n\nRun\n\n  git config --global user.email \"you@example.com\"\n  git config --global user.name \"Your Name\"\n\nto set your account's default identity.\nOmit --global to set the identity only in this repository.\n\nfatal: unable to auto-detect email address (got 'root@e1fb135b238d.(none)')\n" })
[INFO] [stdout] stack backtrace:
[INFO] [stdout]    0:     0x56f33f6b7751 - <<std[70759c8f55707aa4]::sys::backtrace::BacktraceLock>::print::DisplayBacktrace as core[df12db4294e9bfd3]::fmt::Display>::fmt
[INFO] [stdout]    1:     0x56f33f6cee1a - core[df12db4294e9bfd3]::fmt::write
[INFO] [stdout]    2:     0x56f33f6bd39c - <alloc[2182bb758b4b3781]::vec::Vec<u8> as core[df12db4294e9bfd3]::io::write::Write>::write_fmt
[INFO] [stdout]    3:     0x56f33f691806 - std[70759c8f55707aa4]::panicking::default_hook::{closure#0}
[INFO] [stdout]    4:     0x56f33f6aec89 - std[70759c8f55707aa4]::panicking::default_hook
[INFO] [stdout]    5:     0x56f33f631500 - test[9d35eded1c95d3be]::test_main_inner::<test[9d35eded1c95d3be]::test_main_static::{closure#0}>::{closure#0}
[INFO] [stdout]    6:     0x56f33f6aee42 - std[70759c8f55707aa4]::panicking::panic_with_hook
[INFO] [stdout]    7:     0x56f33f6918b2 - std[70759c8f55707aa4]::panicking::panic_handler::{closure#0}
[INFO] [stdout]    8:     0x56f33f68a2c9 - std[70759c8f55707aa4]::sys::backtrace::__rust_end_short_backtrace::<std[70759c8f55707aa4]::panicking::panic_handler::{closure#0}, !>
[INFO] [stdout]    9:     0x56f33f69268d - __rustc[8fa7c3cbc660c2b3]::rust_begin_unwind
[INFO] [stdout]   10:     0x56f33f6cf54c - core[df12db4294e9bfd3]::panicking::panic_fmt
[INFO] [stdout]   11:     0x56f33f6cf322 - core[df12db4294e9bfd3]::result::unwrap_failed
[INFO] [stdout]   12:     0x56f33f5ba014 - dotbak[98ee417f09d837f]::dotbak::tests::test_remove_files
[INFO] [stdout]   13:     0x56f33f5e9269 - <dotbak[98ee417f09d837f]::dotbak::tests::test_remove_files::{closure#0} as core[df12db4294e9bfd3]::ops::function::FnOnce<()>>::call_once
[INFO] [stdout]   14:     0x56f33f6247eb - test[9d35eded1c95d3be]::__rust_begin_short_backtrace::<core[df12db4294e9bfd3]::result::Result<(), alloc[2182bb758b4b3781]::string::String>, fn() -> core[df12db4294e9bfd3]::result::Result<(), alloc[2182bb758b4b3781]::string::String>>
[INFO] [stdout]   15:     0x56f33f631e55 - test[9d35eded1c95d3be]::run_test::{closure#0}
[INFO] [stdout]   16:     0x56f33f62b714 - std[70759c8f55707aa4]::sys::backtrace::__rust_begin_short_backtrace::<test[9d35eded1c95d3be]::run_test::{closure#1}, ()>
[INFO] [stdout]   17:     0x56f33f634fb2 - <std[70759c8f55707aa4]::thread::lifecycle::spawn_unchecked<test[9d35eded1c95d3be]::run_test::{closure#1}, ()>::{closure#1} as core[df12db4294e9bfd3]::ops::function::FnOnce<()>>::call_once::{shim:vtable#0}
[INFO] [stdout]   18:     0x56f33f6b6ac9 - <std[70759c8f55707aa4]::sys::thread::unix::Thread>::new::thread_start
[INFO] [stdout]   19:     0x75fe294dddfa - <unknown>
[INFO] [stdout]   20:     0x75fe295713d4 - clone
[INFO] [stdout]   21:                0x0 - <unknown>
[INFO] [stdout] 
[INFO] [stdout] ---- dotbak::tests::test_delete_dotbak stdout ----
[INFO] [stdout] 
[INFO] [stdout] thread 'dotbak::tests::test_delete_dotbak' (1445) panicked at src/dotbak/tests.rs:235:31:
[INFO] [stdout] called `Result::unwrap()` on an `Err` value: Io(CommandRun { command: "git", args: ["commit", "-am", "📦 Added files: test.txt"], stdout: "", stderr: "Author identity unknown\n\n*** Please tell me who you are.\n\nRun\n\n  git config --global user.email \"you@example.com\"\n  git config --global user.name \"Your Name\"\n\nto set your account's default identity.\nOmit --global to set the identity only in this repository.\n\nfatal: unable to auto-detect email address (got 'root@e1fb135b238d.(none)')\n" })
[INFO] [stdout] stack backtrace:
[INFO] [stdout]    0:     0x56f33f6b7751 - <<std[70759c8f55707aa4]::sys::backtrace::BacktraceLock>::print::DisplayBacktrace as core[df12db4294e9bfd3]::fmt::Display>::fmt
[INFO] [stdout]    1:     0x56f33f6cee1a - core[df12db4294e9bfd3]::fmt::write
[INFO] [stdout]    2:     0x56f33f6bd39c - <alloc[2182bb758b4b3781]::vec::Vec<u8> as core[df12db4294e9bfd3]::io::write::Write>::write_fmt
[INFO] [stdout]    3:     0x56f33f691806 - std[70759c8f55707aa4]::panicking::default_hook::{closure#0}
[INFO] [stdout]    4:     0x56f33f6aec89 - std[70759c8f55707aa4]::panicking::default_hook
[INFO] [stdout]    5:     0x56f33f631500 - test[9d35eded1c95d3be]::test_main_inner::<test[9d35eded1c95d3be]::test_main_static::{closure#0}>::{closure#0}
[INFO] [stdout]    6:     0x56f33f6aee42 - std[70759c8f55707aa4]::panicking::panic_with_hook
[INFO] [stdout]    7:     0x56f33f6918b2 - std[70759c8f55707aa4]::panicking::panic_handler::{closure#0}
[INFO] [stdout]    8:     0x56f33f68a2c9 - std[70759c8f55707aa4]::sys::backtrace::__rust_end_short_backtrace::<std[70759c8f55707aa4]::panicking::panic_handler::{closure#0}, !>
[INFO] [stdout]    9:     0x56f33f69268d - __rustc[8fa7c3cbc660c2b3]::rust_begin_unwind
[INFO] [stdout]   10:     0x56f33f6cf54c - core[df12db4294e9bfd3]::panicking::panic_fmt
[INFO] [stdout]   11:     0x56f33f6cf322 - core[df12db4294e9bfd3]::result::unwrap_failed
[INFO] [stdout]   12:     0x56f33f5bae7c - dotbak[98ee417f09d837f]::dotbak::tests::test_delete_dotbak
[INFO] [stdout]   13:     0x56f33f5e9289 - <dotbak[98ee417f09d837f]::dotbak::tests::test_delete_dotbak::{closure#0} as core[df12db4294e9bfd3]::ops::function::FnOnce<()>>::call_once
[INFO] [stdout]   14:     0x56f33f6247eb - test[9d35eded1c95d3be]::__rust_begin_short_backtrace::<core[df12db4294e9bfd3]::result::Result<(), alloc[2182bb758b4b3781]::string::String>, fn() -> core[df12db4294e9bfd3]::result::Result<(), alloc[2182bb758b4b3781]::string::String>>
[INFO] [stdout]   15:     0x56f33f631e55 - test[9d35eded1c95d3be]::run_test::{closure#0}
[INFO] [stdout]   16:     0x56f33f62b714 - std[70759c8f55707aa4]::sys::backtrace::__rust_begin_short_backtrace::<test[9d35eded1c95d3be]::run_test::{closure#1}, ()>
[INFO] [stdout]   17:     0x56f33f634fb2 - <std[70759c8f55707aa4]::thread::lifecycle::spawn_unchecked<test[9d35eded1c95d3be]::run_test::{closure#1}, ()>::{closure#1} as core[df12db4294e9bfd3]::ops::function::FnOnce<()>>::call_once::{shim:vtable#0}
[INFO] [stdout]   18:     0x56f33f6b6ac9 - <std[70759c8f55707aa4]::sys::thread::unix::Thread>::new::thread_start
[INFO] [stdout]   19:     0x75fe294dddfa - <unknown>
[INFO] [stdout]   20:     0x75fe295713d4 - clone
[INFO] [stdout]   21:                0x0 - <unknown>
[INFO] [stdout] 
[INFO] [stdout] ---- dotbak::tests::test_add_folder stdout ----
[INFO] [stdout] 
[INFO] [stdout] thread 'dotbak::tests::test_add_folder' (1443) panicked at src/dotbak/tests.rs:161:33:
[INFO] [stdout] called `Result::unwrap()` on an `Err` value: Io(CommandRun { command: "git", args: ["commit", "-am", "📦 Added files: test"], stdout: "", stderr: "Author identity unknown\n\n*** Please tell me who you are.\n\nRun\n\n  git config --global user.email \"you@example.com\"\n  git config --global user.name \"Your Name\"\n\nto set your account's default identity.\nOmit --global to set the identity only in this repository.\n\nfatal: unable to auto-detect email address (got 'root@e1fb135b238d.(none)')\n" })
[INFO] [stdout] stack backtrace:
[INFO] [stdout]    0:     0x56f33f6b7751 - <<std[70759c8f55707aa4]::sys::backtrace::BacktraceLock>::print::DisplayBacktrace as core[df12db4294e9bfd3]::fmt::Display>::fmt
[INFO] [stdout]    1:     0x56f33f6cee1a - core[df12db4294e9bfd3]::fmt::write
[INFO] [stdout]    2:     0x56f33f6bd39c - <alloc[2182bb758b4b3781]::vec::Vec<u8> as core[df12db4294e9bfd3]::io::write::Write>::write_fmt
[INFO] [stdout]    3:     0x56f33f691806 - std[70759c8f55707aa4]::panicking::default_hook::{closure#0}
[INFO] [stdout]    4:     0x56f33f6aec89 - std[70759c8f55707aa4]::panicking::default_hook
[INFO] [stdout]    5:     0x56f33f631500 - test[9d35eded1c95d3be]::test_main_inner::<test[9d35eded1c95d3be]::test_main_static::{closure#0}>::{closure#0}
[INFO] [stdout]    6:     0x56f33f6aee42 - std[70759c8f55707aa4]::panicking::panic_with_hook
[INFO] [stdout]    7:     0x56f33f6918b2 - std[70759c8f55707aa4]::panicking::panic_handler::{closure#0}
[INFO] [stdout]    8:     0x56f33f68a2c9 - std[70759c8f55707aa4]::sys::backtrace::__rust_end_short_backtrace::<std[70759c8f55707aa4]::panicking::panic_handler::{closure#0}, !>
[INFO] [stdout]    9:     0x56f33f69268d - __rustc[8fa7c3cbc660c2b3]::rust_begin_unwind
[INFO] [stdout]   10:     0x56f33f6cf54c - core[df12db4294e9bfd3]::panicking::panic_fmt
[INFO] [stdout]   11:     0x56f33f6cf322 - core[df12db4294e9bfd3]::result::unwrap_failed
[INFO] [stdout]   12:     0x56f33f5b7e93 - dotbak[98ee417f09d837f]::dotbak::tests::test_add_folder
[INFO] [stdout]   13:     0x56f33f5e91e9 - <dotbak[98ee417f09d837f]::dotbak::tests::test_add_folder::{closure#0} as core[df12db4294e9bfd3]::ops::function::FnOnce<()>>::call_once
[INFO] [stdout]   14:     0x56f33f6247eb - test[9d35eded1c95d3be]::__rust_begin_short_backtrace::<core[df12db4294e9bfd3]::result::Result<(), alloc[2182bb758b4b3781]::string::String>, fn() -> core[df12db4294e9bfd3]::result::Result<(), alloc[2182bb758b4b3781]::string::String>>
[INFO] [stdout]   15:     0x56f33f631e55 - test[9d35eded1c95d3be]::run_test::{closure#0}
[INFO] [stdout]   16:     0x56f33f62b714 - std[70759c8f55707aa4]::sys::backtrace::__rust_begin_short_backtrace::<test[9d35eded1c95d3be]::run_test::{closure#1}, ()>
[INFO] [stdout]   17:     0x56f33f634fb2 - <std[70759c8f55707aa4]::thread::lifecycle::spawn_unchecked<test[9d35eded1c95d3be]::run_test::{closure#1}, ()>::{closure#1} as core[df12db4294e9bfd3]::ops::function::FnOnce<()>>::call_once::{shim:vtable#0}
[INFO] [stdout]   18:     0x56f33f6b6ac9 - <std[70759c8f55707aa4]::sys::thread::unix::Thread>::new::thread_start
[INFO] [stdout]   19:     0x75fe294dddfa - <unknown>
[INFO] [stdout]   20:     0x75fe295713d4 - clone
[INFO] [stdout]   21:                0x0 - <unknown>
[INFO] [stdout] 
[INFO] [stdout] ---- git::tests::test_set_remote stdout ----
[INFO] [stdout] 
[INFO] [stdout] thread 'git::tests::test_set_remote' (1518) panicked at src/git/tests.rs:294:68:
[INFO] [stdout] called `Result::unwrap()` on an `Err` value: Io(CommandRun { command: "git", args: ["clone", "https://github.com/cogsandsquigs/dotbak", "."], stdout: "", stderr: "Cloning into '.'...\nfatal: unable to access 'https://github.com/cogsandsquigs/dotbak/': Could not resolve host: github.com\n" })
[INFO] [stdout] stack backtrace:
[INFO] [stdout]    0:     0x56f33f6b7751 - <<std[70759c8f55707aa4]::sys::backtrace::BacktraceLock>::print::DisplayBacktrace as core[df12db4294e9bfd3]::fmt::Display>::fmt
[INFO] [stdout]    1:     0x56f33f6cee1a - core[df12db4294e9bfd3]::fmt::write
[INFO] [stdout]    2:     0x56f33f6bd39c - <alloc[2182bb758b4b3781]::vec::Vec<u8> as core[df12db4294e9bfd3]::io::write::Write>::write_fmt
[INFO] [stdout]    3:     0x56f33f691806 - std[70759c8f55707aa4]::panicking::default_hook::{closure#0}
[INFO] [stdout]    4:     0x56f33f6aec89 - std[70759c8f55707aa4]::panicking::default_hook
[INFO] [stdout]    5:     0x56f33f631500 - test[9d35eded1c95d3be]::test_main_inner::<test[9d35eded1c95d3be]::test_main_static::{closure#0}>::{closure#0}
[INFO] [stdout]    6:     0x56f33f6aee42 - std[70759c8f55707aa4]::panicking::panic_with_hook
[INFO] [stdout]    7:     0x56f33f6918b2 - std[70759c8f55707aa4]::panicking::panic_handler::{closure#0}
[INFO] [stdout]    8:     0x56f33f68a2c9 - std[70759c8f55707aa4]::sys::backtrace::__rust_end_short_backtrace::<std[70759c8f55707aa4]::panicking::panic_handler::{closure#0}, !>
[INFO] [stdout]    9:     0x56f33f69268d - __rustc[8fa7c3cbc660c2b3]::rust_begin_unwind
[INFO] [stdout]   10:     0x56f33f6cf54c - core[df12db4294e9bfd3]::panicking::panic_fmt
[INFO] [stdout]   11:     0x56f33f6cf322 - core[df12db4294e9bfd3]::result::unwrap_failed
[INFO] [stdout]   12:     0x56f33f5b1471 - dotbak[98ee417f09d837f]::git::tests::test_set_remote
[INFO] [stdout]   13:     0x56f33f5e8f49 - <dotbak[98ee417f09d837f]::git::tests::test_set_remote::{closure#0} as core[df12db4294e9bfd3]::ops::function::FnOnce<()>>::call_once
[INFO] [stdout]   14:     0x56f33f6247eb - test[9d35eded1c95d3be]::__rust_begin_short_backtrace::<core[df12db4294e9bfd3]::result::Result<(), alloc[2182bb758b4b3781]::string::String>, fn() -> core[df12db4294e9bfd3]::result::Result<(), alloc[2182bb758b4b3781]::string::String>>
[INFO] [stdout]   15:     0x56f33f631e55 - test[9d35eded1c95d3be]::run_test::{closure#0}
[INFO] [stdout]   16:     0x56f33f62b714 - std[70759c8f55707aa4]::sys::backtrace::__rust_begin_short_backtrace::<test[9d35eded1c95d3be]::run_test::{closure#1}, ()>
[INFO] [stdout]   17:     0x56f33f634fb2 - <std[70759c8f55707aa4]::thread::lifecycle::spawn_unchecked<test[9d35eded1c95d3be]::run_test::{closure#1}, ()>::{closure#1} as core[df12db4294e9bfd3]::ops::function::FnOnce<()>>::call_once::{shim:vtable#0}
[INFO] [stdout]   18:     0x56f33f6b6ac9 - <std[70759c8f55707aa4]::sys::thread::unix::Thread>::new::thread_start
[INFO] [stdout]   19:     0x75fe294dddfa - <unknown>
[INFO] [stdout]   20:     0x75fe295713d4 - clone
[INFO] [stdout]   21:                0x0 - <unknown>
[INFO] [stdout] 
[INFO] [stdout] ---- git::tests::test_push stdout ----
[INFO] [stdout] 
[INFO] [stdout] thread 'git::tests::test_push' (1511) panicked at src/git/tests.rs:322:71:
[INFO] [stdout] called `Result::unwrap()` on an `Err` value: Io(CommandRun { command: "git", args: ["clone", "https://github.com/cogsandsquigs/dotbak", "."], stdout: "", stderr: "Cloning into '.'...\nfatal: unable to access 'https://github.com/cogsandsquigs/dotbak/': Could not resolve host: github.com\n" })
[INFO] [stdout] stack backtrace:
[INFO] [stdout]    0:     0x56f33f6b7751 - <<std[70759c8f55707aa4]::sys::backtrace::BacktraceLock>::print::DisplayBacktrace as core[df12db4294e9bfd3]::fmt::Display>::fmt
[INFO] [stdout]    1:     0x56f33f6cee1a - core[df12db4294e9bfd3]::fmt::write
[INFO] [stdout]    2:     0x56f33f6bd39c - <alloc[2182bb758b4b3781]::vec::Vec<u8> as core[df12db4294e9bfd3]::io::write::Write>::write_fmt
[INFO] [stdout]    3:     0x56f33f691806 - std[70759c8f55707aa4]::panicking::default_hook::{closure#0}
[INFO] [stdout]    4:     0x56f33f6aec89 - std[70759c8f55707aa4]::panicking::default_hook
[INFO] [stdout]    5:     0x56f33f631500 - test[9d35eded1c95d3be]::test_main_inner::<test[9d35eded1c95d3be]::test_main_static::{closure#0}>::{closure#0}
[INFO] [stdout]    6:     0x56f33f6aee42 - std[70759c8f55707aa4]::panicking::panic_with_hook
[INFO] [stdout]    7:     0x56f33f6918b2 - std[70759c8f55707aa4]::panicking::panic_handler::{closure#0}
[INFO] [stdout]    8:     0x56f33f68a2c9 - std[70759c8f55707aa4]::sys::backtrace::__rust_end_short_backtrace::<std[70759c8f55707aa4]::panicking::panic_handler::{closure#0}, !>
[INFO] [stdout]    9:     0x56f33f69268d - __rustc[8fa7c3cbc660c2b3]::rust_begin_unwind
[INFO] [stdout]   10:     0x56f33f6cf54c - core[df12db4294e9bfd3]::panicking::panic_fmt
[INFO] [stdout]   11:     0x56f33f6cf322 - core[df12db4294e9bfd3]::result::unwrap_failed
[INFO] [stdout]   12:     0x56f33f5b59f0 - dotbak[98ee417f09d837f]::git::tests::test_push
[INFO] [stdout]   13:     0x56f33f5e90a9 - <dotbak[98ee417f09d837f]::git::tests::test_push::{closure#0} as core[df12db4294e9bfd3]::ops::function::FnOnce<()>>::call_once
[INFO] [stdout]   14:     0x56f33f6247eb - test[9d35eded1c95d3be]::__rust_begin_short_backtrace::<core[df12db4294e9bfd3]::result::Result<(), alloc[2182bb758b4b3781]::string::String>, fn() -> core[df12db4294e9bfd3]::result::Result<(), alloc[2182bb758b4b3781]::string::String>>
[INFO] [stdout]   15:     0x56f33f631e55 - test[9d35eded1c95d3be]::run_test::{closure#0}
[INFO] [stdout]   16:     0x56f33f62b714 - std[70759c8f55707aa4]::sys::backtrace::__rust_begin_short_backtrace::<test[9d35eded1c95d3be]::run_test::{closure#1}, ()>
[INFO] [stdout]   17:     0x56f33f634fb2 - <std[70759c8f55707aa4]::thread::lifecycle::spawn_unchecked<test[9d35eded1c95d3be]::run_test::{closure#1}, ()>::{closure#1} as core[df12db4294e9bfd3]::ops::function::FnOnce<()>>::call_once::{shim:vtable#0}
[INFO] [stdout]   18:     0x56f33f6b6ac9 - <std[70759c8f55707aa4]::sys::thread::unix::Thread>::new::thread_start
[INFO] [stdout]   19:     0x75fe294dddfa - <unknown>
[INFO] [stdout]   20:     0x75fe295713d4 - clone
[INFO] [stdout]   21:                0x0 - <unknown>
[INFO] [stdout] 
[INFO] [stdout] ---- git::tests::test_clone_path_exists stdout ----
[INFO] [stdout] 
[INFO] [stdout] thread 'git::tests::test_clone_path_exists' (1456) panicked at src/git/tests.rs:131:63:
[INFO] [stdout] called `Result::unwrap()` on an `Err` value: Io(CommandRun { command: "git", args: ["clone", "https://github.com/cogsandsquigs/dotbak", "."], stdout: "", stderr: "Cloning into '.'...\nfatal: unable to access 'https://github.com/cogsandsquigs/dotbak/': Could not resolve host: github.com\n" })
[INFO] [stdout] stack backtrace:
[INFO] [stdout]    0:     0x56f33f6b7751 - <<std[70759c8f55707aa4]::sys::backtrace::BacktraceLock>::print::DisplayBacktrace as core[df12db4294e9bfd3]::fmt::Display>::fmt
[INFO] [stdout]    1:     0x56f33f6cee1a - core[df12db4294e9bfd3]::fmt::write
[INFO] [stdout]    2:     0x56f33f6bd39c - <alloc[2182bb758b4b3781]::vec::Vec<u8> as core[df12db4294e9bfd3]::io::write::Write>::write_fmt
[INFO] [stdout]    3:     0x56f33f691806 - std[70759c8f55707aa4]::panicking::default_hook::{closure#0}
[INFO] [stdout]    4:     0x56f33f6aec89 - std[70759c8f55707aa4]::panicking::default_hook
[INFO] [stdout]    5:     0x56f33f631500 - test[9d35eded1c95d3be]::test_main_inner::<test[9d35eded1c95d3be]::test_main_static::{closure#0}>::{closure#0}
[INFO] [stdout]    6:     0x56f33f6aee42 - std[70759c8f55707aa4]::panicking::panic_with_hook
[INFO] [stdout]    7:     0x56f33f6918b2 - std[70759c8f55707aa4]::panicking::panic_handler::{closure#0}
[INFO] [stdout]    8:     0x56f33f68a2c9 - std[70759c8f55707aa4]::sys::backtrace::__rust_end_short_backtrace::<std[70759c8f55707aa4]::panicking::panic_handler::{closure#0}, !>
[INFO] [stdout]    9:     0x56f33f69268d - __rustc[8fa7c3cbc660c2b3]::rust_begin_unwind
[INFO] [stdout]   10:     0x56f33f6cf54c - core[df12db4294e9bfd3]::panicking::panic_fmt
[INFO] [stdout]   11:     0x56f33f6cf322 - core[df12db4294e9bfd3]::result::unwrap_failed
[INFO] [stdout]   12:     0x56f33f5b310c - dotbak[98ee417f09d837f]::git::tests::test_clone_path_exists
[INFO] [stdout]   13:     0x56f33f5e8fc9 - <dotbak[98ee417f09d837f]::git::tests::test_clone_path_exists::{closure#0} as core[df12db4294e9bfd3]::ops::function::FnOnce<()>>::call_once
[INFO] [stdout]   14:     0x56f33f6247eb - test[9d35eded1c95d3be]::__rust_begin_short_backtrace::<core[df12db4294e9bfd3]::result::Result<(), alloc[2182bb758b4b3781]::string::String>, fn() -> core[df12db4294e9bfd3]::result::Result<(), alloc[2182bb758b4b3781]::string::String>>
[INFO] [stdout]   15:     0x56f33f631e55 - test[9d35eded1c95d3be]::run_test::{closure#0}
[INFO] [stdout]   16:     0x56f33f62b714 - std[70759c8f55707aa4]::sys::backtrace::__rust_begin_short_backtrace::<test[9d35eded1c95d3be]::run_test::{closure#1}, ()>
[INFO] [stdout]   17:     0x56f33f634fb2 - <std[70759c8f55707aa4]::thread::lifecycle::spawn_unchecked<test[9d35eded1c95d3be]::run_test::{closure#1}, ()>::{closure#1} as core[df12db4294e9bfd3]::ops::function::FnOnce<()>>::call_once::{shim:vtable#0}
[INFO] [stdout]   18:     0x56f33f6b6ac9 - <std[70759c8f55707aa4]::sys::thread::unix::Thread>::new::thread_start
[INFO] [stdout]   19:     0x75fe294dddfa - <unknown>
[INFO] [stdout]   20:     0x75fe295713d4 - clone
[INFO] [stdout]   21:                0x0 - <unknown>
[INFO] [stdout] 
[INFO] [stdout] ---- git::tests::test_pull stdout ----
[INFO] [stdout] 
[INFO] [stdout] thread 'git::tests::test_pull' (1509) panicked at src/git/tests.rs:351:67:
[INFO] [stdout] called `Result::unwrap()` on an `Err` value: Io(CommandRun { command: "git", args: ["clone", "https://github.com/cogsandsquigs/dotbak", "."], stdout: "", stderr: "Cloning into '.'...\nfatal: unable to access 'https://github.com/cogsandsquigs/dotbak/': Could not resolve host: github.com\n" })
[INFO] [stdout] stack backtrace:
[INFO] [stdout]    0:     0x56f33f6b7751 - <<std[70759c8f55707aa4]::sys::backtrace::BacktraceLock>::print::DisplayBacktrace as core[df12db4294e9bfd3]::fmt::Display>::fmt
[INFO] [stdout]    1:     0x56f33f6cee1a - core[df12db4294e9bfd3]::fmt::write
[INFO] [stdout]    2:     0x56f33f6bd39c - <alloc[2182bb758b4b3781]::vec::Vec<u8> as core[df12db4294e9bfd3]::io::write::Write>::write_fmt
[INFO] [stdout]    3:     0x56f33f691806 - std[70759c8f55707aa4]::panicking::default_hook::{closure#0}
[INFO] [stdout]    4:     0x56f33f6aec89 - std[70759c8f55707aa4]::panicking::default_hook
[INFO] [stdout]    5:     0x56f33f631500 - test[9d35eded1c95d3be]::test_main_inner::<test[9d35eded1c95d3be]::test_main_static::{closure#0}>::{closure#0}
[INFO] [stdout]    6:     0x56f33f6aee42 - std[70759c8f55707aa4]::panicking::panic_with_hook
[INFO] [stdout]    7:     0x56f33f6918b2 - std[70759c8f55707aa4]::panicking::panic_handler::{closure#0}
[INFO] [stdout]    8:     0x56f33f68a2c9 - std[70759c8f55707aa4]::sys::backtrace::__rust_end_short_backtrace::<std[70759c8f55707aa4]::panicking::panic_handler::{closure#0}, !>
[INFO] [stdout]    9:     0x56f33f69268d - __rustc[8fa7c3cbc660c2b3]::rust_begin_unwind
[INFO] [stdout]   10:     0x56f33f6cf54c - core[df12db4294e9bfd3]::panicking::panic_fmt
[INFO] [stdout]   11:     0x56f33f6cf322 - core[df12db4294e9bfd3]::result::unwrap_failed
[INFO] [stdout]   12:     0x56f33f5b519c - dotbak[98ee417f09d837f]::git::tests::test_pull
[INFO] [stdout]   13:     0x56f33f5e9089 - <dotbak[98ee417f09d837f]::git::tests::test_pull::{closure#0} as core[df12db4294e9bfd3]::ops::function::FnOnce<()>>::call_once
[INFO] [stdout]   14:     0x56f33f6247eb - test[9d35eded1c95d3be]::__rust_begin_short_backtrace::<core[df12db4294e9bfd3]::result::Result<(), alloc[2182bb758b4b3781]::string::String>, fn() -> core[df12db4294e9bfd3]::result::Result<(), alloc[2182bb758b4b3781]::string::String>>
[INFO] [stdout]   15:     0x56f33f631e55 - test[9d35eded1c95d3be]::run_test::{closure#0}
[INFO] [stdout]   16:     0x56f33f62b714 - std[70759c8f55707aa4]::sys::backtrace::__rust_begin_short_backtrace::<test[9d35eded1c95d3be]::run_test::{closure#1}, ()>
[INFO] [stdout]   17:     0x56f33f634fb2 - <std[70759c8f55707aa4]::thread::lifecycle::spawn_unchecked<test[9d35eded1c95d3be]::run_test::{closure#1}, ()>::{closure#1} as core[df12db4294e9bfd3]::ops::function::FnOnce<()>>::call_once::{shim:vtable#0}
[INFO] [stdout]   18:     0x56f33f6b6ac9 - <std[70759c8f55707aa4]::sys::thread::unix::Thread>::new::thread_start
[INFO] [stdout]   19:     0x75fe294dddfa - <unknown>
[INFO] [stdout]   20:     0x75fe295713d4 - clone
[INFO] [stdout]   21:                0x0 - <unknown>
[INFO] [stdout] 
[INFO] [stdout] ---- dotbak::tests::test_clone_dotbak stdout ----
[INFO] [stdout] 
[INFO] [stdout] thread 'dotbak::tests::test_clone_dotbak' (1444) panicked at src/dotbak/tests.rs:93:5:
[INFO] [stdout] assertion failed: result.is_ok()
[INFO] [stdout] stack backtrace:
[INFO] [stdout]    0:     0x56f33f6b7751 - <<std[70759c8f55707aa4]::sys::backtrace::BacktraceLock>::print::DisplayBacktrace as core[df12db4294e9bfd3]::fmt::Display>::fmt
[INFO] [stdout]    1:     0x56f33f6cee1a - core[df12db4294e9bfd3]::fmt::write
[INFO] [stdout]    2:     0x56f33f6bd39c - <alloc[2182bb758b4b3781]::vec::Vec<u8> as core[df12db4294e9bfd3]::io::write::Write>::write_fmt
[INFO] [stdout]    3:     0x56f33f691806 - std[70759c8f55707aa4]::panicking::default_hook::{closure#0}
[INFO] [stdout]    4:     0x56f33f6aec89 - std[70759c8f55707aa4]::panicking::default_hook
[INFO] [stdout]    5:     0x56f33f631500 - test[9d35eded1c95d3be]::test_main_inner::<test[9d35eded1c95d3be]::test_main_static::{closure#0}>::{closure#0}
[INFO] [stdout]    6:     0x56f33f6aee42 - std[70759c8f55707aa4]::panicking::panic_with_hook
[INFO] [stdout]    7:     0x56f33f6918e4 - std[70759c8f55707aa4]::panicking::panic_handler::{closure#0}
[INFO] [stdout]    8:     0x56f33f68a2c9 - std[70759c8f55707aa4]::sys::backtrace::__rust_end_short_backtrace::<std[70759c8f55707aa4]::panicking::panic_handler::{closure#0}, !>
[INFO] [stdout]    9:     0x56f33f69268d - __rustc[8fa7c3cbc660c2b3]::rust_begin_unwind
[INFO] [stdout]   10:     0x56f33f6cf54c - core[df12db4294e9bfd3]::panicking::panic_fmt
[INFO] [stdout]   11:     0x56f33f6cf512 - core[df12db4294e9bfd3]::panicking::panic
[INFO] [stdout]   12:     0x56f33f5b94fd - dotbak[98ee417f09d837f]::dotbak::tests::test_clone_dotbak
[INFO] [stdout]   13:     0x56f33f5e9249 - <dotbak[98ee417f09d837f]::dotbak::tests::test_clone_dotbak::{closure#0} as core[df12db4294e9bfd3]::ops::function::FnOnce<()>>::call_once
[INFO] [stdout]   14:     0x56f33f6247eb - test[9d35eded1c95d3be]::__rust_begin_short_backtrace::<core[df12db4294e9bfd3]::result::Result<(), alloc[2182bb758b4b3781]::string::String>, fn() -> core[df12db4294e9bfd3]::result::Result<(), alloc[2182bb758b4b3781]::string::String>>
[INFO] [stdout]   15:     0x56f33f631e55 - test[9d35eded1c95d3be]::run_test::{closure#0}
[INFO] [stdout]   16:     0x56f33f62b714 - std[70759c8f55707aa4]::sys::backtrace::__rust_begin_short_backtrace::<test[9d35eded1c95d3be]::run_test::{closure#1}, ()>
[INFO] [stdout]   17:     0x56f33f634fb2 - <std[70759c8f55707aa4]::thread::lifecycle::spawn_unchecked<test[9d35eded1c95d3be]::run_test::{closure#1}, ()>::{closure#1} as core[df12db4294e9bfd3]::ops::function::FnOnce<()>>::call_once::{shim:vtable#0}
[INFO] [stdout]   18:     0x56f33f6b6ac9 - <std[70759c8f55707aa4]::sys::thread::unix::Thread>::new::thread_start
[INFO] [stdout]   19:     0x75fe294dddfa - <unknown>
[INFO] [stdout]   20:     0x75fe295713d4 - clone
[INFO] [stdout]   21:                0x0 - <unknown>
[INFO] [stdout] 
[INFO] [stdout] ---- git::tests::test_clone_path_nonexistent stdout ----
[INFO] [stdout] 
[INFO] [stdout] thread 'git::tests::test_clone_path_nonexistent' (1458) panicked at src/git/tests.rs:148:64:
[INFO] [stdout] called `Result::unwrap()` on an `Err` value: Io(CommandRun { command: "git", args: ["clone", "https://github.com/cogsandsquigs/dotbak", "."], stdout: "", stderr: "Cloning into '.'...\nfatal: unable to access 'https://github.com/cogsandsquigs/dotbak/': Could not resolve host: github.com\n" })
[INFO] [stdout] stack backtrace:
[INFO] [stdout]    0:     0x56f33f6b7751 - <<std[70759c8f55707aa4]::sys::backtrace::BacktraceLock>::print::DisplayBacktrace as core[df12db4294e9bfd3]::fmt::Display>::fmt
[INFO] [stdout]    1:     0x56f33f6cee1a - core[df12db4294e9bfd3]::fmt::write
[INFO] [stdout]    2:     0x56f33f6bd39c - <alloc[2182bb758b4b3781]::vec::Vec<u8> as core[df12db4294e9bfd3]::io::write::Write>::write_fmt
[INFO] [stdout]    3:     0x56f33f691806 - std[70759c8f55707aa4]::panicking::default_hook::{closure#0}
[INFO] [stdout]    4:     0x56f33f6aec89 - std[70759c8f55707aa4]::panicking::default_hook
[INFO] [stdout]    5:     0x56f33f631500 - test[9d35eded1c95d3be]::test_main_inner::<test[9d35eded1c95d3be]::test_main_static::{closure#0}>::{closure#0}
[INFO] [stdout]    6:     0x56f33f6aee42 - std[70759c8f55707aa4]::panicking::panic_with_hook
[INFO] [stdout]    7:     0x56f33f6918b2 - std[70759c8f55707aa4]::panicking::panic_handler::{closure#0}
[INFO] [stdout]    8:     0x56f33f68a2c9 - std[70759c8f55707aa4]::sys::backtrace::__rust_end_short_backtrace::<std[70759c8f55707aa4]::panicking::panic_handler::{closure#0}, !>
[INFO] [stdout]    9:     0x56f33f69268d - __rustc[8fa7c3cbc660c2b3]::rust_begin_unwind
[INFO] [stdout]   10:     0x56f33f6cf54c - core[df12db4294e9bfd3]::panicking::panic_fmt
[INFO] [stdout]   11:     0x56f33f6cf322 - core[df12db4294e9bfd3]::result::unwrap_failed
[INFO] [stdout]   12:     0x56f33f5b4c88 - dotbak[98ee417f09d837f]::git::tests::test_clone_path_nonexistent
[INFO] [stdout]   13:     0x56f33f5e9069 - <dotbak[98ee417f09d837f]::git::tests::test_clone_path_nonexistent::{closure#0} as core[df12db4294e9bfd3]::ops::function::FnOnce<()>>::call_once
[INFO] [stdout]   14:     0x56f33f6247eb - test[9d35eded1c95d3be]::__rust_begin_short_backtrace::<core[df12db4294e9bfd3]::result::Result<(), alloc[2182bb758b4b3781]::string::String>, fn() -> core[df12db4294e9bfd3]::result::Result<(), alloc[2182bb758b4b3781]::string::String>>
[INFO] [stdout]   15:     0x56f33f631e55 - test[9d35eded1c95d3be]::run_test::{closure#0}
[INFO] [stdout]   16:     0x56f33f62b714 - std[70759c8f55707aa4]::sys::backtrace::__rust_begin_short_backtrace::<test[9d35eded1c95d3be]::run_test::{closure#1}, ()>
[INFO] [stdout]   17:     0x56f33f634fb2 - <std[70759c8f55707aa4]::thread::lifecycle::spawn_unchecked<test[9d35eded1c95d3be]::run_test::{closure#1}, ()>::{closure#1} as core[df12db4294e9bfd3]::ops::function::FnOnce<()>>::call_once::{shim:vtable#0}
[INFO] [stdout]   18:     0x56f33f6b6ac9 - <std[70759c8f55707aa4]::sys::thread::unix::Thread>::new::thread_start
[INFO] [stdout]   19:     0x75fe294dddfa - <unknown>
[INFO] [stdout]   20:     0x75fe295713d4 - clone
[INFO] [stdout]   21:                0x0 - <unknown>
[INFO] [stdout] 
[INFO] [stdout] 
[INFO] [stdout] failures:
[INFO] [stdout]     dotbak::tests::test_add_files
[INFO] [stdout]     dotbak::tests::test_add_folder
[INFO] [stdout]     dotbak::tests::test_clone_dotbak
[INFO] [stdout]     dotbak::tests::test_delete_dotbak
[INFO] [stdout]     dotbak::tests::test_remove_files
[INFO] [stdout]     git::tests::test_arbitrary_command
[INFO] [stdout]     git::tests::test_clone_path_exists
[INFO] [stdout]     git::tests::test_clone_path_nonexistent
[INFO] [stdout]     git::tests::test_pull
[INFO] [stdout]     git::tests::test_push
[INFO] [stdout]     git::tests::test_set_remote
[INFO] [stdout] 
[INFO] [stdout] test result: FAILED. 21 passed; 11 failed; 0 ignored; 0 measured; 0 filtered out; finished in 0.19s
[INFO] [stdout] 
[INFO] [stderr] error: test failed, to rerun pass `--bin dotbak`
[INFO] running `Command { std: "docker" "inspect" "e1fb135b238db5ea57445fa942d56590d1fe17824f21605da5eea22322f6883e", kill_on_drop: false }`
[INFO] running `Command { std: "docker" "rm" "-f" "e1fb135b238db5ea57445fa942d56590d1fe17824f21605da5eea22322f6883e", kill_on_drop: false }`
[INFO] [stdout] e1fb135b238db5ea57445fa942d56590d1fe17824f21605da5eea22322f6883e
