[INFO] fetching crate dope-quic 0.12.0...
[INFO] testing dope-quic-0.12.0 against 1.99.0-beta.8+cargoflags=--release for beta-release-1.100-2
[INFO] extracting crate dope-quic 0.12.0 into /workspace/builds/worker-1-tc1/source
[INFO] started tweaking crates.io crate dope-quic 0.12.0
[INFO] removed 0 missing tests
[INFO] finished tweaking crates.io crate dope-quic 0.12.0
[INFO] tweaked toml for crates.io crate dope-quic 0.12.0 written to /workspace/builds/worker-1-tc1/source/Cargo.toml
[INFO] validating manifest of crates.io crate dope-quic 0.12.0 on toolchain 1.99.0-beta.8
[INFO] running `Command { std: CARGO_HOME="/workspace/cargo-home" RUSTUP_HOME="/workspace/rustup-home" "/workspace/cargo-home/bin/cargo" "+1.99.0-beta.8" "metadata" "--manifest-path" "Cargo.toml" "--no-deps", kill_on_drop: false }`
[INFO] crate crates.io crate dope-quic 0.12.0 already has a lockfile, it will not be regenerated
[INFO] running `Command { std: CARGO_HOME="/workspace/cargo-home" RUSTUP_HOME="/workspace/rustup-home" "/workspace/cargo-home/bin/cargo" "+1.99.0-beta.8" "fetch" "--manifest-path" "Cargo.toml", kill_on_drop: false }`
[INFO] [stderr]     Updating crates.io index
[INFO] [stderr]  Downloading crates ...
[INFO] [stderr]   Downloaded ml-kem v0.3.2
[INFO] [stderr]   Downloaded module-lattice v0.2.3
[INFO] [stderr]   Downloaded kem v0.3.0
[INFO] [stderr]   Downloaded dope v0.15.0
[INFO] [stderr]   Downloaded dope-gen v0.15.0
[INFO] [stderr]   Downloaded dope-runtime v0.15.0
[INFO] [stderr]   Downloaded dope-net v0.15.0
[INFO] [stderr]   Downloaded o3 v0.16.3
[INFO] [stderr]   Downloaded dope-manifold v0.15.0
[INFO] [stderr]   Downloaded dope-core v0.15.0
[INFO] [stderr]   Downloaded shin v0.17.0
[INFO] running `Command { std: "docker" "create" "-v" "/var/lib/crater-agent-workspace/builds/worker-1-tc1/source:/opt/rustwide/workdir:ro,Z" "-v" "/var/lib/crater-agent-workspace/builds/worker-1-tc1/target:/opt/rustwide/target:rw,Z" "-v" "/var/lib/crater-agent-workspace/cargo-home:/opt/rustwide/cargo-home:ro,Z" "-v" "/var/lib/crater-agent-workspace/rustup-home:/opt/rustwide/rustup-home:ro,Z" "-m" "1610612736" "--network" "none" "ghcr.io/rust-lang/crates-build-env/linux@sha256:77db811e55d90add9212f6832c23229e3de5f1c1f9905e8cb07319ea15df73ac" "sleep" "infinity", kill_on_drop: false }`
[INFO] [stdout] 518e4106e58d71b615a004189bf0ce6e9a3205d044b4d4fc2ed01072dfa5dc88
[INFO] running `Command { std: "docker" "start" "518e4106e58d71b615a004189bf0ce6e9a3205d044b4d4fc2ed01072dfa5dc88", kill_on_drop: false }`
[INFO] running `Command { std: "docker" "inspect" "518e4106e58d71b615a004189bf0ce6e9a3205d044b4d4fc2ed01072dfa5dc88", kill_on_drop: false }`
[INFO] running `Command { std: "docker" "exec" "-e" "SOURCE_DIR=/opt/rustwide/workdir" "-e" "CARGO_HOME=/opt/rustwide/cargo-home" "-e" "RUSTUP_HOME=/opt/rustwide/rustup-home" "-e" "CARGO_TARGET_DIR=/opt/rustwide/target" "-w" "/opt/rustwide/workdir" "--user" "0:0" "518e4106e58d71b615a004189bf0ce6e9a3205d044b4d4fc2ed01072dfa5dc88" "/opt/rustwide/cargo-home/bin/cargo" "+1.99.0-beta.8" "metadata" "--no-deps" "--format-version=1", kill_on_drop: false }`
[INFO] running `Command { std: "docker" "inspect" "518e4106e58d71b615a004189bf0ce6e9a3205d044b4d4fc2ed01072dfa5dc88", kill_on_drop: false }`
[INFO] running `Command { std: "docker" "exec" "-e" "SOURCE_DIR=/opt/rustwide/workdir" "-e" "CARGO_HOME=/opt/rustwide/cargo-home" "-e" "RUSTUP_HOME=/opt/rustwide/rustup-home" "-e" "CARGO_TARGET_DIR=/opt/rustwide/target" "-e" "CARGO_INCREMENTAL=0" "-e" "RUST_BACKTRACE=full" "-e" "RUSTFLAGS=--cap-lints=warn" "-e" "RUSTDOCFLAGS=--cap-lints=warn" "-w" "/opt/rustwide/workdir" "--user" "0:0" "518e4106e58d71b615a004189bf0ce6e9a3205d044b4d4fc2ed01072dfa5dc88" "/opt/rustwide/cargo-home/bin/cargo" "+1.99.0-beta.8" "build" "--frozen" "--message-format=json" "--release", kill_on_drop: false }`
[INFO] [stderr]    Compiling cmov v0.5.4
[INFO] [stderr]    Compiling zeroize v1.9.0
[INFO] [stderr]    Compiling typenum v1.20.1
[INFO] [stderr]    Compiling io-uring v0.7.13
[INFO] [stderr]    Compiling bitflags v2.13.1
[INFO] [stderr]    Compiling rand_core v0.10.1
[INFO] [stderr]    Compiling o3 v0.16.3
[INFO] [stderr]    Compiling keccak v0.2.0
[INFO] [stderr]    Compiling siphasher v1.0.3
[INFO] [stderr]    Compiling cc v1.4.0
[INFO] [stderr]    Compiling tinyvec v1.12.0
[INFO] [stderr]    Compiling unicode-bidi v0.3.18
[INFO] [stderr]    Compiling unicode-properties v0.1.4
[INFO] [stderr]    Compiling syn v2.0.119
[INFO] [stderr]    Compiling ctutils v0.4.2
[INFO] [stderr]    Compiling hybrid-array v0.4.14
[INFO] [stderr]    Compiling unicode-normalization v0.1.25
[INFO] [stderr]    Compiling ring v0.17.14
[INFO] [stderr]    Compiling stringprep v0.1.5
[INFO] [stderr]    Compiling crypto-common v0.2.2
[INFO] [stderr]    Compiling block-buffer v0.12.1
[INFO] [stderr]    Compiling module-lattice v0.2.3
[INFO] [stderr]    Compiling digest v0.11.3
[INFO] [stderr]    Compiling kem v0.3.0
[INFO] [stderr]    Compiling sha3 v0.11.0
[INFO] [stderr]    Compiling ml-kem v0.3.2
[INFO] [stderr]    Compiling pin-project-internal v1.1.13
[INFO] [stderr]    Compiling pin-project v1.1.13
[INFO] [stderr]    Compiling dope-core v0.15.0
[INFO] [stderr]    Compiling dope-runtime v0.15.0
[INFO] [stderr]    Compiling dope-net v0.15.0
[INFO] [stderr]    Compiling dope-manifold v0.15.0
[INFO] [stderr]    Compiling dope v0.15.0
[INFO] [stderr]    Compiling shin v0.17.0
[INFO] [stderr]    Compiling dope-quic v0.12.0 (/opt/rustwide/workdir)
[INFO] [stderr]     Finished `release` profile [optimized] target(s) in 40.31s
[INFO] running `Command { std: "docker" "inspect" "518e4106e58d71b615a004189bf0ce6e9a3205d044b4d4fc2ed01072dfa5dc88", kill_on_drop: false }`
[INFO] running `Command { std: "docker" "exec" "-e" "SOURCE_DIR=/opt/rustwide/workdir" "-e" "CARGO_HOME=/opt/rustwide/cargo-home" "-e" "RUSTUP_HOME=/opt/rustwide/rustup-home" "-e" "CARGO_TARGET_DIR=/opt/rustwide/target" "-e" "CARGO_INCREMENTAL=0" "-e" "RUST_BACKTRACE=full" "-e" "RUSTFLAGS=--cap-lints=warn" "-e" "RUSTDOCFLAGS=--cap-lints=warn" "-w" "/opt/rustwide/workdir" "--user" "0:0" "518e4106e58d71b615a004189bf0ce6e9a3205d044b4d4fc2ed01072dfa5dc88" "/opt/rustwide/cargo-home/bin/cargo" "+1.99.0-beta.8" "test" "--frozen" "--no-run" "--message-format=json" "--release", kill_on_drop: false }`
[INFO] [stderr]    Compiling dope-gen v0.15.0
[INFO] [stderr]    Compiling dope-quic v0.12.0 (/opt/rustwide/workdir)
[INFO] [stderr]     Finished `release` profile [optimized] target(s) in 1m 22s
[INFO] running `Command { std: "docker" "inspect" "518e4106e58d71b615a004189bf0ce6e9a3205d044b4d4fc2ed01072dfa5dc88", kill_on_drop: false }`
[INFO] running `Command { std: "docker" "exec" "-e" "SOURCE_DIR=/opt/rustwide/workdir" "-e" "CARGO_HOME=/opt/rustwide/cargo-home" "-e" "RUSTUP_HOME=/opt/rustwide/rustup-home" "-e" "CARGO_TARGET_DIR=/opt/rustwide/target" "-e" "CARGO_INCREMENTAL=0" "-e" "RUST_BACKTRACE=full" "-e" "RUSTFLAGS=--cap-lints=warn" "-e" "RUSTDOCFLAGS=--cap-lints=warn" "-w" "/opt/rustwide/workdir" "--user" "0:0" "518e4106e58d71b615a004189bf0ce6e9a3205d044b4d4fc2ed01072dfa5dc88" "/opt/rustwide/cargo-home/bin/cargo" "+1.99.0-beta.8" "test" "--frozen" "--release", kill_on_drop: false }`
[INFO] [stderr]     Finished `release` profile [optimized] target(s) in 0.09s
[INFO] [stderr]      Running unittests src/lib.rs (/opt/rustwide/target/release/deps/dope_quic-70c9788a4f1a44dc)
[INFO] [stdout] 
[INFO] [stderr]      Running tests/adversarial_bounds.rs (/opt/rustwide/target/release/deps/adversarial_bounds-109f396c6595c80c)
[INFO] [stdout] running 0 tests
[INFO] [stdout] 
[INFO] [stdout] test result: ok. 0 passed; 0 failed; 0 ignored; 0 measured; 0 filtered out; finished in 0.00s
[INFO] [stdout] 
[INFO] [stdout] 
[INFO] [stdout] running 6 tests
[INFO] [stdout] test invalid_allocation_limits_fail_before_construction ... ok
[INFO] [stdout] test allocation_constructors_reject_unsupported_capacities ... ok
[INFO] [stdout] test out_of_order_crypto_closes_directly_into_one_handshake_message ... ok
[INFO] [stdout] test incoming_ack_ranges_are_bounded_before_iteration ... ok
[INFO] [stdout] test fragmented_crypto_ranges_are_bounded_on_the_wire ... ok
[INFO] [stdout] test packet_number_reconstruction_crosses_four_byte_boundary ... ok
[INFO] [stdout] 
[INFO] [stdout] test result: ok. 6 passed; 0 failed; 0 ignored; 0 measured; 0 filtered out; finished in 0.01s
[INFO] [stdout] 
[INFO] [stderr]      Running tests/anti_amp.rs (/opt/rustwide/target/release/deps/anti_amp-91acddc12ba2cce9)
[INFO] [stdout] 
[INFO] [stdout] running 5 tests
[INFO] [stdout] test server_starts_unvalidated ... ok
[INFO] [stdout] test server_validates_on_handshake_packet_from_client ... ok
[INFO] [stdout] test client_starts_validated_no_anti_amp_for_client ... ok
[INFO] [stdout] test server_first_response_under_3x_client_initial ... ok
[INFO] [stdout] test validated_server_no_longer_capped ... ok
[INFO] [stdout] 
[INFO] [stdout] test result: ok. 5 passed; 0 failed; 0 ignored; 0 measured; 0 filtered out; finished in 0.00s
[INFO] [stdout] 
[INFO] [stderr]      Running tests/client_reconnect.rs (/opt/rustwide/target/release/deps/client_reconnect-560572089fc1c617)
[INFO] [stdout] 
[INFO] [stdout] running 1 test
[INFO] [stdout] test immediate_reconnect_reuses_one_generation_checked_slot ... FAILED
[INFO] [stdout] 
[INFO] [stdout] failures:
[INFO] [stdout] 
[INFO] [stdout] ---- immediate_reconnect_reuses_one_generation_checked_slot stdout ----
[INFO] [stdout] 
[INFO] [stdout] thread 'immediate_reconnect_reuses_one_generation_checked_slot' (2719) panicked at tests/client_reconnect.rs:160:14:
[INFO] [stdout] called `Result::unwrap()` on an `Err` value: Os { code: 1, kind: PermissionDenied, message: "Operation not permitted" }
[INFO] [stdout] stack backtrace:
[INFO] [stdout]    0:     0x559fc6624361 - <<std[70759c8f55707aa4]::sys::backtrace::BacktraceLock>::print::DisplayBacktrace as core[df12db4294e9bfd3]::fmt::Display>::fmt
[INFO] [stdout]    1:     0x559fc6638ffa - core[df12db4294e9bfd3]::fmt::write
[INFO] [stdout]    2:     0x559fc66287fc - <alloc[2182bb758b4b3781]::vec::Vec<u8> as core[df12db4294e9bfd3]::io::write::Write>::write_fmt
[INFO] [stdout]    3:     0x559fc6600316 - std[70759c8f55707aa4]::panicking::default_hook::{closure#0}
[INFO] [stdout]    4:     0x559fc661c799 - std[70759c8f55707aa4]::panicking::default_hook
[INFO] [stdout]    5:     0x559fc6505cc0 - test[9d35eded1c95d3be]::test_main_inner::<test[9d35eded1c95d3be]::test_main_static::{closure#0}>::{closure#0}
[INFO] [stdout]    6:     0x559fc661c952 - std[70759c8f55707aa4]::panicking::panic_with_hook
[INFO] [stdout]    7:     0x559fc66003c2 - std[70759c8f55707aa4]::panicking::panic_handler::{closure#0}
[INFO] [stdout]    8:     0x559fc65f9149 - std[70759c8f55707aa4]::sys::backtrace::__rust_end_short_backtrace::<std[70759c8f55707aa4]::panicking::panic_handler::{closure#0}, !>
[INFO] [stdout]    9:     0x559fc6600fbd - __rustc[8fa7c3cbc660c2b3]::rust_begin_unwind
[INFO] [stdout]   10:     0x559fc663975c - core[df12db4294e9bfd3]::panicking::panic_fmt
[INFO] [stdout]   11:     0x559fc6639532 - core[df12db4294e9bfd3]::result::unwrap_failed
[INFO] [stdout]   12:     0x559fc64bc306 - <client_reconnect[95c8accefdb93a31]::immediate_reconnect_reuses_one_generation_checked_slot::{closure#0} as core[df12db4294e9bfd3]::ops::function::FnOnce<()>>::call_once
[INFO] [stdout]   13:     0x559fc64f8fab - test[9d35eded1c95d3be]::__rust_begin_short_backtrace::<core[df12db4294e9bfd3]::result::Result<(), alloc[2182bb758b4b3781]::string::String>, fn() -> core[df12db4294e9bfd3]::result::Result<(), alloc[2182bb758b4b3781]::string::String>>
[INFO] [stdout]   14:     0x559fc6506615 - test[9d35eded1c95d3be]::run_test::{closure#0}
[INFO] [stdout]   15:     0x559fc64ffed4 - std[70759c8f55707aa4]::sys::backtrace::__rust_begin_short_backtrace::<test[9d35eded1c95d3be]::run_test::{closure#1}, ()>
[INFO] [stdout]   16:     0x559fc6509772 - <std[70759c8f55707aa4]::thread::lifecycle::spawn_unchecked<test[9d35eded1c95d3be]::run_test::{closure#1}, ()>::{closure#1} as core[df12db4294e9bfd3]::ops::function::FnOnce<()>>::call_once::{shim:vtable#0}
[INFO] [stdout]   17:     0x559fc66239b9 - <std[70759c8f55707aa4]::sys::thread::unix::Thread>::new::thread_start
[INFO] [stdout]   18:     0x723f6c809dfa - <unknown>
[INFO] [stdout]   19:     0x723f6c89d3d4 - clone
[INFO] [stdout]   20:                0x0 - <unknown>
[INFO] [stdout] 
[INFO] [stdout] 
[INFO] [stdout] failures:
[INFO] [stdout]     immediate_reconnect_reuses_one_generation_checked_slot
[INFO] [stdout] 
[INFO] [stdout] test result: FAILED. 0 passed; 1 failed; 0 ignored; 0 measured; 0 filtered out; finished in 0.01s
[INFO] [stdout] 
[INFO] [stderr] error: test failed, to rerun pass `--test client_reconnect`
[INFO] running `Command { std: "docker" "inspect" "518e4106e58d71b615a004189bf0ce6e9a3205d044b4d4fc2ed01072dfa5dc88", kill_on_drop: false }`
[INFO] running `Command { std: "docker" "rm" "-f" "518e4106e58d71b615a004189bf0ce6e9a3205d044b4d4fc2ed01072dfa5dc88", kill_on_drop: false }`
[INFO] [stdout] 518e4106e58d71b615a004189bf0ce6e9a3205d044b4d4fc2ed01072dfa5dc88
