[INFO] fetching crate doorstop-rs 0.2.0...
[INFO] testing doorstop-rs-0.2.0 against 1.99.0-beta.8+cargoflags=--release for beta-release-1.100-2
[INFO] extracting crate doorstop-rs 0.2.0 into /workspace/builds/worker-6-tc1/source
[INFO] started tweaking crates.io crate doorstop-rs 0.2.0
[INFO] finished tweaking crates.io crate doorstop-rs 0.2.0
[INFO] tweaked toml for crates.io crate doorstop-rs 0.2.0 written to /workspace/builds/worker-6-tc1/source/Cargo.toml
[INFO] validating manifest of crates.io crate doorstop-rs 0.2.0 on toolchain 1.99.0-beta.8
[INFO] running `Command { std: CARGO_HOME="/workspace/cargo-home" RUSTUP_HOME="/workspace/rustup-home" "/workspace/cargo-home/bin/cargo" "+1.99.0-beta.8" "metadata" "--manifest-path" "Cargo.toml" "--no-deps", kill_on_drop: false }`
[INFO] running `Command { std: CARGO_HOME="/workspace/cargo-home" RUSTUP_HOME="/workspace/rustup-home" "/workspace/cargo-home/bin/cargo" "+1.99.0-beta.8" "generate-lockfile" "--manifest-path" "Cargo.toml", kill_on_drop: false }`
[INFO] [stderr]     Updating crates.io index
[INFO] [stderr]      Locking 85 packages to highest compatible versions
[INFO] [stderr]       Adding thiserror v1.0.69 (available: v2.0.21)
[INFO] [stderr]       Adding yaserde v0.10.1 (available: v0.12.0)
[INFO] [stderr]       Adding yaserde_derive v0.10.1 (available: v0.12.0)
[INFO] running `Command { std: CARGO_HOME="/workspace/cargo-home" RUSTUP_HOME="/workspace/rustup-home" "/workspace/cargo-home/bin/cargo" "+1.99.0-beta.8" "fetch" "--manifest-path" "Cargo.toml", kill_on_drop: false }`
[INFO] [stderr]  Downloading crates ...
[INFO] [stderr]   Downloaded jiff-static v0.2.38
[INFO] [stderr]   Downloaded yaserde_derive v0.10.1
[INFO] [stderr]   Downloaded defmt v1.2.0
[INFO] [stderr]   Downloaded defmt-parser v1.1.0
[INFO] [stderr]   Downloaded defmt-macros v1.2.0
[INFO] [stderr]   Downloaded yaserde v0.10.1
[INFO] [stderr]   Downloaded jiff v0.2.38
[INFO] running `Command { std: "docker" "create" "-v" "/var/lib/crater-agent-workspace/builds/worker-6-tc1/source:/opt/rustwide/workdir:ro,Z" "-v" "/var/lib/crater-agent-workspace/builds/worker-6-tc1/target:/opt/rustwide/target:rw,Z" "-v" "/var/lib/crater-agent-workspace/cargo-home:/opt/rustwide/cargo-home:ro,Z" "-v" "/var/lib/crater-agent-workspace/rustup-home:/opt/rustwide/rustup-home:ro,Z" "-m" "1610612736" "--network" "none" "ghcr.io/rust-lang/crates-build-env/linux@sha256:77db811e55d90add9212f6832c23229e3de5f1c1f9905e8cb07319ea15df73ac" "sleep" "infinity", kill_on_drop: false }`
[INFO] [stdout] bd96644ef740214cb9dcbb24133b771abfe8e76bd82c3970552f0b7c47c8adf0
[INFO] running `Command { std: "docker" "start" "bd96644ef740214cb9dcbb24133b771abfe8e76bd82c3970552f0b7c47c8adf0", kill_on_drop: false }`
[INFO] running `Command { std: "docker" "inspect" "bd96644ef740214cb9dcbb24133b771abfe8e76bd82c3970552f0b7c47c8adf0", kill_on_drop: false }`
[INFO] running `Command { std: "docker" "exec" "-e" "SOURCE_DIR=/opt/rustwide/workdir" "-e" "CARGO_HOME=/opt/rustwide/cargo-home" "-e" "RUSTUP_HOME=/opt/rustwide/rustup-home" "-e" "CARGO_TARGET_DIR=/opt/rustwide/target" "-w" "/opt/rustwide/workdir" "--user" "0:0" "bd96644ef740214cb9dcbb24133b771abfe8e76bd82c3970552f0b7c47c8adf0" "/opt/rustwide/cargo-home/bin/cargo" "+1.99.0-beta.8" "metadata" "--no-deps" "--format-version=1", kill_on_drop: false }`
[INFO] running `Command { std: "docker" "inspect" "bd96644ef740214cb9dcbb24133b771abfe8e76bd82c3970552f0b7c47c8adf0", kill_on_drop: false }`
[INFO] running `Command { std: "docker" "exec" "-e" "SOURCE_DIR=/opt/rustwide/workdir" "-e" "CARGO_HOME=/opt/rustwide/cargo-home" "-e" "RUSTUP_HOME=/opt/rustwide/rustup-home" "-e" "CARGO_TARGET_DIR=/opt/rustwide/target" "-e" "CARGO_INCREMENTAL=0" "-e" "RUST_BACKTRACE=full" "-e" "RUSTFLAGS=--cap-lints=warn" "-e" "RUSTDOCFLAGS=--cap-lints=warn" "-w" "/opt/rustwide/workdir" "--user" "0:0" "bd96644ef740214cb9dcbb24133b771abfe8e76bd82c3970552f0b7c47c8adf0" "/opt/rustwide/cargo-home/bin/cargo" "+1.99.0-beta.8" "build" "--frozen" "--message-format=json" "--release", kill_on_drop: false }`
[INFO] [stderr]    Compiling memchr v2.8.3
[INFO] [stderr]    Compiling regex-syntax v0.8.11
[INFO] [stderr]    Compiling syn v3.0.9
[INFO] [stderr]    Compiling syn v1.0.109
[INFO] [stderr]    Compiling equivalent v1.0.3
[INFO] [stderr]    Compiling num-traits v0.2.19
[INFO] [stderr]    Compiling serde v1.0.229
[INFO] [stderr]    Compiling jiff-core v0.1.1
[INFO] [stderr]    Compiling xml-rs v0.8.29
[INFO] [stderr]    Compiling anstream v1.0.0
[INFO] [stderr]    Compiling heck v0.4.1
[INFO] [stderr]    Compiling unsafe-libyaml v0.2.11
[INFO] [stderr]    Compiling thiserror v1.0.69
[INFO] [stderr]    Compiling indexmap v2.14.2
[INFO] [stderr]    Compiling aho-corasick v1.1.5
[INFO] [stderr]    Compiling yaserde v0.10.1
[INFO] [stderr]    Compiling jiff v0.2.38
[INFO] [stderr]    Compiling chrono v0.4.45
[INFO] [stderr]    Compiling regex-automata v0.4.18
[INFO] [stderr]    Compiling serde_derive v1.0.229
[INFO] [stderr]    Compiling yaserde_derive v0.10.1
[INFO] [stderr]    Compiling serde_yaml v0.9.34+deprecated
[INFO] [stderr]    Compiling regex v1.13.1
[INFO] [stderr]    Compiling env_filter v2.0.0
[INFO] [stderr]    Compiling env_logger v0.11.11
[INFO] [stderr]    Compiling doorstop-rs v0.2.0 (/opt/rustwide/workdir)
[INFO] [stderr]     Finished `release` profile [optimized] target(s) in 39.08s
[INFO] running `Command { std: "docker" "inspect" "bd96644ef740214cb9dcbb24133b771abfe8e76bd82c3970552f0b7c47c8adf0", kill_on_drop: false }`
[INFO] running `Command { std: "docker" "exec" "-e" "SOURCE_DIR=/opt/rustwide/workdir" "-e" "CARGO_HOME=/opt/rustwide/cargo-home" "-e" "RUSTUP_HOME=/opt/rustwide/rustup-home" "-e" "CARGO_TARGET_DIR=/opt/rustwide/target" "-e" "CARGO_INCREMENTAL=0" "-e" "RUST_BACKTRACE=full" "-e" "RUSTFLAGS=--cap-lints=warn" "-e" "RUSTDOCFLAGS=--cap-lints=warn" "-w" "/opt/rustwide/workdir" "--user" "0:0" "bd96644ef740214cb9dcbb24133b771abfe8e76bd82c3970552f0b7c47c8adf0" "/opt/rustwide/cargo-home/bin/cargo" "+1.99.0-beta.8" "test" "--frozen" "--no-run" "--message-format=json" "--release", kill_on_drop: false }`
[INFO] [stderr]    Compiling doorstop-rs v0.2.0 (/opt/rustwide/workdir)
[INFO] [stderr]     Finished `release` profile [optimized] target(s) in 1.75s
[INFO] running `Command { std: "docker" "inspect" "bd96644ef740214cb9dcbb24133b771abfe8e76bd82c3970552f0b7c47c8adf0", kill_on_drop: false }`
[INFO] running `Command { std: "docker" "exec" "-e" "SOURCE_DIR=/opt/rustwide/workdir" "-e" "CARGO_HOME=/opt/rustwide/cargo-home" "-e" "RUSTUP_HOME=/opt/rustwide/rustup-home" "-e" "CARGO_TARGET_DIR=/opt/rustwide/target" "-e" "CARGO_INCREMENTAL=0" "-e" "RUST_BACKTRACE=full" "-e" "RUSTFLAGS=--cap-lints=warn" "-e" "RUSTDOCFLAGS=--cap-lints=warn" "-w" "/opt/rustwide/workdir" "--user" "0:0" "bd96644ef740214cb9dcbb24133b771abfe8e76bd82c3970552f0b7c47c8adf0" "/opt/rustwide/cargo-home/bin/cargo" "+1.99.0-beta.8" "test" "--frozen" "--release", kill_on_drop: false }`
[INFO] [stderr]     Finished `release` profile [optimized] target(s) in 0.09s
[INFO] [stderr]      Running unittests src/lib.rs (/opt/rustwide/target/release/deps/doorstop_rs-8d5198626087e7be)
[INFO] [stdout] 
[INFO] [stdout] running 17 tests
[INFO] [stdout] test doorstop::document::tests::test_level_relation_level_out ... ok
[INFO] [stdout] test doorstop::document::tests::test_item_get_depth_1 ... ok
[INFO] [stdout] test doorstop::document::tests::test_level_relation_same ... ok
[INFO] [stdout] test doorstop::document_tree::tests::test_err_build_tree ... ok
[INFO] [stdout] test doorstop::document::tests::test_get_items ... FAILED
[INFO] [stdout] test doorstop::document::tests::test_level_relation_level_in ... ok
[INFO] [stdout] test doorstop::document::tests::test_deserialize_item ... FAILED
[INFO] [stderr] error: test failed, to rerun pass `--lib`
[INFO] [stdout] test doorstop::document::tests::test_sort_by_level ... FAILED
[INFO] [stdout] test doorstop::document::tests::test_new_document ... FAILED
[INFO] [stdout] test doorstop::document_tree::tests::test_build_tree ... FAILED
[INFO] [stdout] test tests::test_build_tree ... FAILED
[INFO] [stdout] test doorstop::document_tree::tests::get_document_by_index ... FAILED
[INFO] [stdout] test doorstop::document::tests::test_item_get_depth_0 ... ok
[INFO] [stdout] test doorstop::document::tests::test_level_relation_level_out_2 ... ok
[INFO] [stdout] test doorstop::document::tests::test_item_get_depth_default ... ok
[INFO] [stdout] test doorstop::document_tree::tests::test_find_document_yml ... FAILED
[INFO] [stdout] test doorstop::document::tests::test_new_document_ext ... FAILED
[INFO] [stdout] 
[INFO] [stdout] failures:
[INFO] [stdout] 
[INFO] [stdout] ---- doorstop::document::tests::test_get_items stdout ----
[INFO] [stdout] 
[INFO] [stdout] thread 'doorstop::document::tests::test_get_items' (767) panicked at src/doorstop/document.rs:198:48:
[INFO] [stdout] called `Result::unwrap()` on an `Err` value: Os { code: 2, kind: NotFound, message: "No such file or directory" }
[INFO] [stdout] stack backtrace:
[INFO] [stdout]    0:     0x6328d42c0971 - <<std[70759c8f55707aa4]::sys::backtrace::BacktraceLock>::print::DisplayBacktrace as core[df12db4294e9bfd3]::fmt::Display>::fmt
[INFO] [stdout]    1:     0x6328d42d5bda - core[df12db4294e9bfd3]::fmt::write
[INFO] [stdout]    2:     0x6328d42c50fc - <alloc[2182bb758b4b3781]::vec::Vec<u8> as core[df12db4294e9bfd3]::io::write::Write>::write_fmt
[INFO] [stdout]    3:     0x6328d429c426 - std[70759c8f55707aa4]::panicking::default_hook::{closure#0}
[INFO] [stdout]    4:     0x6328d42b8d49 - std[70759c8f55707aa4]::panicking::default_hook
[INFO] [stdout]    5:     0x6328d424f640 - test[9d35eded1c95d3be]::test_main_inner::<test[9d35eded1c95d3be]::test_main_static::{closure#0}>::{closure#0}
[INFO] [stdout]    6:     0x6328d42b8f02 - std[70759c8f55707aa4]::panicking::panic_with_hook
[INFO] [stdout]    7:     0x6328d429c4d2 - std[70759c8f55707aa4]::panicking::panic_handler::{closure#0}
[INFO] [stdout]    8:     0x6328d42951b9 - std[70759c8f55707aa4]::sys::backtrace::__rust_end_short_backtrace::<std[70759c8f55707aa4]::panicking::panic_handler::{closure#0}, !>
[INFO] [stdout]    9:     0x6328d429d0cd - __rustc[8fa7c3cbc660c2b3]::rust_begin_unwind
[INFO] [stdout]   10:     0x6328d42d633c - core[df12db4294e9bfd3]::panicking::panic_fmt
[INFO] [stdout]   11:     0x6328d42d6112 - core[df12db4294e9bfd3]::result::unwrap_failed
[INFO] [stdout]   12:     0x6328d4227d72 - doorstop_rs[141dfe36c7aee897]::doorstop::document::tests::test_get_items
[INFO] [stdout]   13:     0x6328d4226889 - <doorstop_rs[141dfe36c7aee897]::doorstop::document::tests::test_get_items::{closure#0} as core[df12db4294e9bfd3]::ops::function::FnOnce<()>>::call_once
[INFO] [stdout]   14:     0x6328d424292b - test[9d35eded1c95d3be]::__rust_begin_short_backtrace::<core[df12db4294e9bfd3]::result::Result<(), alloc[2182bb758b4b3781]::string::String>, fn() -> core[df12db4294e9bfd3]::result::Result<(), alloc[2182bb758b4b3781]::string::String>>
[INFO] [stdout]   15:     0x6328d424ff95 - test[9d35eded1c95d3be]::run_test::{closure#0}
[INFO] [stdout]   16:     0x6328d4249854 - std[70759c8f55707aa4]::sys::backtrace::__rust_begin_short_backtrace::<test[9d35eded1c95d3be]::run_test::{closure#1}, ()>
[INFO] [stdout]   17:     0x6328d42530f2 - <std[70759c8f55707aa4]::thread::lifecycle::spawn_unchecked<test[9d35eded1c95d3be]::run_test::{closure#1}, ()>::{closure#1} as core[df12db4294e9bfd3]::ops::function::FnOnce<()>>::call_once::{shim:vtable#0}
[INFO] [stdout]   18:     0x6328d42c0249 - <std[70759c8f55707aa4]::sys::thread::unix::Thread>::new::thread_start
[INFO] [stdout]   19:     0x7fe1bf862dfa - <unknown>
[INFO] [stdout]   20:     0x7fe1bf8f63d4 - clone
[INFO] [stdout]   21:                0x0 - <unknown>
[INFO] [stdout] 
[INFO] [stdout] ---- doorstop::document::tests::test_deserialize_item stdout ----
[INFO] [stdout] 
[INFO] [stdout] thread 'doorstop::document::tests::test_deserialize_item' (766) panicked at src/doorstop/document.rs:206:52:
[INFO] [stdout] called `Option::unwrap()` on a `None` value
[INFO] [stdout] stack backtrace:
[INFO] [stdout]    0:     0x6328d42c0971 - <<std[70759c8f55707aa4]::sys::backtrace::BacktraceLock>::print::DisplayBacktrace as core[df12db4294e9bfd3]::fmt::Display>::fmt
[INFO] [stdout]    1:     0x6328d42d5bda - core[df12db4294e9bfd3]::fmt::write
[INFO] [stdout]    2:     0x6328d42c50fc - <alloc[2182bb758b4b3781]::vec::Vec<u8> as core[df12db4294e9bfd3]::io::write::Write>::write_fmt
[INFO] [stdout]    3:     0x6328d429c426 - std[70759c8f55707aa4]::panicking::default_hook::{closure#0}
[INFO] [stdout]    4:     0x6328d42b8d49 - std[70759c8f55707aa4]::panicking::default_hook
[INFO] [stdout]    5:     0x6328d424f640 - test[9d35eded1c95d3be]::test_main_inner::<test[9d35eded1c95d3be]::test_main_static::{closure#0}>::{closure#0}
[INFO] [stdout]    6:     0x6328d42b8f02 - std[70759c8f55707aa4]::panicking::panic_with_hook
[INFO] [stdout]    7:     0x6328d429c504 - std[70759c8f55707aa4]::panicking::panic_handler::{closure#0}
[INFO] [stdout]    8:     0x6328d42951b9 - std[70759c8f55707aa4]::sys::backtrace::__rust_end_short_backtrace::<std[70759c8f55707aa4]::panicking::panic_handler::{closure#0}, !>
[INFO] [stdout]    9:     0x6328d429d0cd - __rustc[8fa7c3cbc660c2b3]::rust_begin_unwind
[INFO] [stdout]   10:     0x6328d42d633c - core[df12db4294e9bfd3]::panicking::panic_fmt
[INFO] [stdout]   11:     0x6328d42d6302 - core[df12db4294e9bfd3]::panicking::panic
[INFO] [stdout]   12:     0x6328d42d60b9 - core[df12db4294e9bfd3]::option::unwrap_failed
[INFO] [stdout]   13:     0x6328d4228754 - doorstop_rs[141dfe36c7aee897]::doorstop::document::tests::test_deserialize_item
[INFO] [stdout]   14:     0x6328d42268e9 - <doorstop_rs[141dfe36c7aee897]::doorstop::document::tests::test_deserialize_item::{closure#0} as core[df12db4294e9bfd3]::ops::function::FnOnce<()>>::call_once
[INFO] [stdout]   15:     0x6328d424292b - test[9d35eded1c95d3be]::__rust_begin_short_backtrace::<core[df12db4294e9bfd3]::result::Result<(), alloc[2182bb758b4b3781]::string::String>, fn() -> core[df12db4294e9bfd3]::result::Result<(), alloc[2182bb758b4b3781]::string::String>>
[INFO] [stdout]   16:     0x6328d424ff95 - test[9d35eded1c95d3be]::run_test::{closure#0}
[INFO] [stdout]   17:     0x6328d4249854 - std[70759c8f55707aa4]::sys::backtrace::__rust_begin_short_backtrace::<test[9d35eded1c95d3be]::run_test::{closure#1}, ()>
[INFO] [stdout]   18:     0x6328d42530f2 - <std[70759c8f55707aa4]::thread::lifecycle::spawn_unchecked<test[9d35eded1c95d3be]::run_test::{closure#1}, ()>::{closure#1} as core[df12db4294e9bfd3]::ops::function::FnOnce<()>>::call_once::{shim:vtable#0}
[INFO] [stdout]   19:     0x6328d42c0249 - <std[70759c8f55707aa4]::sys::thread::unix::Thread>::new::thread_start
[INFO] [stdout]   20:     0x7fe1bf862dfa - <unknown>
[INFO] [stdout]   21:     0x7fe1bf8f63d4 - clone
[INFO] [stdout]   22:                0x0 - <unknown>
[INFO] [stdout] 
[INFO] [stdout] ---- doorstop::document::tests::test_sort_by_level stdout ----
[INFO] [stdout] 
[INFO] [stdout] thread 'doorstop::document::tests::test_sort_by_level' (777) panicked at src/doorstop/document.rs:260:48:
[INFO] [stdout] called `Result::unwrap()` on an `Err` value: Os { code: 2, kind: NotFound, message: "No such file or directory" }
[INFO] [stdout] stack backtrace:
[INFO] [stdout]    0:     0x6328d42c0971 - <<std[70759c8f55707aa4]::sys::backtrace::BacktraceLock>::print::DisplayBacktrace as core[df12db4294e9bfd3]::fmt::Display>::fmt
[INFO] [stdout]    1:     0x6328d42d5bda - core[df12db4294e9bfd3]::fmt::write
[INFO] [stdout]    2:     0x6328d42c50fc - <alloc[2182bb758b4b3781]::vec::Vec<u8> as core[df12db4294e9bfd3]::io::write::Write>::write_fmt
[INFO] [stdout]    3:     0x6328d429c426 - std[70759c8f55707aa4]::panicking::default_hook::{closure#0}
[INFO] [stdout]    4:     0x6328d42b8d49 - std[70759c8f55707aa4]::panicking::default_hook
[INFO] [stdout]    5:     0x6328d424f640 - test[9d35eded1c95d3be]::test_main_inner::<test[9d35eded1c95d3be]::test_main_static::{closure#0}>::{closure#0}
[INFO] [stdout]    6:     0x6328d42b8f02 - std[70759c8f55707aa4]::panicking::panic_with_hook
[INFO] [stdout]    7:     0x6328d429c4d2 - std[70759c8f55707aa4]::panicking::panic_handler::{closure#0}
[INFO] [stdout]    8:     0x6328d42951b9 - std[70759c8f55707aa4]::sys::backtrace::__rust_end_short_backtrace::<std[70759c8f55707aa4]::panicking::panic_handler::{closure#0}, !>
[INFO] [stdout]    9:     0x6328d429d0cd - __rustc[8fa7c3cbc660c2b3]::rust_begin_unwind
[INFO] [stdout]   10:     0x6328d42d633c - core[df12db4294e9bfd3]::panicking::panic_fmt
[INFO] [stdout]   11:     0x6328d42d6112 - core[df12db4294e9bfd3]::result::unwrap_failed
[INFO] [stdout]   12:     0x6328d4228484 - doorstop_rs[141dfe36c7aee897]::doorstop::document::tests::test_sort_by_level
[INFO] [stdout]   13:     0x6328d42268c9 - <doorstop_rs[141dfe36c7aee897]::doorstop::document::tests::test_sort_by_level::{closure#0} as core[df12db4294e9bfd3]::ops::function::FnOnce<()>>::call_once
[INFO] [stdout]   14:     0x6328d424292b - test[9d35eded1c95d3be]::__rust_begin_short_backtrace::<core[df12db4294e9bfd3]::result::Result<(), alloc[2182bb758b4b3781]::string::String>, fn() -> core[df12db4294e9bfd3]::result::Result<(), alloc[2182bb758b4b3781]::string::String>>
[INFO] [stdout]   15:     0x6328d424ff95 - test[9d35eded1c95d3be]::run_test::{closure#0}
[INFO] [stdout]   16:     0x6328d4249854 - std[70759c8f55707aa4]::sys::backtrace::__rust_begin_short_backtrace::<test[9d35eded1c95d3be]::run_test::{closure#1}, ()>
[INFO] [stdout]   17:     0x6328d42530f2 - <std[70759c8f55707aa4]::thread::lifecycle::spawn_unchecked<test[9d35eded1c95d3be]::run_test::{closure#1}, ()>::{closure#1} as core[df12db4294e9bfd3]::ops::function::FnOnce<()>>::call_once::{shim:vtable#0}
[INFO] [stdout]   18:     0x6328d42c0249 - <std[70759c8f55707aa4]::sys::thread::unix::Thread>::new::thread_start
[INFO] [stdout]   19:     0x7fe1bf862dfa - <unknown>
[INFO] [stdout]   20:     0x7fe1bf8f63d4 - clone
[INFO] [stdout]   21:                0x0 - <unknown>
[INFO] [stdout] 
[INFO] [stdout] ---- doorstop::document::tests::test_new_document stdout ----
[INFO] [stdout] 
[INFO] [stdout] thread 'doorstop::document::tests::test_new_document' (775) panicked at src/doorstop/document.rs:181:9:
[INFO] [stdout] assertion failed: d.is_ok()
[INFO] [stdout] stack backtrace:
[INFO] [stdout]    0:     0x6328d42c0971 - <<std[70759c8f55707aa4]::sys::backtrace::BacktraceLock>::print::DisplayBacktrace as core[df12db4294e9bfd3]::fmt::Display>::fmt
[INFO] [stdout]    1:     0x6328d42d5bda - core[df12db4294e9bfd3]::fmt::write
[INFO] [stdout]    2:     0x6328d42c50fc - <alloc[2182bb758b4b3781]::vec::Vec<u8> as core[df12db4294e9bfd3]::io::write::Write>::write_fmt
[INFO] [stdout]    3:     0x6328d429c426 - std[70759c8f55707aa4]::panicking::default_hook::{closure#0}
[INFO] [stdout]    4:     0x6328d42b8d49 - std[70759c8f55707aa4]::panicking::default_hook
[INFO] [stdout]    5:     0x6328d424f640 - test[9d35eded1c95d3be]::test_main_inner::<test[9d35eded1c95d3be]::test_main_static::{closure#0}>::{closure#0}
[INFO] [stdout]    6:     0x6328d42b8f02 - std[70759c8f55707aa4]::panicking::panic_with_hook
[INFO] [stdout]    7:     0x6328d429c504 - std[70759c8f55707aa4]::panicking::panic_handler::{closure#0}
[INFO] [stdout]    8:     0x6328d42951b9 - std[70759c8f55707aa4]::sys::backtrace::__rust_end_short_backtrace::<std[70759c8f55707aa4]::panicking::panic_handler::{closure#0}, !>
[INFO] [stdout]    9:     0x6328d429d0cd - __rustc[8fa7c3cbc660c2b3]::rust_begin_unwind
[INFO] [stdout]   10:     0x6328d42d633c - core[df12db4294e9bfd3]::panicking::panic_fmt
[INFO] [stdout]   11:     0x6328d42d6302 - core[df12db4294e9bfd3]::panicking::panic
[INFO] [stdout]   12:     0x6328d4228089 - doorstop_rs[141dfe36c7aee897]::doorstop::document::tests::test_new_document
[INFO] [stdout]   13:     0x6328d42268a9 - <doorstop_rs[141dfe36c7aee897]::doorstop::document::tests::test_new_document::{closure#0} as core[df12db4294e9bfd3]::ops::function::FnOnce<()>>::call_once
[INFO] [stdout]   14:     0x6328d424292b - test[9d35eded1c95d3be]::__rust_begin_short_backtrace::<core[df12db4294e9bfd3]::result::Result<(), alloc[2182bb758b4b3781]::string::String>, fn() -> core[df12db4294e9bfd3]::result::Result<(), alloc[2182bb758b4b3781]::string::String>>
[INFO] [stdout]   15:     0x6328d424ff95 - test[9d35eded1c95d3be]::run_test::{closure#0}
[INFO] [stdout]   16:     0x6328d4249854 - std[70759c8f55707aa4]::sys::backtrace::__rust_begin_short_backtrace::<test[9d35eded1c95d3be]::run_test::{closure#1}, ()>
[INFO] [stdout]   17:     0x6328d42530f2 - <std[70759c8f55707aa4]::thread::lifecycle::spawn_unchecked<test[9d35eded1c95d3be]::run_test::{closure#1}, ()>::{closure#1} as core[df12db4294e9bfd3]::ops::function::FnOnce<()>>::call_once::{shim:vtable#0}
[INFO] [stdout]   18:     0x6328d42c0249 - <std[70759c8f55707aa4]::sys::thread::unix::Thread>::new::thread_start
[INFO] [stdout]   19:     0x7fe1bf862dfa - <unknown>
[INFO] [stdout]   20:     0x7fe1bf8f63d4 - clone
[INFO] [stdout]   21:                0x0 - <unknown>
[INFO] [stdout] 
[INFO] [stdout] ---- doorstop::document_tree::tests::test_build_tree stdout ----
[INFO] [stdout] 
[INFO] [stdout] thread 'doorstop::document_tree::tests::test_build_tree' (779) panicked at src/doorstop/document_tree.rs:131:66:
[INFO] [stdout] called `Result::unwrap()` on an `Err` value: LoadError { msg: "No documents found in resources/reqs" }
[INFO] [stdout] stack backtrace:
[INFO] [stdout]    0:     0x6328d42c0971 - <<std[70759c8f55707aa4]::sys::backtrace::BacktraceLock>::print::DisplayBacktrace as core[df12db4294e9bfd3]::fmt::Display>::fmt
[INFO] [stdout]    1:     0x6328d42d5bda - core[df12db4294e9bfd3]::fmt::write
[INFO] [stdout]    2:     0x6328d42c50fc - <alloc[2182bb758b4b3781]::vec::Vec<u8> as core[df12db4294e9bfd3]::io::write::Write>::write_fmt
[INFO] [stdout]    3:     0x6328d429c426 - std[70759c8f55707aa4]::panicking::default_hook::{closure#0}
[INFO] [stdout]    4:     0x6328d42b8d49 - std[70759c8f55707aa4]::panicking::default_hook
[INFO] [stdout]    5:     0x6328d424f640 - test[9d35eded1c95d3be]::test_main_inner::<test[9d35eded1c95d3be]::test_main_static::{closure#0}>::{closure#0}
[INFO] [stdout]    6:     0x6328d42b8f02 - std[70759c8f55707aa4]::panicking::panic_with_hook
[INFO] [stdout]    7:     0x6328d429c4d2 - std[70759c8f55707aa4]::panicking::panic_handler::{closure#0}
[INFO] [stdout]    8:     0x6328d42951b9 - std[70759c8f55707aa4]::sys::backtrace::__rust_end_short_backtrace::<std[70759c8f55707aa4]::panicking::panic_handler::{closure#0}, !>
[INFO] [stdout]    9:     0x6328d429d0cd - __rustc[8fa7c3cbc660c2b3]::rust_begin_unwind
[INFO] [stdout]   10:     0x6328d42d633c - core[df12db4294e9bfd3]::panicking::panic_fmt
[INFO] [stdout]   11:     0x6328d42d6112 - core[df12db4294e9bfd3]::result::unwrap_failed
[INFO] [stdout]   12:     0x6328d422365e - doorstop_rs[141dfe36c7aee897]::doorstop::document_tree::tests::test_build_tree
[INFO] [stdout]   13:     0x6328d4226809 - <doorstop_rs[141dfe36c7aee897]::doorstop::document_tree::tests::test_build_tree::{closure#0} as core[df12db4294e9bfd3]::ops::function::FnOnce<()>>::call_once
[INFO] [stdout]   14:     0x6328d424292b - test[9d35eded1c95d3be]::__rust_begin_short_backtrace::<core[df12db4294e9bfd3]::result::Result<(), alloc[2182bb758b4b3781]::string::String>, fn() -> core[df12db4294e9bfd3]::result::Result<(), alloc[2182bb758b4b3781]::string::String>>
[INFO] [stdout]   15:     0x6328d424ff95 - test[9d35eded1c95d3be]::run_test::{closure#0}
[INFO] [stdout]   16:     0x6328d4249854 - std[70759c8f55707aa4]::sys::backtrace::__rust_begin_short_backtrace::<test[9d35eded1c95d3be]::run_test::{closure#1}, ()>
[INFO] [stdout]   17:     0x6328d42530f2 - <std[70759c8f55707aa4]::thread::lifecycle::spawn_unchecked<test[9d35eded1c95d3be]::run_test::{closure#1}, ()>::{closure#1} as core[df12db4294e9bfd3]::ops::function::FnOnce<()>>::call_once::{shim:vtable#0}
[INFO] [stdout]   18:     0x6328d42c0249 - <std[70759c8f55707aa4]::sys::thread::unix::Thread>::new::thread_start
[INFO] [stdout]   19:     0x7fe1bf862dfa - <unknown>
[INFO] [stdout]   20:     0x7fe1bf8f63d4 - clone
[INFO] [stdout]   21:                0x0 - <unknown>
[INFO] [stdout] 
[INFO] [stdout] ---- tests::test_build_tree stdout ----
[INFO] [stdout] 
[INFO] [stdout] thread 'tests::test_build_tree' (782) panicked at src/lib.rs:52:66:
[INFO] [stdout] called `Result::unwrap()` on an `Err` value: LoadError { msg: "No documents found in resources/reqs" }
[INFO] [stdout] stack backtrace:
[INFO] [stdout]    0:     0x6328d42c0971 - <<std[70759c8f55707aa4]::sys::backtrace::BacktraceLock>::print::DisplayBacktrace as core[df12db4294e9bfd3]::fmt::Display>::fmt
[INFO] [stdout]    1:     0x6328d42d5bda - core[df12db4294e9bfd3]::fmt::write
[INFO] [stdout]    2:     0x6328d42c50fc - <alloc[2182bb758b4b3781]::vec::Vec<u8> as core[df12db4294e9bfd3]::io::write::Write>::write_fmt
[INFO] [stdout]    3:     0x6328d429c426 - std[70759c8f55707aa4]::panicking::default_hook::{closure#0}
[INFO] [stdout]    4:     0x6328d42b8d49 - std[70759c8f55707aa4]::panicking::default_hook
[INFO] [stdout]    5:     0x6328d424f640 - test[9d35eded1c95d3be]::test_main_inner::<test[9d35eded1c95d3be]::test_main_static::{closure#0}>::{closure#0}
[INFO] [stdout]    6:     0x6328d42b8f02 - std[70759c8f55707aa4]::panicking::panic_with_hook
[INFO] [stdout]    7:     0x6328d429c4d2 - std[70759c8f55707aa4]::panicking::panic_handler::{closure#0}
[INFO] [stdout]    8:     0x6328d42951b9 - std[70759c8f55707aa4]::sys::backtrace::__rust_end_short_backtrace::<std[70759c8f55707aa4]::panicking::panic_handler::{closure#0}, !>
[INFO] [stdout]    9:     0x6328d429d0cd - __rustc[8fa7c3cbc660c2b3]::rust_begin_unwind
[INFO] [stdout]   10:     0x6328d42d633c - core[df12db4294e9bfd3]::panicking::panic_fmt
[INFO] [stdout]   11:     0x6328d42d6112 - core[df12db4294e9bfd3]::result::unwrap_failed
[INFO] [stdout]   12:     0x6328d42222c9 - doorstop_rs[141dfe36c7aee897]::tests::test_build_tree
[INFO] [stdout]   13:     0x6328d42267e9 - <doorstop_rs[141dfe36c7aee897]::tests::test_build_tree::{closure#0} as core[df12db4294e9bfd3]::ops::function::FnOnce<()>>::call_once
[INFO] [stdout]   14:     0x6328d424292b - test[9d35eded1c95d3be]::__rust_begin_short_backtrace::<core[df12db4294e9bfd3]::result::Result<(), alloc[2182bb758b4b3781]::string::String>, fn() -> core[df12db4294e9bfd3]::result::Result<(), alloc[2182bb758b4b3781]::string::String>>
[INFO] [stdout]   15:     0x6328d424ff95 - test[9d35eded1c95d3be]::run_test::{closure#0}
[INFO] [stdout]   16:     0x6328d4249854 - std[70759c8f55707aa4]::sys::backtrace::__rust_begin_short_backtrace::<test[9d35eded1c95d3be]::run_test::{closure#1}, ()>
[INFO] [stdout]   17:     0x6328d42530f2 - <std[70759c8f55707aa4]::thread::lifecycle::spawn_unchecked<test[9d35eded1c95d3be]::run_test::{closure#1}, ()>::{closure#1} as core[df12db4294e9bfd3]::ops::function::FnOnce<()>>::call_once::{shim:vtable#0}
[INFO] [stdout]   18:     0x6328d42c0249 - <std[70759c8f55707aa4]::sys::thread::unix::Thread>::new::thread_start
[INFO] [stdout]   19:     0x7fe1bf862dfa - <unknown>
[INFO] [stdout]   20:     0x7fe1bf8f63d4 - clone
[INFO] [stdout]   21:                0x0 - <unknown>
[INFO] [stdout] 
[INFO] [stdout] ---- doorstop::document_tree::tests::get_document_by_index stdout ----
[INFO] [stdout] 
[INFO] [stdout] thread 'doorstop::document_tree::tests::get_document_by_index' (778) panicked at src/doorstop/document_tree.rs:145:66:
[INFO] [stdout] called `Result::unwrap()` on an `Err` value: LoadError { msg: "No documents found in resources/reqs" }
[INFO] [stdout] stack backtrace:
[INFO] [stdout]    0:     0x6328d42c0971 - <<std[70759c8f55707aa4]::sys::backtrace::BacktraceLock>::print::DisplayBacktrace as core[df12db4294e9bfd3]::fmt::Display>::fmt
[INFO] [stdout]    1:     0x6328d42d5bda - core[df12db4294e9bfd3]::fmt::write
[INFO] [stdout]    2:     0x6328d42c50fc - <alloc[2182bb758b4b3781]::vec::Vec<u8> as core[df12db4294e9bfd3]::io::write::Write>::write_fmt
[INFO] [stdout]    3:     0x6328d429c426 - std[70759c8f55707aa4]::panicking::default_hook::{closure#0}
[INFO] [stdout]    4:     0x6328d42b8d49 - std[70759c8f55707aa4]::panicking::default_hook
[INFO] [stdout]    5:     0x6328d424f640 - test[9d35eded1c95d3be]::test_main_inner::<test[9d35eded1c95d3be]::test_main_static::{closure#0}>::{closure#0}
[INFO] [stdout]    6:     0x6328d42b8f02 - std[70759c8f55707aa4]::panicking::panic_with_hook
[INFO] [stdout]    7:     0x6328d429c4d2 - std[70759c8f55707aa4]::panicking::panic_handler::{closure#0}
[INFO] [stdout]    8:     0x6328d42951b9 - std[70759c8f55707aa4]::sys::backtrace::__rust_end_short_backtrace::<std[70759c8f55707aa4]::panicking::panic_handler::{closure#0}, !>
[INFO] [stdout]    9:     0x6328d429d0cd - __rustc[8fa7c3cbc660c2b3]::rust_begin_unwind
[INFO] [stdout]   10:     0x6328d42d633c - core[df12db4294e9bfd3]::panicking::panic_fmt
[INFO] [stdout]   11:     0x6328d42d6112 - core[df12db4294e9bfd3]::result::unwrap_failed
[INFO] [stdout]   12:     0x6328d4223a0f - doorstop_rs[141dfe36c7aee897]::doorstop::document_tree::tests::get_document_by_index
[INFO] [stdout]   13:     0x6328d4226849 - <doorstop_rs[141dfe36c7aee897]::doorstop::document_tree::tests::get_document_by_index::{closure#0} as core[df12db4294e9bfd3]::ops::function::FnOnce<()>>::call_once
[INFO] [stdout]   14:     0x6328d424292b - test[9d35eded1c95d3be]::__rust_begin_short_backtrace::<core[df12db4294e9bfd3]::result::Result<(), alloc[2182bb758b4b3781]::string::String>, fn() -> core[df12db4294e9bfd3]::result::Result<(), alloc[2182bb758b4b3781]::string::String>>
[INFO] [stdout]   15:     0x6328d424ff95 - test[9d35eded1c95d3be]::run_test::{closure#0}
[INFO] [stdout]   16:     0x6328d4249854 - std[70759c8f55707aa4]::sys::backtrace::__rust_begin_short_backtrace::<test[9d35eded1c95d3be]::run_test::{closure#1}, ()>
[INFO] [stdout]   17:     0x6328d42530f2 - <std[70759c8f55707aa4]::thread::lifecycle::spawn_unchecked<test[9d35eded1c95d3be]::run_test::{closure#1}, ()>::{closure#1} as core[df12db4294e9bfd3]::ops::function::FnOnce<()>>::call_once::{shim:vtable#0}
[INFO] [stdout]   18:     0x6328d42c0249 - <std[70759c8f55707aa4]::sys::thread::unix::Thread>::new::thread_start
[INFO] [stdout]   19:     0x7fe1bf862dfa - <unknown>
[INFO] [stdout]   20:     0x7fe1bf8f63d4 - clone
[INFO] [stdout]   21:                0x0 - <unknown>
[INFO] [stdout] 
[INFO] [stdout] ---- doorstop::document_tree::tests::test_find_document_yml stdout ----
[INFO] [stdout] 
[INFO] [stdout] thread 'doorstop::document_tree::tests::test_find_document_yml' (781) panicked at src/doorstop/document_tree.rs:126:9:
[INFO] [stdout] assertion `left == right` failed
[INFO] [stdout]   left: 3
[INFO] [stdout]  right: 0
[INFO] [stdout] stack backtrace:
[INFO] [stdout]    0:     0x6328d42c0971 - <<std[70759c8f55707aa4]::sys::backtrace::BacktraceLock>::print::DisplayBacktrace as core[df12db4294e9bfd3]::fmt::Display>::fmt
[INFO] [stdout]    1:     0x6328d42d5bda - core[df12db4294e9bfd3]::fmt::write
[INFO] [stdout]    2:     0x6328d42c50fc - <alloc[2182bb758b4b3781]::vec::Vec<u8> as core[df12db4294e9bfd3]::io::write::Write>::write_fmt
[INFO] [stdout]    3:     0x6328d429c426 - std[70759c8f55707aa4]::panicking::default_hook::{closure#0}
[INFO] [stdout]    4:     0x6328d42b8d49 - std[70759c8f55707aa4]::panicking::default_hook
[INFO] [stdout]    5:     0x6328d424f640 - test[9d35eded1c95d3be]::test_main_inner::<test[9d35eded1c95d3be]::test_main_static::{closure#0}>::{closure#0}
[INFO] [stdout]    6:     0x6328d42b8f02 - std[70759c8f55707aa4]::panicking::panic_with_hook
[INFO] [stdout]    7:     0x6328d429c4d2 - std[70759c8f55707aa4]::panicking::panic_handler::{closure#0}
[INFO] [stdout]    8:     0x6328d42951b9 - std[70759c8f55707aa4]::sys::backtrace::__rust_end_short_backtrace::<std[70759c8f55707aa4]::panicking::panic_handler::{closure#0}, !>
[INFO] [stdout]    9:     0x6328d429d0cd - __rustc[8fa7c3cbc660c2b3]::rust_begin_unwind
[INFO] [stdout]   10:     0x6328d42d633c - core[df12db4294e9bfd3]::panicking::panic_fmt
[INFO] [stdout]   11:     0x6328d42d6253 - core[df12db4294e9bfd3]::panicking::assert_failed_inner
[INFO] [stdout]   12:     0x6328d42d1ff3 - core[df12db4294e9bfd3]::panicking::assert_failed::<usize, usize>
[INFO] [stdout]   13:     0x6328d4223c71 - doorstop_rs[141dfe36c7aee897]::doorstop::document_tree::tests::test_find_document_yml
[INFO] [stdout]   14:     0x6328d4226869 - <doorstop_rs[141dfe36c7aee897]::doorstop::document_tree::tests::test_find_document_yml::{closure#0} as core[df12db4294e9bfd3]::ops::function::FnOnce<()>>::call_once
[INFO] [stdout]   15:     0x6328d424292b - test[9d35eded1c95d3be]::__rust_begin_short_backtrace::<core[df12db4294e9bfd3]::result::Result<(), alloc[2182bb758b4b3781]::string::String>, fn() -> core[df12db4294e9bfd3]::result::Result<(), alloc[2182bb758b4b3781]::string::String>>
[INFO] [stdout]   16:     0x6328d424ff95 - test[9d35eded1c95d3be]::run_test::{closure#0}
[INFO] [stdout]   17:     0x6328d4249854 - std[70759c8f55707aa4]::sys::backtrace::__rust_begin_short_backtrace::<test[9d35eded1c95d3be]::run_test::{closure#1}, ()>
[INFO] [stdout]   18:     0x6328d42530f2 - <std[70759c8f55707aa4]::thread::lifecycle::spawn_unchecked<test[9d35eded1c95d3be]::run_test::{closure#1}, ()>::{closure#1} as core[df12db4294e9bfd3]::ops::function::FnOnce<()>>::call_once::{shim:vtable#0}
[INFO] [stdout]   19:     0x6328d42c0249 - <std[70759c8f55707aa4]::sys::thread::unix::Thread>::new::thread_start
[INFO] [stdout]   20:     0x7fe1bf862dfa - <unknown>
[INFO] [stdout]   21:     0x7fe1bf8f63d4 - clone
[INFO] [stdout]   22:                0x0 - <unknown>
[INFO] [stdout] 
[INFO] [stdout] ---- doorstop::document::tests::test_new_document_ext stdout ----
[INFO] [stdout] 
[INFO] [stdout] thread 'doorstop::document::tests::test_new_document_ext' (776) panicked at src/doorstop/document.rs:192:9:
[INFO] [stdout] assertion failed: d.is_ok()
[INFO] [stdout] stack backtrace:
[INFO] [stdout]    0:     0x6328d42c0971 - <<std[70759c8f55707aa4]::sys::backtrace::BacktraceLock>::print::DisplayBacktrace as core[df12db4294e9bfd3]::fmt::Display>::fmt
[INFO] [stdout]    1:     0x6328d42d5bda - core[df12db4294e9bfd3]::fmt::write
[INFO] [stdout]    2:     0x6328d42c50fc - <alloc[2182bb758b4b3781]::vec::Vec<u8> as core[df12db4294e9bfd3]::io::write::Write>::write_fmt
[INFO] [stdout]    3:     0x6328d429c426 - std[70759c8f55707aa4]::panicking::default_hook::{closure#0}
[INFO] [stdout]    4:     0x6328d42b8d49 - std[70759c8f55707aa4]::panicking::default_hook
[INFO] [stdout]    5:     0x6328d424f640 - test[9d35eded1c95d3be]::test_main_inner::<test[9d35eded1c95d3be]::test_main_static::{closure#0}>::{closure#0}
[INFO] [stdout]    6:     0x6328d42b8f02 - std[70759c8f55707aa4]::panicking::panic_with_hook
[INFO] [stdout]    7:     0x6328d429c504 - std[70759c8f55707aa4]::panicking::panic_handler::{closure#0}
[INFO] [stdout]    8:     0x6328d42951b9 - std[70759c8f55707aa4]::sys::backtrace::__rust_end_short_backtrace::<std[70759c8f55707aa4]::panicking::panic_handler::{closure#0}, !>
[INFO] [stdout]    9:     0x6328d429d0cd - __rustc[8fa7c3cbc660c2b3]::rust_begin_unwind
[INFO] [stdout]   10:     0x6328d42d633c - core[df12db4294e9bfd3]::panicking::panic_fmt
[INFO] [stdout]   11:     0x6328d42d6302 - core[df12db4294e9bfd3]::panicking::panic
[INFO] [stdout]   12:     0x6328d42269b4 - <doorstop_rs[141dfe36c7aee897]::doorstop::document::tests::test_new_document_ext::{closure#0} as core[df12db4294e9bfd3]::ops::function::FnOnce<()>>::call_once
[INFO] [stdout]   13:     0x6328d424292b - test[9d35eded1c95d3be]::__rust_begin_short_backtrace::<core[df12db4294e9bfd3]::result::Result<(), alloc[2182bb758b4b3781]::string::String>, fn() -> core[df12db4294e9bfd3]::result::Result<(), alloc[2182bb758b4b3781]::string::String>>
[INFO] [stdout]   14:     0x6328d424ff95 - test[9d35eded1c95d3be]::run_test::{closure#0}
[INFO] [stdout]   15:     0x6328d4249854 - std[70759c8f55707aa4]::sys::backtrace::__rust_begin_short_backtrace::<test[9d35eded1c95d3be]::run_test::{closure#1}, ()>
[INFO] [stdout]   16:     0x6328d42530f2 - <std[70759c8f55707aa4]::thread::lifecycle::spawn_unchecked<test[9d35eded1c95d3be]::run_test::{closure#1}, ()>::{closure#1} as core[df12db4294e9bfd3]::ops::function::FnOnce<()>>::call_once::{shim:vtable#0}
[INFO] [stdout]   17:     0x6328d42c0249 - <std[70759c8f55707aa4]::sys::thread::unix::Thread>::new::thread_start
[INFO] [stdout]   18:     0x7fe1bf862dfa - <unknown>
[INFO] [stdout]   19:     0x7fe1bf8f63d4 - clone
[INFO] [stdout]   20:                0x0 - <unknown>
[INFO] [stdout] 
[INFO] [stdout] 
[INFO] [stdout] failures:
[INFO] [stdout]     doorstop::document::tests::test_deserialize_item
[INFO] [stdout]     doorstop::document::tests::test_get_items
[INFO] [stdout]     doorstop::document::tests::test_new_document
[INFO] [stdout]     doorstop::document::tests::test_new_document_ext
[INFO] [stdout]     doorstop::document::tests::test_sort_by_level
[INFO] [stdout]     doorstop::document_tree::tests::get_document_by_index
[INFO] [stdout]     doorstop::document_tree::tests::test_build_tree
[INFO] [stdout]     doorstop::document_tree::tests::test_find_document_yml
[INFO] [stdout]     tests::test_build_tree
[INFO] [stdout] 
[INFO] [stdout] test result: FAILED. 8 passed; 9 failed; 0 ignored; 0 measured; 0 filtered out; finished in 0.01s
[INFO] [stdout] 
[INFO] running `Command { std: "docker" "inspect" "bd96644ef740214cb9dcbb24133b771abfe8e76bd82c3970552f0b7c47c8adf0", kill_on_drop: false }`
[INFO] running `Command { std: "docker" "rm" "-f" "bd96644ef740214cb9dcbb24133b771abfe8e76bd82c3970552f0b7c47c8adf0", kill_on_drop: false }`
[INFO] [stdout] bd96644ef740214cb9dcbb24133b771abfe8e76bd82c3970552f0b7c47c8adf0
