[INFO] fetching crate donder-release 2.0.0-beta.2...
[INFO] testing donder-release-2.0.0-beta.2 against 1.99.0-beta.8+cargoflags=--release for beta-release-1.100-2
[INFO] extracting crate donder-release 2.0.0-beta.2 into /workspace/builds/worker-5-tc1/source
[INFO] started tweaking crates.io crate donder-release 2.0.0-beta.2
[INFO] finished tweaking crates.io crate donder-release 2.0.0-beta.2
[INFO] tweaked toml for crates.io crate donder-release 2.0.0-beta.2 written to /workspace/builds/worker-5-tc1/source/Cargo.toml
[INFO] validating manifest of crates.io crate donder-release 2.0.0-beta.2 on toolchain 1.99.0-beta.8
[INFO] running `Command { std: CARGO_HOME="/workspace/cargo-home" RUSTUP_HOME="/workspace/rustup-home" "/workspace/cargo-home/bin/cargo" "+1.99.0-beta.8" "metadata" "--manifest-path" "Cargo.toml" "--no-deps", kill_on_drop: false }`
[INFO] crate crates.io crate donder-release 2.0.0-beta.2 already has a lockfile, it will not be regenerated
[INFO] running `Command { std: CARGO_HOME="/workspace/cargo-home" RUSTUP_HOME="/workspace/rustup-home" "/workspace/cargo-home/bin/cargo" "+1.99.0-beta.8" "fetch" "--manifest-path" "Cargo.toml", kill_on_drop: false }`
[INFO] [stderr]  Downloading crates ...
[INFO] [stderr]   Downloaded libyml v0.0.5
[INFO] [stderr]   Downloaded serde_yml v0.0.12
[INFO] running `Command { std: "docker" "create" "-v" "/var/lib/crater-agent-workspace/builds/worker-5-tc1/source:/opt/rustwide/workdir:ro,Z" "-v" "/var/lib/crater-agent-workspace/builds/worker-5-tc1/target:/opt/rustwide/target:rw,Z" "-v" "/var/lib/crater-agent-workspace/cargo-home:/opt/rustwide/cargo-home:ro,Z" "-v" "/var/lib/crater-agent-workspace/rustup-home:/opt/rustwide/rustup-home:ro,Z" "-m" "1610612736" "--network" "none" "ghcr.io/rust-lang/crates-build-env/linux@sha256:77db811e55d90add9212f6832c23229e3de5f1c1f9905e8cb07319ea15df73ac" "sleep" "infinity", kill_on_drop: false }`
[INFO] [stdout] 6af1b9cb3a7e26620f3887fdb7fea119209e27e5e2b4daa4b1d9334a5572711f
[INFO] running `Command { std: "docker" "start" "6af1b9cb3a7e26620f3887fdb7fea119209e27e5e2b4daa4b1d9334a5572711f", kill_on_drop: false }`
[INFO] running `Command { std: "docker" "inspect" "6af1b9cb3a7e26620f3887fdb7fea119209e27e5e2b4daa4b1d9334a5572711f", kill_on_drop: false }`
[INFO] running `Command { std: "docker" "exec" "-e" "SOURCE_DIR=/opt/rustwide/workdir" "-e" "CARGO_HOME=/opt/rustwide/cargo-home" "-e" "RUSTUP_HOME=/opt/rustwide/rustup-home" "-e" "CARGO_TARGET_DIR=/opt/rustwide/target" "-w" "/opt/rustwide/workdir" "--user" "0:0" "6af1b9cb3a7e26620f3887fdb7fea119209e27e5e2b4daa4b1d9334a5572711f" "/opt/rustwide/cargo-home/bin/cargo" "+1.99.0-beta.8" "metadata" "--no-deps" "--format-version=1", kill_on_drop: false }`
[INFO] running `Command { std: "docker" "inspect" "6af1b9cb3a7e26620f3887fdb7fea119209e27e5e2b4daa4b1d9334a5572711f", kill_on_drop: false }`
[INFO] running `Command { std: "docker" "exec" "-e" "SOURCE_DIR=/opt/rustwide/workdir" "-e" "CARGO_HOME=/opt/rustwide/cargo-home" "-e" "RUSTUP_HOME=/opt/rustwide/rustup-home" "-e" "CARGO_TARGET_DIR=/opt/rustwide/target" "-e" "CARGO_INCREMENTAL=0" "-e" "RUST_BACKTRACE=full" "-e" "RUSTFLAGS=--cap-lints=warn" "-e" "RUSTDOCFLAGS=--cap-lints=warn" "-w" "/opt/rustwide/workdir" "--user" "0:0" "6af1b9cb3a7e26620f3887fdb7fea119209e27e5e2b4daa4b1d9334a5572711f" "/opt/rustwide/cargo-home/bin/cargo" "+1.99.0-beta.8" "build" "--frozen" "--message-format=json" "--release", kill_on_drop: false }`
[INFO] [stderr]    Compiling errno v0.3.14
[INFO] [stderr]    Compiling mio v1.2.0
[INFO] [stderr]    Compiling zerofrom v0.1.7
[INFO] [stderr]    Compiling parking_lot_core v0.9.12
[INFO] [stderr]    Compiling tokio-macros v2.7.0
[INFO] [stderr]    Compiling cc v1.2.60
[INFO] [stderr]    Compiling bitflags v2.11.0
[INFO] [stderr]    Compiling openssl-macros v0.1.1
[INFO] [stderr]    Compiling signal-hook-registry v1.4.8
[INFO] [stderr]    Compiling yoke v0.8.2
[INFO] [stderr]    Compiling rustix v1.1.4
[INFO] [stderr]    Compiling parking_lot v0.12.5
[INFO] [stderr]    Compiling zerovec v0.11.6
[INFO] [stderr]    Compiling zerotrie v0.2.4
[INFO] [stderr]    Compiling signal-hook v0.3.18
[INFO] [stderr]    Compiling tokio v1.51.1
[INFO] [stderr]    Compiling derive_more-impl v2.1.1
[INFO] [stderr]    Compiling litrs v1.0.0
[INFO] [stderr]    Compiling serde_json v1.0.149
[INFO] [stderr]    Compiling serde_yml v0.0.12
[INFO] [stderr]    Compiling signal-hook-mio v0.2.5
[INFO] [stderr]    Compiling regex-automata v0.4.14
[INFO] [stderr]    Compiling clap_derive v4.6.0
[INFO] [stderr]    Compiling tinystr v0.8.3
[INFO] [stderr]    Compiling potential_utf v0.1.5
[INFO] [stderr]    Compiling icu_collections v2.2.0
[INFO] [stderr]    Compiling icu_locale_core v2.2.0
[INFO] [stderr]    Compiling derive_more v2.1.1
[INFO] [stderr]    Compiling document-features v0.2.12
[INFO] [stderr]    Compiling openssl-sys v0.9.112
[INFO] [stderr]    Compiling crossterm v0.29.0
[INFO] [stderr]    Compiling openssl v0.10.76
[INFO] [stderr]    Compiling native-tls v0.2.18
[INFO] [stderr]    Compiling fuzzy-matcher v0.3.7
[INFO] [stderr]    Compiling icu_provider v2.2.0
[INFO] [stderr]    Compiling libyml v0.0.5
[INFO] [stderr]    Compiling icu_normalizer v2.2.0
[INFO] [stderr]    Compiling icu_properties v2.2.0
[INFO] [stderr]    Compiling unicode-segmentation v1.13.2
[INFO] [stderr]    Compiling unicode-width v0.2.2
[INFO] [stderr]    Compiling idna_adapter v1.2.1
[INFO] [stderr]    Compiling idna v1.1.0
[INFO] [stderr]    Compiling dyn-clone v1.0.20
[INFO] [stderr]    Compiling inquire v0.9.4
[INFO] [stderr]    Compiling url v2.5.8
[INFO] [stderr]    Compiling chrono v0.4.44
[INFO] [stderr]    Compiling tokio-util v0.7.18
[INFO] [stderr]    Compiling h2 v0.4.13
[INFO] [stderr]    Compiling tokio-native-tls v0.3.1
[INFO] [stderr]    Compiling tower v0.5.3
[INFO] [stderr]    Compiling regex v1.12.3
[INFO] [stderr]    Compiling tower-http v0.6.8
[INFO] [stderr]    Compiling clap v4.6.0
[INFO] [stderr]    Compiling dotenv v0.15.0
[INFO] [stderr]    Compiling semver v1.0.28
[INFO] [stderr]    Compiling hyper v1.9.0
[INFO] [stderr]    Compiling hyper-util v0.1.20
[INFO] [stderr]    Compiling hyper-tls v0.6.0
[INFO] [stderr]    Compiling reqwest v0.12.28
[INFO] [stderr]    Compiling donder-release v2.0.0-beta.2 (/opt/rustwide/workdir)
[INFO] [stderr]     Finished `release` profile [optimized] target(s) in 2m 22s
[INFO] running `Command { std: "docker" "inspect" "6af1b9cb3a7e26620f3887fdb7fea119209e27e5e2b4daa4b1d9334a5572711f", kill_on_drop: false }`
[INFO] running `Command { std: "docker" "exec" "-e" "SOURCE_DIR=/opt/rustwide/workdir" "-e" "CARGO_HOME=/opt/rustwide/cargo-home" "-e" "RUSTUP_HOME=/opt/rustwide/rustup-home" "-e" "CARGO_TARGET_DIR=/opt/rustwide/target" "-e" "CARGO_INCREMENTAL=0" "-e" "RUST_BACKTRACE=full" "-e" "RUSTFLAGS=--cap-lints=warn" "-e" "RUSTDOCFLAGS=--cap-lints=warn" "-w" "/opt/rustwide/workdir" "--user" "0:0" "6af1b9cb3a7e26620f3887fdb7fea119209e27e5e2b4daa4b1d9334a5572711f" "/opt/rustwide/cargo-home/bin/cargo" "+1.99.0-beta.8" "test" "--frozen" "--no-run" "--message-format=json" "--release", kill_on_drop: false }`
[INFO] [stderr]    Compiling rustix v1.1.4
[INFO] [stderr]    Compiling getrandom v0.4.2
[INFO] [stderr]    Compiling crossterm v0.29.0
[INFO] [stderr]    Compiling tempfile v3.27.0
[INFO] [stderr]    Compiling inquire v0.9.4
[INFO] [stderr]    Compiling donder-release v2.0.0-beta.2 (/opt/rustwide/workdir)
[INFO] [stderr]     Finished `release` profile [optimized] target(s) in 22.98s
[INFO] running `Command { std: "docker" "inspect" "6af1b9cb3a7e26620f3887fdb7fea119209e27e5e2b4daa4b1d9334a5572711f", kill_on_drop: false }`
[INFO] running `Command { std: "docker" "exec" "-e" "SOURCE_DIR=/opt/rustwide/workdir" "-e" "CARGO_HOME=/opt/rustwide/cargo-home" "-e" "RUSTUP_HOME=/opt/rustwide/rustup-home" "-e" "CARGO_TARGET_DIR=/opt/rustwide/target" "-e" "CARGO_INCREMENTAL=0" "-e" "RUST_BACKTRACE=full" "-e" "RUSTFLAGS=--cap-lints=warn" "-e" "RUSTDOCFLAGS=--cap-lints=warn" "-w" "/opt/rustwide/workdir" "--user" "0:0" "6af1b9cb3a7e26620f3887fdb7fea119209e27e5e2b4daa4b1d9334a5572711f" "/opt/rustwide/cargo-home/bin/cargo" "+1.99.0-beta.8" "test" "--frozen" "--release", kill_on_drop: false }`
[INFO] [stderr]     Finished `release` profile [optimized] target(s) in 0.28s
[INFO] [stderr]      Running unittests src/main.rs (/opt/rustwide/target/release/deps/donder_release-ee1242133ff3919b)
[INFO] [stdout] 
[INFO] [stdout] running 156 tests
[INFO] [stdout] test api::tests::release_by_tag_url_encodes_reserved_characters ... ok
[INFO] [stdout] test bump_files::tests::bump_file_with_build_metadata ... ok
[INFO] [stdout] test api::tests::release_by_tag_url_plain_tag ... ok
[INFO] [stdout] test bump_files::tests::bump_file_updates_version ... ok
[INFO] [stdout] test api::tests::release_by_tag_url_package_tag ... ok
[INFO] [stdout] test bump_files::tests::bump_ios_calver_starting_from_zero ... ok
[INFO] [stdout] test bump_files::tests::bump_android_updates_version_code_and_name ... ok
[INFO] [stdout] test bump_files::tests::bump_ios_updates_versions ... ok
[INFO] [stdout] test bump_files::tests::bump_ios_semver_stable_does_not_change_in_calver_mode ... ok
[INFO] [stdout] test bump_files::tests::bump_ios_prerelease_translation ... ok
[INFO] [stdout] test bump_files::tests::bump_file_non_numeric_build_metadata_returns_error ... ok
[INFO] [stdout] test bump_files::tests::bump_ios_calver_increments_from_file ... ok
[INFO] [stdout] test bump_files::tests::bump_android_with_prerelease ... ok
[INFO] [stdout] test bump_files::tests::bump_npm_non_numeric_build_metadata_returns_error ... ok
[INFO] [stdout] test bump_files::tests::bump_npm_updates_version ... ok
[INFO] [stdout] test bump_files::tests::version_data_with_prerelease ... ok
[INFO] [stdout] test bump_files::tests::parse_path_root_placeholder ... ok
[INFO] [stdout] test bump_files::tests::version_data_no_match ... ok
[INFO] [stdout] test bump_files::tests::version_data_plain_semver ... ok
[INFO] [stdout] test bump_files::tests::version_data_with_build_metadata ... ok
[INFO] [stdout] test changelog::tests::spec_breaking_change_footer ... ok
[INFO] [stdout] test bump_files::tests::version_data_full ... ok
[INFO] [stdout] test bump_files::tests::parse_path_subdir ... ok
[INFO] [stdout] test changelog::tests::spec_breaking_change_footer_after_multiline_body ... ok
[INFO] [stdout] test changelog::tests::spec_custom_type_parsed ... ok
[INFO] [stdout] test changelog::tests::spec_exclamation_mark_overridden_by_footer ... ok
[INFO] [stdout] test changelog::tests::spec_empty_description_is_ignored ... ok
[INFO] [stdout] test changelog::tests::spec_description_with_special_chars ... ok
[INFO] [stdout] test changelog::tests::spec_breaking_change_on_unrecognized_type_triggers_fallback ... ok
[INFO] [stdout] test changelog::tests::spec_exclamation_mark_without_footer ... ok
[INFO] [stdout] test changelog::tests::spec_exclamation_mark_with_scope ... ok
[INFO] [stdout] test changelog::tests::spec_exclamation_mark_with_breaking_change_footer ... ok
[INFO] [stdout] test changelog::tests::spec_fix_type_parsed ... ok
[INFO] [stdout] test changelog::tests::spec_scope_with_dots_and_dashes ... ok
[INFO] [stdout] test changelog::tests::spec_multiple_breaking_changes_last_one_wins ... ok
[INFO] [stdout] test changelog::tests::spec_feat_type_parsed ... ok
[INFO] [stdout] test changelog::tests::spec_multiple_commits_same_type ... ok
[INFO] [stdout] test changelog::tests::spec_missing_space_after_colon_is_ignored ... ok
[INFO] [stdout] test changelog::tests::spec_scope_with_slash ... ok
[INFO] [stdout] test changelog::tests::write_notes_first_release_no_compare_link ... ok
[INFO] [stdout] test changelog::tests::write_notes_scope_grouping ... ok
[INFO] [stdout] test changelog::tests::write_notes_subsequent_release_has_compare_link ... ok
[INFO] [stdout] test changelog::tests::write_notes_sections_ordered_by_release_types ... ok
[INFO] [stdout] test changelog::tests::write_notes_breaking_changes_section ... ok
[INFO] [stdout] test changelog::tests::spec_no_type_prefix_ignored ... ok
[INFO] [stdout] test ctx::tests::ctx_calver_missing_format ... ok
[INFO] [stdout] test changelog::tests::spec_scope_is_optional ... ok
[INFO] [stdout] test ctx::tests::ctx_calver_rejects_no_micro ... ok
[INFO] [stdout] test changelog::tests::spec_unrecognized_type_ignored ... ok
[INFO] [stdout] test ctx::tests::ctx_calver_per_package_requires_a_format ... ok
[INFO] [stdout] test ctx::tests::ctx_calver_rejects_invalid_segment ... ok
[INFO] [stdout] test ctx::tests::ctx_calver_per_package_rejects_invalid_segment ... ok
[INFO] [stdout] test ctx::tests::ctx_calver_rejects_pre_id ... ok
[INFO] [stdout] test ctx::tests::ctx_calver_per_package_rejects_no_micro ... ok
[INFO] [stdout] test ctx::tests::ctx_calver_rejects_two_segments ... ok
[INFO] [stdout] test ctx::tests::ctx_calver_per_package_inherits_global_format ... FAILED
[INFO] [stdout] test ctx::tests::ctx_calver_accepts_every_ordered_format ... FAILED
[INFO] [stdout] test ctx::tests::ctx_calver_rejects_out_of_order_segments ... ok
[INFO] [stdout] test ctx::tests::ctx_calver_valid_config ... FAILED
[INFO] [stdout] test ctx::tests::ctx_invalid_versioning ... ok
[INFO] [stdout] test ctx::tests::ctx_rejects_unsupported_target ... ok
[INFO] [stdout] test ctx::tests::ctx_rejects_empty_section ... ok
[INFO] [stdout] test ctx::tests::ctx_rejects_reserved_type_with_custom_bump ... ok
[INFO] [stdout] test ctx::tests::ctx_calver_validates_per_package_format ... ok
[INFO] [stdout] test ctx::tests::ctx_rejects_invalid_bump_type ... ok
[INFO] [stdout] test git::tests::drop_removes_git_committer_name_if_was_undefined ... ok
[INFO] [stdout] test ctx::tests::ctx_rejects_no_bump_files ... ok
[INFO] [stdout] test git::tests::commit_new_empty_fields ... ok
[INFO] [stdout] test git::tests::commit_new_sets_fields ... ok
[INFO] [stdout] test git::tests::drop_restores_git_author_name ... ok
[INFO] [stdout] test git::tests::drop_restores_git_committer_email ... ok
[INFO] [stdout] test git::tests::drop_restores_git_committer_name ... ok
[INFO] [stdout] test git::tests::parse_ls_remote_ref_finds_exact_ref ... ok
[INFO] [stdout] test git::tests::parse_ls_remote_ref_ignores_refs_sharing_a_suffix ... ok
[INFO] [stdout] test git::tests::parse_ls_remote_ref_empty_output ... ok
[INFO] [stdout] test git::tests::parse_origin_url_https ... ok
[INFO] [stdout] test git::tests::parse_origin_url_repo_with_dots ... ok
[INFO] [stdout] test git::tests::parse_origin_url_repo_with_subdomain ... ok
[INFO] [stdout] test git::tests::parse_origin_url_repo_with_dots_and_git_suffix ... ok
[INFO] [stdout] test git::tests::drop_restores_git_author_email ... ok
[INFO] [stdout] test git::tests::drop_removes_git_committer_email_if_was_undefined ... ok
[INFO] [stdout] test ctx::tests::ctx_reserved_type_section_override ... FAILED
[INFO] [stdout] test git::tests::parse_origin_url_ssh ... ok
[INFO] [stdout] test git::tests::parse_origin_url_ssh_repo_with_subdomain ... ok
[INFO] [stdout] test git::tests::parse_version_rejects_segment_overflowing_u64 ... ok
[INFO] [stdout] test git::tests::parse_origin_url_https_with_git_suffix ... ok
[INFO] [stdout] test git::tests::parse_version_rejects_wrong_segment_count ... ok
[INFO] [stdout] test ctx::tests::ctx_valid_config_succeeds ... FAILED
[INFO] [stdout] test git::tests::parse_version_multi_digit_segments ... ok
[INFO] [stdout] test git::tests::parse_origin_url_ssh_without_git_suffix ... ok
[INFO] [stdout] test git::tests::parse_origin_url_ssh_repo_with_dots ... ok
[INFO] [stdout] test ctx::tests::ctx_semver_package_ignores_calver_format ... FAILED
[INFO] [stdout] test git::tests::parse_version_rejects_non_numeric_segments ... ok
[INFO] [stdout] test git::tests::release_info_new_parses_zero_padded_calver ... ok
[INFO] [stdout] test git::tests::release_info_new_parses_zero_padded_calver_prerelease ... ok
[INFO] [stdout] test git::tests::release_info_update_head ... ok
[INFO] [stdout] test git::tests::resolve_env_falls_back_to_secondary ... ok
[INFO] [stdout] test git::tests::resolve_env_returns_default ... ok
[INFO] [stdout] test git::tests::release_info_initial_flag ... ok
[INFO] [stdout] test git::tests::release_info_new_parses_tag ... ok
[INFO] [stdout] test git::tests::release_info_tag_formats_correctly ... ok
[INFO] [stdout] test git::tests::release_info_tag_with_package_prefix ... ok
[INFO] [stdout] test git::tests::release_info_new_with_prerelease ... ok
[INFO] [stdout] test git::tests::sort_releases_calver_short_and_long_years ... ok
[INFO] [stdout] test git::tests::sort_releases_calver_two_digit_micro_and_month ... ok
[INFO] [stdout] test git::tests::resolve_env_returns_primary ... ok
[INFO] [stdout] test git::tests::sort_releases_calver_multi_digit_micro ... ok
[INFO] [stdout] test git::tests::sort_releases_large_numbers_up_to_u64_max ... ok
[INFO] [stdout] test git::tests::sort_releases_higher_segment_wins_over_more_digits_below ... ok
[INFO] [stdout] test git::tests::sort_releases_is_independent_of_input_order ... ok
[INFO] [stdout] test git::tests::sort_releases_major_digit_count_boundaries ... ok
[INFO] [stdout] test git::tests::sort_releases_minor_digit_count_boundaries ... ok
[INFO] [stdout] test git::tests::sort_releases_mixed_digit_counts_in_every_segment ... ok
[INFO] [stdout] test git::tests::sort_releases_with_package_prefix ... ok
[INFO] [stdout] test git::tests::sort_releases_prerelease_below_release ... ok
[INFO] [stdout] test package::tests::calver_feat_does_not_trigger_minor ... ok
[INFO] [stdout] test git::tests::sort_releases_patch_digit_count_boundaries ... ok
[INFO] [stdout] test git::tests::sort_releases_two_digit_minor_and_major ... ok
[INFO] [stdout] test package::tests::calver_increments_micro_same_month ... ok
[INFO] [stdout] test package::tests::calver_month_keeps_calendar_year_at_end_of_december ... ok
[INFO] [stdout] test git::tests::sort_releases_multi_digit_prerelease_numbers ... ok
[INFO] [stdout] test git::tests::sort_releases_two_digit_patch_is_newest ... ok
[INFO] [stdout] test package::tests::calver_increments_micro_when_last_tag_is_padded ... ok
[INFO] [stdout] test package::tests::calver_first_release ... ok
[INFO] [stdout] test package::tests::calver_multiple_releases_same_period ... ok
[INFO] [stdout] test package::tests::calver_no_commits_returns_false ... ok
[INFO] [stdout] test package::tests::calver_breaking_change_does_not_affect_version ... ok
[INFO] [stdout] test package::tests::calver_resets_micro_new_month ... ok
[INFO] [stdout] test package::tests::calver_increments_multi_digit_micro ... ok
[INFO] [stdout] test package::tests::calver_increments_micro_when_last_tag_is_unpadded ... ok
[INFO] [stdout] test package::tests::calver_week_year_applies_to_every_year_segment ... ok
[INFO] [stdout] test package::tests::calver_week_uses_iso_week_year_at_end_of_december ... ok
[INFO] [stdout] test package::tests::calver_version_helper_zero_padded ... ok
[INFO] [stdout] test package::tests::calver_version_helper_short_year ... ok
[INFO] [stdout] test package::tests::calver_week_uses_iso_week_year_at_start_of_january ... ok
[INFO] [stdout] test package::tests::calver_version_helper ... ok
[INFO] [stdout] test package::tests::calver_week_versions_increase_across_new_year ... ok
[INFO] [stdout] test package::tests::calver_zero_padded_format_full_flow ... ok
[INFO] [stdout] test package::tests::load_changelog_initial_release ... ok
[INFO] [stdout] test package::tests::load_changelog_prerelease_from_stable ... ok
[INFO] [stdout] test package::tests::load_changelog_minor_bump ... ok
[INFO] [stdout] test package::tests::load_changelog_major_bump ... ok
[INFO] [stdout] test package::tests::load_changelog_initial_release_prerelease ... ok
[INFO] [stdout] test package::tests::pkg_new_named_package_tag_prefix ... ok
[INFO] [stdout] test setup::tests::build_config_basic ... ok
[INFO] [stdout] test package::tests::pkg_new_root_tag_prefix ... ok
[INFO] [stdout] test setup::tests::build_config_monorepo_per_package_versioning ... ok
[INFO] [stdout] test setup::tests::build_config_calver ... ok
[INFO] [stdout] test setup::tests::build_config_monorepo_packages ... ok
[INFO] [stdout] test setup::tests::build_config_multiple_targets ... ok
[INFO] [stdout] test package::tests::load_changelog_no_relevant_commits_returns_false ... ok
[INFO] [stdout] test package::tests::load_changelog_patch_bump ... ok
[INFO] [stdout] test package::tests::load_changelog_prerelease_increment ... ok
[INFO] [stdout] test package::tests::load_changelog_prerelease_id_change ... ok
[INFO] [stdout] test package::tests::semver_pkg_ignores_global_calver ... ok
[INFO] [stdout] test setup::tests::build_config_with_all_options ... ok
[INFO] [stdout] 
[INFO] [stdout] failures:
[INFO] [stdout] 
[INFO] [stdout] ---- ctx::tests::ctx_calver_per_package_inherits_global_format stdout ----
[INFO] [stdout] 
[INFO] [stdout] thread 'ctx::tests::ctx_calver_per_package_inherits_global_format' (1449) panicked at src/ctx.rs:650:66:
[INFO] [stdout] called `Result::unwrap()` on an `Err` value: failed to create git api
[INFO] [stdout] 
[INFO] [stdout] Caused by:
[INFO] [stdout]     failed to parse remote url: 
[INFO] [stdout] 
[INFO] [stdout] Stack backtrace:
[INFO] [stdout]    0: donder_release::git::parse_origin_url
[INFO] [stdout]    1: <donder_release::git::Git>::new
[INFO] [stdout]    2: <donder_release::ctx::Ctx>::new
[INFO] [stdout]    3: donder_release::ctx::tests::ctx_calver_per_package_inherits_global_format
[INFO] [stdout]    4: <donder_release::ctx::tests::ctx_calver_per_package_inherits_global_format::{closure#0} as core::ops::function::FnOnce<()>>::call_once
[INFO] [stdout]    5: test::__rust_begin_short_backtrace::<core::result::Result<(), alloc::string::String>, fn() -> core::result::Result<(), alloc::string::String>>
[INFO] [stdout]    6: test::run_test::{closure#0}
[INFO] [stdout]    7: std::sys::backtrace::__rust_begin_short_backtrace::<test::run_test::{closure#1}, ()>
[INFO] [stdout]    8: <std::thread::lifecycle::spawn_unchecked<test::run_test::{closure#1}, ()>::{closure#1} as core::ops::function::FnOnce<()>>::call_once::{shim:vtable#0}
[INFO] [stdout]    9: <std::sys::thread::unix::Thread>::new::thread_start
[INFO] [stdout]   10: <unknown>
[INFO] [stdout]   11: clone
[INFO] [stdout] stack backtrace:
[INFO] [stdout]    0:     0x629bd8d42091 - <<std[70759c8f55707aa4]::sys::backtrace::BacktraceLock>::print::DisplayBacktrace as core[df12db4294e9bfd3]::fmt::Display>::fmt
[INFO] [stdout]    1:     0x629bd8d591ca - core[df12db4294e9bfd3]::fmt::write
[INFO] [stdout]    2:     0x629bd8d46d9c - <alloc[2182bb758b4b3781]::vec::Vec<u8> as core[df12db4294e9bfd3]::io::write::Write>::write_fmt
[INFO] [stdout]    3:     0x629bd8d1bce6 - std[70759c8f55707aa4]::panicking::default_hook::{closure#0}
[INFO] [stdout]    4:     0x629bd8d39479 - std[70759c8f55707aa4]::panicking::default_hook
[INFO] [stdout]    5:     0x629bd8bdec20 - test[9d35eded1c95d3be]::test_main_inner::<test[9d35eded1c95d3be]::test_main_static::{closure#0}>::{closure#0}
[INFO] [stdout]    6:     0x629bd8d39632 - std[70759c8f55707aa4]::panicking::panic_with_hook
[INFO] [stdout]    7:     0x629bd8d1bd92 - std[70759c8f55707aa4]::panicking::panic_handler::{closure#0}
[INFO] [stdout]    8:     0x629bd8d14149 - std[70759c8f55707aa4]::sys::backtrace::__rust_end_short_backtrace::<std[70759c8f55707aa4]::panicking::panic_handler::{closure#0}, !>
[INFO] [stdout]    9:     0x629bd8d1ccbd - __rustc[8fa7c3cbc660c2b3]::rust_begin_unwind
[INFO] [stdout]   10:     0x629bd8d599ac - core[df12db4294e9bfd3]::panicking::panic_fmt
[INFO] [stdout]   11:     0x629bd8d59782 - core[df12db4294e9bfd3]::result::unwrap_failed
[INFO] [stdout]   12:     0x629bd8ba825e - donder_release[23dad8f1a1b252d]::ctx::tests::ctx_calver_per_package_inherits_global_format
[INFO] [stdout]   13:     0x629bd8b6fcc9 - <donder_release[23dad8f1a1b252d]::ctx::tests::ctx_calver_per_package_inherits_global_format::{closure#0} as core[df12db4294e9bfd3]::ops::function::FnOnce<()>>::call_once
[INFO] [stdout]   14:     0x629bd8bd1f0b - test[9d35eded1c95d3be]::__rust_begin_short_backtrace::<core[df12db4294e9bfd3]::result::Result<(), alloc[2182bb758b4b3781]::string::String>, fn() -> core[df12db4294e9bfd3]::result::Result<(), alloc[2182bb758b4b3781]::string::String>>
[INFO] [stdout]   15:     0x629bd8bdf575 - test[9d35eded1c95d3be]::run_test::{closure#0}
[INFO] [stdout]   16:     0x629bd8bd8e34 - std[70759c8f55707aa4]::sys::backtrace::__rust_begin_short_backtrace::<test[9d35eded1c95d3be]::run_test::{closure#1}, ()>
[INFO] [stdout]   17:     0x629bd8be26d2 - <std[70759c8f55707aa4]::thread::lifecycle::spawn_unchecked<test[9d35eded1c95d3be]::run_test::{closure#1}, ()>::{closure#1} as core[df12db4294e9bfd3]::ops::function::FnOnce<()>>::call_once::{shim:vtable#0}
[INFO] [stdout]   18:     0x629bd8d410e9 - <std[70759c8f55707aa4]::sys::thread::unix::Thread>::new::thread_start
[INFO] [stdout]   19:     0x75923c0bcdfa - <unknown>
[INFO] [stdout]   20:     0x75923c1503d4 - clone
[INFO] [stdout]   21:                0x0 - <unknown>
[INFO] [stdout] 
[INFO] [stdout] ---- ctx::tests::ctx_calver_accepts_every_ordered_format stdout ----
[INFO] [stdout] 
[INFO] [stdout] thread 'ctx::tests::ctx_calver_accepts_every_ordered_format' (1447) panicked at src/ctx.rs:599:13:
[INFO] [stdout] YYYY.MM.MICRO should be accepted
[INFO] [stdout] stack backtrace:
[INFO] [stdout]    0:     0x629bd8d42091 - <<std[70759c8f55707aa4]::sys::backtrace::BacktraceLock>::print::DisplayBacktrace as core[df12db4294e9bfd3]::fmt::Display>::fmt
[INFO] [stdout]    1:     0x629bd8d591ca - core[df12db4294e9bfd3]::fmt::write
[INFO] [stdout]    2:     0x629bd8d46d9c - <alloc[2182bb758b4b3781]::vec::Vec<u8> as core[df12db4294e9bfd3]::io::write::Write>::write_fmt
[INFO] [stdout]    3:     0x629bd8d1bce6 - std[70759c8f55707aa4]::panicking::default_hook::{closure#0}
[INFO] [stdout]    4:     0x629bd8d39479 - std[70759c8f55707aa4]::panicking::default_hook
[INFO] [stdout]    5:     0x629bd8bdec20 - test[9d35eded1c95d3be]::test_main_inner::<test[9d35eded1c95d3be]::test_main_static::{closure#0}>::{closure#0}
[INFO] [stdout]    6:     0x629bd8d39632 - std[70759c8f55707aa4]::panicking::panic_with_hook
[INFO] [stdout]    7:     0x629bd8d1bd92 - std[70759c8f55707aa4]::panicking::panic_handler::{closure#0}
[INFO] [stdout]    8:     0x629bd8d14149 - std[70759c8f55707aa4]::sys::backtrace::__rust_end_short_backtrace::<std[70759c8f55707aa4]::panicking::panic_handler::{closure#0}, !>
[INFO] [stdout]    9:     0x629bd8d1ccbd - __rustc[8fa7c3cbc660c2b3]::rust_begin_unwind
[INFO] [stdout]   10:     0x629bd8d599ac - core[df12db4294e9bfd3]::panicking::panic_fmt
[INFO] [stdout]   11:     0x629bd8ba6c90 - donder_release[23dad8f1a1b252d]::ctx::tests::ctx_calver_accepts_every_ordered_format
[INFO] [stdout]   12:     0x629bd8b6fbe9 - <donder_release[23dad8f1a1b252d]::ctx::tests::ctx_calver_accepts_every_ordered_format::{closure#0} as core[df12db4294e9bfd3]::ops::function::FnOnce<()>>::call_once
[INFO] [stdout]   13:     0x629bd8bd1f0b - test[9d35eded1c95d3be]::__rust_begin_short_backtrace::<core[df12db4294e9bfd3]::result::Result<(), alloc[2182bb758b4b3781]::string::String>, fn() -> core[df12db4294e9bfd3]::result::Result<(), alloc[2182bb758b4b3781]::string::String>>
[INFO] [stdout]   14:     0x629bd8bdf575 - test[9d35eded1c95d3be]::run_test::{closure#0}
[INFO] [stdout]   15:     0x629bd8bd8e34 - std[70759c8f55707aa4]::sys::backtrace::__rust_begin_short_backtrace::<test[9d35eded1c95d3be]::run_test::{closure#1}, ()>
[INFO] [stdout]   16:     0x629bd8be26d2 - <std[70759c8f55707aa4]::thread::lifecycle::spawn_unchecked<test[9d35eded1c95d3be]::run_test::{closure#1}, ()>::{closure#1} as core[df12db4294e9bfd3]::ops::function::FnOnce<()>>::call_once::{shim:vtable#0}
[INFO] [stdout]   17:     0x629bd8d410e9 - <std[70759c8f55707aa4]::sys::thread::unix::Thread>::new::thread_start
[INFO] [stdout]   18:     0x75923c0bcdfa - <unknown>
[INFO] [stdout]   19:     0x75923c1503d4 - clone
[INFO] [stdout]   20:                0x0 - <unknown>
[INFO] [stdout] 
[INFO] [stdout] ---- ctx::tests::ctx_calver_valid_config stdout ----
[INFO] [stdout] 
[INFO] [stdout] thread 'ctx::tests::ctx_calver_valid_config' (1460) panicked at src/ctx.rs:524:9:
[INFO] [stdout] assertion failed: result.is_ok()
[INFO] [stderr] error: test failed, to rerun pass `--bin donder-release`
[INFO] [stdout] stack backtrace:
[INFO] [stdout]    0:     0x629bd8d42091 - <<std[70759c8f55707aa4]::sys::backtrace::BacktraceLock>::print::DisplayBacktrace as core[df12db4294e9bfd3]::fmt::Display>::fmt
[INFO] [stdout]    1:     0x629bd8d591ca - core[df12db4294e9bfd3]::fmt::write
[INFO] [stdout]    2:     0x629bd8d46d9c - <alloc[2182bb758b4b3781]::vec::Vec<u8> as core[df12db4294e9bfd3]::io::write::Write>::write_fmt
[INFO] [stdout]    3:     0x629bd8d1bce6 - std[70759c8f55707aa4]::panicking::default_hook::{closure#0}
[INFO] [stdout]    4:     0x629bd8d39479 - std[70759c8f55707aa4]::panicking::default_hook
[INFO] [stdout]    5:     0x629bd8bdec20 - test[9d35eded1c95d3be]::test_main_inner::<test[9d35eded1c95d3be]::test_main_static::{closure#0}>::{closure#0}
[INFO] [stdout]    6:     0x629bd8d39632 - std[70759c8f55707aa4]::panicking::panic_with_hook
[INFO] [stdout]    7:     0x629bd8d1bdc4 - std[70759c8f55707aa4]::panicking::panic_handler::{closure#0}
[INFO] [stdout]    8:     0x629bd8d14149 - std[70759c8f55707aa4]::sys::backtrace::__rust_end_short_backtrace::<std[70759c8f55707aa4]::panicking::panic_handler::{closure#0}, !>
[INFO] [stdout]    9:     0x629bd8d1ccbd - __rustc[8fa7c3cbc660c2b3]::rust_begin_unwind
[INFO] [stdout]   10:     0x629bd8d599ac - core[df12db4294e9bfd3]::panicking::panic_fmt
[INFO] [stdout]   11:     0x629bd8d59972 - core[df12db4294e9bfd3]::panicking::panic
[INFO] [stdout]   12:     0x629bd8ba4963 - donder_release[23dad8f1a1b252d]::ctx::tests::ctx_calver_valid_config
[INFO] [stdout]   13:     0x629bd8b6fa69 - <donder_release[23dad8f1a1b252d]::ctx::tests::ctx_calver_valid_config::{closure#0} as core[df12db4294e9bfd3]::ops::function::FnOnce<()>>::call_once
[INFO] [stdout]   14:     0x629bd8bd1f0b - test[9d35eded1c95d3be]::__rust_begin_short_backtrace::<core[df12db4294e9bfd3]::result::Result<(), alloc[2182bb758b4b3781]::string::String>, fn() -> core[df12db4294e9bfd3]::result::Result<(), alloc[2182bb758b4b3781]::string::String>>
[INFO] [stdout]   15:     0x629bd8bdf575 - test[9d35eded1c95d3be]::run_test::{closure#0}
[INFO] [stdout]   16:     0x629bd8bd8e34 - std[70759c8f55707aa4]::sys::backtrace::__rust_begin_short_backtrace::<test[9d35eded1c95d3be]::run_test::{closure#1}, ()>
[INFO] [stdout]   17:     0x629bd8be26d2 - <std[70759c8f55707aa4]::thread::lifecycle::spawn_unchecked<test[9d35eded1c95d3be]::run_test::{closure#1}, ()>::{closure#1} as core[df12db4294e9bfd3]::ops::function::FnOnce<()>>::call_once::{shim:vtable#0}
[INFO] [stdout]   18:     0x629bd8d410e9 - <std[70759c8f55707aa4]::sys::thread::unix::Thread>::new::thread_start
[INFO] [stdout]   19:     0x75923c0bcdfa - <unknown>
[INFO] [stdout]   20:     0x75923c1503d4 - clone
[INFO] [stdout]   21:                0x0 - <unknown>
[INFO] [stdout] 
[INFO] [stdout] ---- ctx::tests::ctx_reserved_type_section_override stdout ----
[INFO] [stdout] 
[INFO] [stdout] thread 'ctx::tests::ctx_reserved_type_section_override' (1469) panicked at src/ctx.rs:506:9:
[INFO] [stdout] assertion failed: result.is_ok()
[INFO] [stdout] stack backtrace:
[INFO] [stdout]    0:     0x629bd8d42091 - <<std[70759c8f55707aa4]::sys::backtrace::BacktraceLock>::print::DisplayBacktrace as core[df12db4294e9bfd3]::fmt::Display>::fmt
[INFO] [stdout]    1:     0x629bd8d591ca - core[df12db4294e9bfd3]::fmt::write
[INFO] [stdout]    2:     0x629bd8d46d9c - <alloc[2182bb758b4b3781]::vec::Vec<u8> as core[df12db4294e9bfd3]::io::write::Write>::write_fmt
[INFO] [stdout]    3:     0x629bd8d1bce6 - std[70759c8f55707aa4]::panicking::default_hook::{closure#0}
[INFO] [stdout]    4:     0x629bd8d39479 - std[70759c8f55707aa4]::panicking::default_hook
[INFO] [stdout]    5:     0x629bd8bdec20 - test[9d35eded1c95d3be]::test_main_inner::<test[9d35eded1c95d3be]::test_main_static::{closure#0}>::{closure#0}
[INFO] [stdout]    6:     0x629bd8d39632 - std[70759c8f55707aa4]::panicking::panic_with_hook
[INFO] [stdout]    7:     0x629bd8d1bdc4 - std[70759c8f55707aa4]::panicking::panic_handler::{closure#0}
[INFO] [stdout]    8:     0x629bd8d14149 - std[70759c8f55707aa4]::sys::backtrace::__rust_end_short_backtrace::<std[70759c8f55707aa4]::panicking::panic_handler::{closure#0}, !>
[INFO] [stdout]    9:     0x629bd8d1ccbd - __rustc[8fa7c3cbc660c2b3]::rust_begin_unwind
[INFO] [stdout]   10:     0x629bd8d599ac - core[df12db4294e9bfd3]::panicking::panic_fmt
[INFO] [stdout]   11:     0x629bd8d59972 - core[df12db4294e9bfd3]::panicking::panic
[INFO] [stdout]   12:     0x629bd8ba6937 - donder_release[23dad8f1a1b252d]::ctx::tests::ctx_reserved_type_section_override
[INFO] [stdout]   13:     0x629bd8b6fbc9 - <donder_release[23dad8f1a1b252d]::ctx::tests::ctx_reserved_type_section_override::{closure#0} as core[df12db4294e9bfd3]::ops::function::FnOnce<()>>::call_once
[INFO] [stdout]   14:     0x629bd8bd1f0b - test[9d35eded1c95d3be]::__rust_begin_short_backtrace::<core[df12db4294e9bfd3]::result::Result<(), alloc[2182bb758b4b3781]::string::String>, fn() -> core[df12db4294e9bfd3]::result::Result<(), alloc[2182bb758b4b3781]::string::String>>
[INFO] [stdout]   15:     0x629bd8bdf575 - test[9d35eded1c95d3be]::run_test::{closure#0}
[INFO] [stdout]   16:     0x629bd8bd8e34 - std[70759c8f55707aa4]::sys::backtrace::__rust_begin_short_backtrace::<test[9d35eded1c95d3be]::run_test::{closure#1}, ()>
[INFO] [stdout]   17:     0x629bd8be26d2 - <std[70759c8f55707aa4]::thread::lifecycle::spawn_unchecked<test[9d35eded1c95d3be]::run_test::{closure#1}, ()>::{closure#1} as core[df12db4294e9bfd3]::ops::function::FnOnce<()>>::call_once::{shim:vtable#0}
[INFO] [stdout]   18:     0x629bd8d410e9 - <std[70759c8f55707aa4]::sys::thread::unix::Thread>::new::thread_start
[INFO] [stdout]   19:     0x75923c0bcdfa - <unknown>
[INFO] [stdout]   20:     0x75923c1503d4 - clone
[INFO] [stdout]   21:                0x0 - <unknown>
[INFO] [stdout] 
[INFO] [stdout] ---- ctx::tests::ctx_valid_config_succeeds stdout ----
[INFO] [stdout] 
[INFO] [stdout] thread 'ctx::tests::ctx_valid_config_succeeds' (1471) panicked at src/ctx.rs:488:9:
[INFO] [stdout] assertion failed: result.is_ok()
[INFO] [stdout] stack backtrace:
[INFO] [stdout]    0:     0x629bd8d42091 - <<std[70759c8f55707aa4]::sys::backtrace::BacktraceLock>::print::DisplayBacktrace as core[df12db4294e9bfd3]::fmt::Display>::fmt
[INFO] [stdout]    1:     0x629bd8d591ca - core[df12db4294e9bfd3]::fmt::write
[INFO] [stdout]    2:     0x629bd8d46d9c - <alloc[2182bb758b4b3781]::vec::Vec<u8> as core[df12db4294e9bfd3]::io::write::Write>::write_fmt
[INFO] [stdout]    3:     0x629bd8d1bce6 - std[70759c8f55707aa4]::panicking::default_hook::{closure#0}
[INFO] [stdout]    4:     0x629bd8d39479 - std[70759c8f55707aa4]::panicking::default_hook
[INFO] [stdout]    5:     0x629bd8bdec20 - test[9d35eded1c95d3be]::test_main_inner::<test[9d35eded1c95d3be]::test_main_static::{closure#0}>::{closure#0}
[INFO] [stdout]    6:     0x629bd8d39632 - std[70759c8f55707aa4]::panicking::panic_with_hook
[INFO] [stdout]    7:     0x629bd8d1bdc4 - std[70759c8f55707aa4]::panicking::panic_handler::{closure#0}
[INFO] [stdout]    8:     0x629bd8d14149 - std[70759c8f55707aa4]::sys::backtrace::__rust_end_short_backtrace::<std[70759c8f55707aa4]::panicking::panic_handler::{closure#0}, !>
[INFO] [stdout]    9:     0x629bd8d1ccbd - __rustc[8fa7c3cbc660c2b3]::rust_begin_unwind
[INFO] [stdout]   10:     0x629bd8d599ac - core[df12db4294e9bfd3]::panicking::panic_fmt
[INFO] [stdout]   11:     0x629bd8d59972 - core[df12db4294e9bfd3]::panicking::panic
[INFO] [stdout]   12:     0x629bd8ba57be - donder_release[23dad8f1a1b252d]::ctx::tests::ctx_valid_config_succeeds
[INFO] [stdout]   13:     0x629bd8b6fb09 - <donder_release[23dad8f1a1b252d]::ctx::tests::ctx_valid_config_succeeds::{closure#0} as core[df12db4294e9bfd3]::ops::function::FnOnce<()>>::call_once
[INFO] [stdout]   14:     0x629bd8bd1f0b - test[9d35eded1c95d3be]::__rust_begin_short_backtrace::<core[df12db4294e9bfd3]::result::Result<(), alloc[2182bb758b4b3781]::string::String>, fn() -> core[df12db4294e9bfd3]::result::Result<(), alloc[2182bb758b4b3781]::string::String>>
[INFO] [stdout]   15:     0x629bd8bdf575 - test[9d35eded1c95d3be]::run_test::{closure#0}
[INFO] [stdout]   16:     0x629bd8bd8e34 - std[70759c8f55707aa4]::sys::backtrace::__rust_begin_short_backtrace::<test[9d35eded1c95d3be]::run_test::{closure#1}, ()>
[INFO] [stdout]   17:     0x629bd8be26d2 - <std[70759c8f55707aa4]::thread::lifecycle::spawn_unchecked<test[9d35eded1c95d3be]::run_test::{closure#1}, ()>::{closure#1} as core[df12db4294e9bfd3]::ops::function::FnOnce<()>>::call_once::{shim:vtable#0}
[INFO] [stdout]   18:     0x629bd8d410e9 - <std[70759c8f55707aa4]::sys::thread::unix::Thread>::new::thread_start
[INFO] [stdout]   19:     0x75923c0bcdfa - <unknown>
[INFO] [stdout]   20:     0x75923c1503d4 - clone
[INFO] [stdout]   21:                0x0 - <unknown>
[INFO] [stdout] 
[INFO] [stdout] ---- ctx::tests::ctx_semver_package_ignores_calver_format stdout ----
[INFO] [stdout] 
[INFO] [stdout] thread 'ctx::tests::ctx_semver_package_ignores_calver_format' (1470) panicked at src/ctx.rs:672:9:
[INFO] [stdout] assertion failed: Ctx::new(config, "".to_string(), true, vec![]).is_ok()
[INFO] [stdout] stack backtrace:
[INFO] [stdout]    0:     0x629bd8d42091 - <<std[70759c8f55707aa4]::sys::backtrace::BacktraceLock>::print::DisplayBacktrace as core[df12db4294e9bfd3]::fmt::Display>::fmt
[INFO] [stdout]    1:     0x629bd8d591ca - core[df12db4294e9bfd3]::fmt::write
[INFO] [stdout]    2:     0x629bd8d46d9c - <alloc[2182bb758b4b3781]::vec::Vec<u8> as core[df12db4294e9bfd3]::io::write::Write>::write_fmt
[INFO] [stdout]    3:     0x629bd8d1bce6 - std[70759c8f55707aa4]::panicking::default_hook::{closure#0}
[INFO] [stdout]    4:     0x629bd8d39479 - std[70759c8f55707aa4]::panicking::default_hook
[INFO] [stdout]    5:     0x629bd8bdec20 - test[9d35eded1c95d3be]::test_main_inner::<test[9d35eded1c95d3be]::test_main_static::{closure#0}>::{closure#0}
[INFO] [stdout]    6:     0x629bd8d39632 - std[70759c8f55707aa4]::panicking::panic_with_hook
[INFO] [stdout]    7:     0x629bd8d1bdc4 - std[70759c8f55707aa4]::panicking::panic_handler::{closure#0}
[INFO] [stdout]    8:     0x629bd8d14149 - std[70759c8f55707aa4]::sys::backtrace::__rust_end_short_backtrace::<std[70759c8f55707aa4]::panicking::panic_handler::{closure#0}, !>
[INFO] [stdout]    9:     0x629bd8d1ccbd - __rustc[8fa7c3cbc660c2b3]::rust_begin_unwind
[INFO] [stdout]   10:     0x629bd8d599ac - core[df12db4294e9bfd3]::panicking::panic_fmt
[INFO] [stdout]   11:     0x629bd8d59972 - core[df12db4294e9bfd3]::panicking::panic
[INFO] [stdout]   12:     0x629bd8ba7d46 - donder_release[23dad8f1a1b252d]::ctx::tests::ctx_semver_package_ignores_calver_format
[INFO] [stdout]   13:     0x629bd8b6fc89 - <donder_release[23dad8f1a1b252d]::ctx::tests::ctx_semver_package_ignores_calver_format::{closure#0} as core[df12db4294e9bfd3]::ops::function::FnOnce<()>>::call_once
[INFO] [stdout]   14:     0x629bd8bd1f0b - test[9d35eded1c95d3be]::__rust_begin_short_backtrace::<core[df12db4294e9bfd3]::result::Result<(), alloc[2182bb758b4b3781]::string::String>, fn() -> core[df12db4294e9bfd3]::result::Result<(), alloc[2182bb758b4b3781]::string::String>>
[INFO] [stdout]   15:     0x629bd8bdf575 - test[9d35eded1c95d3be]::run_test::{closure#0}
[INFO] [stdout]   16:     0x629bd8bd8e34 - std[70759c8f55707aa4]::sys::backtrace::__rust_begin_short_backtrace::<test[9d35eded1c95d3be]::run_test::{closure#1}, ()>
[INFO] [stdout]   17:     0x629bd8be26d2 - <std[70759c8f55707aa4]::thread::lifecycle::spawn_unchecked<test[9d35eded1c95d3be]::run_test::{closure#1}, ()>::{closure#1} as core[df12db4294e9bfd3]::ops::function::FnOnce<()>>::call_once::{shim:vtable#0}
[INFO] [stdout]   18:     0x629bd8d410e9 - <std[70759c8f55707aa4]::sys::thread::unix::Thread>::new::thread_start
[INFO] [stdout]   19:     0x75923c0bcdfa - <unknown>
[INFO] [stdout]   20:     0x75923c1503d4 - clone
[INFO] [stdout]   21:                0x0 - <unknown>
[INFO] [stdout] 
[INFO] [stdout] 
[INFO] [stdout] failures:
[INFO] [stdout]     ctx::tests::ctx_calver_accepts_every_ordered_format
[INFO] [stdout]     ctx::tests::ctx_calver_per_package_inherits_global_format
[INFO] [stdout]     ctx::tests::ctx_calver_valid_config
[INFO] [stdout]     ctx::tests::ctx_reserved_type_section_override
[INFO] [stdout]     ctx::tests::ctx_semver_package_ignores_calver_format
[INFO] [stdout]     ctx::tests::ctx_valid_config_succeeds
[INFO] [stdout] 
[INFO] [stdout] test result: FAILED. 150 passed; 6 failed; 0 ignored; 0 measured; 0 filtered out; finished in 0.21s
[INFO] [stdout] 
[INFO] running `Command { std: "docker" "inspect" "6af1b9cb3a7e26620f3887fdb7fea119209e27e5e2b4daa4b1d9334a5572711f", kill_on_drop: false }`
[INFO] running `Command { std: "docker" "rm" "-f" "6af1b9cb3a7e26620f3887fdb7fea119209e27e5e2b4daa4b1d9334a5572711f", kill_on_drop: false }`
[INFO] [stdout] 6af1b9cb3a7e26620f3887fdb7fea119209e27e5e2b4daa4b1d9334a5572711f
