[INFO] fetching crate donde 0.1.1...
[INFO] testing donde-0.1.1 against 1.100.0-beta.1+cargoflags=--release for beta-release-1.100-2
[INFO] extracting crate donde 0.1.1 into /workspace/builds/worker-7-tc2/source
[INFO] started tweaking crates.io crate donde 0.1.1
[INFO] finished tweaking crates.io crate donde 0.1.1
[INFO] tweaked toml for crates.io crate donde 0.1.1 written to /workspace/builds/worker-7-tc2/source/Cargo.toml
[INFO] validating manifest of crates.io crate donde 0.1.1 on toolchain 1.100.0-beta.1
[INFO] running `Command { std: CARGO_HOME="/workspace/cargo-home" RUSTUP_HOME="/workspace/rustup-home" "/workspace/cargo-home/bin/cargo" "+1.100.0-beta.1" "metadata" "--manifest-path" "Cargo.toml" "--no-deps", kill_on_drop: false }`
[INFO] crate crates.io crate donde 0.1.1 already has a lockfile, it will not be regenerated
[INFO] running `Command { std: CARGO_HOME="/workspace/cargo-home" RUSTUP_HOME="/workspace/rustup-home" "/workspace/cargo-home/bin/cargo" "+1.100.0-beta.1" "fetch" "--manifest-path" "Cargo.toml", kill_on_drop: false }`
[INFO] [stderr] warning: `package.homepage` is redundant with `package.repository`
[INFO] [stderr]   --> Cargo.toml:14:12
[INFO] [stderr]    |
[INFO] [stderr] 14 | homepage = "https://github.com/pacificbird/donde"
[INFO] [stderr]    |            ^^^^^^^^^^^^^^^^^^^^^^^^^^^^^^^^^^^^^^
[INFO] [stderr] ...
[INFO] [stderr] 19 | repository = "https://github.com/pacificbird/donde"
[INFO] [stderr]    |              --------------------------------------
[INFO] [stderr]    |
[INFO] [stderr]    = note: `cargo::redundant_homepage` is set to `warn` by default
[INFO] [stderr] help: consider removing `package.homepage`
[INFO] [stderr] warning: `donde` (manifest) generated 1 warning
[INFO] running `Command { std: "docker" "create" "-v" "/var/lib/crater-agent-workspace/builds/worker-7-tc2/source:/opt/rustwide/workdir:ro,Z" "-v" "/var/lib/crater-agent-workspace/builds/worker-7-tc2/target:/opt/rustwide/target:rw,Z" "-v" "/var/lib/crater-agent-workspace/cargo-home:/opt/rustwide/cargo-home:ro,Z" "-v" "/var/lib/crater-agent-workspace/rustup-home:/opt/rustwide/rustup-home:ro,Z" "-m" "1610612736" "--network" "none" "ghcr.io/rust-lang/crates-build-env/linux@sha256:77db811e55d90add9212f6832c23229e3de5f1c1f9905e8cb07319ea15df73ac" "sleep" "infinity", kill_on_drop: false }`
[INFO] [stdout] d1dbcbfef2ad62daf939fa20552ab5f3238034a2d456dcf7a982b3e4401c513b
[INFO] running `Command { std: "docker" "start" "d1dbcbfef2ad62daf939fa20552ab5f3238034a2d456dcf7a982b3e4401c513b", kill_on_drop: false }`
[INFO] running `Command { std: "docker" "inspect" "d1dbcbfef2ad62daf939fa20552ab5f3238034a2d456dcf7a982b3e4401c513b", kill_on_drop: false }`
[INFO] running `Command { std: "docker" "exec" "-e" "SOURCE_DIR=/opt/rustwide/workdir" "-e" "CARGO_HOME=/opt/rustwide/cargo-home" "-e" "RUSTUP_HOME=/opt/rustwide/rustup-home" "-e" "CARGO_TARGET_DIR=/opt/rustwide/target" "-w" "/opt/rustwide/workdir" "--user" "0:0" "d1dbcbfef2ad62daf939fa20552ab5f3238034a2d456dcf7a982b3e4401c513b" "/opt/rustwide/cargo-home/bin/cargo" "+1.100.0-beta.1" "metadata" "--no-deps" "--format-version=1", kill_on_drop: false }`
[INFO] running `Command { std: "docker" "inspect" "d1dbcbfef2ad62daf939fa20552ab5f3238034a2d456dcf7a982b3e4401c513b", kill_on_drop: false }`
[INFO] running `Command { std: "docker" "exec" "-e" "SOURCE_DIR=/opt/rustwide/workdir" "-e" "CARGO_HOME=/opt/rustwide/cargo-home" "-e" "RUSTUP_HOME=/opt/rustwide/rustup-home" "-e" "CARGO_TARGET_DIR=/opt/rustwide/target" "-e" "CARGO_INCREMENTAL=0" "-e" "RUST_BACKTRACE=full" "-e" "RUSTFLAGS=--cap-lints=warn" "-e" "RUSTDOCFLAGS=--cap-lints=warn" "-w" "/opt/rustwide/workdir" "--user" "0:0" "d1dbcbfef2ad62daf939fa20552ab5f3238034a2d456dcf7a982b3e4401c513b" "/opt/rustwide/cargo-home/bin/cargo" "+1.100.0-beta.1" "build" "--frozen" "--message-format=json" "--release", kill_on_drop: false }`
[INFO] [stderr] warning: `package.homepage` is redundant with `package.repository`
[INFO] [stderr]   --> Cargo.toml:14:12
[INFO] [stderr]    |
[INFO] [stderr] 14 | homepage = "https://github.com/pacificbird/donde"
[INFO] [stderr]    |            ^^^^^^^^^^^^^^^^^^^^^^^^^^^^^^^^^^^^^^
[INFO] [stderr] ...
[INFO] [stderr] 19 | repository = "https://github.com/pacificbird/donde"
[INFO] [stderr]    |              --------------------------------------
[INFO] [stderr]    |
[INFO] [stderr]    = note: `cargo::redundant_homepage` is set to `warn` by default
[INFO] [stderr] help: consider removing `package.homepage`
[INFO] [stderr] warning: `donde` (manifest) generated 1 warning
[INFO] [stderr]    Compiling donde v0.1.1 (/opt/rustwide/workdir)
[INFO] [stderr]     Finished `release` profile [optimized] target(s) in 0.09s
[INFO] running `Command { std: "docker" "inspect" "d1dbcbfef2ad62daf939fa20552ab5f3238034a2d456dcf7a982b3e4401c513b", kill_on_drop: false }`
[INFO] running `Command { std: "docker" "exec" "-e" "SOURCE_DIR=/opt/rustwide/workdir" "-e" "CARGO_HOME=/opt/rustwide/cargo-home" "-e" "RUSTUP_HOME=/opt/rustwide/rustup-home" "-e" "CARGO_TARGET_DIR=/opt/rustwide/target" "-e" "CARGO_INCREMENTAL=0" "-e" "RUST_BACKTRACE=full" "-e" "RUSTFLAGS=--cap-lints=warn" "-e" "RUSTDOCFLAGS=--cap-lints=warn" "-w" "/opt/rustwide/workdir" "--user" "0:0" "d1dbcbfef2ad62daf939fa20552ab5f3238034a2d456dcf7a982b3e4401c513b" "/opt/rustwide/cargo-home/bin/cargo" "+1.100.0-beta.1" "test" "--frozen" "--no-run" "--message-format=json" "--release", kill_on_drop: false }`
[INFO] [stderr] warning: `package.homepage` is redundant with `package.repository`
[INFO] [stderr]   --> Cargo.toml:14:12
[INFO] [stderr]    |
[INFO] [stderr] 14 | homepage = "https://github.com/pacificbird/donde"
[INFO] [stderr]    |            ^^^^^^^^^^^^^^^^^^^^^^^^^^^^^^^^^^^^^^
[INFO] [stderr] ...
[INFO] [stderr] 19 | repository = "https://github.com/pacificbird/donde"
[INFO] [stderr]    |              --------------------------------------
[INFO] [stderr]    |
[INFO] [stderr]    = note: `cargo::redundant_homepage` is set to `warn` by default
[INFO] [stderr] help: consider removing `package.homepage`
[INFO] [stderr] warning: `donde` (manifest) generated 1 warning
[INFO] [stderr]    Compiling donde v0.1.1 (/opt/rustwide/workdir)
[INFO] [stderr]     Finished `release` profile [optimized] target(s) in 0.46s
[INFO] running `Command { std: "docker" "inspect" "d1dbcbfef2ad62daf939fa20552ab5f3238034a2d456dcf7a982b3e4401c513b", kill_on_drop: false }`
[INFO] running `Command { std: "docker" "exec" "-e" "SOURCE_DIR=/opt/rustwide/workdir" "-e" "CARGO_HOME=/opt/rustwide/cargo-home" "-e" "RUSTUP_HOME=/opt/rustwide/rustup-home" "-e" "CARGO_TARGET_DIR=/opt/rustwide/target" "-e" "CARGO_INCREMENTAL=0" "-e" "RUST_BACKTRACE=full" "-e" "RUSTFLAGS=--cap-lints=warn" "-e" "RUSTDOCFLAGS=--cap-lints=warn" "-w" "/opt/rustwide/workdir" "--user" "0:0" "d1dbcbfef2ad62daf939fa20552ab5f3238034a2d456dcf7a982b3e4401c513b" "/opt/rustwide/cargo-home/bin/cargo" "+1.100.0-beta.1" "test" "--frozen" "--release", kill_on_drop: false }`
[INFO] [stderr] warning: `package.homepage` is redundant with `package.repository`
[INFO] [stderr]   --> Cargo.toml:14:12
[INFO] [stderr]    |
[INFO] [stderr] 14 | homepage = "https://github.com/pacificbird/donde"
[INFO] [stderr]    |            ^^^^^^^^^^^^^^^^^^^^^^^^^^^^^^^^^^^^^^
[INFO] [stderr] ...
[INFO] [stderr] 19 | repository = "https://github.com/pacificbird/donde"
[INFO] [stderr]    |              --------------------------------------
[INFO] [stderr]    |
[INFO] [stderr]    = note: `cargo::redundant_homepage` is set to `warn` by default
[INFO] [stderr] help: consider removing `package.homepage`
[INFO] [stderr] warning: `donde` (manifest) generated 1 warning
[INFO] [stderr]     Finished `release` profile [optimized] target(s) in 0.01s
[INFO] [stderr]      Running unittests src/lib.rs (/opt/rustwide/target/release/build/donde/53fbe249d83ffd44/out/donde-53fbe249d83ffd44)
[INFO] [stdout] 
[INFO] [stdout] running 3 tests
[INFO] [stdout] test test::test_capture_location_on_try_result ... ok
[INFO] [stdout] test test::test_context ... ok
[INFO] [stderr]    Doc-tests donde
[INFO] [stdout] test test::test_with_context ... ok
[INFO] [stdout] 
[INFO] [stdout] test result: ok. 3 passed; 0 failed; 0 ignored; 0 measured; 0 filtered out; finished in 0.00s
[INFO] [stdout] 
[INFO] [stdout] 
[INFO] [stdout] running 4 tests
[INFO] [stdout] test src/../README.md - (line 28) ... FAILED
[INFO] [stdout] test src/../README.md - (line 49) ... FAILED
[INFO] [stdout] test src/../README.md - (line 64) ... FAILED
[INFO] [stdout] test src/../README.md - (line 87) ... FAILED
[INFO] [stdout] 
[INFO] [stdout] failures:
[INFO] [stdout] 
[INFO] [stdout] ---- src/../README.md - (line 28) stdout ----
[INFO] [stdout] error[E0433]: cannot find module or crate `thiserror` in this scope
[INFO] [stdout]   --> src/../README.md:32:13
[INFO] [stdout]    |
[INFO] [stdout] 32 |    #[derive(thiserror::Error, Debug)]
[INFO] [stdout]    |             ^^^^^^^^^ use of unresolved module or unlinked crate `thiserror`
[INFO] [stdout] 
[INFO] [stdout] error: cannot find attribute `error` in this scope
[INFO] [stdout]   --> src/../README.md:34:10
[INFO] [stdout]    |
[INFO] [stdout] 34 |        #[error(transparent)]
[INFO] [stdout]    |          ^^^^^
[INFO] [stdout] 
[INFO] [stdout] error: cannot find attribute `from` in this scope
[INFO] [stdout]   --> src/../README.md:35:22
[INFO] [stdout]    |
[INFO] [stdout] 35 |        HttpRequest(#[from] reqwest::Error),
[INFO] [stdout]    |                      ^^^^
[INFO] [stdout] 
[INFO] [stdout] error: cannot find attribute `error` in this scope
[INFO] [stdout]   --> src/../README.md:36:10
[INFO] [stdout]    |
[INFO] [stdout] 36 |        #[error(transparent)]
[INFO] [stdout]    |          ^^^^^
[INFO] [stdout] 
[INFO] [stdout] error: cannot find attribute `from` in this scope
[INFO] [stdout]   --> src/../README.md:37:16
[INFO] [stdout]    |
[INFO] [stdout] 37 |        Parse(#[from] ParseError),
[INFO] [stdout]    |                ^^^^
[INFO] [stdout] 
[INFO] [stdout] error[E0425]: cannot find type `ParseError` in this scope
[INFO] [stdout]   --> src/../README.md:37:22
[INFO] [stdout]    |
[INFO] [stdout] 37 |        Parse(#[from] ParseError),
[INFO] [stdout]    |                      ^^^^^^^^^^ not found in this scope
[INFO] [stdout]    |
[INFO] [stdout] help: consider importing this type alias
[INFO] [stdout]    |
[INFO] [stdout] 27 + use std::string::ParseError;
[INFO] [stdout]    |
[INFO] [stdout] 
[INFO] [stdout] error[E0277]: `ApiErrorKind` doesn't implement `std::fmt::Display`
[INFO] [stdout]   --> src/../README.md:41:4
[INFO] [stdout]    |
[INFO] [stdout] 41 |    donde::err_context! { ApiError, ApiErrorKind, "Error occurred in API" };
[INFO] [stdout]    |    ^^^^^^^^^^^^^^^^^^^^^^^^^^^^^^^^^^^^^^^^^^^^^^^^^^^^^^^^^^^^^^^^^^^^^^^
[INFO] [stdout]    |    |
[INFO] [stdout]    |    `ApiErrorKind` cannot be formatted with the default formatter
[INFO] [stdout]    |    required by this formatting parameter
[INFO] [stdout]    |
[INFO] [stdout] help: the trait `std::fmt::Display` is not implemented for `ApiErrorKind`
[INFO] [stdout]   --> src/../README.md:33:4
[INFO] [stdout]    |
[INFO] [stdout] 33 |    pub enum ApiErrorKind {
[INFO] [stdout]    |    ^^^^^^^^^^^^^^^^^^^^^
[INFO] [stdout]    = note: in format strings you may be able to use `{:?}` (or `{:#?}` for pretty-print) instead
[INFO] [stdout]    = note: this error originates in the macro `$crate::format_args` which comes from the expansion of the macro `donde::err_context` (in Nightly builds, run with -Z macro-backtrace for more info)
[INFO] [stdout] 
[INFO] [stdout] error[E0277]: the trait bound `ApiErrorKind: std::error::Error` is not satisfied
[INFO] [stdout]   --> src/../README.md:41:4
[INFO] [stdout]    |
[INFO] [stdout] 41 |    donde::err_context! { ApiError, ApiErrorKind, "Error occurred in API" };
[INFO] [stdout]    |    ^^^^^^^^^^^^^^^^^^^^^^^^^^^^^^^^^^^^^^^^^^^^^^^^^^^^^^^^^^^^^^^^^^^^^^^ unsatisfied trait bound
[INFO] [stdout]    |
[INFO] [stdout] help: the trait `std::error::Error` is not implemented for `ApiErrorKind`
[INFO] [stdout]   --> src/../README.md:33:4
[INFO] [stdout]    |
[INFO] [stdout] 33 |    pub enum ApiErrorKind {
[INFO] [stdout]    |    ^^^^^^^^^^^^^^^^^^^^^
[INFO] [stdout]    = note: required for the cast from `&ApiErrorKind` to `&dyn std::error::Error`
[INFO] [stdout]    = note: this error originates in the macro `donde::err_context` (in Nightly builds, run with -Z macro-backtrace for more info)
[INFO] [stdout] 
[INFO] [stdout] error[E0433]: cannot find module or crate `reqwest` in this scope
[INFO] [stdout]   --> src/../README.md:35:28
[INFO] [stdout]    |
[INFO] [stdout] 35 |        HttpRequest(#[from] reqwest::Error),
[INFO] [stdout]    |                            ^^^^^^^ use of unresolved module or unlinked crate `reqwest`
[INFO] [stdout]    |
[INFO] [stdout]    = help: if you wanted to use a crate named `reqwest`, use `cargo add reqwest` to add it to your `Cargo.toml`
[INFO] [stdout] 
[INFO] [stdout] error: aborting due to 9 previous errors
[INFO] [stdout] 
[INFO] [stdout] Some errors have detailed explanations: E0277, E0425, E0433.
[INFO] [stdout] For more information about an error, try `rustc --explain E0277`.
[INFO] [stdout] Couldn't compile the test.
[INFO] [stdout] ---- src/../README.md - (line 49) stdout ----
[INFO] [stdout] error[E0425]: cannot find type `ApiError` in this scope
[INFO] [stdout]   --> src/../README.md:50:37
[INFO] [stdout]    |
[INFO] [stdout] 50 | fn make_request() -> Result<String, ApiError> {
[INFO] [stdout]    |                                     ^^^^^^^^ not found in this scope
[INFO] [stdout]    |
[INFO] [stdout] help: you might be missing a type parameter
[INFO] [stdout]    |
[INFO] [stdout] 50 | fn make_request<ApiError>() -> Result<String, ApiError> {
[INFO] [stdout]    |                ++++++++++
[INFO] [stdout] 
[INFO] [stdout] error[E0728]: `await` is only allowed inside `async` functions and blocks
[INFO] [stdout]   --> src/../README.md:51:50
[INFO] [stdout]    |
[INFO] [stdout] 50 | fn make_request() -> Result<String, ApiError> {
[INFO] [stdout]    | --------------------------------------------- this is not `async`
[INFO] [stdout] 51 |        reqwest::get("https://malformed.website").await?.text().await?
[INFO] [stdout]    |                                                  ^^^^^ only allowed inside `async` functions and blocks
[INFO] [stdout] 
[INFO] [stdout] error[E0728]: `await` is only allowed inside `async` functions and blocks
[INFO] [stdout]   --> src/../README.md:51:64
[INFO] [stdout]    |
[INFO] [stdout] 50 | fn make_request() -> Result<String, ApiError> {
[INFO] [stdout]    | --------------------------------------------- this is not `async`
[INFO] [stdout] 51 |        reqwest::get("https://malformed.website").await?.text().await?
[INFO] [stdout]    |                                                                ^^^^^ only allowed inside `async` functions and blocks
[INFO] [stdout] 
[INFO] [stdout] error[E0433]: cannot find module or crate `reqwest` in this scope
[INFO] [stdout]   --> src/../README.md:51:8
[INFO] [stdout]    |
[INFO] [stdout] 51 |        reqwest::get("https://malformed.website").await?.text().await?
[INFO] [stdout]    |        ^^^^^^^ use of unresolved module or unlinked crate `reqwest`
[INFO] [stdout]    |
[INFO] [stdout]    = help: if you wanted to use a crate named `reqwest`, use `cargo add reqwest` to add it to your `Cargo.toml`
[INFO] [stdout] 
[INFO] [stdout] error: aborting due to 4 previous errors
[INFO] [stdout] 
[INFO] [stdout] Some errors have detailed explanations: E0425, E0433, E0728.
[INFO] [stdout] For more information about an error, try `rustc --explain E0425`.
[INFO] [stdout] Couldn't compile the test.
[INFO] [stdout] ---- src/../README.md - (line 64) stdout ----
[INFO] [stdout] error[E0425]: cannot find type `ApiError` in this scope
[INFO] [stdout]   --> src/../README.md:68:40
[INFO] [stdout]    |
[INFO] [stdout] 68 |    fn make_request() -> Result<String, ApiError> {
[INFO] [stdout]    |                                        ^^^^^^^^ not found in this scope
[INFO] [stdout]    |
[INFO] [stdout] help: you might be missing a type parameter
[INFO] [stdout]    |
[INFO] [stdout] 68 |    fn make_request<ApiError>() -> Result<String, ApiError> {
[INFO] [stdout]    |                   ++++++++++
[INFO] [stdout] 
[INFO] [stdout] error[E0728]: `await` is only allowed inside `async` functions and blocks
[INFO] [stdout]   --> src/../README.md:70:13
[INFO] [stdout]    |
[INFO] [stdout] 68 |    fn make_request() -> Result<String, ApiError> {
[INFO] [stdout]    |    --------------------------------------------- this is not `async`
[INFO] [stdout] 69 |        reqwest::get("https://malformed.website")
[INFO] [stdout] 70 |            .await
[INFO] [stdout]    |             ^^^^^ only allowed inside `async` functions and blocks
[INFO] [stdout] 
[INFO] [stdout] error[E0728]: `await` is only allowed inside `async` functions and blocks
[INFO] [stdout]   --> src/../README.md:73:13
[INFO] [stdout]    |
[INFO] [stdout] 68 |    fn make_request() -> Result<String, ApiError> {
[INFO] [stdout]    |    --------------------------------------------- this is not `async`
[INFO] [stdout] ...
[INFO] [stdout] 73 |            .await
[INFO] [stdout]    |             ^^^^^ only allowed inside `async` functions and blocks
[INFO] [stdout] 
[INFO] [stdout] error[E0433]: cannot find module or crate `reqwest` in this scope
[INFO] [stdout]   --> src/../README.md:69:8
[INFO] [stdout]    |
[INFO] [stdout] 69 |        reqwest::get("https://malformed.website")
[INFO] [stdout]    |        ^^^^^^^ use of unresolved module or unlinked crate `reqwest`
[INFO] [stdout]    |
[INFO] [stdout]    = help: if you wanted to use a crate named `reqwest`, use `cargo add reqwest` to add it to your `Cargo.toml`
[INFO] [stdout] 
[INFO] [stdout] error: aborting due to 4 previous errors
[INFO] [stdout] 
[INFO] [stdout] Some errors have detailed explanations: E0425, E0433, E0728.
[INFO] [stdout] For more information about an error, try `rustc --explain E0425`.
[INFO] [stdout] Couldn't compile the test.
[INFO] [stdout] ---- src/../README.md - (line 87) stdout ----
[INFO] [stdout] error: expected item, found `;`
[INFO] [stdout]   --> src/../README.md:98:83
[INFO] [stdout]    |
[INFO] [stdout] 98 |    donde::err_context! {ParseError, ParseErrorKind, "Error deserializing payload"};
[INFO] [stdout]    |                                                                                   ^
[INFO] [stdout]    |
[INFO] [stdout]    = help: item macro invocation declarations are not followed by a semicolon
[INFO] [stdout] help: remove this semicolon
[INFO] [stdout]    |
[INFO] [stdout] 98 -    donde::err_context! {ParseError, ParseErrorKind, "Error deserializing payload"};
[INFO] [stdout] 98 +    donde::err_context! {ParseError, ParseErrorKind, "Error deserializing payload"}
[INFO] [stdout]    |
[INFO] [stdout] 
[INFO] [stdout] error[E0433]: cannot find module or crate `thiserror` in this scope
[INFO] [stdout]    --> src/../README.md:100:13
[INFO] [stdout]     |
[INFO] [stdout] 100 |    #[derive(thiserror::Error, Debug)]
[INFO] [stdout]     |             ^^^^^^^^^ use of unresolved module or unlinked crate `thiserror`
[INFO] [stdout] 
[INFO] [stdout] error: cannot find attribute `error` in this scope
[INFO] [stdout]    --> src/../README.md:102:10
[INFO] [stdout]     |
[INFO] [stdout] 102 |        #[error(transparent)]
[INFO] [stdout]     |          ^^^^^
[INFO] [stdout] 
[INFO] [stdout] error: cannot find attribute `from` in this scope
[INFO] [stdout]    --> src/../README.md:103:15
[INFO] [stdout]     |
[INFO] [stdout] 103 |        Json(#[from] serde_json::Error),
[INFO] [stdout]     |               ^^^^
[INFO] [stdout] 
[INFO] [stdout] error: cannot find attribute `error` in this scope
[INFO] [stdout]    --> src/../README.md:104:10
[INFO] [stdout]     |
[INFO] [stdout] 104 |        #[error(transparent)]
[INFO] [stdout]     |          ^^^^^
[INFO] [stdout] 
[INFO] [stdout] error: cannot find attribute `from` in this scope
[INFO] [stdout]    --> src/../README.md:105:14
[INFO] [stdout]     |
[INFO] [stdout] 105 |        Csv(#[from] csv::Error),
[INFO] [stdout]     |              ^^^^
[INFO] [stdout] 
[INFO] [stdout] error[E0425]: cannot find type `ApiError` in this scope
[INFO] [stdout]   --> src/../README.md:89:37
[INFO] [stdout]    |
[INFO] [stdout] 89 | fn make_request() -> Result<String, ApiError> {
[INFO] [stdout]    |                                     ^^^^^^^^ not found in this scope
[INFO] [stdout]    |
[INFO] [stdout] help: you might be missing a type parameter
[INFO] [stdout]    |
[INFO] [stdout] 89 | fn make_request<ApiError>() -> Result<String, ApiError> {
[INFO] [stdout]    |                ++++++++++
[INFO] [stdout] 
[INFO] [stdout] error[E0425]: cannot find type `Value` in this scope
[INFO] [stdout]    --> src/../README.md:107:54
[INFO] [stdout]     |
[INFO] [stdout] 107 |    fn deserialize_payload(payload: String) -> Result<Value, ParseError> {
[INFO] [stdout]     |                                                      ^^^^^ not found in this scope
[INFO] [stdout]     |
[INFO] [stdout] help: you might be missing a type parameter
[INFO] [stdout]     |
[INFO] [stdout] 107 |    fn deserialize_payload<Value>(payload: String) -> Result<Value, ParseError> {
[INFO] [stdout]     |                          +++++++
[INFO] [stdout] 
[INFO] [stdout] error[E0425]: cannot find type `Value` in this scope
[INFO] [stdout]    --> src/../README.md:110:31
[INFO] [stdout]     |
[INFO] [stdout] 110 |        serde_json::from_str::<Value>(&payload).map_err(ParseError::from)
[INFO] [stdout]     |                               ^^^^^ not found in this scope
[INFO] [stdout]     |
[INFO] [stdout] help: you might be missing a type parameter
[INFO] [stdout]     |
[INFO] [stdout] 107 |    fn deserialize_payload<Value>(payload: String) -> Result<Value, ParseError> {
[INFO] [stdout]     |                          +++++++
[INFO] [stdout] 
[INFO] [stdout] error[E0728]: `await` is only allowed inside `async` functions and blocks
[INFO] [stdout]   --> src/../README.md:91:13
[INFO] [stdout]    |
[INFO] [stdout] 89 | fn make_request() -> Result<String, ApiError> {
[INFO] [stdout]    | --------------------------------------------- this is not `async`
[INFO] [stdout] 90 |        reqwest::get("https://malformed.website")
[INFO] [stdout] 91 |            .await
[INFO] [stdout]    |             ^^^^^ only allowed inside `async` functions and blocks
[INFO] [stdout] 
[INFO] [stdout] error[E0728]: `await` is only allowed inside `async` functions and blocks
[INFO] [stdout]   --> src/../README.md:94:13
[INFO] [stdout]    |
[INFO] [stdout] 89 | fn make_request() -> Result<String, ApiError> {
[INFO] [stdout]    | --------------------------------------------- this is not `async`
[INFO] [stdout] ...
[INFO] [stdout] 94 |            .await
[INFO] [stdout]    |             ^^^^^ only allowed inside `async` functions and blocks
[INFO] [stdout] 
[INFO] [stdout] error[E0433]: cannot find module or crate `reqwest` in this scope
[INFO] [stdout]   --> src/../README.md:90:8
[INFO] [stdout]    |
[INFO] [stdout] 90 |        reqwest::get("https://malformed.website")
[INFO] [stdout]    |        ^^^^^^^ use of unresolved module or unlinked crate `reqwest`
[INFO] [stdout]    |
[INFO] [stdout]    = help: if you wanted to use a crate named `reqwest`, use `cargo add reqwest` to add it to your `Cargo.toml`
[INFO] [stdout] 
[INFO] [stdout] error[E0277]: `ParseErrorKind` doesn't implement `std::fmt::Display`
[INFO] [stdout]    --> src/../README.md:98:4
[INFO] [stdout]     |
[INFO] [stdout]  98 |    donde::err_context! {ParseError, ParseErrorKind, "Error deserializing payload"};
[INFO] [stdout]     |    ^^^^^^^^^^^^^^^^^^^^^^^^^^^^^^^^^^^^^^^^^^^^^^^^^^^^^^^^^^^^^^^^^^^^^^^^^^^^^^^
[INFO] [stdout]     |    |
[INFO] [stdout]     |    `ParseErrorKind` cannot be formatted with the default formatter
[INFO] [stdout]     |    required by this formatting parameter
[INFO] [stdout]     |
[INFO] [stdout] help: the trait `std::fmt::Display` is not implemented for `ParseErrorKind`
[INFO] [stdout]    --> src/../README.md:101:4
[INFO] [stdout]     |
[INFO] [stdout] 101 |    pub enum ParseErrorKind {
[INFO] [stdout]     |    ^^^^^^^^^^^^^^^^^^^^^^^
[INFO] [stdout]     = note: in format strings you may be able to use `{:?}` (or `{:#?}` for pretty-print) instead
[INFO] [stdout]     = note: this error originates in the macro `$crate::format_args` which comes from the expansion of the macro `donde::err_context` (in Nightly builds, run with -Z macro-backtrace for more info)
[INFO] [stdout] 
[INFO] [stdout] error[E0277]: the trait bound `ParseErrorKind: std::error::Error` is not satisfied
[INFO] [stdout]    --> src/../README.md:98:4
[INFO] [stdout]     |
[INFO] [stdout]  98 |    donde::err_context! {ParseError, ParseErrorKind, "Error deserializing payload"};
[INFO] [stdout]     |    ^^^^^^^^^^^^^^^^^^^^^^^^^^^^^^^^^^^^^^^^^^^^^^^^^^^^^^^^^^^^^^^^^^^^^^^^^^^^^^^ unsatisfied trait bound
[INFO] [stdout]     |
[INFO] [stdout] help: the trait `std::error::Error` is not implemented for `ParseErrorKind`
[INFO] [stdout]    --> src/../README.md:101:4
[INFO] [stdout]     |
[INFO] [stdout] 101 |    pub enum ParseErrorKind {
[INFO] [stdout]     |    ^^^^^^^^^^^^^^^^^^^^^^^
[INFO] [stdout]     = note: required for the cast from `&ParseErrorKind` to `&dyn std::error::Error`
[INFO] [stdout]     = note: this error originates in the macro `donde::err_context` (in Nightly builds, run with -Z macro-backtrace for more info)
[INFO] [stdout] 
[INFO] [stdout] error[E0433]: cannot find module or crate `serde_json` in this scope
[INFO] [stdout]    --> src/../README.md:110:8
[INFO] [stdout]     |
[INFO] [stdout] 110 |        serde_json::from_str::<Value>(&payload).map_err(ParseError::from)
[INFO] [stdout]     |        ^^^^^^^^^^ use of unresolved module or unlinked crate `serde_json`
[INFO] [stdout]     |
[INFO] [stdout]     = help: if you wanted to use a crate named `serde_json`, use `cargo add serde_json` to add it to your `Cargo.toml`
[INFO] [stdout] 
[INFO] [stdout] error[E0433]: cannot find module or crate `csv` in this scope
[INFO] [stdout]    --> src/../README.md:105:20
[INFO] [stdout]     |
[INFO] [stdout] 105 |        Csv(#[from] csv::Error),
[INFO] [stdout]     |                    ^^^ use of unresolved module or unlinked crate `csv`
[INFO] [stdout]     |
[INFO] [stdout]     = help: if you wanted to use a crate named `csv`, use `cargo add csv` to add it to your `Cargo.toml`
[INFO] [stdout] 
[INFO] [stdout] error[E0433]: cannot find module or crate `serde_json` in this scope
[INFO] [stdout]    --> src/../README.md:103:21
[INFO] [stdout]     |
[INFO] [stdout] 103 |        Json(#[from] serde_json::Error),
[INFO] [stdout]     |                     ^^^^^^^^^^ use of unresolved module or unlinked crate `serde_json`
[INFO] [stdout]     |
[INFO] [stdout]     = help: if you wanted to use a crate named `serde_json`, use `cargo add serde_json` to add it to your `Cargo.toml`
[INFO] [stdout] 
[INFO] [stdout] error: aborting due to 17 previous errors
[INFO] [stdout] 
[INFO] [stdout] Some errors have detailed explanations: E0277, E0425, E0433, E0728.
[INFO] [stdout] For more information about an error, try `rustc --explain E0277`.
[INFO] [stdout] Couldn't compile the test.
[INFO] [stdout] 
[INFO] [stdout] failures:
[INFO] [stdout]     src/../README.md - (line 28)
[INFO] [stdout]     src/../README.md - (line 49)
[INFO] [stdout]     src/../README.md - (line 64)
[INFO] [stdout]     src/../README.md - (line 87)
[INFO] [stdout] 
[INFO] [stdout] test result: FAILED. 0 passed; 4 failed; 0 ignored; 0 measured; 0 filtered out; finished in 0.23s
[INFO] [stdout] 
[INFO] [stdout] all doctests ran in 0.46s; merged doctests compilation took 0.22s
[INFO] [stderr] error: doctest failed, to rerun pass `--doc`
[INFO] running `Command { std: "docker" "inspect" "d1dbcbfef2ad62daf939fa20552ab5f3238034a2d456dcf7a982b3e4401c513b", kill_on_drop: false }`
[INFO] running `Command { std: "docker" "rm" "-f" "d1dbcbfef2ad62daf939fa20552ab5f3238034a2d456dcf7a982b3e4401c513b", kill_on_drop: false }`
[INFO] [stdout] d1dbcbfef2ad62daf939fa20552ab5f3238034a2d456dcf7a982b3e4401c513b
