[INFO] fetching crate donadb-x 0.1.0...
[INFO] testing donadb-x-0.1.0 against 1.99.0-beta.8+cargoflags=--release for beta-release-1.100-2
[INFO] extracting crate donadb-x 0.1.0 into /workspace/builds/worker-1-tc1/source
[INFO] started tweaking crates.io crate donadb-x 0.1.0
[INFO] finished tweaking crates.io crate donadb-x 0.1.0
[INFO] tweaked toml for crates.io crate donadb-x 0.1.0 written to /workspace/builds/worker-1-tc1/source/Cargo.toml
[INFO] validating manifest of crates.io crate donadb-x 0.1.0 on toolchain 1.99.0-beta.8
[INFO] running `Command { std: CARGO_HOME="/workspace/cargo-home" RUSTUP_HOME="/workspace/rustup-home" "/workspace/cargo-home/bin/cargo" "+1.99.0-beta.8" "metadata" "--manifest-path" "Cargo.toml" "--no-deps", kill_on_drop: false }`
[INFO] crate crates.io crate donadb-x 0.1.0 already has a lockfile, it will not be regenerated
[INFO] running `Command { std: CARGO_HOME="/workspace/cargo-home" RUSTUP_HOME="/workspace/rustup-home" "/workspace/cargo-home/bin/cargo" "+1.99.0-beta.8" "fetch" "--manifest-path" "Cargo.toml", kill_on_drop: false }`
[INFO] [stderr]     Updating crates.io index
[INFO] [stderr]  Downloading crates ...
[INFO] [stderr]   Downloaded donadb v0.1.3
[INFO] [stderr]   Downloaded redb v4.1.0
[INFO] [stderr]   Downloaded rocksdb v0.21.0
[INFO] [stderr]   Downloaded pebbledb v0.0.1
[INFO] [stderr]   Downloaded compcol v0.6.7
[INFO] [stderr]   Downloaded librocksdb-sys v0.11.0+8.1.1
[INFO] running `Command { std: "docker" "create" "-v" "/var/lib/crater-agent-workspace/builds/worker-1-tc1/source:/opt/rustwide/workdir:ro,Z" "-v" "/var/lib/crater-agent-workspace/builds/worker-1-tc1/target:/opt/rustwide/target:rw,Z" "-v" "/var/lib/crater-agent-workspace/cargo-home:/opt/rustwide/cargo-home:ro,Z" "-v" "/var/lib/crater-agent-workspace/rustup-home:/opt/rustwide/rustup-home:ro,Z" "-m" "1610612736" "--network" "none" "ghcr.io/rust-lang/crates-build-env/linux@sha256:77db811e55d90add9212f6832c23229e3de5f1c1f9905e8cb07319ea15df73ac" "sleep" "infinity", kill_on_drop: false }`
[INFO] [stdout] 5fc3019925ff9656966a00785b3a2d2b7c2a7161f6166c6a95ca2b27c6f2237f
[INFO] running `Command { std: "docker" "start" "5fc3019925ff9656966a00785b3a2d2b7c2a7161f6166c6a95ca2b27c6f2237f", kill_on_drop: false }`
[INFO] running `Command { std: "docker" "inspect" "5fc3019925ff9656966a00785b3a2d2b7c2a7161f6166c6a95ca2b27c6f2237f", kill_on_drop: false }`
[INFO] running `Command { std: "docker" "exec" "-e" "SOURCE_DIR=/opt/rustwide/workdir" "-e" "CARGO_HOME=/opt/rustwide/cargo-home" "-e" "RUSTUP_HOME=/opt/rustwide/rustup-home" "-e" "CARGO_TARGET_DIR=/opt/rustwide/target" "-w" "/opt/rustwide/workdir" "--user" "0:0" "5fc3019925ff9656966a00785b3a2d2b7c2a7161f6166c6a95ca2b27c6f2237f" "/opt/rustwide/cargo-home/bin/cargo" "+1.99.0-beta.8" "metadata" "--no-deps" "--format-version=1", kill_on_drop: false }`
[INFO] running `Command { std: "docker" "inspect" "5fc3019925ff9656966a00785b3a2d2b7c2a7161f6166c6a95ca2b27c6f2237f", kill_on_drop: false }`
[INFO] running `Command { std: "docker" "exec" "-e" "SOURCE_DIR=/opt/rustwide/workdir" "-e" "CARGO_HOME=/opt/rustwide/cargo-home" "-e" "RUSTUP_HOME=/opt/rustwide/rustup-home" "-e" "CARGO_TARGET_DIR=/opt/rustwide/target" "-e" "CARGO_INCREMENTAL=0" "-e" "RUST_BACKTRACE=full" "-e" "RUSTFLAGS=--cap-lints=warn" "-e" "RUSTDOCFLAGS=--cap-lints=warn" "-w" "/opt/rustwide/workdir" "--user" "0:0" "5fc3019925ff9656966a00785b3a2d2b7c2a7161f6166c6a95ca2b27c6f2237f" "/opt/rustwide/cargo-home/bin/cargo" "+1.99.0-beta.8" "build" "--frozen" "--message-format=json" "--release", kill_on_drop: false }`
[INFO] [stderr]    Compiling libc v0.2.186
[INFO] [stderr]    Compiling proc-macro2 v1.0.106
[INFO] [stderr]    Compiling quote v1.0.46
[INFO] [stderr]    Compiling cfg-if v1.0.4
[INFO] [stderr]    Compiling crossbeam-utils v0.8.21
[INFO] [stderr]    Compiling once_cell v1.21.4
[INFO] [stderr]    Compiling serde_core v1.0.228
[INFO] [stderr]    Compiling parking_lot_core v0.9.12
[INFO] [stderr]    Compiling shlex v2.0.1
[INFO] [stderr]    Compiling find-msvc-tools v0.1.9
[INFO] [stderr]    Compiling smallvec v1.15.2
[INFO] [stderr]    Compiling zerocopy v0.8.52
[INFO] [stderr]    Compiling version_check v0.9.5
[INFO] [stderr]    Compiling rayon-core v1.13.0
[INFO] [stderr]    Compiling scopeguard v1.2.0
[INFO] [stderr]    Compiling getrandom v0.3.4
[INFO] [stderr]    Compiling zmij v1.0.21
[INFO] [stderr]    Compiling rustversion v1.0.22
[INFO] [stderr]    Compiling lock_api v0.4.14
[INFO] [stderr]    Compiling serde v1.0.228
[INFO] [stderr]    Compiling cc v1.2.65
[INFO] [stderr]    Compiling thiserror v1.0.69
[INFO] [stderr]    Compiling serde_json v1.0.150
[INFO] [stderr]    Compiling bitflags v2.13.0
[INFO] [stderr]    Compiling cpufeatures v0.3.0
[INFO] [stderr]    Compiling constant_time_eq v0.4.2
[INFO] [stderr]    Compiling tracing-core v0.1.36
[INFO] [stderr]    Compiling either v1.16.0
[INFO] [stderr]    Compiling rustix v1.1.4
[INFO] [stderr]    Compiling ahash v0.8.12
[INFO] [stderr]    Compiling itoa v1.0.18
[INFO] [stderr]    Compiling hashbrown v0.14.5
[INFO] [stderr]    Compiling arrayvec v0.7.7
[INFO] [stderr]    Compiling arrayref v0.3.9
[INFO] [stderr]    Compiling memchr v2.8.2
[INFO] [stderr]    Compiling fastrand v2.4.1
[INFO] [stderr]    Compiling bytes v1.12.0
[INFO] [stderr]    Compiling hex v0.4.3
[INFO] [stderr]    Compiling crossbeam-epoch v0.9.18
[INFO] [stderr]    Compiling syn v2.0.118
[INFO] [stderr]    Compiling arc-swap v1.9.2
[INFO] [stderr]    Compiling crossbeam-deque v0.8.6
[INFO] [stderr]    Compiling blake3 v1.8.5
[INFO] [stderr]    Compiling num_cpus v1.17.0
[INFO] [stderr]    Compiling getrandom v0.4.3
[INFO] [stderr]    Compiling memmap2 v0.9.11
[INFO] [stderr]    Compiling rayon v1.12.0
[INFO] [stderr]    Compiling core_affinity v0.8.3
[INFO] [stderr]    Compiling parking_lot v0.12.5
[INFO] [stderr]    Compiling dashmap v5.5.3
[INFO] [stderr]    Compiling tempfile v3.27.0
[INFO] [stderr]    Compiling tracing-attributes v0.1.31
[INFO] [stderr]    Compiling serde_derive v1.0.228
[INFO] [stderr]    Compiling thiserror-impl v1.0.69
[INFO] [stderr]    Compiling tracing v0.1.44
[INFO] [stderr]    Compiling donadb-x v0.1.0 (/opt/rustwide/workdir)
[INFO] [stderr]     Finished `release` profile [optimized] target(s) in 48.95s
[INFO] running `Command { std: "docker" "inspect" "5fc3019925ff9656966a00785b3a2d2b7c2a7161f6166c6a95ca2b27c6f2237f", kill_on_drop: false }`
[INFO] running `Command { std: "docker" "exec" "-e" "SOURCE_DIR=/opt/rustwide/workdir" "-e" "CARGO_HOME=/opt/rustwide/cargo-home" "-e" "RUSTUP_HOME=/opt/rustwide/rustup-home" "-e" "CARGO_TARGET_DIR=/opt/rustwide/target" "-e" "CARGO_INCREMENTAL=0" "-e" "RUST_BACKTRACE=full" "-e" "RUSTFLAGS=--cap-lints=warn" "-e" "RUSTDOCFLAGS=--cap-lints=warn" "-w" "/opt/rustwide/workdir" "--user" "0:0" "5fc3019925ff9656966a00785b3a2d2b7c2a7161f6166c6a95ca2b27c6f2237f" "/opt/rustwide/cargo-home/bin/cargo" "+1.99.0-beta.8" "test" "--frozen" "--no-run" "--message-format=json" "--release", kill_on_drop: false }`
[INFO] [stderr]    Compiling getrandom v0.3.4
[INFO] [stderr]    Compiling num-traits v0.2.19
[INFO] [stderr]    Compiling ppv-lite86 v0.2.21
[INFO] [stderr]    Compiling wait-timeout v0.2.1
[INFO] [stderr]    Compiling rand_core v0.9.5
[INFO] [stderr]    Compiling ahash v0.8.12
[INFO] [stderr]    Compiling rusty-fork v0.3.1
[INFO] [stderr]    Compiling rand_chacha v0.9.0
[INFO] [stderr]    Compiling rand v0.9.4
[INFO] [stderr]    Compiling rand_xorshift v0.4.0
[INFO] [stderr]    Compiling donadb-x v0.1.0 (/opt/rustwide/workdir)
[INFO] [stderr]    Compiling proptest v1.11.0
[INFO] [stderr]     Finished `release` profile [optimized] target(s) in 35.36s
[INFO] running `Command { std: "docker" "inspect" "5fc3019925ff9656966a00785b3a2d2b7c2a7161f6166c6a95ca2b27c6f2237f", kill_on_drop: false }`
[INFO] running `Command { std: "docker" "exec" "-e" "SOURCE_DIR=/opt/rustwide/workdir" "-e" "CARGO_HOME=/opt/rustwide/cargo-home" "-e" "RUSTUP_HOME=/opt/rustwide/rustup-home" "-e" "CARGO_TARGET_DIR=/opt/rustwide/target" "-e" "CARGO_INCREMENTAL=0" "-e" "RUST_BACKTRACE=full" "-e" "RUSTFLAGS=--cap-lints=warn" "-e" "RUSTDOCFLAGS=--cap-lints=warn" "-w" "/opt/rustwide/workdir" "--user" "0:0" "5fc3019925ff9656966a00785b3a2d2b7c2a7161f6166c6a95ca2b27c6f2237f" "/opt/rustwide/cargo-home/bin/cargo" "+1.99.0-beta.8" "test" "--frozen" "--release", kill_on_drop: false }`
[INFO] [stderr]     Finished `release` profile [optimized] target(s) in 0.14s
[INFO] [stderr]      Running unittests src/lib.rs (/opt/rustwide/target/release/deps/donadb_x-fc3f1bf70b5f684b)
[INFO] [stdout] 
[INFO] [stdout] running 17 tests
[INFO] [stdout] test string_index::tests::test_insert_and_get ... ok
[INFO] [stdout] test string_index::tests::test_prefix_scan ... ok
[INFO] [stdout] test string_index::tests::test_remove ... ok
[INFO] [stdout] test string_index::tests::test_scan_from_reverse ... ok
[INFO] [stdout] test tests::frame_abort ... ok
[INFO] [stdout] test tests::state_root_delete_reversal ... ok
[INFO] [stdout] test tests::scan_prefix_basic ... ok
[INFO] [stdout] test tests::crash_recovery ... ok
[INFO] [stdout] test tests::scan_from_reverse_basic ... ok
[INFO] [stdout] test tests::delete_then_resurrect ... ok
[INFO] [stdout] test engine::engine_tests::optimization_benchmark ... FAILED
[INFO] [stdout] test tests::frame_isolation ... FAILED
[INFO] [stdout] test tests::overwrite ... FAILED
[INFO] [stdout] test tests::basic ... ok
[INFO] [stdout] test tests::delete_committed ... ok
[INFO] [stdout] test engine::engine_tests::cache_populated_and_hit ... FAILED
[INFO] [stdout] test engine::engine_tests::scan_prefix_debug ... FAILED
[INFO] [stdout] 
[INFO] [stdout] failures:
[INFO] [stdout] 
[INFO] [stdout] ---- engine::engine_tests::optimization_benchmark stdout ----
[INFO] [stdout] 
[INFO] [stdout] thread 'engine::engine_tests::optimization_benchmark' (2037) panicked at src/engine.rs:999:58:
[INFO] [stdout] called `Result::unwrap()` on an `Err` value: Io(Os { code: 28, kind: StorageFull, message: "No space left on device" })
[INFO] [stdout] stack backtrace:
[INFO] [stdout]    0:     0x625f498a0306 - <<std[70759c8f55707aa4]::sys::backtrace::BacktraceLock>::print::DisplayBacktrace as core[df12db4294e9bfd3]::fmt::Display>::fmt
[INFO] [stdout]    1:     0x625f497eb39a - core[df12db4294e9bfd3]::fmt::write
[INFO] [stdout]    2:     0x625f498a5e6c - <alloc[2182bb758b4b3781]::vec::Vec<u8> as core[df12db4294e9bfd3]::io::write::Write>::write_fmt
[INFO] [stdout]    3:     0x625f49877222 - std[70759c8f55707aa4]::panicking::default_hook::{closure#0}
[INFO] [stdout]    4:     0x625f49897aa1 - std[70759c8f55707aa4]::panicking::default_hook
[INFO] [stdout]    5:     0x625f49897ee2 - std[70759c8f55707aa4]::panicking::panic_with_hook
[INFO] [stdout]    6:     0x625f498772d2 - std[70759c8f55707aa4]::panicking::panic_handler::{closure#0}
[INFO] [stdout]    7:     0x625f4986fef9 - std[70759c8f55707aa4]::sys::backtrace::__rust_end_short_backtrace::<std[70759c8f55707aa4]::panicking::panic_handler::{closure#0}, !>
[INFO] [stdout]    8:     0x625f4987c37d - __rustc[8fa7c3cbc660c2b3]::rust_begin_unwind
[INFO] [stdout]    9:     0x625f497eba8c - core[df12db4294e9bfd3]::panicking::panic_fmt
[INFO] [stdout]   10:     0x625f497eb862 - core[df12db4294e9bfd3]::result::unwrap_failed
[INFO] [stdout]   11:     0x625f49801153 - donadb_x[4c2343ccb0aaeb94]::engine::engine_tests::optimization_benchmark
[INFO] [stdout]   12:     0x625f498444f9 - <donadb_x[4c2343ccb0aaeb94]::engine::engine_tests::optimization_benchmark::{closure#0} as core[df12db4294e9bfd3]::ops::function::FnOnce<()>>::call_once
[INFO] [stdout]   13:     0x625f498a8cfb - test[9d35eded1c95d3be]::__rust_begin_short_backtrace::<core[df12db4294e9bfd3]::result::Result<(), alloc[2182bb758b4b3781]::string::String>, fn() -> core[df12db4294e9bfd3]::result::Result<(), alloc[2182bb758b4b3781]::string::String>>
[INFO] [stdout]   14:     0x625f498b6e51 - test[9d35eded1c95d3be]::run_test::{closure#0}
[INFO] [stdout]   15:     0x625f498b0564 - std[70759c8f55707aa4]::sys::backtrace::__rust_begin_short_backtrace::<test[9d35eded1c95d3be]::run_test::{closure#1}, ()>
[INFO] [stdout]   16:     0x625f498bac72 - <std[70759c8f55707aa4]::thread::lifecycle::spawn_unchecked<test[9d35eded1c95d3be]::run_test::{closure#1}, ()>::{closure#1} as core[df12db4294e9bfd3]::ops::function::FnOnce<()>>::call_once::{shim:vtable#0}
[INFO] [stdout]   17:     0x625f4989f1ee - <std[70759c8f55707aa4]::sys::thread::unix::Thread>::new::thread_start
[INFO] [stdout]   18:     0x7e775e8badfa - <unknown>
[INFO] [stdout]   19:     0x7e775e94e3d4 - clone
[INFO] [stdout]   20:                0x0 - <unknown>
[INFO] [stdout] 
[INFO] [stdout] ---- tests::frame_isolation stdout ----
[INFO] [stdout] 
[INFO] [stdout] thread 'tests::frame_isolation' (2048) panicked at src/lib.rs:273:54:
[INFO] [stdout] called `Result::unwrap()` on an `Err` value: Io(Os { code: 28, kind: StorageFull, message: "No space left on device" })
[INFO] [stdout] stack backtrace:
[INFO] [stdout]    0:     0x625f498a0306 - <<std[70759c8f55707aa4]::sys::backtrace::BacktraceLock>::print::DisplayBacktrace as core[df12db4294e9bfd3]::fmt::Display>::fmt
[INFO] [stdout]    1:     0x625f497eb39a - core[df12db4294e9bfd3]::fmt::write
[INFO] [stdout]    2:     0x625f498a5e6c - <alloc[2182bb758b4b3781]::vec::Vec<u8> as core[df12db4294e9bfd3]::io::write::Write>::write_fmt
[INFO] [stdout]    3:     0x625f49877222 - std[70759c8f55707aa4]::panicking::default_hook::{closure#0}
[INFO] [stdout]    4:     0x625f49897aa1 - std[70759c8f55707aa4]::panicking::default_hook
[INFO] [stdout]    5:     0x625f49897ee2 - std[70759c8f55707aa4]::panicking::panic_with_hook
[INFO] [stdout]    6:     0x625f498772d2 - std[70759c8f55707aa4]::panicking::panic_handler::{closure#0}
[INFO] [stdout]    7:     0x625f4986fef9 - std[70759c8f55707aa4]::sys::backtrace::__rust_end_short_backtrace::<std[70759c8f55707aa4]::panicking::panic_handler::{closure#0}, !>
[INFO] [stdout]    8:     0x625f4987c37d - __rustc[8fa7c3cbc660c2b3]::rust_begin_unwind
[INFO] [stdout]    9:     0x625f497eba8c - core[df12db4294e9bfd3]::panicking::panic_fmt
[INFO] [stdout]   10:     0x625f497eb862 - core[df12db4294e9bfd3]::result::unwrap_failed
[INFO] [stdout]   11:     0x625f4983e6e1 - <donadb_x[4c2343ccb0aaeb94]::tests::frame_isolation::{closure#0} as core[df12db4294e9bfd3]::ops::function::FnOnce<()>>::call_once
[INFO] [stdout]   12:     0x625f498a8cfb - test[9d35eded1c95d3be]::__rust_begin_short_backtrace::<core[df12db4294e9bfd3]::result::Result<(), alloc[2182bb758b4b3781]::string::String>, fn() -> core[df12db4294e9bfd3]::result::Result<(), alloc[2182bb758b4b3781]::string::String>>
[INFO] [stdout]   13:     0x625f498b6e51 - test[9d35eded1c95d3be]::run_test::{closure#0}
[INFO] [stdout]   14:     0x625f498b0564 - std[70759c8f55707aa4]::sys::backtrace::__rust_begin_short_backtrace::<test[9d35eded1c95d3be]::run_test::{closure#1}, ()>
[INFO] [stdout]   15:     0x625f498bac72 - <std[70759c8f55707aa4]::thread::lifecycle::spawn_unchecked<test[9d35eded1c95d3be]::run_test::{closure#1}, ()>::{closure#1} as core[df12db4294e9bfd3]::ops::function::FnOnce<()>>::call_once::{shim:vtable#0}
[INFO] [stdout]   16:     0x625f4989f1ee - <std[70759c8f55707aa4]::sys::thread::unix::Thread>::new::thread_start
[INFO] [stdout]   17:     0x7e775e8badfa - <unknown>
[INFO] [stdout]   18:     0x7e775e94e3d4 - clone
[INFO] [stdout]   19:                0x0 - <unknown>
[INFO] [stdout] 
[INFO] [stdout] ---- tests::overwrite stdout ----
[INFO] [stdout] 
[INFO] [stdout] thread 'tests::overwrite' (2049) panicked at src/lib.rs:246:54:
[INFO] [stdout] called `Result::unwrap()` on an `Err` value: Io(Os { code: 28, kind: StorageFull, message: "No space left on device" })
[INFO] [stdout] stack backtrace:
[INFO] [stdout]    0:     0x625f498a0306 - <<std[70759c8f55707aa4]::sys::backtrace::BacktraceLock>::print::DisplayBacktrace as core[df12db4294e9bfd3]::fmt::Display>::fmt
[INFO] [stdout]    1:     0x625f497eb39a - core[df12db4294e9bfd3]::fmt::write
[INFO] [stdout]    2:     0x625f498a5e6c - <alloc[2182bb758b4b3781]::vec::Vec<u8> as core[df12db4294e9bfd3]::io::write::Write>::write_fmt
[INFO] [stdout]    3:     0x625f49877222 - std[70759c8f55707aa4]::panicking::default_hook::{closure#0}
[INFO] [stdout]    4:     0x625f49897aa1 - std[70759c8f55707aa4]::panicking::default_hook
[INFO] [stdout]    5:     0x625f49897ee2 - std[70759c8f55707aa4]::panicking::panic_with_hook
[INFO] [stdout]    6:     0x625f498772d2 - std[70759c8f55707aa4]::panicking::panic_handler::{closure#0}
[INFO] [stdout]    7:     0x625f4986fef9 - std[70759c8f55707aa4]::sys::backtrace::__rust_end_short_backtrace::<std[70759c8f55707aa4]::panicking::panic_handler::{closure#0}, !>
[INFO] [stdout]    8:     0x625f4987c37d - __rustc[8fa7c3cbc660c2b3]::rust_begin_unwind
[INFO] [stdout]    9:     0x625f497eba8c - core[df12db4294e9bfd3]::panicking::panic_fmt
[INFO] [stdout]   10:     0x625f497eb862 - core[df12db4294e9bfd3]::result::unwrap_failed
[INFO] [stdout]   11:     0x625f49843490 - <donadb_x[4c2343ccb0aaeb94]::tests::overwrite::{closure#0} as core[df12db4294e9bfd3]::ops::function::FnOnce<()>>::call_once
[INFO] [stdout]   12:     0x625f498a8cfb - test[9d35eded1c95d3be]::__rust_begin_short_backtrace::<core[df12db4294e9bfd3]::result::Result<(), alloc[2182bb758b4b3781]::string::String>, fn() -> core[df12db4294e9bfd3]::result::Result<(), alloc[2182bb758b4b3781]::string::String>>
[INFO] [stdout]   13:     0x625f498b6e51 - test[9d35eded1c95d3be]::run_test::{closure#0}
[INFO] [stdout]   14:     0x625f498b0564 - std[70759c8f55707aa4]::sys::backtrace::__rust_begin_short_backtrace::<test[9d35eded1c95d3be]::run_test::{closure#1}, ()>
[INFO] [stdout]   15:     0x625f498bac72 - <std[70759c8f55707aa4]::thread::lifecycle::spawn_unchecked<test[9d35eded1c95d3be]::run_test::{closure#1}, ()>::{closure#1} as core[df12db4294e9bfd3]::ops::function::FnOnce<()>>::call_once::{shim:vtable#0}
[INFO] [stdout]   16:     0x625f4989f1ee - <std[70759c8f55707aa4]::sys::thread::unix::Thread>::new::thread_start
[INFO] [stdout]   17:     0x7e775e8badfa - <unknown>
[INFO] [stdout]   18:     0x7e775e94e3d4 - clone
[INFO] [stdout]   19:                0x0 - <unknown>
[INFO] [stdout] 
[INFO] [stdout] ---- engine::engine_tests::cache_populated_and_hit stdout ----
[INFO] [stdout] 
[INFO] [stdout] thread 'engine::engine_tests::cache_populated_and_hit' (2036) panicked at src/engine.rs:975:49:
[INFO] [stdout] called `Result::unwrap()` on an `Err` value: Io(Os { code: 28, kind: StorageFull, message: "No space left on device" })
[INFO] [stdout] stack backtrace:
[INFO] [stdout]    0:     0x625f498a0306 - <<std[70759c8f55707aa4]::sys::backtrace::BacktraceLock>::print::DisplayBacktrace as core[df12db4294e9bfd3]::fmt::Display>::fmt
[INFO] [stdout]    1:     0x625f497eb39a - core[df12db4294e9bfd3]::fmt::write
[INFO] [stdout]    2:     0x625f498a5e6c - <alloc[2182bb758b4b3781]::vec::Vec<u8> as core[df12db4294e9bfd3]::io::write::Write>::write_fmt
[INFO] [stdout]    3:     0x625f49877222 - std[70759c8f55707aa4]::panicking::default_hook::{closure#0}
[INFO] [stdout]    4:     0x625f49897aa1 - std[70759c8f55707aa4]::panicking::default_hook
[INFO] [stdout]    5:     0x625f49897ee2 - std[70759c8f55707aa4]::panicking::panic_with_hook
[INFO] [stdout]    6:     0x625f498772d2 - std[70759c8f55707aa4]::panicking::panic_handler::{closure#0}
[INFO] [stdout]    7:     0x625f4986fef9 - std[70759c8f55707aa4]::sys::backtrace::__rust_end_short_backtrace::<std[70759c8f55707aa4]::panicking::panic_handler::{closure#0}, !>
[INFO] [stdout]    8:     0x625f4987c37d - __rustc[8fa7c3cbc660c2b3]::rust_begin_unwind
[INFO] [stdout]    9:     0x625f497eba8c - core[df12db4294e9bfd3]::panicking::panic_fmt
[INFO] [stdout]   10:     0x625f497eb862 - core[df12db4294e9bfd3]::result::unwrap_failed
[INFO] [stdout]   11:     0x625f49801aff - donadb_x[4c2343ccb0aaeb94]::engine::engine_tests::cache_populated_and_hit
[INFO] [stdout]   12:     0x625f49844519 - <donadb_x[4c2343ccb0aaeb94]::engine::engine_tests::cache_populated_and_hit::{closure#0} as core[df12db4294e9bfd3]::ops::function::FnOnce<()>>::call_once
[INFO] [stdout]   13:     0x625f498a8cfb - test[9d35eded1c95d3be]::__rust_begin_short_backtrace::<core[df12db4294e9bfd3]::result::Result<(), alloc[2182bb758b4b3781]::string::String>, fn() -> core[df12db4294e9bfd3]::result::Result<(), alloc[2182bb758b4b3781]::string::String>>
[INFO] [stdout]   14:     0x625f498b6e51 - test[9d35eded1c95d3be]::run_test::{closure#0}
[INFO] [stdout]   15:     0x625f498b0564 - std[70759c8f55707aa4]::sys::backtrace::__rust_begin_short_backtrace::<test[9d35eded1c95d3be]::run_test::{closure#1}, ()>
[INFO] [stdout]   16:     0x625f498bac72 - <std[70759c8f55707aa4]::thread::lifecycle::spawn_unchecked<test[9d35eded1c95d3be]::run_test::{closure#1}, ()>::{closure#1} as core[df12db4294e9bfd3]::ops::function::FnOnce<()>>::call_once::{shim:vtable#0}
[INFO] [stdout]   17:     0x625f4989f1ee - <std[70759c8f55707aa4]::sys::thread::unix::Thread>::new::thread_start
[INFO] [stdout]   18:     0x7e775e8badfa - <unknown>
[INFO] [stdout]   19:     0x7e775e94e3d4 - clone
[INFO] [stdout]   20:                0x0 - <unknown>
[INFO] [stdout] 
[INFO] [stdout] ---- engine::engine_tests::scan_prefix_debug stdout ----
[INFO] [stdout] 
[INFO] [stdout] thread 'engine::engine_tests::scan_prefix_debug' (2038) panicked at src/engine.rs:950:49:
[INFO] [stdout] called `Result::unwrap()` on an `Err` value: Io(Os { code: 28, kind: StorageFull, message: "No space left on device" })
[INFO] [stdout] stack backtrace:
[INFO] [stdout]    0:     0x625f498a0306 - <<std[70759c8f55707aa4]::sys::backtrace::BacktraceLock>::print::DisplayBacktrace as core[df12db4294e9bfd3]::fmt::Display>::fmt
[INFO] [stdout]    1:     0x625f497eb39a - core[df12db4294e9bfd3]::fmt::write
[INFO] [stdout]    2:     0x625f498a5e6c - <alloc[2182bb758b4b3781]::vec::Vec<u8> as core[df12db4294e9bfd3]::io::write::Write>::write_fmt
[INFO] [stdout]    3:     0x625f49877222 - std[70759c8f55707aa4]::panicking::default_hook::{closure#0}
[INFO] [stdout]    4:     0x625f49897aa1 - std[70759c8f55707aa4]::panicking::default_hook
[INFO] [stdout]    5:     0x625f49897ee2 - std[70759c8f55707aa4]::panicking::panic_with_hook
[INFO] [stdout]    6:     0x625f498772d2 - std[70759c8f55707aa4]::panicking::panic_handler::{closure#0}
[INFO] [stdout]    7:     0x625f4986fef9 - std[70759c8f55707aa4]::sys::backtrace::__rust_end_short_backtrace::<std[70759c8f55707aa4]::panicking::panic_handler::{closure#0}, !>
[INFO] [stdout]    8:     0x625f4987c37d - __rustc[8fa7c3cbc660c2b3]::rust_begin_unwind
[INFO] [stdout]    9:     0x625f497eba8c - core[df12db4294e9bfd3]::panicking::panic_fmt
[INFO] [stdout]   10:     0x625f497eb862 - core[df12db4294e9bfd3]::result::unwrap_failed
[INFO] [stdout]   11:     0x625f497ffecc - donadb_x[4c2343ccb0aaeb94]::engine::engine_tests::scan_prefix_debug
[INFO] [stdout]   12:     0x625f498444d9 - <donadb_x[4c2343ccb0aaeb94]::engine::engine_tests::scan_prefix_debug::{closure#0} as core[df12db4294e9bfd3]::ops::function::FnOnce<()>>::call_once
[INFO] [stdout]   13:     0x625f498a8cfb - test[9d35eded1c95d3be]::__rust_begin_short_backtrace::<core[df12db4294e9bfd3]::result::Result<(), alloc[2182bb758b4b3781]::string::String>, fn() -> core[df12db4294e9bfd3]::result::Result<(), alloc[2182bb758b4b3781]::string::String>>
[INFO] [stdout]   14:     0x625f498b6e51 - test[9d35eded1c95d3be]::run_test::{closure#0}
[INFO] [stdout]   15:     0x625f498b0564 - std[70759c8f55707aa4]::sys::backtrace::__rust_begin_short_backtrace::<test[9d35eded1c95d3be]::run_test::{closure#1}, ()>
[INFO] [stdout]   16:     0x625f498bac72 - <std[70759c8f55707aa4]::thread::lifecycle::spawn_unchecked<test[9d35eded1c95d3be]::run_test::{closure#1}, ()>::{closure#1} as core[df12db4294e9bfd3]::ops::function::FnOnce<()>>::call_once::{shim:vtable#0}
[INFO] [stdout]   17:     0x625f4989f1ee - <std[70759c8f55707aa4]::sys::thread::unix::Thread>::new::thread_start
[INFO] [stdout]   18:     0x7e775e8badfa - <unknown>
[INFO] [stdout]   19:     0x7e775e94e3d4 - clone
[INFO] [stdout]   20:                0x0 - <unknown>
[INFO] [stdout] 
[INFO] [stdout] 
[INFO] [stdout] failures:
[INFO] [stdout]     engine::engine_tests::cache_populated_and_hit
[INFO] [stdout]     engine::engine_tests::optimization_benchmark
[INFO] [stdout]     engine::engine_tests::scan_prefix_debug
[INFO] [stdout]     tests::frame_isolation
[INFO] [stdout]     tests::overwrite
[INFO] [stdout] 
[INFO] [stdout] test result: FAILED. 12 passed; 5 failed; 0 ignored; 0 measured; 0 filtered out; finished in 0.65s
[INFO] [stdout] 
[INFO] [stderr] error: test failed, to rerun pass `--lib`
[INFO] running `Command { std: "docker" "inspect" "5fc3019925ff9656966a00785b3a2d2b7c2a7161f6166c6a95ca2b27c6f2237f", kill_on_drop: false }`
[INFO] running `Command { std: "docker" "rm" "-f" "5fc3019925ff9656966a00785b3a2d2b7c2a7161f6166c6a95ca2b27c6f2237f", kill_on_drop: false }`
[INFO] [stdout] 5fc3019925ff9656966a00785b3a2d2b7c2a7161f6166c6a95ca2b27c6f2237f
