[INFO] fetching crate domain-check-lib 1.2.0...
[INFO] testing domain-check-lib-1.2.0 against 1.100.0-beta.1+cargoflags=--release for beta-release-1.100-2
[INFO] extracting crate domain-check-lib 1.2.0 into /workspace/builds/worker-2-tc2/source
[INFO] started tweaking crates.io crate domain-check-lib 1.2.0
[INFO] removed 0 missing tests
[INFO] finished tweaking crates.io crate domain-check-lib 1.2.0
[INFO] tweaked toml for crates.io crate domain-check-lib 1.2.0 written to /workspace/builds/worker-2-tc2/source/Cargo.toml
[INFO] validating manifest of crates.io crate domain-check-lib 1.2.0 on toolchain 1.100.0-beta.1
[INFO] running `Command { std: CARGO_HOME="/workspace/cargo-home" RUSTUP_HOME="/workspace/rustup-home" "/workspace/cargo-home/bin/cargo" "+1.100.0-beta.1" "metadata" "--manifest-path" "Cargo.toml" "--no-deps", kill_on_drop: false }`
[INFO] crate crates.io crate domain-check-lib 1.2.0 already has a lockfile, it will not be regenerated
[INFO] running `Command { std: CARGO_HOME="/workspace/cargo-home" RUSTUP_HOME="/workspace/rustup-home" "/workspace/cargo-home/bin/cargo" "+1.100.0-beta.1" "fetch" "--manifest-path" "Cargo.toml", kill_on_drop: false }`
[INFO] [stderr] warning: `package.homepage` is redundant with `package.repository`
[INFO] [stderr]   --> Cargo.toml:59:12
[INFO] [stderr]    |
[INFO] [stderr] 59 | homepage = "https://github.com/saidutt46/domain-check"
[INFO] [stderr]    |            ^^^^^^^^^^^^^^^^^^^^^^^^^^^^^^^^^^^^^^^^^^^
[INFO] [stderr] ...
[INFO] [stderr] 64 | repository = "https://github.com/saidutt46/domain-check"
[INFO] [stderr]    |              -------------------------------------------
[INFO] [stderr]    |
[INFO] [stderr]    = note: `cargo::redundant_homepage` is set to `warn` by default
[INFO] [stderr] help: consider removing `package.homepage`
[INFO] [stderr] warning: `domain-check-lib` (manifest) generated 1 warning
[INFO] running `Command { std: "docker" "create" "-v" "/var/lib/crater-agent-workspace/builds/worker-2-tc2/source:/opt/rustwide/workdir:ro,Z" "-v" "/var/lib/crater-agent-workspace/builds/worker-2-tc2/target:/opt/rustwide/target:rw,Z" "-v" "/var/lib/crater-agent-workspace/cargo-home:/opt/rustwide/cargo-home:ro,Z" "-v" "/var/lib/crater-agent-workspace/rustup-home:/opt/rustwide/rustup-home:ro,Z" "-m" "1610612736" "--network" "none" "ghcr.io/rust-lang/crates-build-env/linux@sha256:77db811e55d90add9212f6832c23229e3de5f1c1f9905e8cb07319ea15df73ac" "sleep" "infinity", kill_on_drop: false }`
[INFO] [stdout] e9cd4b09fe69bd9593c606800b684957e052f988297c991e2f3d4f63c0f6cc91
[INFO] running `Command { std: "docker" "start" "e9cd4b09fe69bd9593c606800b684957e052f988297c991e2f3d4f63c0f6cc91", kill_on_drop: false }`
[INFO] running `Command { std: "docker" "inspect" "e9cd4b09fe69bd9593c606800b684957e052f988297c991e2f3d4f63c0f6cc91", kill_on_drop: false }`
[INFO] running `Command { std: "docker" "exec" "-e" "SOURCE_DIR=/opt/rustwide/workdir" "-e" "CARGO_HOME=/opt/rustwide/cargo-home" "-e" "RUSTUP_HOME=/opt/rustwide/rustup-home" "-e" "CARGO_TARGET_DIR=/opt/rustwide/target" "-w" "/opt/rustwide/workdir" "--user" "0:0" "e9cd4b09fe69bd9593c606800b684957e052f988297c991e2f3d4f63c0f6cc91" "/opt/rustwide/cargo-home/bin/cargo" "+1.100.0-beta.1" "metadata" "--no-deps" "--format-version=1", kill_on_drop: false }`
[INFO] running `Command { std: "docker" "inspect" "e9cd4b09fe69bd9593c606800b684957e052f988297c991e2f3d4f63c0f6cc91", kill_on_drop: false }`
[INFO] running `Command { std: "docker" "exec" "-e" "SOURCE_DIR=/opt/rustwide/workdir" "-e" "CARGO_HOME=/opt/rustwide/cargo-home" "-e" "RUSTUP_HOME=/opt/rustwide/rustup-home" "-e" "CARGO_TARGET_DIR=/opt/rustwide/target" "-e" "CARGO_INCREMENTAL=0" "-e" "RUST_BACKTRACE=full" "-e" "RUSTFLAGS=--cap-lints=warn" "-e" "RUSTDOCFLAGS=--cap-lints=warn" "-w" "/opt/rustwide/workdir" "--user" "0:0" "e9cd4b09fe69bd9593c606800b684957e052f988297c991e2f3d4f63c0f6cc91" "/opt/rustwide/cargo-home/bin/cargo" "+1.100.0-beta.1" "build" "--frozen" "--message-format=json" "--release", kill_on_drop: false }`
[INFO] [stderr] warning: `package.homepage` is redundant with `package.repository`
[INFO] [stderr]   --> Cargo.toml:59:12
[INFO] [stderr]    |
[INFO] [stderr] 59 | homepage = "https://github.com/saidutt46/domain-check"
[INFO] [stderr]    |            ^^^^^^^^^^^^^^^^^^^^^^^^^^^^^^^^^^^^^^^^^^^
[INFO] [stderr] ...
[INFO] [stderr] 64 | repository = "https://github.com/saidutt46/domain-check"
[INFO] [stderr]    |              -------------------------------------------
[INFO] [stderr]    |
[INFO] [stderr]    = note: `cargo::redundant_homepage` is set to `warn` by default
[INFO] [stderr] help: consider removing `package.homepage`
[INFO] [stderr] warning: `domain-check-lib` (manifest) generated 1 warning
[INFO] [stderr]    Compiling syn v3.0.6
[INFO] [stderr]    Compiling smallvec v1.16.2
[INFO] [stderr]    Compiling cc v1.5.1
[INFO] [stderr]    Compiling mio v1.2.3
[INFO] [stderr]    Compiling getrandom v0.2.17
[INFO] [stderr]    Compiling ring v0.17.14
[INFO] [stderr]    Compiling synstructure v0.14.0
[INFO] [stderr]    Compiling zerofrom-derive v0.1.8
[INFO] [stderr]    Compiling yoke-derive v0.8.3
[INFO] [stderr]    Compiling zerovec-derive v0.11.6
[INFO] [stderr]    Compiling displaydoc v0.2.7
[INFO] [stderr]    Compiling tokio-macros v2.7.2
[INFO] [stderr]    Compiling futures-macro v0.3.34
[INFO] [stderr]    Compiling serde_derive v1.0.229
[INFO] [stderr]    Compiling tokio v1.53.1
[INFO] [stderr]    Compiling futures-util v0.3.34
[INFO] [stderr]    Compiling zerofrom v0.1.8
[INFO] [stderr]    Compiling yoke v0.8.3
[INFO] [stderr]    Compiling zerotrie v0.2.5
[INFO] [stderr]    Compiling zerovec v0.11.8
[INFO] [stderr]    Compiling tinystr v0.8.4
[INFO] [stderr]    Compiling potential_utf v0.1.6
[INFO] [stderr]    Compiling icu_collections v2.3.0
[INFO] [stderr]    Compiling icu_locale_core v2.3.0
[INFO] [stderr]    Compiling serde v1.0.229
[INFO] [stderr]    Compiling icu_provider v2.3.1
[INFO] [stderr]    Compiling serde_urlencoded v0.7.1
[INFO] [stderr]    Compiling icu_normalizer v2.3.0
[INFO] [stderr]    Compiling icu_properties v2.3.0
[INFO] [stderr]    Compiling idna_adapter v1.2.2
[INFO] [stderr]    Compiling idna v1.1.0
[INFO] [stderr]    Compiling url v2.5.8
[INFO] [stderr]    Compiling hyper v1.11.1
[INFO] [stderr]    Compiling tower v0.5.3
[INFO] [stderr]    Compiling tower-http v0.6.11
[INFO] [stderr]    Compiling hyper-util v0.1.21
[INFO] [stderr]    Compiling rustls v0.23.45
[INFO] [stderr]    Compiling rustls-webpki v0.103.15
[INFO] [stderr]    Compiling tokio-rustls v0.26.5
[INFO] [stderr]    Compiling hyper-rustls v0.27.10
[INFO] [stderr]    Compiling reqwest v0.12.28
[INFO] [stderr]    Compiling domain-check-lib v1.2.0 (/opt/rustwide/workdir)
[INFO] [stderr]     Finished `release` profile [optimized] target(s) in 1m 04s
[INFO] running `Command { std: "docker" "inspect" "e9cd4b09fe69bd9593c606800b684957e052f988297c991e2f3d4f63c0f6cc91", kill_on_drop: false }`
[INFO] running `Command { std: "docker" "exec" "-e" "SOURCE_DIR=/opt/rustwide/workdir" "-e" "CARGO_HOME=/opt/rustwide/cargo-home" "-e" "RUSTUP_HOME=/opt/rustwide/rustup-home" "-e" "CARGO_TARGET_DIR=/opt/rustwide/target" "-e" "CARGO_INCREMENTAL=0" "-e" "RUST_BACKTRACE=full" "-e" "RUSTFLAGS=--cap-lints=warn" "-e" "RUSTDOCFLAGS=--cap-lints=warn" "-w" "/opt/rustwide/workdir" "--user" "0:0" "e9cd4b09fe69bd9593c606800b684957e052f988297c991e2f3d4f63c0f6cc91" "/opt/rustwide/cargo-home/bin/cargo" "+1.100.0-beta.1" "test" "--frozen" "--no-run" "--message-format=json" "--release", kill_on_drop: false }`
[INFO] [stderr] warning: `package.homepage` is redundant with `package.repository`
[INFO] [stderr]   --> Cargo.toml:59:12
[INFO] [stderr]    |
[INFO] [stderr] 59 | homepage = "https://github.com/saidutt46/domain-check"
[INFO] [stderr]    |            ^^^^^^^^^^^^^^^^^^^^^^^^^^^^^^^^^^^^^^^^^^^
[INFO] [stderr] ...
[INFO] [stderr] 64 | repository = "https://github.com/saidutt46/domain-check"
[INFO] [stderr]    |              -------------------------------------------
[INFO] [stderr]    |
[INFO] [stderr]    = note: `cargo::redundant_homepage` is set to `warn` by default
[INFO] [stderr] help: consider removing `package.homepage`
[INFO] [stderr] warning: `domain-check-lib` (manifest) generated 1 warning
[INFO] [stderr]    Compiling tokio v1.53.1
[INFO] [stderr]    Compiling hyper v1.11.1
[INFO] [stderr]    Compiling tower v0.5.3
[INFO] [stderr]    Compiling tokio-rustls v0.26.5
[INFO] [stderr]    Compiling tokio-stream v0.1.19
[INFO] [stderr]    Compiling tower-http v0.6.11
[INFO] [stderr]    Compiling tokio-test v0.4.6
[INFO] [stderr]    Compiling hyper-util v0.1.21
[INFO] [stderr]    Compiling hyper-rustls v0.27.10
[INFO] [stderr]    Compiling reqwest v0.12.28
[INFO] [stderr]    Compiling domain-check-lib v1.2.0 (/opt/rustwide/workdir)
[INFO] [stderr]     Finished `release` profile [optimized] target(s) in 44.37s
[INFO] running `Command { std: "docker" "inspect" "e9cd4b09fe69bd9593c606800b684957e052f988297c991e2f3d4f63c0f6cc91", kill_on_drop: false }`
[INFO] running `Command { std: "docker" "exec" "-e" "SOURCE_DIR=/opt/rustwide/workdir" "-e" "CARGO_HOME=/opt/rustwide/cargo-home" "-e" "RUSTUP_HOME=/opt/rustwide/rustup-home" "-e" "CARGO_TARGET_DIR=/opt/rustwide/target" "-e" "CARGO_INCREMENTAL=0" "-e" "RUST_BACKTRACE=full" "-e" "RUSTFLAGS=--cap-lints=warn" "-e" "RUSTDOCFLAGS=--cap-lints=warn" "-w" "/opt/rustwide/workdir" "--user" "0:0" "e9cd4b09fe69bd9593c606800b684957e052f988297c991e2f3d4f63c0f6cc91" "/opt/rustwide/cargo-home/bin/cargo" "+1.100.0-beta.1" "test" "--frozen" "--release", kill_on_drop: false }`
[INFO] [stderr] warning: `package.homepage` is redundant with `package.repository`
[INFO] [stderr]   --> Cargo.toml:59:12
[INFO] [stderr]    |
[INFO] [stderr] 59 | homepage = "https://github.com/saidutt46/domain-check"
[INFO] [stderr]    |            ^^^^^^^^^^^^^^^^^^^^^^^^^^^^^^^^^^^^^^^^^^^
[INFO] [stderr] ...
[INFO] [stderr] 64 | repository = "https://github.com/saidutt46/domain-check"
[INFO] [stderr]    |              -------------------------------------------
[INFO] [stderr]    |
[INFO] [stderr]    = note: `cargo::redundant_homepage` is set to `warn` by default
[INFO] [stderr] help: consider removing `package.homepage`
[INFO] [stderr] warning: `domain-check-lib` (manifest) generated 1 warning
[INFO] [stderr]     Finished `release` profile [optimized] target(s) in 0.25s
[INFO] [stderr]      Running unittests src/lib.rs (/opt/rustwide/target/release/build/domain-check-lib/0f22cb5fb1608584/out/domain_check_lib-0f22cb5fb1608584)
[INFO] [stdout] 
[INFO] [stdout] running 391 tests
[INFO] [stdout] test checker::tests::test_filter_result_info_no_info_noop ... ok
[INFO] [stdout] test checker::tests::test_config_accessor ... ok
[INFO] [stdout] test checker::tests::rdap_404_is_final_only_when_registry_has_no_whois ... ok
[INFO] [stdout] test checker::tests::test_check_domains_empty_list ... ok
[INFO] [stdout] test checker::tests::whois_timeout_reason_is_kept ... ok
[INFO] [stdout] test config::tests::test_defaults_for_sale_from_toml ... ok
[INFO] [stdout] test config::tests::test_env_config_default ... ok
[INFO] [stdout] test checker::tests::test_filter_result_info_preserves_when_enabled ... ok
[INFO] [stdout] test checker::tests::test_domain_checker_with_config ... ok
[INFO] [stdout] test config::tests::test_config_manager_verbose_flag ... ok
[INFO] [stdout] test config::tests::test_defaults_config_default_all_none ... ok
[INFO] [stdout] test config::tests::test_file_config_default_all_none ... ok
[INFO] [stdout] test checker::tests::test_check_domains_from_nonexistent_file ... ok
[INFO] [stdout] test checker::tests::test_domain_checker_default ... ok
[INFO] [stdout] test config::tests::test_file_config_round_trip ... ok
[INFO] [stdout] test checker::tests::test_check_domains_from_empty_file ... ok
[INFO] [stdout] test checker::tests::test_no_whois_fallback_with_indicates_available_error ... ok
[INFO] [stdout] test config::tests::test_has_output_format_conflict_both_true ... ok
[INFO] [stdout] test checker::tests::test_domain_checker_new ... ok
[INFO] [stdout] test config::tests::test_get_effective_tlds_none ... ok
[INFO] [stdout] test config::tests::test_file_config_serialization_skip_none ... ok
[INFO] [stdout] test checker::tests::test_filter_result_info_removes_when_disabled ... ok
[INFO] [stdout] test config::tests::test_get_effective_preset_neither_set ... ok
[INFO] [stdout] test config::tests::test_has_output_format_conflict_one_true ... ok
[INFO] [stdout] test checker::tests::for_sale_enabled_false_when_not_requested ... ok
[INFO] [stdout] test config::tests::test_get_effective_tlds ... ok
[INFO] [stdout] test config::tests::test_load_empty_config ... ok
[INFO] [stdout] test config::tests::test_load_env_concurrency_valid ... ok
[INFO] [stdout] test config::tests::test_get_effective_preset_no_tlds ... ok
[INFO] [stdout] test config::tests::test_load_env_file_empty_ignored ... ok
[INFO] [stdout] test config::tests::test_load_env_prefix_suffix ... ok
[INFO] [stdout] test config::tests::test_load_env_no_vars_returns_all_none ... ok
[INFO] [stdout] test config::tests::test_load_env_concurrency_non_numeric_ignored ... ok
[INFO] [stdout] test config::tests::test_load_env_concurrency_over_100_ignored ... ok
[INFO] [stdout] test config::tests::test_load_env_for_sale_false_and_invalid ... ok
[INFO] [stdout] test config::tests::test_load_env_preset ... ok
[INFO] [stdout] test config::tests::test_has_output_format_conflict_both_false ... ok
[INFO] [stdout] test config::tests::test_load_env_concurrency_zero_ignored ... ok
[INFO] [stdout] test config::tests::test_load_env_config_path ... ok
[INFO] [stdout] test config::tests::test_load_env_boolean_flags ... ok
[INFO] [stdout] test config::tests::test_load_env_file ... ok
[INFO] [stdout] test config::tests::test_load_env_dns_server ... ok
[INFO] [stdout] test config::tests::test_load_env_preset_empty_ignored ... ok
[INFO] [stdout] test config::tests::test_get_effective_preset_with_tlds_returns_none ... ok
[INFO] [stdout] test config::tests::test_has_output_format_conflict_none ... ok
[INFO] [stdout] test config::tests::test_load_env_pretty_invalid_ignored ... ok
[INFO] [stdout] test config::tests::test_load_env_tld ... ok
[INFO] [stdout] test config::tests::test_load_env_tld_with_spaces ... ok
[INFO] [stdout] test config::tests::test_load_invalid_toml ... ok
[INFO] [stdout] test checker::tests::test_check_domains_from_file_parses_correctly ... ok
[INFO] [stdout] test config::tests::test_load_env_tld_empty_entries_filtered ... ok
[INFO] [stdout] test config::tests::test_has_output_format_conflict_one_none_one_true ... ok
[INFO] [stdout] test config::tests::test_load_nonexistent_file ... ok
[INFO] [stdout] test config::tests::test_load_env_pretty_false_variants ... ok
[INFO] [stdout] test config::tests::test_merge_custom_presets_higher_none ... ok
[INFO] [stdout] test config::tests::test_load_output_config ... ok
[INFO] [stdout] test config::tests::test_load_minimal_defaults_only ... ok
[INFO] [stdout] test config::tests::test_load_generation_config ... ok
[INFO] [stdout] test checker::tests::test_set_config ... ok
[INFO] [stdout] test config::tests::test_merge_all_default_fields ... ok
[INFO] [stdout] test config::tests::test_load_env_pretty_true_variants ... ok
[INFO] [stdout] test config::tests::test_load_env_timeout_invalid_ignored ... ok
[INFO] [stdout] test config::tests::test_merge_defaults_both_none ... ok
[INFO] [stdout] test config::tests::test_load_monitoring_config ... ok
[INFO] [stdout] test config::tests::test_merge_custom_presets_lower_none ... ok
[INFO] [stdout] test config::tests::test_merge_custom_presets_combined ... ok
[INFO] [stdout] test config::tests::test_merge_generation_higher_prefixes_win ... ok
[INFO] [stdout] test config::tests::test_merge_generation_higher_none ... ok
[INFO] [stdout] test config::tests::test_merge_generation_lower_none ... ok
[INFO] [stdout] test config::tests::test_merge_monitoring_higher_wins ... ok
[INFO] [stdout] test config::tests::test_parse_timeout_bare_number ... ok
[INFO] [stdout] test config::tests::test_load_env_timeout_valid ... ok
[INFO] [stdout] test config::tests::test_validate_custom_preset_empty_name ... ok
[INFO] [stdout] test config::tests::test_validate_concurrency_boundary_100 ... ok
[INFO] [stdout] test config::tests::test_validate_concurrency_over_100 ... ok
[INFO] [stdout] test config::tests::test_parse_timeout_seconds_with_suffix ... ok
[INFO] [stdout] test config::tests::test_merge_output_higher_wins ... ok
[INFO] [stdout] test config::tests::test_merge_defaults_higher_none ... ok
[INFO] [stdout] test config::tests::test_parse_timeout_case_insensitive ... ok
[INFO] [stdout] test config::tests::test_merge_defaults_lower_none ... ok
[INFO] [stdout] test config::tests::test_parse_timeout_invalid ... ok
[INFO] [stdout] test config::tests::test_parse_timeout_whitespace_trimmed ... ok
[INFO] [stdout] test config::tests::test_validate_concurrency_boundary_1 ... ok
[INFO] [stdout] test config::tests::test_validate_custom_preset_empty_tld_list ... ok
[INFO] [stdout] test config::tests::test_validate_custom_preset_invalid_tld_empty_string ... ok
[INFO] [stdout] test config::tests::test_merge_defaults_higher_wins ... ok
[INFO] [stdout] test config::tests::test_parse_timeout_minutes ... ok
[INFO] [stdout] test config::tests::test_merge_generation_both_none ... ok
[INFO] [stdout] test config::tests::test_validate_concurrency_zero ... ok
[INFO] [stdout] test config::tests::test_load_valid_config_full ... ok
[INFO] [stdout] test config::tests::test_validate_custom_preset_invalid_tld_with_dot ... ok
[INFO] [stdout] test config::tests::test_validate_timeout_valid_seconds ... ok
[INFO] [stdout] test config::tests::test_validate_tlds_alone_ok ... ok
[INFO] [stdout] test config::tests::test_validate_valid_custom_preset ... ok
[INFO] [stdout] test error::tests::test_config_error_not_retryable ... ok
[INFO] [stdout] test error::tests::test_display_config_error ... ok
[INFO] [stdout] test error::tests::test_display_file_permission ... ok
[INFO] [stdout] test error::tests::test_display_bootstrap_error ... ok
[INFO] [stdout] test error::tests::test_display_invalid_domain ... ok
[INFO] [stdout] test error::tests::test_display_file_generic ... ok
[INFO] [stdout] test error::tests::test_display_internal ... ok
[INFO] [stdout] test error::tests::test_bootstrap_constructor ... ok
[INFO] [stdout] test error::tests::test_bootstrap_error_not_retryable ... ok
[INFO] [stdout] test config::tests::test_validate_preset_alone_ok ... ok
[INFO] [stdout] test config::tests::test_validate_preset_and_tlds_conflict ... ok
[INFO] [stdout] test config::tests::test_validate_custom_preset_invalid_tld_with_space ... ok
[INFO] [stdout] test config::tests::test_validate_timeout_invalid_format ... ok
[INFO] [stdout] test config::tests::test_validate_timeout_bare_number_valid ... ok
[INFO] [stdout] test config::tests::test_validate_timeout_valid_minutes ... ok
[INFO] [stdout] test error::tests::test_display_rdap_404 ... ok
[INFO] [stdout] test error::tests::test_display_rdap_429 ... ok
[INFO] [stdout] test error::tests::test_display_rdap_no_status ... ok
[INFO] [stdout] test error::tests::test_display_rdap_other_status ... ok
[INFO] [stdout] test error::tests::test_display_whois_not_found ... ok
[INFO] [stdout] test error::tests::test_display_whois_rate_limit ... ok
[INFO] [stdout] test error::tests::test_display_rdap_5xx ... ok
[INFO] [stdout] test error::tests::test_file_error_constructor ... ok
[INFO] [stdout] test error::tests::test_display_whois_generic ... ok
[INFO] [stdout] test error::tests::test_file_error_not_retryable ... ok
[INFO] [stdout] test error::tests::test_display_invalid_pattern ... ok
[INFO] [stdout] test error::tests::test_error_trait_implemented ... ok
[INFO] [stdout] test error::tests::test_display_network_generic ... ok
[INFO] [stdout] test error::tests::test_internal_constructor ... ok
[INFO] [stdout] test error::tests::test_display_timeout ... ok
[INFO] [stdout] test error::tests::test_from_io_error ... ok
[INFO] [stdout] test error::tests::test_internal_error_not_retryable ... ok
[INFO] [stdout] test error::tests::test_from_serde_json_error ... ok
[INFO] [stdout] test error::tests::test_display_file_no_valid_domains ... ok
[INFO] [stdout] test error::tests::test_display_file_not_found ... ok
[INFO] [stdout] test error::tests::test_display_parse_error ... ok
[INFO] [stdout] test error::tests::test_display_network_connection_error ... ok
[INFO] [stdout] test error::tests::test_display_rate_limited_without_retry ... ok
[INFO] [stdout] test error::tests::test_display_network_timeout_error ... ok
[INFO] [stdout] test error::tests::test_display_rate_limited_with_retry ... ok
[INFO] [stdout] test error::tests::test_network_error_is_retryable ... ok
[INFO] [stdout] test error::tests::test_network_error_not_available ... ok
[INFO] [stdout] test error::tests::test_rdap_404_indicates_available ... ok
[INFO] [stdout] test error::tests::test_rdap_403_not_retryable ... ok
[INFO] [stdout] test error::tests::test_invalid_pattern_not_available ... ok
[INFO] [stdout] test error::tests::test_network_constructor ... ok
[INFO] [stdout] test error::tests::test_network_with_source_is_retryable ... ok
[INFO] [stdout] test error::tests::test_invalid_pattern_not_retryable ... ok
[INFO] [stdout] test error::tests::test_invalid_domain_constructor ... ok
[INFO] [stdout] test error::tests::test_network_with_source_constructor ... ok
[INFO] [stdout] test error::tests::test_rdap_500_is_retryable ... ok
[INFO] [stdout] test error::tests::test_invalid_domain_not_retryable ... ok
[INFO] [stdout] test error::tests::test_rate_limited_is_retryable ... ok
[INFO] [stdout] test error::tests::test_rdap_with_status_constructor ... ok
[INFO] [stdout] test error::tests::test_whois_domain_available_indicates_available ... ok
[INFO] [stdout] test error::tests::test_whois_no_data_found_indicates_available ... ok
[INFO] [stdout] test error::tests::test_whois_not_found_indicates_available ... ok
[INFO] [stdout] test error::tests::test_rdap_502_is_retryable ... ok
[INFO] [stdout] test error::tests::test_whois_rate_limit_not_available ... ok
[INFO] [stdout] test error::tests::test_invalid_pattern_constructor ... ok
[INFO] [stdout] test forsale::tests::duplicates_are_collapsed_and_output_sorted ... ok
[INFO] [stdout] test error::tests::test_timeout_constructor ... ok
[INFO] [stdout] test forsale::tests::all_tags_parse ... ok
[INFO] [stdout] test forsale::tests::empty_rrset_is_not_for_sale ... ok
[INFO] [stdout] test forsale::tests::furi_trust ... ok
[INFO] [stdout] test error::tests::test_rdap_200_not_available ... ok
[INFO] [stdout] test forsale::tests::fval_rules ... ok
[INFO] [stdout] test error::tests::test_rdap_599_is_retryable ... ok
[INFO] [stdout] test forsale::tests::invalid_or_unknown_content_still_for_sale ... ok
[INFO] [stdout] test error::tests::test_rdap_404_not_retryable ... ok
[INFO] [stdout] test forsale::tests::lookup_inactive_without_feature ... ok
[INFO] [stdout] test error::tests::test_timeout_is_retryable ... ok
[INFO] [stdout] test forsale::tests::record_name_rules ... ok
[INFO] [stdout] test forsale::tests::records_without_version_are_ignored_alongside_valid ... ok
[INFO] [stdout] test forsale::tests::multi_string_record_is_concatenated ... ok
[INFO] [stdout] test forsale::tests::invalid_utf8_replaced ... ok
[INFO] [stdout] test forsale::tests::sanitize_strips_bidi_controls ... ok
[INFO] [stdout] test forsale::tests::multi_string_split_inside_utf8_character ... ok
[INFO] [stdout] test error::tests::test_rdap_no_status_not_available ... ok
[INFO] [stdout] test forsale::tests::json_shape_omits_empty_lists ... ok
[INFO] [stdout] test forsale::tests::spaces_after_version_tolerated ... ok
[INFO] [stdout] test forsale::tests::lookup_inactive_when_not_requested ... ok
[INFO] [stdout] test forsale::tests::text_that_sanitizes_to_empty_is_dropped ... ok
[INFO] [stdout] test forsale::tests::two_tags_in_one_record_is_for_sale_without_details ... ok
[INFO] [stdout] test generate::tests::test_double_digit ... ok
[INFO] [stdout] test forsale::tests::value_runs_to_end_of_record ... ok
[INFO] [stdout] test forsale::tests::version_only_is_for_sale_and_empty ... ok
[INFO] [stdout] test generate::tests::test_empty_affixes_with_bare ... ok
[INFO] [stdout] test generate::tests::test_affix_invalid_name_filtered ... ok
[INFO] [stdout] test generate::tests::test_config_has_affixes ... ok
[INFO] [stdout] test generate::tests::test_config_has_generation ... ok
[INFO] [stdout] test forsale::tests::unicode_text_kept ... ok
[INFO] [stdout] test forsale::tests::value_length_limits ... ok
[INFO] [stdout] test forsale::tests::version_tag_variants ... ok
[INFO] [stdout] test generate::tests::test_empty_base_names_with_affixes ... ok
[INFO] [stdout] test generate::tests::test_empty_pattern_error ... ok
[INFO] [stdout] test generate::tests::test_escaped_backslash ... ok
[INFO] [stdout] test generate::tests::test_estimate_digits ... ok
[INFO] [stdout] test generate::tests::test_estimate_large ... ok
[INFO] [stdout] test generate::tests::test_estimate_literal ... ok
[INFO] [stdout] test generate::tests::test_estimate_overflow_saturation ... ok
[INFO] [stdout] test generate::tests::test_estimate_question ... ok
[INFO] [stdout] test generate::tests::test_mixed_pattern ... ok
[INFO] [stdout] test generate::tests::test_estimate_word ... ok
[INFO] [stdout] test generate::tests::test_multiple_patterns_in_config ... ok
[INFO] [stdout] test generate::tests::test_long_literal_pattern ... ok
[INFO] [stdout] test generate::tests::test_multiple_base_names_with_affixes ... ok
[INFO] [stdout] test generate::tests::test_pattern_all_hyphens_filtered ... ok
[INFO] [stdout] test generate::tests::test_pipeline_empty_config ... ok
[INFO] [stdout] test generate::tests::test_pipeline_estimated_count ... ok
[INFO] [stdout] test generate::tests::test_pipeline_literals_with_affixes ... ok
[INFO] [stdout] test generate::tests::test_pipeline_multiple_patterns_with_literals_and_affixes ... ok
[INFO] [stdout] test generate::tests::test_pipeline_patterns_only ... ok
[INFO] [stdout] test generate::tests::test_pipeline_patterns_with_affixes ... ok
[INFO] [stdout] test generate::tests::test_prefix_and_suffix_both_produce_invalid ... ok
[INFO] [stdout] test generate::tests::test_exclude_bare ... ok
[INFO] [stdout] test generate::tests::test_prefix_only ... ok
[INFO] [stdout] test generate::tests::test_pipeline_with_literals ... ok
[INFO] [stdout] test generate::tests::test_single_char_pattern_filtered ... ok
[INFO] [stdout] test generate::tests::test_invalid_escape_error ... ok
[INFO] [stdout] test generate::tests::test_prefix_and_suffix ... ok
[INFO] [stdout] test generate::tests::test_literal_only ... ok
[INFO] [stdout] test generate::tests::test_question_mark ... ok
[INFO] [stdout] test generate::tests::test_single_digit ... ok
[INFO] [stdout] test generate::tests::test_only_wildcards_digits ... ok
[INFO] [stdout] test generate::tests::test_single_question_mark_all_filtered ... ok
[INFO] [stdout] test generate::tests::test_suffix_only ... ok
[INFO] [stdout] test generate::tests::test_suffix_producing_trailing_hyphen ... ok
[INFO] [stdout] test generate::tests::test_trailing_backslash_error ... ok
[INFO] [stdout] test generate::tests::test_word_char ... ok
[INFO] [stdout] test generate::tests::test_word_char_leading_hyphen ... ok
[INFO] [stdout] test protocols::rdap::tests::test_extract_domain_info_nameservers ... ok
[INFO] [stdout] test protocols::rdap::tests::test_extract_domain_info_rdap_database_update ... ok
[INFO] [stdout] test protocols::rdap::tests::test_extract_domain_info_registrar_from_handle ... ok
[INFO] [stdout] test protocols::rdap::tests::test_extract_domain_info_registrar_from_public_id ... ok
[INFO] [stdout] test protocols::rdap::tests::test_extract_domain_info_registrar_from_vcard ... ok
[INFO] [stdout] test protocols::rdap::tests::test_extract_domain_info_unknown_event_ignored ... ok
[INFO] [stdout] test protocols::rdap::tests::test_extract_domain_info_non_registrar_entity_skipped ... ok
[INFO] [stdout] test protocols::rdap::tests::test_extract_domain_info_updated_date ... ok
[INFO] [stdout] test protocols::rdap::tests::test_extract_entity_identifier_empty_public_ids ... ok
[INFO] [stdout] test protocols::rdap::tests::test_extract_entity_identifier_handle_fallback ... ok
[INFO] [stdout] test protocols::rdap::tests::test_extract_entity_identifier_none ... ok
[INFO] [stdout] test protocols::rdap::tests::test_extract_entity_identifier_name_fallback ... ok
[INFO] [stdout] test protocols::rdap::tests::test_extract_entity_identifier_precedence ... ok
[INFO] [stdout] test protocols::rdap::tests::test_extract_entity_identifier_public_id ... ok
[INFO] [stdout] test protocols::rdap::tests::test_extract_vcard_name_empty_vcard_array ... ok
[INFO] [stdout] test protocols::rdap::tests::test_extract_vcard_name_no_vcard ... ok
[INFO] [stdout] test protocols::rdap::tests::test_extract_vcard_name_short_item_array ... ok
[INFO] [stdout] test protocols::rdap::tests::test_extract_vcard_name_standard ... ok
[INFO] [stdout] test protocols::rdap::tests::test_rdap_client_default ... ok
[INFO] [stdout] test protocols::registry::preset_tests::test_available_presets ... ok
[INFO] [stdout] test protocols::registry::preset_tests::test_country_preset ... ok
[INFO] [stdout] test protocols::rdap::tests::test_rdap_client_new ... ok
[INFO] [stdout] test protocols::rdap::tests::test_extract_domain_info_dates_and_status ... ok
[INFO] [stdout] test protocols::rdap::tests::test_rdap_client_with_config ... ok
[INFO] [stdout] test protocols::rdap::tests::test_extract_domain_info_empty_json ... ok
[INFO] [stdout] test protocols::registry::preset_tests::test_all_presets_non_empty ... ok
[INFO] [stdout] test protocols::registry::preset_tests::test_preset_tlds_subset_of_known ... ok
[INFO] [stdout] test protocols::rdap::tests::test_extract_domain_info_full_response ... ok
[INFO] [stdout] test protocols::registry::preset_tests::test_ecommerce_alias ... ok
[INFO] [stdout] test protocols::registry::preset_tests::test_enterprise_preset ... ok
[INFO] [stdout] test protocols::registry::preset_tests::test_get_all_known_tlds ... ok
[INFO] [stdout] test protocols::registry::preset_tests::test_invalid_preset ... ok
[INFO] [stdout] test protocols::registry::preset_tests::test_startup_preset ... ok
[INFO] [stdout] test protocols::registry::preset_tests::test_validate_preset_tlds ... ok
[INFO] [stdout] test protocols::registry::tests::test_bootstrap_cache_is_stale_no_fetch ... ok
[INFO] [stdout] test protocols::registry::tests::test_bootstrap_cache_new ... ok
[INFO] [stdout] test protocols::registry::tests::test_custom_preset_takes_precedence ... ok
[INFO] [stdout] test protocols::registry::tests::test_clear_bootstrap_cache ... ok
[INFO] [stdout] test protocols::registry::tests::test_custom_preset_fallback_to_builtin ... ok
[INFO] [stdout] test protocols::registry::tests::test_extract_tld_basic ... ok
[INFO] [stdout] test protocols::registry::tests::test_custom_preset_lowercase_key_matches_lowercase_query ... ok
[INFO] [stdout] test protocols::registry::tests::test_custom_preset_none_map ... ok
[INFO] [stdout] test protocols::registry::tests::test_custom_preset_unknown_returns_none ... ok
[INFO] [stdout] test protocols::registry::tests::test_extract_tld_case_insensitive ... ok
[INFO] [stdout] test protocols::registry::tests::test_extract_tld_empty ... ok
[INFO] [stdout] test protocols::registry::tests::test_extract_tld_multi_level ... ok
[INFO] [stdout] test protocols::registry::tests::test_extract_tld_no_dot ... ok
[INFO] [stdout] test protocols::registry::tests::test_get_bootstrap_cache_stats ... ok
[INFO] [stdout] test protocols::registry::tests::test_registry_does_not_contain_dead_cctlds ... ok
[INFO] [stdout] test protocols::registry::tests::test_registry_map_size ... ok
[INFO] [stdout] test protocols::registry::tests::test_get_rdap_endpoint_builtin ... ok
[INFO] [stdout] test protocols::registry::tests::test_registry_map_contains_common_tlds ... ok
[INFO] [stdout] test protocols::registry::tests::test_validate_preset_tlds_all_hardcoded ... ok
[INFO] [stdout] test protocols::registry::tests::test_get_rdap_endpoint_case_insensitive ... ok
[INFO] [stdout] test protocols::registry::tests::test_get_rdap_endpoint_unknown_no_bootstrap ... ok
[INFO] [stdout] test protocols::registry::tests::test_validate_preset_tlds_empty ... ok
[INFO] [stdout] test protocols::registry::tests::test_validate_preset_tlds_with_unknown ... ok
[INFO] [stdout] test protocols::registry::tests::test_whois_cache_case_insensitive ... ok
[INFO] [stdout] test protocols::registry::tests::test_whois_server_caching ... ok
[INFO] [stdout] test protocols::registry::tests::test_all_endpoints_are_valid_https_urls ... ok
[INFO] [stdout] test protocols::whois::tests::empty_reply_is_unknown_not_available ... ok
[INFO] [stdout] test protocols::whois::tests::disclaimer_rate_limit_wording_is_not_a_rate_limit ... ok
[INFO] [stdout] test protocols::registry::tests::test_bootstrap_cache_is_stale_fresh ... ok
[INFO] [stdout] test protocols::registry::tests::test_custom_preset_exact_case_match ... ok
[INFO] [stdout] test protocols::whois::tests::free_status_with_update_timestamp_is_available ... ok
[INFO] [stdout] test protocols::whois::tests::iana_reply_without_whois_means_none_listed ... ok
[INFO] [stdout] test protocols::whois::tests::jprs_query_uses_english_suffix ... ok
[INFO] [stdout] test protocols::whois::tests::free_status_with_echo_is_available ... ok
[INFO] [stdout] test protocols::whois::tests::no_whois_service_error_is_recognised ... ok
[INFO] [stdout] test protocols::whois::tests::not_available_status_is_taken ... ok
[INFO] [stdout] test protocols::whois::tests::rate_limit_wins_over_free_phrase ... ok
[INFO] [stdout] test protocols::whois::tests::live_iana_discovery ... ok
[INFO] [stdout] test protocols::whois::tests::live_whois_over_tcp ... ok
[INFO] [stdout] test protocols::registry::tests::test_whois_negative_caching ... ok
[INFO] [stdout] test protocols::registry::tests::test_whois_not_negatively_cached_when_absent ... ok
[INFO] [stdout] test protocols::whois::tests::single_field_without_echo_is_unknown ... ok
[INFO] [stdout] test protocols::whois::tests::test_iana_empty_whois_field ... ok
[INFO] [stdout] test protocols::whois::tests::rate_limit_in_comment_is_detected ... ok
[INFO] [stdout] test protocols::whois::tests::test_iana_refer_empty_value ... ok
[INFO] [stdout] test error::tests::test_timeout_not_available ... ok
[INFO] [stdout] test error::tests::test_whois_constructor ... ok
[INFO] [stdout] test protocols::whois::tests::test_iana_refer_takes_precedence_over_whois ... ok
[INFO] [stdout] test error::tests::test_rdap_constructor ... ok
[INFO] [stdout] test forsale::tests::sanitize_strips_invisible_format_characters ... ok
[INFO] [stdout] test protocols::whois::tests::real_free_replies_are_available ... ok
[INFO] [stdout] test protocols::whois::tests::taken_reply_is_never_available_for_another_name ... ok
[INFO] [stdout] test protocols::whois::tests::test_iana_refer_none ... ok
[INFO] [stdout] test protocols::whois::tests::disclaimer_phrases_do_not_override_registration_data ... ok
[INFO] [stdout] test protocols::whois::tests::test_whois_client_default ... ok
[INFO] [stdout] test protocols::whois::tests::test_whois_client_with_timeout ... ok
[INFO] [stdout] test forsale::tests::sanitize_strips_terminal_escapes ... ok
[INFO] [stdout] test protocols::whois::tests::real_taken_replies_are_taken ... ok
[INFO] [stdout] test protocols::whois::tests::registration_data_blocks_available_even_without_echo ... ok
[INFO] [stdout] test protocols::whois::tests::unusable_iana_reply_is_unreachable_not_none_listed ... ok
[INFO] [stdout] test protocols::whois::tests::test_iana_empty_response ... ok
[INFO] [stdout] test protocols::whois::tests::test_iana_refer_standard ... ok
[INFO] [stdout] test protocols::whois::tests::whois_database_timestamp_is_not_evidence ... ok
[INFO] [stdout] test tests::test_author_is_not_empty ... ok
[INFO] [stdout] test tests::test_check_config_default ... ok
[INFO] [stdout] test tests::test_domain_result_construction ... ok
[INFO] [stdout] test tests::test_info_author_matches_constant ... ok
[INFO] [stdout] test tests::test_info_version_matches_constant ... ok
[INFO] [stdout] test tests::test_init_does_not_panic ... ok
[INFO] [stdout] test tests::test_library_info_clone ... ok
[INFO] [stdout] test tests::test_output_mode_variants ... ok
[INFO] [stdout] test protocols::whois::tests::refused_replies_are_unknown ... ok
[INFO] [stdout] test tests::test_library_info_debug ... ok
[INFO] [stdout] test tests::test_check_method_variants ... ok
[INFO] [stdout] test tests::test_domain_checker_new ... ok
[INFO] [stdout] test tests::test_info_has_default_features ... ok
[INFO] [stdout] test protocols::whois::tests::test_iana_whois_field_fallback ... ok
[INFO] [stdout] test tests::test_version_is_semver ... ok
[INFO] [stdout] test types::tests::test_builder_chaining_order_independent ... ok
[INFO] [stdout] test types::tests::test_builder_preserves_other_defaults ... ok
[INFO] [stdout] test protocols::whois::tests::test_whois_client_new ... ok
[INFO] [stdout] test types::tests::test_domain_info_default ... ok
[INFO] [stdout] test types::tests::test_domain_result_for_sale_serialization ... ok
[INFO] [stdout] test types::tests::test_domain_result_json_skip_none_fields ... ok
[INFO] [stdout] test types::tests::test_generate_config_has_affixes_none ... ok
[INFO] [stdout] test types::tests::test_generate_config_has_affixes_prefix_only ... ok
[INFO] [stdout] test types::tests::test_generate_config_has_affixes_suffix_only ... ok
[INFO] [stdout] test types::tests::test_generate_config_has_generation_empty ... ok
[INFO] [stdout] test types::tests::test_generate_config_new_defaults ... ok
[INFO] [stdout] test types::tests::test_output_mode_display ... ok
[INFO] [stdout] test types::tests::test_with_bootstrap ... ok
[INFO] [stdout] test types::tests::test_with_concurrency_boundary_values ... ok
[INFO] [stdout] test types::tests::test_with_concurrency_clamps_to_max ... ok
[INFO] [stdout] test types::tests::test_with_concurrency_clamps_to_min ... ok
[INFO] [stdout] test types::tests::test_with_concurrency_normal ... ok
[INFO] [stdout] test tests::test_result_type_alias_err ... ok
[INFO] [stdout] test types::tests::test_with_detailed_info ... ok
[INFO] [stdout] test tests::test_result_type_alias_ok ... ok
[INFO] [stdout] test types::tests::test_with_for_sale ... ok
[INFO] [stdout] test tests::test_version_is_not_empty ... ok
[INFO] [stdout] test types::tests::test_with_tlds ... ok
[INFO] [stdout] test types::tests::test_check_config_defaults ... ok
[INFO] [stdout] test types::tests::test_check_method_display ... ok
[INFO] [stdout] test types::tests::test_with_whois_fallback ... ok
[INFO] [stdout] test types::tests::test_check_method_serialization ... ok
[INFO] [stdout] test types::tests::test_check_method_deserialization ... ok
[INFO] [stdout] test utils::tests::test_expand_default_tld ... ok
[INFO] [stdout] test types::tests::test_with_timeout ... ok
[INFO] [stdout] test types::tests::test_generate_config_has_generation_with_pattern ... ok
[INFO] [stdout] test utils::tests::test_expand_empty_tld_entries_filtered ... ok
[INFO] [stdout] test utils::tests::test_expand_empty_input ... ok
[INFO] [stdout] test utils::tests::test_expand_skips_invalid_fqdn ... ok
[INFO] [stdout] test utils::tests::test_fqdn_label_too_long ... ok
[INFO] [stdout] test utils::tests::test_fqdn_too_long ... ok
[INFO] [stdout] test utils::tests::test_valid_fqdns ... ok
[INFO] [stdout] test utils::tests::test_validate_domain_only_whitespace ... ok
[INFO] [stdout] test protocols::rdap::tests::test_extract_vcard_name_no_fn_field ... ok
[INFO] [stdout] test utils::tests::test_validate_domain_too_short ... ok
[INFO] [stdout] test utils::tests::test_validate_domain_valid ... ok
[INFO] [stdout] test utils::tests::test_expand_with_tlds ... ok
[INFO] [stdout] test utils::tests::test_fqdn_consecutive_dots ... ok
[INFO] [stdout] test utils::tests::test_fqdn_hyphen_in_label ... ok
[INFO] [stdout] test utils::tests::test_invalid_fqdns ... ok
[INFO] [stdout] test utils::tests::test_valid_base_names ... ok
[INFO] [stdout] test utils::tests::test_validate_domain_empty ... ok
[INFO] [stdout] test utils::tests::test_expand_fqdn_not_expanded ... ok
[INFO] [stdout] test utils::tests::test_expand_mixed_fqdn_and_base ... ok
[INFO] [stdout] test utils::tests::test_expand_skips_empty ... ok
[INFO] [stdout] test utils::tests::test_expand_skips_short_base_names ... ok
[INFO] [stdout] test utils::tests::test_invalid_base_names ... ok
[INFO] [stdout] test utils::tests::test_validate_domain_whitespace_trimmed ... ok
[INFO] [stdout] test protocols::whois::tests::queries_to_one_server_are_capped ... ok
[INFO] [stdout] 
[INFO] [stdout] test result: ok. 391 passed; 0 failed; 0 ignored; 0 measured; 0 filtered out; finished in 0.51s
[INFO] [stdout] 
[INFO] [stderr]      Running tests/for_sale.rs (/opt/rustwide/target/release/build/domain-check-lib/5299fd5952a6155f/out/for_sale-5299fd5952a6155f)
[INFO] [stderr]      Running tests/integration.rs (/opt/rustwide/target/release/build/domain-check-lib/8e584468f3ca6c4d/out/integration-8e584468f3ca6c4d)
[INFO] [stdout] 
[INFO] [stdout] running 0 tests
[INFO] [stdout] 
[INFO] [stdout] test result: ok. 0 passed; 0 failed; 0 ignored; 0 measured; 0 filtered out; finished in 0.00s
[INFO] [stdout] 
[INFO] [stdout] 
[INFO] [stdout] running 20 tests
[INFO] [stdout] test test_bootstrap_adds_non_hardcoded_tlds ... ignored
[INFO] [stdout] test test_bootstrap_results_sorted_and_deduplicated ... ignored
[INFO] [stdout] test test_check_domain_on_non_hardcoded_tld ... ignored
[INFO] [stdout] test test_fetch_full_bootstrap_returns_over_1000_entries ... ignored
[INFO] [stdout] test test_initialize_bootstrap_idempotent ... ignored
[INFO] [stdout] test test_rdap_404_falls_through_to_whois ... ignored
[INFO] [stdout] test test_rdap_404_no_whois_still_works ... ignored
[INFO] [stdout] test test_whois_discovery_and_caching ... ignored
[INFO] [stdout] test test_batch_check_preserves_domain_names_in_errors ... ok
[INFO] [stdout] test test_core_preset_tlds_are_subset_of_all_tlds ... ok
[INFO] [stdout] test test_all_known_tlds_sorted ... ok
[INFO] [stdout] test test_default_config_has_bootstrap_enabled ... ok
[INFO] [stdout] test test_preset_tlds_invalid_returns_none ... ok
[INFO] [stdout] test test_library_exports_work ... ok
[INFO] [stdout] test test_preset_tlds_case_insensitive ... ok
[INFO] [stdout] test test_batch_check_preserves_names_mixed_results ... ok
[INFO] [stdout] test test_new_exports_accessible ... ok
[INFO] [stdout] test rdap_only_registry_reports_free_and_taken ... ok
[INFO] [stdout] test test_check_domain_no_bootstrap_unknown_tld_falls_back_to_whois ... ok
[INFO] [stderr] error: test failed, to rerun pass `--test integration`
[INFO] [stdout] test test_known_taken_domain_google_com ... FAILED
[INFO] [stdout] 
[INFO] [stdout] failures:
[INFO] [stdout] 
[INFO] [stdout] ---- test_known_taken_domain_google_com stdout ----
[INFO] [stdout] 
[INFO] [stdout] thread 'test_known_taken_domain_google_com' (1825) panicked at tests/integration.rs:103:5:
[INFO] [stdout] assertion `left == right` failed: google.com must be reported as TAKEN
[INFO] [stdout]   left: None
[INFO] [stdout]  right: Some(false)
[INFO] [stdout] stack backtrace:
[INFO] [stdout]    0:     0x6107625c9a91 - <<std[617be2ca0a6fd877]::sys::backtrace::BacktraceLock>::print::DisplayBacktrace as core[a373ad73a504971]::fmt::Display>::fmt
[INFO] [stdout]    1:     0x6107625e04aa - core[a373ad73a504971]::fmt::write
[INFO] [stdout]    2:     0x6107625ce39c - <alloc[2e1b2a31b91974c5]::vec::Vec<u8> as core[a373ad73a504971]::io::write::Write>::write_fmt
[INFO] [stdout]    3:     0x6107625a4bc6 - std[617be2ca0a6fd877]::panicking::default_hook::{closure#0}
[INFO] [stdout]    4:     0x6107625c1989 - std[617be2ca0a6fd877]::panicking::default_hook
[INFO] [stdout]    5:     0x610762369dd0 - test[aada8e7e76ba119b]::test_main_inner::{closure#0}
[INFO] [stdout]    6:     0x6107625c1cb2 - std[617be2ca0a6fd877]::panicking::panic_with_hook
[INFO] [stdout]    7:     0x6107625a4c72 - std[617be2ca0a6fd877]::panicking::panic_handler::{closure#0}
[INFO] [stdout]    8:     0x61076259d8a9 - std[617be2ca0a6fd877]::sys::backtrace::__rust_end_short_backtrace::<std[617be2ca0a6fd877]::panicking::panic_handler::{closure#0}, !>
[INFO] [stdout]    9:     0x6107625a5a6d - __rustc[ea4f61d10b84890b]::rust_begin_unwind
[INFO] [stdout]   10:     0x6107625e0c0c - core[a373ad73a504971]::panicking::panic_fmt
[INFO] [stdout]   11:     0x6107625e0b83 - core[a373ad73a504971]::panicking::assert_failed_inner
[INFO] [stdout]   12:     0x6107623495ca - core[a373ad73a504971]::panicking::assert_failed::<core[a373ad73a504971]::option::Option<bool>, core[a373ad73a504971]::option::Option<bool>>
[INFO] [stdout]   13:     0x61076231fae2 - integration[ceff0ff07e1188cb]::test_known_taken_domain_google_com::{closure#0}
[INFO] [stdout]   14:     0x61076234bbdb - <tokio[880bbe9046230fa7]::runtime::scheduler::current_thread::CurrentThread>::block_on::<core[a373ad73a504971]::pin::Pin<&mut dyn core[a373ad73a504971]::future::future::Future<Output = ()>>>
[INFO] [stdout]   15:     0x61076234ce52 - <tokio[880bbe9046230fa7]::runtime::runtime::Runtime>::block_on::<core[a373ad73a504971]::pin::Pin<&mut dyn core[a373ad73a504971]::future::future::Future<Output = ()>>>
[INFO] [stdout]   16:     0x61076232cfde - <integration[ceff0ff07e1188cb]::test_known_taken_domain_google_com::{closure#0} as core[a373ad73a504971]::ops::function::FnOnce<()>>::call_once
[INFO] [stdout]   17:     0x61076235d21b - test[aada8e7e76ba119b]::__rust_begin_short_backtrace::<core[a373ad73a504971]::result::Result<(), alloc[2e1b2a31b91974c5]::string::String>, fn() -> core[a373ad73a504971]::result::Result<(), alloc[2e1b2a31b91974c5]::string::String>>
[INFO] [stdout]   18:     0x61076236a3f5 - test[aada8e7e76ba119b]::run_test::{closure#0}
[INFO] [stdout]   19:     0x610762363ce4 - std[617be2ca0a6fd877]::sys::backtrace::__rust_begin_short_backtrace::<test[aada8e7e76ba119b]::run_test::{closure#1}, ()>
[INFO] [stdout]   20:     0x61076236d482 - <std[617be2ca0a6fd877]::thread::lifecycle::spawn_unchecked<test[aada8e7e76ba119b]::run_test::{closure#1}, ()>::{closure#1} as core[a373ad73a504971]::ops::function::FnOnce<()>>::call_once::{shim:vtable#0}
[INFO] [stdout]   21:     0x6107625c8f3f - <std[617be2ca0a6fd877]::sys::thread::unix::Thread>::new::thread_start
[INFO] [stdout]   22:     0x76f4746cddfa - <unknown>
[INFO] [stdout]   23:     0x76f4747613d4 - clone
[INFO] [stdout]   24:                0x0 - <unknown>
[INFO] [stdout] 
[INFO] [stdout] 
[INFO] [stdout] failures:
[INFO] [stdout]     test_known_taken_domain_google_com
[INFO] [stdout] 
[INFO] [stdout] test result: FAILED. 11 passed; 1 failed; 8 ignored; 0 measured; 0 filtered out; finished in 0.02s
[INFO] [stdout] 
[INFO] running `Command { std: "docker" "inspect" "e9cd4b09fe69bd9593c606800b684957e052f988297c991e2f3d4f63c0f6cc91", kill_on_drop: false }`
[INFO] running `Command { std: "docker" "rm" "-f" "e9cd4b09fe69bd9593c606800b684957e052f988297c991e2f3d4f63c0f6cc91", kill_on_drop: false }`
[INFO] [stdout] e9cd4b09fe69bd9593c606800b684957e052f988297c991e2f3d4f63c0f6cc91
