[INFO] fetching crate dom-abi 0.1.1...
[INFO] testing dom-abi-0.1.1 against 1.100.0-beta.1+cargoflags=--release for beta-release-1.100-2
[INFO] extracting crate dom-abi 0.1.1 into /workspace/builds/worker-4-tc2/source
[INFO] started tweaking crates.io crate dom-abi 0.1.1
[INFO] removed 0 missing tests
[INFO] finished tweaking crates.io crate dom-abi 0.1.1
[INFO] tweaked toml for crates.io crate dom-abi 0.1.1 written to /workspace/builds/worker-4-tc2/source/Cargo.toml
[INFO] validating manifest of crates.io crate dom-abi 0.1.1 on toolchain 1.100.0-beta.1
[INFO] running `Command { std: CARGO_HOME="/workspace/cargo-home" RUSTUP_HOME="/workspace/rustup-home" "/workspace/cargo-home/bin/cargo" "+1.100.0-beta.1" "metadata" "--manifest-path" "Cargo.toml" "--no-deps", kill_on_drop: false }`
[INFO] crate crates.io crate dom-abi 0.1.1 already has a lockfile, it will not be regenerated
[INFO] running `Command { std: CARGO_HOME="/workspace/cargo-home" RUSTUP_HOME="/workspace/rustup-home" "/workspace/cargo-home/bin/cargo" "+1.100.0-beta.1" "fetch" "--manifest-path" "Cargo.toml", kill_on_drop: false }`
[INFO] [stderr] warning: `package.homepage` is redundant with `package.repository`
[INFO] [stderr]   --> Cargo.toml:22:12
[INFO] [stderr]    |
[INFO] [stderr] 22 | homepage = "https://github.com/pathscale/ps-blitz"
[INFO] [stderr]    |            ^^^^^^^^^^^^^^^^^^^^^^^^^^^^^^^^^^^^^^^
[INFO] [stderr] ...
[INFO] [stderr] 26 | repository = "https://github.com/pathscale/ps-blitz"
[INFO] [stderr]    |              ---------------------------------------
[INFO] [stderr]    |
[INFO] [stderr]    = note: `cargo::redundant_homepage` is set to `warn` by default
[INFO] [stderr] help: consider removing `package.homepage`
[INFO] [stderr] warning: `dom-abi` (manifest) generated 1 warning
[INFO] running `Command { std: "docker" "create" "-v" "/var/lib/crater-agent-workspace/builds/worker-4-tc2/source:/opt/rustwide/workdir:ro,Z" "-v" "/var/lib/crater-agent-workspace/builds/worker-4-tc2/target:/opt/rustwide/target:rw,Z" "-v" "/var/lib/crater-agent-workspace/cargo-home:/opt/rustwide/cargo-home:ro,Z" "-v" "/var/lib/crater-agent-workspace/rustup-home:/opt/rustwide/rustup-home:ro,Z" "-m" "1610612736" "--network" "none" "ghcr.io/rust-lang/crates-build-env/linux@sha256:77db811e55d90add9212f6832c23229e3de5f1c1f9905e8cb07319ea15df73ac" "sleep" "infinity", kill_on_drop: false }`
[INFO] [stdout] 56dbddf2ba85aedbfb5af2f90c715d0fef95277569249b2fce77a61c4d846565
[INFO] running `Command { std: "docker" "start" "56dbddf2ba85aedbfb5af2f90c715d0fef95277569249b2fce77a61c4d846565", kill_on_drop: false }`
[INFO] running `Command { std: "docker" "inspect" "56dbddf2ba85aedbfb5af2f90c715d0fef95277569249b2fce77a61c4d846565", kill_on_drop: false }`
[INFO] running `Command { std: "docker" "exec" "-e" "SOURCE_DIR=/opt/rustwide/workdir" "-e" "CARGO_HOME=/opt/rustwide/cargo-home" "-e" "RUSTUP_HOME=/opt/rustwide/rustup-home" "-e" "CARGO_TARGET_DIR=/opt/rustwide/target" "-w" "/opt/rustwide/workdir" "--user" "0:0" "56dbddf2ba85aedbfb5af2f90c715d0fef95277569249b2fce77a61c4d846565" "/opt/rustwide/cargo-home/bin/cargo" "+1.100.0-beta.1" "metadata" "--no-deps" "--format-version=1", kill_on_drop: false }`
[INFO] running `Command { std: "docker" "inspect" "56dbddf2ba85aedbfb5af2f90c715d0fef95277569249b2fce77a61c4d846565", kill_on_drop: false }`
[INFO] running `Command { std: "docker" "exec" "-e" "SOURCE_DIR=/opt/rustwide/workdir" "-e" "CARGO_HOME=/opt/rustwide/cargo-home" "-e" "RUSTUP_HOME=/opt/rustwide/rustup-home" "-e" "CARGO_TARGET_DIR=/opt/rustwide/target" "-e" "CARGO_INCREMENTAL=0" "-e" "RUST_BACKTRACE=full" "-e" "RUSTFLAGS=--cap-lints=warn" "-e" "RUSTDOCFLAGS=--cap-lints=warn" "-w" "/opt/rustwide/workdir" "--user" "0:0" "56dbddf2ba85aedbfb5af2f90c715d0fef95277569249b2fce77a61c4d846565" "/opt/rustwide/cargo-home/bin/cargo" "+1.100.0-beta.1" "build" "--frozen" "--message-format=json" "--release", kill_on_drop: false }`
[INFO] [stderr] warning: `package.homepage` is redundant with `package.repository`
[INFO] [stderr]   --> Cargo.toml:22:12
[INFO] [stderr]    |
[INFO] [stderr] 22 | homepage = "https://github.com/pathscale/ps-blitz"
[INFO] [stderr]    |            ^^^^^^^^^^^^^^^^^^^^^^^^^^^^^^^^^^^^^^^
[INFO] [stderr] ...
[INFO] [stderr] 26 | repository = "https://github.com/pathscale/ps-blitz"
[INFO] [stderr]    |              ---------------------------------------
[INFO] [stderr]    |
[INFO] [stderr]    = note: `cargo::redundant_homepage` is set to `warn` by default
[INFO] [stderr] help: consider removing `package.homepage`
[INFO] [stderr] warning: `dom-abi` (manifest) generated 1 warning
[INFO] [stderr]    Compiling quote v1.0.46
[INFO] [stderr]    Compiling syn v2.0.118
[INFO] [stderr]    Compiling serde_derive v1.0.228
[INFO] [stderr]    Compiling serde v1.0.228
[INFO] [stderr]    Compiling dom-abi v0.1.1 (/opt/rustwide/workdir)
[INFO] [stderr]     Finished `release` profile [optimized] target(s) in 7.29s
[INFO] running `Command { std: "docker" "inspect" "56dbddf2ba85aedbfb5af2f90c715d0fef95277569249b2fce77a61c4d846565", kill_on_drop: false }`
[INFO] running `Command { std: "docker" "exec" "-e" "SOURCE_DIR=/opt/rustwide/workdir" "-e" "CARGO_HOME=/opt/rustwide/cargo-home" "-e" "RUSTUP_HOME=/opt/rustwide/rustup-home" "-e" "CARGO_TARGET_DIR=/opt/rustwide/target" "-e" "CARGO_INCREMENTAL=0" "-e" "RUST_BACKTRACE=full" "-e" "RUSTFLAGS=--cap-lints=warn" "-e" "RUSTDOCFLAGS=--cap-lints=warn" "-w" "/opt/rustwide/workdir" "--user" "0:0" "56dbddf2ba85aedbfb5af2f90c715d0fef95277569249b2fce77a61c4d846565" "/opt/rustwide/cargo-home/bin/cargo" "+1.100.0-beta.1" "test" "--frozen" "--no-run" "--message-format=json" "--release", kill_on_drop: false }`
[INFO] [stderr] warning: `package.homepage` is redundant with `package.repository`
[INFO] [stderr]   --> Cargo.toml:22:12
[INFO] [stderr]    |
[INFO] [stderr] 22 | homepage = "https://github.com/pathscale/ps-blitz"
[INFO] [stderr]    |            ^^^^^^^^^^^^^^^^^^^^^^^^^^^^^^^^^^^^^^^
[INFO] [stderr] ...
[INFO] [stderr] 26 | repository = "https://github.com/pathscale/ps-blitz"
[INFO] [stderr]    |              ---------------------------------------
[INFO] [stderr]    |
[INFO] [stderr]    = note: `cargo::redundant_homepage` is set to `warn` by default
[INFO] [stderr] help: consider removing `package.homepage`
[INFO] [stderr] warning: `dom-abi` (manifest) generated 1 warning
[INFO] [stderr]    Compiling once_cell v1.21.4
[INFO] [stderr]    Compiling serde v1.0.228
[INFO] [stderr]    Compiling ron v0.12.2
[INFO] [stderr]    Compiling dom-abi v0.1.1 (/opt/rustwide/workdir)
[INFO] [stderr]     Finished `release` profile [optimized] target(s) in 11.68s
[INFO] running `Command { std: "docker" "inspect" "56dbddf2ba85aedbfb5af2f90c715d0fef95277569249b2fce77a61c4d846565", kill_on_drop: false }`
[INFO] running `Command { std: "docker" "exec" "-e" "SOURCE_DIR=/opt/rustwide/workdir" "-e" "CARGO_HOME=/opt/rustwide/cargo-home" "-e" "RUSTUP_HOME=/opt/rustwide/rustup-home" "-e" "CARGO_TARGET_DIR=/opt/rustwide/target" "-e" "CARGO_INCREMENTAL=0" "-e" "RUST_BACKTRACE=full" "-e" "RUSTFLAGS=--cap-lints=warn" "-e" "RUSTDOCFLAGS=--cap-lints=warn" "-w" "/opt/rustwide/workdir" "--user" "0:0" "56dbddf2ba85aedbfb5af2f90c715d0fef95277569249b2fce77a61c4d846565" "/opt/rustwide/cargo-home/bin/cargo" "+1.100.0-beta.1" "test" "--frozen" "--release", kill_on_drop: false }`
[INFO] [stderr] warning: `package.homepage` is redundant with `package.repository`
[INFO] [stderr]   --> Cargo.toml:22:12
[INFO] [stderr]    |
[INFO] [stderr] 22 | homepage = "https://github.com/pathscale/ps-blitz"
[INFO] [stderr]    |            ^^^^^^^^^^^^^^^^^^^^^^^^^^^^^^^^^^^^^^^
[INFO] [stderr] ...
[INFO] [stderr] 26 | repository = "https://github.com/pathscale/ps-blitz"
[INFO] [stderr]    |              ---------------------------------------
[INFO] [stderr]    |
[INFO] [stderr]    = note: `cargo::redundant_homepage` is set to `warn` by default
[INFO] [stderr] help: consider removing `package.homepage`
[INFO] [stderr] warning: `dom-abi` (manifest) generated 1 warning
[INFO] [stderr]     Finished `release` profile [optimized] target(s) in 0.02s
[INFO] [stderr]      Running unittests src/lib.rs (/opt/rustwide/target/release/build/dom-abi/da96daf63f7b02f9/out/dom_abi-da96daf63f7b02f9)
[INFO] [stdout] 
[INFO] [stdout] running 22 tests
[INFO] [stdout] test host::tests::a_zero_capacity_read_asks_for_a_length_and_gets_one ... ok
[INFO] [stdout] test host::tests::an_interned_name_is_free_after_its_first_use ... ok
[INFO] [stdout] test runtime::tests::a_major_mismatch_is_rejected_in_both_directions ... ok
[INFO] [stdout] test host::tests::a_value_that_exactly_fills_the_buffer_fits ... ok
[INFO] [stdout] test host::tests::status_codes_are_distinct ... ok
[INFO] [stdout] test host::tests::a_failed_read_is_never_mistaken_for_a_length ... ok
[INFO] [stdout] test host::tests::a_zero_length_value_is_not_absent ... ok
[INFO] [stdout] test runtime::tests::a_newer_host_links_an_older_module ... ok
[INFO] [stdout] test runtime::tests::an_equal_minor_links ... ok
[INFO] [stdout] test runtime::tests::the_import_namespace_round_trips ... ok
[INFO] [stdout] test template::tests::a_content_hash_round_trips_through_its_string_form ... ok
[INFO] [stdout] test runtime::tests::an_older_host_is_rejected_before_memory_is_shared ... ok
[INFO] [stdout] test host::tests::the_mount_point_is_handle_zero ... ok
[INFO] [stdout] test runtime::tests::the_section_names_are_what_the_module_carries ... ok
[INFO] [stdout] test platform::tests::every_platform_code_is_a_failure ... ok
[INFO] [stdout] test platform::tests::no_platform_code_collides_with_a_dom_code ... ok
[INFO] [stdout] test platform::tests::status_name_answers_for_both_surfaces ... ok
[INFO] [stdout] test runtime::tests::a_different_runtime_is_rejected ... ok
[INFO] [stdout] test runtime::tests::a_namespace_that_is_not_ours_parses_to_nothing ... ok
[INFO] [stdout] test template::tests::canonical_tags_are_distinct_within_each_enum ... ok
[INFO] [stdout] test host::tests::absent_is_negative_and_is_not_a_failure ... ok
[INFO] [stdout] test template::tests::a_content_hash_rejects_every_way_of_being_wrong ... ok
[INFO] [stdout] 
[INFO] [stdout] test result: ok. 22 passed; 0 failed; 0 ignored; 0 measured; 0 filtered out; finished in 0.00s
[INFO] [stdout] 
[INFO] [stderr]      Running tests/only_serde.rs (/opt/rustwide/target/release/build/dom-abi/0702c0734a005cec/out/only_serde-0702c0734a005cec)
[INFO] [stdout] 
[INFO] [stdout] running 6 tests
[INFO] [stdout] test the_detector_reads_names_and_not_substrings ... ok
[INFO] [stdout] test the_manifest_declares_one_dependency ... FAILED
[INFO] [stdout] test ron_does_not_reach_the_shipped_graph ... ok
[INFO] [stdout] test the_shipped_graph_has_exactly_one_direct_dependency ... ok
[INFO] [stdout] test nothing_outside_serdes_own_graph_reaches_the_shipped_graph ... ok
[INFO] [stdout] test the_dev_graph_adds_ron_and_nothing_else ... ok
[INFO] [stdout] 
[INFO] [stdout] failures:
[INFO] [stdout] 
[INFO] [stdout] ---- the_manifest_declares_one_dependency stdout ----
[INFO] [stdout] 
[INFO] [stdout] thread 'the_manifest_declares_one_dependency' (446) panicked at tests/only_serde.rs:177:5:
[INFO] [stdout] assertion `left == right` failed
[INFO] [stdout]   left: []
[INFO] [stdout]  right: ["serde"]
[INFO] [stdout] stack backtrace:
[INFO] [stdout]    0:     0x6392980170b1 - <<std[617be2ca0a6fd877]::sys::backtrace::BacktraceLock>::print::DisplayBacktrace as core[a373ad73a504971]::fmt::Display>::fmt
[INFO] [stdout]    1:     0x63929802b05a - core[a373ad73a504971]::fmt::write
[INFO] [stdout]    2:     0x63929801b2cc - <alloc[2e1b2a31b91974c5]::vec::Vec<u8> as core[a373ad73a504971]::io::write::Write>::write_fmt
[INFO] [stdout]    3:     0x639297ff3416 - std[617be2ca0a6fd877]::panicking::default_hook::{closure#0}
[INFO] [stdout]    4:     0x63929800f749 - std[617be2ca0a6fd877]::panicking::default_hook
[INFO] [stdout]    5:     0x639297fabcf0 - test[aada8e7e76ba119b]::test_main_inner::{closure#0}
[INFO] [stdout]    6:     0x63929800f902 - std[617be2ca0a6fd877]::panicking::panic_with_hook
[INFO] [stdout]    7:     0x639297ff34c2 - std[617be2ca0a6fd877]::panicking::panic_handler::{closure#0}
[INFO] [stdout]    8:     0x639297fec1d9 - std[617be2ca0a6fd877]::sys::backtrace::__rust_end_short_backtrace::<std[617be2ca0a6fd877]::panicking::panic_handler::{closure#0}, !>
[INFO] [stdout]    9:     0x639297ff40cd - __rustc[ea4f61d10b84890b]::rust_begin_unwind
[INFO] [stdout]   10:     0x63929802b78c - core[a373ad73a504971]::panicking::panic_fmt
[INFO] [stdout]   11:     0x63929802b6a3 - core[a373ad73a504971]::panicking::assert_failed_inner
[INFO] [stdout]   12:     0x639297f9d775 - core[a373ad73a504971]::panicking::assert_failed::<alloc[2e1b2a31b91974c5]::vec::Vec<alloc[2e1b2a31b91974c5]::string::String>, alloc[2e1b2a31b91974c5]::vec::Vec<alloc[2e1b2a31b91974c5]::string::String>>
[INFO] [stdout]   13:     0x639297f99c44 - <only_serde[216f3a891cf3f1cb]::the_manifest_declares_one_dependency::{closure#0} as core[a373ad73a504971]::ops::function::FnOnce<()>>::call_once
[INFO] [stdout]   14:     0x639297f9f13b - test[aada8e7e76ba119b]::__rust_begin_short_backtrace::<core[a373ad73a504971]::result::Result<(), alloc[2e1b2a31b91974c5]::string::String>, fn() -> core[a373ad73a504971]::result::Result<(), alloc[2e1b2a31b91974c5]::string::String>>
[INFO] [stdout]   15:     0x639297fac315 - test[aada8e7e76ba119b]::run_test::{closure#0}
[INFO] [stdout]   16:     0x639297fa5c04 - std[617be2ca0a6fd877]::sys::backtrace::__rust_begin_short_backtrace::<test[aada8e7e76ba119b]::run_test::{closure#1}, ()>
[INFO] [stdout]   17:     0x639297faf3a2 - <std[617be2ca0a6fd877]::thread::lifecycle::spawn_unchecked<test[aada8e7e76ba119b]::run_test::{closure#1}, ()>::{closure#1} as core[a373ad73a504971]::ops::function::FnOnce<()>>::call_once::{shim:vtable#0}
[INFO] [stdout]   18:     0x63929801690f - <std[617be2ca0a6fd877]::sys::thread::unix::Thread>::new::thread_start
[INFO] [stdout]   19:     0x7c47b4323dfa - <unknown>
[INFO] [stdout]   20:     0x7c47b43b73d4 - clone
[INFO] [stdout]   21:                0x0 - <unknown>
[INFO] [stdout] 
[INFO] [stdout] 
[INFO] [stdout] failures:
[INFO] [stdout]     the_manifest_declares_one_dependency
[INFO] [stdout] 
[INFO] [stdout] test result: FAILED. 5 passed; 1 failed; 0 ignored; 0 measured; 0 filtered out; finished in 0.15s
[INFO] [stdout] 
[INFO] [stderr] error: test failed, to rerun pass `--test only_serde`
[INFO] running `Command { std: "docker" "inspect" "56dbddf2ba85aedbfb5af2f90c715d0fef95277569249b2fce77a61c4d846565", kill_on_drop: false }`
[INFO] running `Command { std: "docker" "rm" "-f" "56dbddf2ba85aedbfb5af2f90c715d0fef95277569249b2fce77a61c4d846565", kill_on_drop: false }`
[INFO] [stdout] 56dbddf2ba85aedbfb5af2f90c715d0fef95277569249b2fce77a61c4d846565
