[INFO] fetching crate dollgen 0.4.0...
[INFO] testing dollgen-0.4.0 against 1.100.0-beta.1+cargoflags=--release for beta-release-1.100-2
[INFO] extracting crate dollgen 0.4.0 into /workspace/builds/worker-0-tc2/source
[INFO] started tweaking crates.io crate dollgen 0.4.0
[INFO] removed 0 missing examples
[INFO] finished tweaking crates.io crate dollgen 0.4.0
[INFO] tweaked toml for crates.io crate dollgen 0.4.0 written to /workspace/builds/worker-0-tc2/source/Cargo.toml
[INFO] validating manifest of crates.io crate dollgen 0.4.0 on toolchain 1.100.0-beta.1
[INFO] running `Command { std: CARGO_HOME="/workspace/cargo-home" RUSTUP_HOME="/workspace/rustup-home" "/workspace/cargo-home/bin/cargo" "+1.100.0-beta.1" "metadata" "--manifest-path" "Cargo.toml" "--no-deps", kill_on_drop: false }`
[INFO] crate crates.io crate dollgen 0.4.0 already has a lockfile, it will not be regenerated
[INFO] running `Command { std: CARGO_HOME="/workspace/cargo-home" RUSTUP_HOME="/workspace/rustup-home" "/workspace/cargo-home/bin/cargo" "+1.100.0-beta.1" "fetch" "--manifest-path" "Cargo.toml", kill_on_drop: false }`
[INFO] running `Command { std: "docker" "create" "-v" "/var/lib/crater-agent-workspace/builds/worker-0-tc2/source:/opt/rustwide/workdir:ro,Z" "-v" "/var/lib/crater-agent-workspace/builds/worker-0-tc2/target:/opt/rustwide/target:rw,Z" "-v" "/var/lib/crater-agent-workspace/cargo-home:/opt/rustwide/cargo-home:ro,Z" "-v" "/var/lib/crater-agent-workspace/rustup-home:/opt/rustwide/rustup-home:ro,Z" "-m" "1610612736" "--network" "none" "ghcr.io/rust-lang/crates-build-env/linux@sha256:77db811e55d90add9212f6832c23229e3de5f1c1f9905e8cb07319ea15df73ac" "sleep" "infinity", kill_on_drop: false }`
[INFO] [stdout] 7ae5b454ec8ad176faa97f22a82acb83cdfc48469bae14c39c27560cf0316729
[INFO] running `Command { std: "docker" "start" "7ae5b454ec8ad176faa97f22a82acb83cdfc48469bae14c39c27560cf0316729", kill_on_drop: false }`
[INFO] running `Command { std: "docker" "inspect" "7ae5b454ec8ad176faa97f22a82acb83cdfc48469bae14c39c27560cf0316729", kill_on_drop: false }`
[INFO] running `Command { std: "docker" "exec" "-e" "SOURCE_DIR=/opt/rustwide/workdir" "-e" "CARGO_HOME=/opt/rustwide/cargo-home" "-e" "RUSTUP_HOME=/opt/rustwide/rustup-home" "-e" "CARGO_TARGET_DIR=/opt/rustwide/target" "-w" "/opt/rustwide/workdir" "--user" "0:0" "7ae5b454ec8ad176faa97f22a82acb83cdfc48469bae14c39c27560cf0316729" "/opt/rustwide/cargo-home/bin/cargo" "+1.100.0-beta.1" "metadata" "--no-deps" "--format-version=1", kill_on_drop: false }`
[INFO] running `Command { std: "docker" "inspect" "7ae5b454ec8ad176faa97f22a82acb83cdfc48469bae14c39c27560cf0316729", kill_on_drop: false }`
[INFO] running `Command { std: "docker" "exec" "-e" "SOURCE_DIR=/opt/rustwide/workdir" "-e" "CARGO_HOME=/opt/rustwide/cargo-home" "-e" "RUSTUP_HOME=/opt/rustwide/rustup-home" "-e" "CARGO_TARGET_DIR=/opt/rustwide/target" "-e" "CARGO_INCREMENTAL=0" "-e" "RUST_BACKTRACE=full" "-e" "RUSTFLAGS=--cap-lints=warn" "-e" "RUSTDOCFLAGS=--cap-lints=warn" "-w" "/opt/rustwide/workdir" "--user" "0:0" "7ae5b454ec8ad176faa97f22a82acb83cdfc48469bae14c39c27560cf0316729" "/opt/rustwide/cargo-home/bin/cargo" "+1.100.0-beta.1" "build" "--frozen" "--message-format=json" "--release", kill_on_drop: false }`
[INFO] [stderr]    Compiling proc-macro2 v1.0.94
[INFO] [stderr]    Compiling unicode-ident v1.0.18
[INFO] [stderr]    Compiling anyhow v1.0.97
[INFO] [stderr]    Compiling thiserror v2.0.12
[INFO] [stderr]    Compiling tracing-core v0.1.33
[INFO] [stderr]    Compiling capturing-glob v0.1.1
[INFO] [stderr]    Compiling strfmt v0.2.4
[INFO] [stderr]    Compiling quote v1.0.40
[INFO] [stderr]    Compiling syn v2.0.100
[INFO] [stderr]    Compiling thiserror-impl v1.0.69
[INFO] [stderr]    Compiling tracing-attributes v0.1.28
[INFO] [stderr]    Compiling thiserror-impl v2.0.12
[INFO] [stderr]    Compiling miette-derive v7.5.0
[INFO] [stderr]    Compiling tyfling v0.1.3
[INFO] [stderr]    Compiling thiserror v1.0.69
[INFO] [stderr]    Compiling miette v7.5.0
[INFO] [stderr]    Compiling tracing v0.1.41
[INFO] [stderr]    Compiling dollgen v0.4.0 (/opt/rustwide/workdir)
[INFO] [stderr] warning: unused dependency `anyhow`
[INFO] [stderr]  --> Cargo.toml:1:15
[INFO] [stderr]   |
[INFO] [stderr] 1 | [dependencies.anyhow]
[INFO] [stderr]   |               ^^^^^^^
[INFO] [stderr]   |
[INFO] [stderr]   = note: `cargo::unused_dependencies` is set to `warn` by default
[INFO] [stderr] help: consider removing the dependency on `anyhow`
[INFO] [stderr] warning: `dollgen` (manifest) generated 1 warning
[INFO] [stderr]     Finished `release` profile [optimized] target(s) in 17.84s
[INFO] running `Command { std: "docker" "inspect" "7ae5b454ec8ad176faa97f22a82acb83cdfc48469bae14c39c27560cf0316729", kill_on_drop: false }`
[INFO] running `Command { std: "docker" "exec" "-e" "SOURCE_DIR=/opt/rustwide/workdir" "-e" "CARGO_HOME=/opt/rustwide/cargo-home" "-e" "RUSTUP_HOME=/opt/rustwide/rustup-home" "-e" "CARGO_TARGET_DIR=/opt/rustwide/target" "-e" "CARGO_INCREMENTAL=0" "-e" "RUST_BACKTRACE=full" "-e" "RUSTFLAGS=--cap-lints=warn" "-e" "RUSTDOCFLAGS=--cap-lints=warn" "-w" "/opt/rustwide/workdir" "--user" "0:0" "7ae5b454ec8ad176faa97f22a82acb83cdfc48469bae14c39c27560cf0316729" "/opt/rustwide/cargo-home/bin/cargo" "+1.100.0-beta.1" "test" "--frozen" "--no-run" "--message-format=json" "--release", kill_on_drop: false }`
[INFO] [stderr]    Compiling dollgen v0.4.0 (/opt/rustwide/workdir)
[INFO] [stderr] warning: unused dependency `anyhow`
[INFO] [stderr]  --> Cargo.toml:1:15
[INFO] [stderr]   |
[INFO] [stderr] 1 | [dependencies.anyhow]
[INFO] [stderr]   |               ^^^^^^^
[INFO] [stderr]   |
[INFO] [stderr]   = note: `cargo::unused_dependencies` is set to `warn` by default
[INFO] [stderr] help: consider removing the dependency on `anyhow`
[INFO] [stderr] warning: `dollgen` (manifest) generated 1 warning
[INFO] [stderr]     Finished `release` profile [optimized] target(s) in 0.52s
[INFO] running `Command { std: "docker" "inspect" "7ae5b454ec8ad176faa97f22a82acb83cdfc48469bae14c39c27560cf0316729", kill_on_drop: false }`
[INFO] running `Command { std: "docker" "exec" "-e" "SOURCE_DIR=/opt/rustwide/workdir" "-e" "CARGO_HOME=/opt/rustwide/cargo-home" "-e" "RUSTUP_HOME=/opt/rustwide/rustup-home" "-e" "CARGO_TARGET_DIR=/opt/rustwide/target" "-e" "CARGO_INCREMENTAL=0" "-e" "RUST_BACKTRACE=full" "-e" "RUSTFLAGS=--cap-lints=warn" "-e" "RUSTDOCFLAGS=--cap-lints=warn" "-w" "/opt/rustwide/workdir" "--user" "0:0" "7ae5b454ec8ad176faa97f22a82acb83cdfc48469bae14c39c27560cf0316729" "/opt/rustwide/cargo-home/bin/cargo" "+1.100.0-beta.1" "test" "--frozen" "--release", kill_on_drop: false }`
[INFO] [stderr] warning: unused dependency `anyhow`
[INFO] [stderr]  --> Cargo.toml:1:15
[INFO] [stderr]   |
[INFO] [stderr] 1 | [dependencies.anyhow]
[INFO] [stderr]   |               ^^^^^^^
[INFO] [stderr]   |
[INFO] [stderr]   = note: `cargo::unused_dependencies` is set to `warn` by default
[INFO] [stderr] help: consider removing the dependency on `anyhow`
[INFO] [stderr] warning: `dollgen` (manifest) generated 1 warning
[INFO] [stderr]     Finished `release` profile [optimized] target(s) in 0.14s
[INFO] [stderr]      Running unittests src/lib.rs (/opt/rustwide/target/release/build/dollgen/6d5984e191c2623d/out/dollgen-6d5984e191c2623d)
[INFO] [stderr]    Doc-tests dollgen
[INFO] [stdout] 
[INFO] [stdout] running 0 tests
[INFO] [stdout] 
[INFO] [stdout] test result: ok. 0 passed; 0 failed; 0 ignored; 0 measured; 0 filtered out; finished in 0.00s
[INFO] [stdout] 
[INFO] [stdout] 
[INFO] [stdout] running 2 tests
[INFO] [stdout] test src/lib.rs - (line 37) ... FAILED
[INFO] [stdout] test src/lib.rs - (line 11) ... FAILED
[INFO] [stdout] 
[INFO] [stdout] failures:
[INFO] [stdout] 
[INFO] [stdout] ---- src/lib.rs - (line 37) stdout ----
[INFO] [stdout] error: this file contains an unclosed delimiter
[INFO] [stdout]   --> src/lib.rs:57:53
[INFO] [stdout]    |
[INFO] [stdout] 40 |     -    [link(https://docs.rs/dollgen/latest/dollgen/liquid/):liquid]
[INFO] [stdout]    |          -    - unclosed delimiter
[INFO] [stdout]    |          |
[INFO] [stdout]    |          unclosed delimiter
[INFO] [stdout] 41 |         (feature: [code:liquid], support for [link(https://shopify.github.io/liquid/):the liquid templating language])
[INFO] [stdout]    |         -                                    -    - unclosed delimiter
[INFO] [stdout]    |         |                                    |
[INFO] [stdout]    |         unclosed delimiter                   unclosed delimiter
[INFO] [stdout] 42 |     -    [link(https://docs.rs/dollgen/latest/dollgen/minijinja/):minijinja]
[INFO] [stdout]    |          - another 20 unclosed delimiters begin from here
[INFO] [stdout] ...
[INFO] [stdout] 57 | -    at this point just make an issue for what you want
[INFO] [stdout]    |                                                        ^
[INFO] [stdout] 
[INFO] [stdout] error: aborting due to 1 previous error
[INFO] [stdout] 
[INFO] [stdout] Couldn't compile the test.
[INFO] [stdout] ---- src/lib.rs - (line 11) stdout ----
[INFO] [stdout] error: prefix `it` is unknown
[INFO] [stdout]   --> src/lib.rs:14:10
[INFO] [stdout]    |
[INFO] [stdout] 14 | although it's *recommended* to use [code:src/] for input files and [code:dist/] for output files,
[INFO] [stdout]    |          ^^ unknown prefix
[INFO] [stdout]    |
[INFO] [stdout]    = note: prefixed identifiers and literals are reserved since Rust 2021
[INFO] [stdout] help: consider inserting whitespace here
[INFO] [stdout]    |
[INFO] [stdout] 14 | although it 's *recommended* to use [code:src/] for input files and [code:dist/] for output files,
[INFO] [stdout]    |            +
[INFO] [stdout] 
[INFO] [stdout] error: prefix `rust` is unknown
[INFO] [stdout]   --> src/lib.rs:25:44
[INFO] [stdout]    |
[INFO] [stdout] 25 |     format strings follow a similar syntax to rust's format strings, but simpler
[INFO] [stdout]    |                                               ^^^^ unknown prefix
[INFO] [stdout]    |
[INFO] [stdout]    = note: prefixed identifiers and literals are reserved since Rust 2021
[INFO] [stdout] help: consider inserting whitespace here
[INFO] [stdout]    |
[INFO] [stdout] 25 |     format strings follow a similar syntax to rust 's format strings, but simpler
[INFO] [stdout]    |                                                   +
[INFO] [stdout] 
[INFO] [stdout] error: mismatched closing delimiter: `]`
[INFO] [stdout]   --> src/lib.rs:19:34
[INFO] [stdout]    |
[INFO] [stdout] 18 | [def(glob)::
[INFO] [stdout]    | - closing delimiter possibly meant for this
[INFO] [stdout] 19 |     globs follow the syntax of [link(https://crates.io/crates/capturing-glob):capturing-glob]
[INFO] [stdout]    |                                     ^ unclosed delimiter
[INFO] [stdout] ...
[INFO] [stdout] 22 | ]
[INFO] [stdout]    | ^ mismatched closing delimiter
[INFO] [stdout] 
[INFO] [stdout] error: mismatched closing delimiter: `)`
[INFO] [stdout]   --> src/lib.rs:29:29
[INFO] [stdout]    |
[INFO] [stdout] 29 |     given rule with an include [code:src/(**)/(*).draft.*)],
[INFO] [stdout]    |                                ^ unclosed delimiter      ^ mismatched closing delimiter
[INFO] [stdout] 
[INFO] [stdout] error: aborting due to 4 previous errors
[INFO] [stdout] 
[INFO] [stdout] Couldn't compile the test.
[INFO] [stdout] 
[INFO] [stdout] failures:
[INFO] [stdout]     src/lib.rs - (line 11)
[INFO] [stdout]     src/lib.rs - (line 37)
[INFO] [stdout] 
[INFO] [stdout] test result: FAILED. 0 passed; 2 failed; 0 ignored; 0 measured; 0 filtered out; finished in 0.04s
[INFO] [stdout] 
[INFO] [stderr] error: doctest failed, to rerun pass `--doc`
[INFO] running `Command { std: "docker" "inspect" "7ae5b454ec8ad176faa97f22a82acb83cdfc48469bae14c39c27560cf0316729", kill_on_drop: false }`
[INFO] running `Command { std: "docker" "rm" "-f" "7ae5b454ec8ad176faa97f22a82acb83cdfc48469bae14c39c27560cf0316729", kill_on_drop: false }`
[INFO] [stdout] 7ae5b454ec8ad176faa97f22a82acb83cdfc48469bae14c39c27560cf0316729
