[INFO] fetching crate dolarhoy-core 0.3.0...
[INFO] testing dolarhoy-core-0.3.0 against 1.100.0-beta.1+cargoflags=--release for beta-release-1.100-2
[INFO] extracting crate dolarhoy-core 0.3.0 into /workspace/builds/worker-4-tc2/source
[INFO] started tweaking crates.io crate dolarhoy-core 0.3.0
[INFO] finished tweaking crates.io crate dolarhoy-core 0.3.0
[INFO] tweaked toml for crates.io crate dolarhoy-core 0.3.0 written to /workspace/builds/worker-4-tc2/source/Cargo.toml
[INFO] validating manifest of crates.io crate dolarhoy-core 0.3.0 on toolchain 1.100.0-beta.1
[INFO] running `Command { std: CARGO_HOME="/workspace/cargo-home" RUSTUP_HOME="/workspace/rustup-home" "/workspace/cargo-home/bin/cargo" "+1.100.0-beta.1" "metadata" "--manifest-path" "Cargo.toml" "--no-deps", kill_on_drop: false }`
[INFO] running `Command { std: CARGO_HOME="/workspace/cargo-home" RUSTUP_HOME="/workspace/rustup-home" "/workspace/cargo-home/bin/cargo" "+1.100.0-beta.1" "generate-lockfile" "--manifest-path" "Cargo.toml", kill_on_drop: false }`
[INFO] [stderr]     Updating crates.io index
[INFO] [stderr]      Locking 144 packages to highest compatible versions
[INFO] [stderr]       Adding nom v7.1.3 (available: v8.0.0)
[INFO] [stderr]       Adding thiserror v1.0.69 (available: v2.0.21)
[INFO] [stderr]       Adding webpki-roots v0.26.11 (available: v1.0.9)
[INFO] running `Command { std: CARGO_HOME="/workspace/cargo-home" RUSTUP_HOME="/workspace/rustup-home" "/workspace/cargo-home/bin/cargo" "+1.100.0-beta.1" "fetch" "--manifest-path" "Cargo.toml", kill_on_drop: false }`
[INFO] running `Command { std: "docker" "create" "-v" "/var/lib/crater-agent-workspace/builds/worker-4-tc2/source:/opt/rustwide/workdir:ro,Z" "-v" "/var/lib/crater-agent-workspace/builds/worker-4-tc2/target:/opt/rustwide/target:rw,Z" "-v" "/var/lib/crater-agent-workspace/cargo-home:/opt/rustwide/cargo-home:ro,Z" "-v" "/var/lib/crater-agent-workspace/rustup-home:/opt/rustwide/rustup-home:ro,Z" "-m" "1610612736" "--network" "none" "ghcr.io/rust-lang/crates-build-env/linux@sha256:77db811e55d90add9212f6832c23229e3de5f1c1f9905e8cb07319ea15df73ac" "sleep" "infinity", kill_on_drop: false }`
[INFO] [stdout] 0784b698db8f1129f2d022debbbdd0e0038edd9f56e7393b3940913a63c78925
[INFO] running `Command { std: "docker" "start" "0784b698db8f1129f2d022debbbdd0e0038edd9f56e7393b3940913a63c78925", kill_on_drop: false }`
[INFO] running `Command { std: "docker" "inspect" "0784b698db8f1129f2d022debbbdd0e0038edd9f56e7393b3940913a63c78925", kill_on_drop: false }`
[INFO] running `Command { std: "docker" "exec" "-e" "SOURCE_DIR=/opt/rustwide/workdir" "-e" "CARGO_HOME=/opt/rustwide/cargo-home" "-e" "RUSTUP_HOME=/opt/rustwide/rustup-home" "-e" "CARGO_TARGET_DIR=/opt/rustwide/target" "-w" "/opt/rustwide/workdir" "--user" "0:0" "0784b698db8f1129f2d022debbbdd0e0038edd9f56e7393b3940913a63c78925" "/opt/rustwide/cargo-home/bin/cargo" "+1.100.0-beta.1" "metadata" "--no-deps" "--format-version=1", kill_on_drop: false }`
[INFO] running `Command { std: "docker" "inspect" "0784b698db8f1129f2d022debbbdd0e0038edd9f56e7393b3940913a63c78925", kill_on_drop: false }`
[INFO] running `Command { std: "docker" "exec" "-e" "SOURCE_DIR=/opt/rustwide/workdir" "-e" "CARGO_HOME=/opt/rustwide/cargo-home" "-e" "RUSTUP_HOME=/opt/rustwide/rustup-home" "-e" "CARGO_TARGET_DIR=/opt/rustwide/target" "-e" "CARGO_INCREMENTAL=0" "-e" "RUST_BACKTRACE=full" "-e" "RUSTFLAGS=--cap-lints=warn" "-e" "RUSTDOCFLAGS=--cap-lints=warn" "-w" "/opt/rustwide/workdir" "--user" "0:0" "0784b698db8f1129f2d022debbbdd0e0038edd9f56e7393b3940913a63c78925" "/opt/rustwide/cargo-home/bin/cargo" "+1.100.0-beta.1" "build" "--frozen" "--message-format=json" "--release", kill_on_drop: false }`
[INFO] [stderr]    Compiling libc v0.2.191
[INFO] [stderr]    Compiling cfg-if v1.0.5
[INFO] [stderr]    Compiling getrandom v0.1.16
[INFO] [stderr]    Compiling zerocopy v0.8.63
[INFO] [stderr]    Compiling siphasher v0.3.11
[INFO] [stderr]    Compiling proc-macro-hack v0.5.20+deprecated
[INFO] [stderr]    Compiling syn v1.0.109
[INFO] [stderr]    Compiling siphasher v1.0.4
[INFO] [stderr]    Compiling smallvec v1.16.3
[INFO] [stderr]    Compiling phf_shared v0.8.0
[INFO] [stderr]    Compiling phf_shared v0.11.3
[INFO] [stderr]    Compiling serde v1.0.229
[INFO] [stderr]    Compiling rand v0.8.8
[INFO] [stderr]    Compiling parking_lot_core v0.9.12
[INFO] [stderr]    Compiling find-msvc-tools v0.1.14
[INFO] [stderr]    Compiling parking_lot v0.12.5
[INFO] [stderr]    Compiling pkg-config v0.3.34
[INFO] [stderr]    Compiling cssparser-macros v0.6.1
[INFO] [stderr]    Compiling serde_core v1.0.229
[INFO] [stderr]    Compiling phf_generator v0.11.3
[INFO] [stderr]    Compiling new_debug_unreachable v1.0.6
[INFO] [stderr]    Compiling string_cache_codegen v0.5.4
[INFO] [stderr]    Compiling convert_case v0.4.0
[INFO] [stderr]    Compiling mac v0.1.1
[INFO] [stderr]    Compiling precomputed-hash v0.1.1
[INFO] [stderr]    Compiling bytes v1.12.1
[INFO] [stderr]    Compiling zeroize v1.9.1
[INFO] [stderr]    Compiling futf v0.1.5
[INFO] [stderr]    Compiling derive_more v0.99.20
[INFO] [stderr]    Compiling errno v0.3.14
[INFO] [stderr]    Compiling jobserver v0.1.35
[INFO] [stderr]    Compiling rand_core v0.5.1
[INFO] [stderr]    Compiling cc v1.8.0
[INFO] [stderr]    Compiling rand_pcg v0.2.1
[INFO] [stderr]    Compiling syn v3.0.9
[INFO] [stderr]    Compiling dtoa v1.0.11
[INFO] [stderr]    Compiling aws-lc-rs v1.18.2
[INFO] [stderr]    Compiling log v0.4.34
[INFO] [stderr]    Compiling utf-8 v0.7.6
[INFO] [stderr]    Compiling tendril v0.4.3
[INFO] [stderr]    Compiling cmake v0.1.58
[INFO] [stderr]    Compiling dtoa-short v0.3.5
[INFO] [stderr]    Compiling signal-hook-registry v1.4.8
[INFO] [stderr]    Compiling rustls-pki-types v1.15.1
[INFO] [stderr]    Compiling aws-lc-sys v0.46.0
[INFO] [stderr]    Compiling socket2 v0.6.5
[INFO] [stderr]    Compiling mio v1.2.4
[INFO] [stderr]    Compiling matches v0.1.10
[INFO] [stderr]    Compiling itoa v0.4.8
[INFO] [stderr]    Compiling stable_deref_trait v1.2.1
[INFO] [stderr]    Compiling nodrop v0.1.14
[INFO] [stderr]    Compiling string_cache v0.8.9
[INFO] [stderr]    Compiling servo_arc v0.1.1
[INFO] [stderr]    Compiling fxhash v0.2.1
[INFO] [stderr]    Compiling ppv-lite86 v0.2.21
[INFO] [stderr]    Compiling futures-core v0.3.34
[INFO] [stderr]    Compiling bitflags v1.3.2
[INFO] [stderr]    Compiling thin-slice v0.1.1
[INFO] [stderr]    Compiling http v1.5.0
[INFO] [stderr]    Compiling ego-tree v0.6.3
[INFO] [stderr]    Compiling rustls v0.23.46
[INFO] [stderr]    Compiling futures-sink v0.3.34
[INFO] [stderr]    Compiling tracing v0.1.44
[INFO] [stderr]    Compiling want v0.3.2
[INFO] [stderr]    Compiling rand_chacha v0.2.2
[INFO] [stderr]    Compiling futures-channel v0.3.34
[INFO] [stderr]    Compiling webpki-roots v1.0.9
[INFO] [stderr]    Compiling rand v0.7.3
[INFO] [stderr]    Compiling thiserror-impl v1.0.69
[INFO] [stderr]    Compiling nom v7.1.3
[INFO] [stderr]    Compiling cssparser v0.27.2
[INFO] [stderr]    Compiling html5ever v0.25.2
[INFO] [stderr]    Compiling phf_generator v0.8.0
[INFO] [stderr]    Compiling phf_codegen v0.8.0
[INFO] [stderr]    Compiling phf_macros v0.8.0
[INFO] [stderr]    Compiling markup5ever v0.10.1
[INFO] [stderr]    Compiling selectors v0.22.0
[INFO] [stderr]    Compiling phf v0.8.0
[INFO] [stderr]    Compiling tokio-macros v2.7.2
[INFO] [stderr]    Compiling tokio v1.53.3
[INFO] [stderr]    Compiling http-body v1.1.0
[INFO] [stderr]    Compiling thiserror v1.0.69
[INFO] [stderr]    Compiling webpki-roots v0.26.11
[INFO] [stderr]    Compiling scraper v0.12.0
[INFO] [stderr]    Compiling unhtml_derive v0.8.0
[INFO] [stderr]    Compiling tokio-util v0.7.20
[INFO] [stderr]    Compiling h2 v0.4.20
[INFO] [stderr]    Compiling unhtml v0.8.0
[INFO] [stderr]    Compiling hyper v1.12.0
[INFO] [stderr]    Compiling rustls-webpki v0.103.15
[INFO] [stderr]    Compiling tokio-rustls v0.26.6
[INFO] [stderr]    Compiling dolarhoy-core v0.3.0 (/opt/rustwide/workdir)
[INFO] [stderr] warning: unused dependency `hyper`
[INFO] [stderr]  --> Cargo.toml:1:15
[INFO] [stderr]   |
[INFO] [stderr] 1 | [dependencies.hyper]
[INFO] [stderr]   |               ^^^^^^
[INFO] [stderr]   |
[INFO] [stderr]   = note: `cargo::unused_dependencies` is set to `warn` by default
[INFO] [stderr] help: consider removing the dependency on `hyper`
[INFO] [stderr] warning: `dolarhoy-core` (manifest) generated 1 warning
[INFO] [stderr]     Finished `release` profile [optimized] target(s) in 3m 22s
[INFO] running `Command { std: "docker" "inspect" "0784b698db8f1129f2d022debbbdd0e0038edd9f56e7393b3940913a63c78925", kill_on_drop: false }`
[INFO] running `Command { std: "docker" "exec" "-e" "SOURCE_DIR=/opt/rustwide/workdir" "-e" "CARGO_HOME=/opt/rustwide/cargo-home" "-e" "RUSTUP_HOME=/opt/rustwide/rustup-home" "-e" "CARGO_TARGET_DIR=/opt/rustwide/target" "-e" "CARGO_INCREMENTAL=0" "-e" "RUST_BACKTRACE=full" "-e" "RUSTFLAGS=--cap-lints=warn" "-e" "RUSTDOCFLAGS=--cap-lints=warn" "-w" "/opt/rustwide/workdir" "--user" "0:0" "0784b698db8f1129f2d022debbbdd0e0038edd9f56e7393b3940913a63c78925" "/opt/rustwide/cargo-home/bin/cargo" "+1.100.0-beta.1" "test" "--frozen" "--no-run" "--message-format=json" "--release", kill_on_drop: false }`
[INFO] [stderr]    Compiling dolarhoy-core v0.3.0 (/opt/rustwide/workdir)
[INFO] [stderr] warning: unused dependency `hyper`
[INFO] [stderr]  --> Cargo.toml:1:15
[INFO] [stderr]   |
[INFO] [stderr] 1 | [dependencies.hyper]
[INFO] [stderr]   |               ^^^^^^
[INFO] [stderr]   |
[INFO] [stderr]   = note: `cargo::unused_dependencies` is set to `warn` by default
[INFO] [stderr] help: consider removing the dependency on `hyper`
[INFO] [stderr] warning: `dolarhoy-core` (manifest) generated 1 warning
[INFO] [stderr]     Finished `release` profile [optimized] target(s) in 1.72s
[INFO] running `Command { std: "docker" "inspect" "0784b698db8f1129f2d022debbbdd0e0038edd9f56e7393b3940913a63c78925", kill_on_drop: false }`
[INFO] running `Command { std: "docker" "exec" "-e" "SOURCE_DIR=/opt/rustwide/workdir" "-e" "CARGO_HOME=/opt/rustwide/cargo-home" "-e" "RUSTUP_HOME=/opt/rustwide/rustup-home" "-e" "CARGO_TARGET_DIR=/opt/rustwide/target" "-e" "CARGO_INCREMENTAL=0" "-e" "RUST_BACKTRACE=full" "-e" "RUSTFLAGS=--cap-lints=warn" "-e" "RUSTDOCFLAGS=--cap-lints=warn" "-w" "/opt/rustwide/workdir" "--user" "0:0" "0784b698db8f1129f2d022debbbdd0e0038edd9f56e7393b3940913a63c78925" "/opt/rustwide/cargo-home/bin/cargo" "+1.100.0-beta.1" "test" "--frozen" "--release", kill_on_drop: false }`
[INFO] [stderr] warning: unused dependency `hyper`
[INFO] [stderr]  --> Cargo.toml:1:15
[INFO] [stderr]   |
[INFO] [stderr] 1 | [dependencies.hyper]
[INFO] [stderr]   |               ^^^^^^
[INFO] [stderr]   |
[INFO] [stderr]   = note: `cargo::unused_dependencies` is set to `warn` by default
[INFO] [stderr] help: consider removing the dependency on `hyper`
[INFO] [stderr] warning: `dolarhoy-core` (manifest) generated 1 warning
[INFO] [stderr]     Finished `release` profile [optimized] target(s) in 0.19s
[INFO] [stderr]      Running unittests src/lib.rs (/opt/rustwide/target/release/build/dolarhoy-core/97e60a3200db3ebf/out/dolarhoy_core-97e60a3200db3ebf)
[INFO] [stdout] 
[INFO] [stdout] running 19 tests
[INFO] [stdout] test dolar::tests::test_get_cotizacion_from_alias_solidario ... ok
[INFO] [stdout] test dolar::tests::test_get_cotizacion_from_alias_tarjeta ... ok
[INFO] [stdout] test dolar::tests::test_get_cotizacion_from_alias_bolsa ... ok
[INFO] [stdout] test dolar::tests::test_get_cotizacion_from_alias_ccl ... ok
[INFO] [stdout] test dolar::tests::test_get_cotizacion_endpoint ... ok
[INFO] [stdout] test parser::tests::parse_response_header ... ok
[INFO] [stdout] test dolar::tests::test_get_cotizacion_from_alias_oficial ... ok
[INFO] [stdout] test parser::tests::test_cotizacion_compraventa_invalid ... ok
[INFO] [stdout] test dolar::tests::test_get_cotizacion_from_alias_crypto ... ok
[INFO] [stdout] test dolar::tests::test_get_cotizacion_from_alias_blue ... ok
[INFO] [stdout] test parser::tests::test_cotizacion_compraventa_parsef32 ... ok
[INFO] [stdout] test parser::tests::test_cotizacion_valor_missing ... ok
[INFO] [stdout] test parser::tests::test_cotizacion_compraventa_missing ... ok
[INFO] [stdout] test parser::tests::test_cotizacion_compraventa_parse ... ok
[INFO] [stdout] test dolar::tests::test_moneda_cotizacion ... ok
[INFO] [stdout] test parser::tests::test_cotizacion_valor_parse ... ok
[INFO] [stdout] test dolar::tests::test_cotizacion_from_name ... ok
[INFO] [stdout] test parser::tests::test_cotizacion_valor_invalid ... ok
[INFO] [stdout] test parser::tests::test_cotizacion_valor_parsef32 ... ok
[INFO] [stdout] 
[INFO] [stdout] test result: ok. 19 passed; 0 failed; 0 ignored; 0 measured; 0 filtered out; finished in 0.01s
[INFO] [stdout] 
[INFO] [stderr]    Doc-tests dolarhoy_core
[INFO] [stdout] 
[INFO] [stdout] running 1 test
[INFO] [stdout] test src/client.rs - client::DolayHoyClient::fetch_cotizacion (line 35) ... FAILED
[INFO] [stdout] 
[INFO] [stdout] failures:
[INFO] [stdout] 
[INFO] [stdout] ---- src/client.rs - client::DolayHoyClient::fetch_cotizacion (line 35) stdout ----
[INFO] [stdout] Test executable failed (exit status: 101).
[INFO] [stdout] 
[INFO] [stdout] stderr:
[INFO] [stdout] 
[INFO] [stdout] thread 'main' (2997) panicked at src/client.rs:14:17:
[INFO] [stdout] failed to make the request
[INFO] [stdout] stack backtrace:
[INFO] [stdout]    0:     0x6476b5de77b1 - std[617be2ca0a6fd877]::backtrace_rs::backtrace::libunwind::trace
[INFO] [stdout]                                at /rustc/e3feeb59cd1bdd011a2bfcc0747b55125d9b8527/library/std/src/../../backtrace/src/backtrace/libunwind.rs:117:9
[INFO] [stdout]    1:     0x6476b5de77b1 - std[617be2ca0a6fd877]::backtrace_rs::backtrace::trace_unsynchronized::<std[617be2ca0a6fd877]::sys::backtrace::_print_fmt::{closure#1}>
[INFO] [stdout]                                at /rustc/e3feeb59cd1bdd011a2bfcc0747b55125d9b8527/library/std/src/../../backtrace/src/backtrace/mod.rs:66:14
[INFO] [stdout]    2:     0x6476b5de77b1 - std[617be2ca0a6fd877]::sys::backtrace::_print_fmt
[INFO] [stdout]                                at /rustc/e3feeb59cd1bdd011a2bfcc0747b55125d9b8527/library/std/src/sys/backtrace.rs:74:9
[INFO] [stdout]    3:     0x6476b5de77b1 - <<std[617be2ca0a6fd877]::sys::backtrace::BacktraceLock>::print::DisplayBacktrace as core[a373ad73a504971]::fmt::Display>::fmt
[INFO] [stdout]                                at /rustc/e3feeb59cd1bdd011a2bfcc0747b55125d9b8527/library/std/src/sys/backtrace.rs:44:26
[INFO] [stdout]    4:     0x6476b5dfcf8a - <core[a373ad73a504971]::fmt::rt::Argument>::fmt
[INFO] [stdout]                                at /rustc/e3feeb59cd1bdd011a2bfcc0747b55125d9b8527/library/core/src/fmt/rt.rs:152:76
[INFO] [stdout]    5:     0x6476b5dfcf8a - core[a373ad73a504971]::fmt::write
[INFO] [stdout]    6:     0x6476b5debeec - core[a373ad73a504971]::io::write::default_write_fmt::<std[617be2ca0a6fd877]::sys::stdio::unix::Stderr>
[INFO] [stdout]                                at /rustc/e3feeb59cd1bdd011a2bfcc0747b55125d9b8527/library/core/src/io/write.rs:402:11
[INFO] [stdout]    7:     0x6476b5debeec - <std[617be2ca0a6fd877]::sys::stdio::unix::Stderr as core[a373ad73a504971]::io::write::Write>::write_fmt
[INFO] [stdout]                                at /rustc/e3feeb59cd1bdd011a2bfcc0747b55125d9b8527/library/core/src/io/write.rs:335:13
[INFO] [stdout]    8:     0x6476b5dcb7e6 - <std[617be2ca0a6fd877]::sys::backtrace::BacktraceLock>::print
[INFO] [stdout]                                at /rustc/e3feeb59cd1bdd011a2bfcc0747b55125d9b8527/library/std/src/sys/backtrace.rs:47:9
[INFO] [stdout]    9:     0x6476b5dcb7e6 - std[617be2ca0a6fd877]::panicking::default_hook::{closure#0}
[INFO] [stdout]                                at /rustc/e3feeb59cd1bdd011a2bfcc0747b55125d9b8527/library/std/src/panicking.rs:289:27
[INFO] [stdout]   10:     0x6476b5de01e1 - std[617be2ca0a6fd877]::panicking::default_hook
[INFO] [stdout]                                at /rustc/e3feeb59cd1bdd011a2bfcc0747b55125d9b8527/library/std/src/panicking.rs:316:9
[INFO] [stdout]   11:     0x6476b5de039b - std[617be2ca0a6fd877]::panicking::panic_with_hook
[INFO] [stdout]                                at /rustc/e3feeb59cd1bdd011a2bfcc0747b55125d9b8527/library/std/src/panicking.rs:811:13
[INFO] [stdout]   12:     0x6476b5dcb892 - std[617be2ca0a6fd877]::panicking::panic_handler::{closure#0}
[INFO] [stdout]                                at /rustc/e3feeb59cd1bdd011a2bfcc0747b55125d9b8527/library/std/src/panicking.rs:685:13
[INFO] [stdout]   13:     0x6476b5dc46b9 - std[617be2ca0a6fd877]::sys::backtrace::__rust_end_short_backtrace::<std[617be2ca0a6fd877]::panicking::panic_handler::{closure#0}, !>
[INFO] [stdout]                                at /rustc/e3feeb59cd1bdd011a2bfcc0747b55125d9b8527/library/std/src/sys/backtrace.rs:182:18
[INFO] [stdout]   14:     0x6476b5dcc67d - __rustc[ea4f61d10b84890b]::rust_begin_unwind
[INFO] [stdout]                                at /rustc/e3feeb59cd1bdd011a2bfcc0747b55125d9b8527/library/std/src/panicking.rs:676:5
[INFO] [stdout]   15:     0x6476b5dfd6ec - core[a373ad73a504971]::panicking::panic_fmt
[INFO] [stdout]                                at /rustc/e3feeb59cd1bdd011a2bfcc0747b55125d9b8527/library/core/src/panicking.rs:80:14
[INFO] [stdout]   16:     0x6476b5a8afd2 - core[a373ad73a504971]::panicking::panic_display::<dolarhoy_core[965a3038eff0c996]::error::ClientError>
[INFO] [stdout]   17:     0x6476b5a95ea0 - rust_out[72a830746f8703f]::main::{closure#0}
[INFO] [stdout]   18:     0x6476b5a94820 - <tokio[43a06daaaccdc831]::runtime::park::CachedParkThread>::block_on::<rust_out[72a830746f8703f]::main::{closure#0}>::{closure#0}
[INFO] [stdout]   19:     0x6476b5a80ccb - <tokio[43a06daaaccdc831]::runtime::park::CachedParkThread>::block_on::<rust_out[72a830746f8703f]::main::{closure#0}>
[INFO] [stdout]   20:     0x6476b5a92077 - <tokio[43a06daaaccdc831]::runtime::scheduler::multi_thread::MultiThread>::block_on::<rust_out[72a830746f8703f]::main::{closure#0}>::{closure#0}
[INFO] [stdout]   21:     0x6476b5a8e9e3 - tokio[43a06daaaccdc831]::runtime::context::runtime::enter_runtime::<<tokio[43a06daaaccdc831]::runtime::scheduler::multi_thread::MultiThread>::block_on<rust_out[72a830746f8703f]::main::{closure#0}>::{closure#0}, core[a373ad73a504971]::result::Result<(), dolarhoy_core[965a3038eff0c996]::error::ClientError>>
[INFO] [stdout]   22:     0x6476b5a80070 - <tokio[43a06daaaccdc831]::runtime::runtime::Runtime>::block_on_inner::<rust_out[72a830746f8703f]::main::{closure#0}>
[INFO] [stdout]   23:     0x6476b5a801b0 - <tokio[43a06daaaccdc831]::runtime::runtime::Runtime>::block_on::<rust_out[72a830746f8703f]::main::{closure#0}>
[INFO] [stdout]   24:     0x6476b5a97281 - rust_out[72a830746f8703f]::main
[INFO] [stdout]   25:     0x6476b5ab42ce - <fn() -> core[a373ad73a504971]::result::Result<(), dolarhoy_core[965a3038eff0c996]::error::ClientError> as core[a373ad73a504971]::ops::function::FnOnce<()>>::call_once
[INFO] [stdout]   26:     0x6476b5a8c531 - std[617be2ca0a6fd877]::sys::backtrace::__rust_begin_short_backtrace::<fn() -> core[a373ad73a504971]::result::Result<(), dolarhoy_core[965a3038eff0c996]::error::ClientError>, core[a373ad73a504971]::result::Result<(), dolarhoy_core[965a3038eff0c996]::error::ClientError>>
[INFO] [stdout]   27:     0x6476b5a94e6f - std[617be2ca0a6fd877]::rt::lang_start::<core[a373ad73a504971]::result::Result<(), dolarhoy_core[965a3038eff0c996]::error::ClientError>>::{closure#0}
[INFO] [stdout]   28:     0x6476b5ddf988 - <&dyn core[a373ad73a504971]::ops::function::Fn<(), Output = i32> + core[a373ad73a504971]::marker::Sync + core[a373ad73a504971]::panic::unwind_safe::RefUnwindSafe as core[a373ad73a504971]::ops::function::FnOnce<()>>::call_once
[INFO] [stdout]                                at /rustc/e3feeb59cd1bdd011a2bfcc0747b55125d9b8527/library/core/src/ops/function.rs:287:21
[INFO] [stdout]   29:     0x6476b5ddf988 - std[617be2ca0a6fd877]::panicking::catch_unwind::do_call::<&dyn core[a373ad73a504971]::ops::function::Fn<(), Output = i32> + core[a373ad73a504971]::marker::Sync + core[a373ad73a504971]::panic::unwind_safe::RefUnwindSafe, i32>
[INFO] [stdout]                                at /rustc/e3feeb59cd1bdd011a2bfcc0747b55125d9b8527/library/std/src/panicking.rs:573:43
[INFO] [stdout]   30:     0x6476b5ddf988 - std[617be2ca0a6fd877]::panicking::catch_unwind::<i32, &dyn core[a373ad73a504971]::ops::function::Fn<(), Output = i32> + core[a373ad73a504971]::marker::Sync + core[a373ad73a504971]::panic::unwind_safe::RefUnwindSafe>
[INFO] [stdout]                                at /rustc/e3feeb59cd1bdd011a2bfcc0747b55125d9b8527/library/std/src/panicking.rs:541:19
[INFO] [stdout]   31:     0x6476b5ddf988 - std[617be2ca0a6fd877]::panic::catch_unwind::<&dyn core[a373ad73a504971]::ops::function::Fn<(), Output = i32> + core[a373ad73a504971]::marker::Sync + core[a373ad73a504971]::panic::unwind_safe::RefUnwindSafe, i32>
[INFO] [stdout]                                at /rustc/e3feeb59cd1bdd011a2bfcc0747b55125d9b8527/library/std/src/panic.rs:359:14
[INFO] [stdout]   32:     0x6476b5ddf988 - std[617be2ca0a6fd877]::rt::lang_start_internal::{closure#0}
[INFO] [stdout]                                at /rustc/e3feeb59cd1bdd011a2bfcc0747b55125d9b8527/library/std/src/rt.rs:175:24
[INFO] [stdout]   33:     0x6476b5ddf988 - std[617be2ca0a6fd877]::panicking::catch_unwind::do_call::<std[617be2ca0a6fd877]::rt::lang_start_internal::{closure#0}, isize>
[INFO] [stdout]                                at /rustc/e3feeb59cd1bdd011a2bfcc0747b55125d9b8527/library/std/src/panicking.rs:573:43
[INFO] [stdout]   34:     0x6476b5ddf988 - std[617be2ca0a6fd877]::panicking::catch_unwind::<isize, std[617be2ca0a6fd877]::rt::lang_start_internal::{closure#0}>
[INFO] [stdout]                                at /rustc/e3feeb59cd1bdd011a2bfcc0747b55125d9b8527/library/std/src/panicking.rs:541:19
[INFO] [stdout]   35:     0x6476b5ddf988 - std[617be2ca0a6fd877]::panic::catch_unwind::<std[617be2ca0a6fd877]::rt::lang_start_internal::{closure#0}, isize>
[INFO] [stdout]                                at /rustc/e3feeb59cd1bdd011a2bfcc0747b55125d9b8527/library/std/src/panic.rs:359:14
[INFO] [stdout]   36:     0x6476b5ddf988 - std[617be2ca0a6fd877]::rt::lang_start_internal
[INFO] [stdout]                                at /rustc/e3feeb59cd1bdd011a2bfcc0747b55125d9b8527/library/std/src/rt.rs:171:5
[INFO] [stdout]   37:     0x6476b5a84a21 - std[617be2ca0a6fd877]::rt::lang_start::<core[a373ad73a504971]::result::Result<(), dolarhoy_core[965a3038eff0c996]::error::ClientError>>
[INFO] [stdout]   38:     0x6476b5ab52a5 - main
[INFO] [stdout]   39:     0x721aa4063601 - <unknown>
[INFO] [stdout]   40:     0x721aa4063718 - __libc_start_main
[INFO] [stdout]   41:     0x6476b5a7e8a5 - _start
[INFO] [stdout]   42:                0x0 - <unknown>
[INFO] [stdout] 
[INFO] [stdout] 
[INFO] [stdout] 
[INFO] [stdout] failures:
[INFO] [stdout]     src/client.rs - client::DolayHoyClient::fetch_cotizacion (line 35)
[INFO] [stdout] 
[INFO] [stdout] test result: FAILED. 0 passed; 1 failed; 0 ignored; 0 measured; 0 filtered out; finished in 0.95s
[INFO] [stdout] 
[INFO] [stderr] error: doctest failed, to rerun pass `--doc`
[INFO] running `Command { std: "docker" "inspect" "0784b698db8f1129f2d022debbbdd0e0038edd9f56e7393b3940913a63c78925", kill_on_drop: false }`
[INFO] running `Command { std: "docker" "rm" "-f" "0784b698db8f1129f2d022debbbdd0e0038edd9f56e7393b3940913a63c78925", kill_on_drop: false }`
[INFO] [stdout] 0784b698db8f1129f2d022debbbdd0e0038edd9f56e7393b3940913a63c78925
