[INFO] fetching crate dolang-ext-shell 0.1.0...
[INFO] testing dolang-ext-shell-0.1.0 against 1.99.0-beta.8+cargoflags=--release for beta-release-1.100-2
[INFO] extracting crate dolang-ext-shell 0.1.0 into /workspace/builds/worker-7-tc1/source
[INFO] started tweaking crates.io crate dolang-ext-shell 0.1.0
[INFO] removed 0 missing tests
[INFO] finished tweaking crates.io crate dolang-ext-shell 0.1.0
[INFO] tweaked toml for crates.io crate dolang-ext-shell 0.1.0 written to /workspace/builds/worker-7-tc1/source/Cargo.toml
[INFO] validating manifest of crates.io crate dolang-ext-shell 0.1.0 on toolchain 1.99.0-beta.8
[INFO] running `Command { std: CARGO_HOME="/workspace/cargo-home" RUSTUP_HOME="/workspace/rustup-home" "/workspace/cargo-home/bin/cargo" "+1.99.0-beta.8" "metadata" "--manifest-path" "Cargo.toml" "--no-deps", kill_on_drop: false }`
[INFO] crate crates.io crate dolang-ext-shell 0.1.0 already has a lockfile, it will not be regenerated
[INFO] running `Command { std: CARGO_HOME="/workspace/cargo-home" RUSTUP_HOME="/workspace/rustup-home" "/workspace/cargo-home/bin/cargo" "+1.99.0-beta.8" "fetch" "--manifest-path" "Cargo.toml", kill_on_drop: false }`
[INFO] [stderr]     Updating crates.io index
[INFO] [stderr]  Downloading crates ...
[INFO] [stderr]   Downloaded mio v1.2.0
[INFO] [stderr]   Downloaded linkme v0.3.35
[INFO] [stderr]   Downloaded atomic-polyfill v1.0.3
[INFO] [stderr]   Downloaded dolang v0.1.0
[INFO] [stderr]   Downloaded pori v0.0.0
[INFO] [stderr]   Downloaded dolang-private-test v0.1.0
[INFO] [stderr]   Downloaded dot-writer v0.1.4
[INFO] [stderr]   Downloaded which v8.0.2
[INFO] [stderr]   Downloaded hash32 v0.2.1
[INFO] [stderr]   Downloaded dolang-private-build v0.1.0
[INFO] [stderr]   Downloaded linkme-impl v0.3.35
[INFO] [stderr]   Downloaded dolang-bytecode v0.1.0
[INFO] [stderr]   Downloaded dolang-private-ipc v0.1.0
[INFO] [stderr]   Downloaded annotate-snippets v0.12.13
[INFO] [stderr]   Downloaded dolang-shell-vfs v0.1.0
[INFO] [stderr]   Downloaded dolang-private-util v0.1.0
[INFO] [stderr]   Downloaded const_format v0.2.35
[INFO] [stderr]   Downloaded wax v0.7.0
[INFO] [stderr]   Downloaded heapless v0.7.17
[INFO] [stderr]   Downloaded dolang-compile v0.1.0
[INFO] [stderr]   Downloaded rand v0.10.0
[INFO] [stderr]   Downloaded dolang-runtime v0.1.0
[INFO] [stderr]   Downloaded nix v0.31.2
[INFO] running `Command { std: "docker" "create" "-v" "/var/lib/crater-agent-workspace/builds/worker-7-tc1/source:/opt/rustwide/workdir:ro,Z" "-v" "/var/lib/crater-agent-workspace/builds/worker-7-tc1/target:/opt/rustwide/target:rw,Z" "-v" "/var/lib/crater-agent-workspace/cargo-home:/opt/rustwide/cargo-home:ro,Z" "-v" "/var/lib/crater-agent-workspace/rustup-home:/opt/rustwide/rustup-home:ro,Z" "-m" "1610612736" "--network" "none" "ghcr.io/rust-lang/crates-build-env/linux@sha256:77db811e55d90add9212f6832c23229e3de5f1c1f9905e8cb07319ea15df73ac" "sleep" "infinity", kill_on_drop: false }`
[INFO] [stdout] ae84da6ca7dc5b23e18f3278acf76187e6c69342763ad026ed429a04a52a4a09
[INFO] running `Command { std: "docker" "start" "ae84da6ca7dc5b23e18f3278acf76187e6c69342763ad026ed429a04a52a4a09", kill_on_drop: false }`
[INFO] running `Command { std: "docker" "inspect" "ae84da6ca7dc5b23e18f3278acf76187e6c69342763ad026ed429a04a52a4a09", kill_on_drop: false }`
[INFO] running `Command { std: "docker" "exec" "-e" "SOURCE_DIR=/opt/rustwide/workdir" "-e" "CARGO_HOME=/opt/rustwide/cargo-home" "-e" "RUSTUP_HOME=/opt/rustwide/rustup-home" "-e" "CARGO_TARGET_DIR=/opt/rustwide/target" "-w" "/opt/rustwide/workdir" "--user" "0:0" "ae84da6ca7dc5b23e18f3278acf76187e6c69342763ad026ed429a04a52a4a09" "/opt/rustwide/cargo-home/bin/cargo" "+1.99.0-beta.8" "metadata" "--no-deps" "--format-version=1", kill_on_drop: false }`
[INFO] running `Command { std: "docker" "inspect" "ae84da6ca7dc5b23e18f3278acf76187e6c69342763ad026ed429a04a52a4a09", kill_on_drop: false }`
[INFO] running `Command { std: "docker" "exec" "-e" "SOURCE_DIR=/opt/rustwide/workdir" "-e" "CARGO_HOME=/opt/rustwide/cargo-home" "-e" "RUSTUP_HOME=/opt/rustwide/rustup-home" "-e" "CARGO_TARGET_DIR=/opt/rustwide/target" "-e" "CARGO_INCREMENTAL=0" "-e" "RUST_BACKTRACE=full" "-e" "RUSTFLAGS=--cap-lints=warn" "-e" "RUSTDOCFLAGS=--cap-lints=warn" "-w" "/opt/rustwide/workdir" "--user" "0:0" "ae84da6ca7dc5b23e18f3278acf76187e6c69342763ad026ed429a04a52a4a09" "/opt/rustwide/cargo-home/bin/cargo" "+1.99.0-beta.8" "build" "--frozen" "--message-format=json" "--release", kill_on_drop: false }`
[INFO] [stderr]    Compiling quote v1.0.45
[INFO] [stderr]    Compiling memchr v2.8.0
[INFO] [stderr]    Compiling libc v0.2.183
[INFO] [stderr]    Compiling semver v1.0.27
[INFO] [stderr]    Compiling serde_core v1.0.228
[INFO] [stderr]    Compiling serde v1.0.228
[INFO] [stderr]    Compiling byteorder v1.5.0
[INFO] [stderr]    Compiling regex-syntax v0.8.10
[INFO] [stderr]    Compiling futures-sink v0.3.32
[INFO] [stderr]    Compiling siphasher v1.0.2
[INFO] [stderr]    Compiling futures-core v0.3.32
[INFO] [stderr]    Compiling rand_core v0.10.0
[INFO] [stderr]    Compiling radium v0.7.0
[INFO] [stderr]    Compiling spin v0.9.8
[INFO] [stderr]    Compiling memoffset v0.9.1
[INFO] [stderr]    Compiling getrandom v0.4.2
[INFO] [stderr]    Compiling cfg_aliases v0.2.1
[INFO] [stderr]    Compiling fastrand v2.3.0
[INFO] [stderr]    Compiling futures-channel v0.3.32
[INFO] [stderr]    Compiling nix v0.31.2
[INFO] [stderr]    Compiling tap v1.0.1
[INFO] [stderr]    Compiling phf_shared v0.13.1
[INFO] [stderr]    Compiling unicode-xid v0.2.6
[INFO] [stderr]    Compiling cpufeatures v0.3.0
[INFO] [stderr]    Compiling linkme-impl v0.3.35
[INFO] [stderr]    Compiling dolang-private-util v0.1.0
[INFO] [stderr]    Compiling minimal-lexical v0.2.1
[INFO] [stderr]    Compiling chacha20 v0.10.0
[INFO] [stderr]    Compiling wyz v0.5.1
[INFO] [stderr]    Compiling syn v2.0.117
[INFO] [stderr]    Compiling rustc_version v0.4.1
[INFO] [stderr]    Compiling hash32 v0.2.1
[INFO] [stderr]    Compiling aho-corasick v1.1.4
[INFO] [stderr]    Compiling const_format_proc_macros v0.2.34
[INFO] [stderr]    Compiling nom v7.1.3
[INFO] [stderr]    Compiling phf_generator v0.13.1
[INFO] [stderr]    Compiling linkme v0.3.35
[INFO] [stderr]    Compiling bitflags v2.11.0
[INFO] [stderr]    Compiling heapless v0.7.17
[INFO] [stderr]    Compiling either v1.15.0
[INFO] [stderr]    Compiling same-file v1.0.6
[INFO] [stderr]    Compiling bytes v1.11.1
[INFO] [stderr]    Compiling funty v2.0.0
[INFO] [stderr]    Compiling walkdir v2.5.0
[INFO] [stderr]    Compiling dolang-private-build v0.1.0
[INFO] [stderr]    Compiling hex v0.4.3
[INFO] [stderr]    Compiling itertools v0.14.0
[INFO] [stderr]    Compiling deranged v0.5.8
[INFO] [stderr]    Compiling dolang-ext-shell v0.1.0 (/opt/rustwide/workdir)
[INFO] [stderr]    Compiling num-conv v0.2.1
[INFO] [stderr]    Compiling time-core v0.1.8
[INFO] [stderr]    Compiling shlex v1.3.0
[INFO] [stderr]    Compiling bitvec v1.0.1
[INFO] [stderr]    Compiling const_format v0.2.35
[INFO] [stderr]    Compiling errno v0.3.14
[INFO] [stderr]    Compiling mio v1.2.0
[INFO] [stderr]    Compiling socket2 v0.6.3
[INFO] [stderr]    Compiling which v8.0.2
[INFO] [stderr]    Compiling rand v0.10.0
[INFO] [stderr]    Compiling signal-hook-registry v1.4.8
[INFO] [stderr]    Compiling time v0.3.47
[INFO] [stderr]    Compiling regex-automata v0.4.14
[INFO] [stderr]    Compiling pori v0.0.0
[INFO] [stderr]    Compiling thiserror-impl v2.0.18
[INFO] [stderr]    Compiling serde_derive v1.0.228
[INFO] [stderr]    Compiling futures-macro v0.3.32
[INFO] [stderr]    Compiling tokio-macros v2.6.1
[INFO] [stderr]    Compiling phf_macros v0.13.1
[INFO] [stderr]    Compiling tokio v1.50.0
[INFO] [stderr]    Compiling phf v0.13.1
[INFO] [stderr]    Compiling futures-util v0.3.32
[INFO] [stderr]    Compiling thiserror v2.0.18
[INFO] [stderr]    Compiling cobs v0.3.0
[INFO] [stderr]    Compiling postcard v1.1.3
[INFO] [stderr]    Compiling regex v1.12.3
[INFO] [stderr]    Compiling bstr v1.12.1
[INFO] [stderr]    Compiling dolang-bytecode v0.1.0
[INFO] [stderr]    Compiling futures-executor v0.3.32
[INFO] [stderr]    Compiling futures v0.3.32
[INFO] [stderr]    Compiling wax v0.7.0
[INFO] [stderr]    Compiling dolang-compile v0.1.0
[INFO] [stderr]    Compiling dolang-runtime v0.1.0
[INFO] [stderr]    Compiling dolang-private-ipc v0.1.0
[INFO] [stderr]    Compiling dolang-shell-vfs v0.1.0
[INFO] [stderr]    Compiling dolang v0.1.0
[INFO] [stderr]     Finished `release` profile [optimized] target(s) in 2m 43s
[INFO] running `Command { std: "docker" "inspect" "ae84da6ca7dc5b23e18f3278acf76187e6c69342763ad026ed429a04a52a4a09", kill_on_drop: false }`
[INFO] running `Command { std: "docker" "exec" "-e" "SOURCE_DIR=/opt/rustwide/workdir" "-e" "CARGO_HOME=/opt/rustwide/cargo-home" "-e" "RUSTUP_HOME=/opt/rustwide/rustup-home" "-e" "CARGO_TARGET_DIR=/opt/rustwide/target" "-e" "CARGO_INCREMENTAL=0" "-e" "RUST_BACKTRACE=full" "-e" "RUSTFLAGS=--cap-lints=warn" "-e" "RUSTDOCFLAGS=--cap-lints=warn" "-w" "/opt/rustwide/workdir" "--user" "0:0" "ae84da6ca7dc5b23e18f3278acf76187e6c69342763ad026ed429a04a52a4a09" "/opt/rustwide/cargo-home/bin/cargo" "+1.99.0-beta.8" "test" "--frozen" "--no-run" "--message-format=json" "--release", kill_on_drop: false }`
[INFO] [stderr]    Compiling bitflags v2.11.0
[INFO] [stderr]    Compiling unicode-width v0.2.2
[INFO] [stderr]    Compiling anstyle v1.0.14
[INFO] [stderr]    Compiling once_cell v1.21.4
[INFO] [stderr]    Compiling fastrand v2.3.0
[INFO] [stderr]    Compiling annotate-snippets v0.12.13
[INFO] [stderr]    Compiling nix v0.31.2
[INFO] [stderr]    Compiling rustix v1.1.4
[INFO] [stderr]    Compiling dolang-private-test v0.1.0
[INFO] [stderr]    Compiling tempfile v3.27.0
[INFO] [stderr]    Compiling dolang-private-ipc v0.1.0
[INFO] [stderr]    Compiling dolang-shell-vfs v0.1.0
[INFO] [stderr]    Compiling dolang-ext-shell v0.1.0 (/opt/rustwide/workdir)
[INFO] [stderr]     Finished `release` profile [optimized] target(s) in 2m 47s
[INFO] running `Command { std: "docker" "inspect" "ae84da6ca7dc5b23e18f3278acf76187e6c69342763ad026ed429a04a52a4a09", kill_on_drop: false }`
[INFO] running `Command { std: "docker" "exec" "-e" "SOURCE_DIR=/opt/rustwide/workdir" "-e" "CARGO_HOME=/opt/rustwide/cargo-home" "-e" "RUSTUP_HOME=/opt/rustwide/rustup-home" "-e" "CARGO_TARGET_DIR=/opt/rustwide/target" "-e" "CARGO_INCREMENTAL=0" "-e" "RUST_BACKTRACE=full" "-e" "RUSTFLAGS=--cap-lints=warn" "-e" "RUSTDOCFLAGS=--cap-lints=warn" "-w" "/opt/rustwide/workdir" "--user" "0:0" "ae84da6ca7dc5b23e18f3278acf76187e6c69342763ad026ed429a04a52a4a09" "/opt/rustwide/cargo-home/bin/cargo" "+1.99.0-beta.8" "test" "--frozen" "--release", kill_on_drop: false }`
[INFO] [stderr]     Finished `release` profile [optimized] target(s) in 0.14s
[INFO] [stderr]      Running unittests src/lib.rs (/opt/rustwide/target/release/deps/dolang_ext_shell-2a3b6d0b3868e8ca)
[INFO] [stdout] 
[INFO] [stdout] running 8 tests
[INFO] [stdout] test error::test::classify_common_io_kinds ... ok
[INFO] [stdout] test fs::readdir::tests::read_dir_empty_directory ... ok
[INFO] [stdout] test fs::readdir::tests::read_dir_nonexistent ... ok
[INFO] [stdout] test fs::readdir::unix::tests::read_dir_from_fd ... ok
[INFO] [stdout] test fs::readdir::tests::dir_entry_metadata ... ok
[INFO] [stdout] test fs::readdir::unix::tests::dir_entry_ino ... ok
[INFO] [stdout] test fs::readdir::tests::read_dir_from_path ... ok
[INFO] [stdout] test fs::readdir::tests::dir_entry_file_type ... ok
[INFO] [stdout] 
[INFO] [stdout] test result: ok. 8 passed; 0 failed; 0 ignored; 0 measured; 0 filtered out; finished in 0.02s
[INFO] [stdout] 
[INFO] [stderr]      Running tests/regression.rs (/opt/rustwide/target/release/deps/regression-dca51ff8be0b110b)
[INFO] [stdout] 
[INFO] [stdout] running 27 tests
[INFO] [stdout] test fs::path ... ok
[INFO] [stdout] test echo ... ok
[INFO] [stdout] test cat ... FAILED
[INFO] [stderr] error: could not find `Cargo.toml` in `/opt/rustwide` or any parent directory
[INFO] [stdout] test fs::symlink ... FAILED
[INFO] [stderr] errorerror: could not find `Cargo.toml` in `/opt/rustwide` or any parent directory
[INFO] [stderr] : could not find `Cargo.toml` in `/opt/rustwide` or any parent directory
[INFO] [stdout] test fs::path_ops ... FAILED
[INFO] [stderr] error: could not find `Cargo.toml` in `/opt/rustwide` or any parent directory
[INFO] [stdout] test fs::mkdir ... FAILED
[INFO] [stderr] errorerror: could not find `Cargo.toml` in `/opt/rustwide` or any parent directory
[INFO] [stderr] : could not find `Cargo.toml` in `/opt/rustwide` or any parent directory
[INFO] [stderr] error: could not find `Cargo.toml` in `/opt/rustwide` or any parent directory
[INFO] [stdout] test fs::read ... FAILED
[INFO] [stderr] error: could not find `Cargo.toml` in `/opt/rustwide` or any parent directory
[INFO] [stdout] test fs::rename ... FAILED
[INFO] [stdout] test fs::glob ... FAILED
[INFO] [stdout] test fs::r#move ... FAILED
[INFO] [stderr] error: could not find `Cargo.toml` in `/opt/rustwide` or any parent directory
[INFO] [stdout] test fs::copy ... FAILED
[INFO] [stderr] error: could not find `Cargo.toml` in `/opt/rustwide` or any parent directory
[INFO] [stdout] test agent ... FAILED
[INFO] [stderr] error: could not find `Cargo.toml` in `/opt/rustwide` or any parent directory
[INFO] [stdout] test fs::open ... FAILED
[INFO] [stderr] error: could not find `Cargo.toml` in `/opt/rustwide` or any parent directory
[INFO] [stdout] test time_sleep ... ok
[INFO] [stdout] test grep ... FAILED
[INFO] [stdout] test error_types ... FAILED
[INFO] [stdout] test time_datetime ... ok
[INFO] [stderr] error: could not find `Cargo.toml` in `/opt/rustwide` or any parent directory
[INFO] [stdout] test fs::utime ... FAILED
[INFO] [stderr] error: could not find `Cargo.toml` in `/opt/rustwide` or any parent directory
[INFO] [stdout] test fs::read_dir ... FAILED
[INFO] [stdout] test pipeline ... FAILED
[INFO] [stderr] error: could not find `Cargo.toml` in `/opt/rustwide` or any parent directory
[INFO] [stdout] test host_function_comprehensive ... FAILED
[INFO] [stdout] test fs::rmdir ... FAILED
[INFO] [stderr] error: could not find `Cargo.toml` in `/opt/rustwide` or any parent directory
[INFO] [stdout] test pipe_torture ... ok
[INFO] [stdout] test fs::write ... FAILED
[INFO] [stdout] test fs::with_temp_dir ... FAILED
[INFO] [stderr] error: could not find `Cargo.toml` in `/opt/rustwide` or any parent directory
[INFO] [stderr] error: could not find `Cargo.toml` in `/opt/rustwide` or any parent directory
[INFO] [stdout] test fs::chown ... FAILED
[INFO] [stderr] error: could not find `Cargo.toml` in `/opt/rustwide` or any parent directory
[INFO] [stdout] test fs::metadata ... FAILED
[INFO] [stdout] 
[INFO] [stdout] failures:
[INFO] [stdout] 
[INFO] [stdout] ---- cat stdout ----
[INFO] [stdout] assertion failed
[INFO] [stdout]   #0: regression.assert
[INFO] [stdout]   #1: <program>.<main> at cat.dol:5
[INFO] [stdout] Result: nil
[INFO] [stdout] 
[INFO] [stdout] thread 'cat' (2133) panicked at /opt/rustwide/cargo-home/registry/src/index.crates.io-1949cf8c6b5b557f/dolang-private-test-0.1.0/src/lib.rs:117:9:
[INFO] [stdout] test failed
[INFO] [stdout] stack backtrace:
[INFO] [stdout]    0:     0x56c611c09821 - <<std[70759c8f55707aa4]::sys::backtrace::BacktraceLock>::print::DisplayBacktrace as core[df12db4294e9bfd3]::fmt::Display>::fmt
[INFO] [stdout]    1:     0x56c611c22bfa - core[df12db4294e9bfd3]::fmt::write
[INFO] [stdout]    2:     0x56c611c0eb6c - <alloc[2182bb758b4b3781]::vec::Vec<u8> as core[df12db4294e9bfd3]::io::write::Write>::write_fmt
[INFO] [stdout]    3:     0x56c611be0176 - std[70759c8f55707aa4]::panicking::default_hook::{closure#0}
[INFO] [stdout]    4:     0x56c611bff1f9 - std[70759c8f55707aa4]::panicking::default_hook
[INFO] [stdout]    5:     0x56c6115d2a70 - test[9d35eded1c95d3be]::test_main_inner::<test[9d35eded1c95d3be]::test_main_static::{closure#0}>::{closure#0}
[INFO] [stdout]    6:     0x56c611bff522 - std[70759c8f55707aa4]::panicking::panic_with_hook
[INFO] [stdout]    7:     0x56c611be0254 - std[70759c8f55707aa4]::panicking::panic_handler::{closure#0}
[INFO] [stdout]    8:     0x56c611bd8ca9 - std[70759c8f55707aa4]::sys::backtrace::__rust_end_short_backtrace::<std[70759c8f55707aa4]::panicking::panic_handler::{closure#0}, !>
[INFO] [stdout]    9:     0x56c611be113d - __rustc[8fa7c3cbc660c2b3]::rust_begin_unwind
[INFO] [stdout]   10:     0x56c611c233dc - core[df12db4294e9bfd3]::panicking::panic_fmt
[INFO] [stdout]   11:     0x56c6115296c6 - <futures_util[f489b76ae95e637f]::future::poll_fn::PollFn<<dolang_runtime[996429d34c117cdf]::vm::Builder>::enter<(), <dolang_runtime[996429d34c117cdf]::vm::Builder>::enter_with_slots<1usize, (), regression[a894259e17bb01d0]::detail::run::{closure#0}::{closure#0}::{closure#1}>::{closure#0}::{closure#0}>::{closure#0}::{closure#0}> as core[df12db4294e9bfd3]::future::future::Future>::poll
[INFO] [stdout]   12:     0x56c6115771fe - <dolang_runtime[996429d34c117cdf]::vm::Builder>::build::<(), regression[a894259e17bb01d0]::detail::run::{closure#0}>::{closure#0}
[INFO] [stdout]   13:     0x56c611564f74 - <tokio[aad28bdf8bde87d9]::runtime::context::scoped::Scoped<tokio[aad28bdf8bde87d9]::runtime::scheduler::Context>>::set::<<tokio[aad28bdf8bde87d9]::runtime::scheduler::current_thread::CoreGuard>::enter<<tokio[aad28bdf8bde87d9]::runtime::scheduler::current_thread::CoreGuard>::block_on<core[df12db4294e9bfd3]::pin::Pin<&mut <dolang_runtime[996429d34c117cdf]::vm::Builder>::build<(), regression[a894259e17bb01d0]::detail::run::{closure#0}>::{closure#0}>>::{closure#0}, core[df12db4294e9bfd3]::option::Option<()>>::{closure#0}, (alloc[2182bb758b4b3781]::boxed::Box<tokio[aad28bdf8bde87d9]::runtime::scheduler::current_thread::Core>, core[df12db4294e9bfd3]::option::Option<()>)>
[INFO] [stdout]   14:     0x56c611565ccd - <tokio[aad28bdf8bde87d9]::runtime::scheduler::current_thread::CoreGuard>::block_on::<core[df12db4294e9bfd3]::pin::Pin<&mut <dolang_runtime[996429d34c117cdf]::vm::Builder>::build<(), regression[a894259e17bb01d0]::detail::run::{closure#0}>::{closure#0}>>
[INFO] [stdout]   15:     0x56c611563da7 - tokio[aad28bdf8bde87d9]::runtime::context::runtime::enter_runtime::<<tokio[aad28bdf8bde87d9]::runtime::scheduler::current_thread::CurrentThread>::block_on<<dolang_runtime[996429d34c117cdf]::vm::Builder>::build<(), regression[a894259e17bb01d0]::detail::run::{closure#0}>::{closure#0}>::{closure#0}, ()>
[INFO] [stdout]   16:     0x56c611559d3d - <tokio[aad28bdf8bde87d9]::runtime::runtime::Runtime>::block_on::<<dolang_runtime[996429d34c117cdf]::vm::Builder>::build<(), regression[a894259e17bb01d0]::detail::run::{closure#0}>::{closure#0}>
[INFO] [stdout]   17:     0x56c61156a654 - regression[a894259e17bb01d0]::detail::run
[INFO] [stdout]   18:     0x56c6115645f5 - <regression[a894259e17bb01d0]::cat::{closure#0} as core[df12db4294e9bfd3]::ops::function::FnOnce<()>>::call_once
[INFO] [stdout]   19:     0x56c6115c5d5b - test[9d35eded1c95d3be]::__rust_begin_short_backtrace::<core[df12db4294e9bfd3]::result::Result<(), alloc[2182bb758b4b3781]::string::String>, fn() -> core[df12db4294e9bfd3]::result::Result<(), alloc[2182bb758b4b3781]::string::String>>
[INFO] [stdout]   20:     0x56c6115d33c5 - test[9d35eded1c95d3be]::run_test::{closure#0}
[INFO] [stdout]   21:     0x56c6115ccc84 - std[70759c8f55707aa4]::sys::backtrace::__rust_begin_short_backtrace::<test[9d35eded1c95d3be]::run_test::{closure#1}, ()>
[INFO] [stdout]   22:     0x56c6115d6522 - <std[70759c8f55707aa4]::thread::lifecycle::spawn_unchecked<test[9d35eded1c95d3be]::run_test::{closure#1}, ()>::{closure#1} as core[df12db4294e9bfd3]::ops::function::FnOnce<()>>::call_once::{shim:vtable#0}
[INFO] [stdout]   23:     0x56c611c08e39 - <std[70759c8f55707aa4]::sys::thread::unix::Thread>::new::thread_start
[INFO] [stdout]   24:     0x71263a2b5dfa - <unknown>
[INFO] [stdout]   25:     0x71263a3493d4 - clone
[INFO] [stdout]   26:                0x0 - <unknown>
[INFO] [stdout] 
[INFO] [stdout] ---- fs::symlink stdout ----
[INFO] [stdout] error: cargo exited with status: 101
[INFO] [stdout]   #0: proc.Program
[INFO] [stdout]   #1: sys.env
[INFO] [stdout]   #2: sys.cd
[INFO] [stdout]   #3: agent.<main> at agent.dol:18
[INFO] [stdout]   #4: <host>.import
[INFO] [stdout]   #5: <program>.<main> at symlink.dol:9
[INFO] [stdout] 
[INFO] [stdout] thread 'fs::symlink' (2196) panicked at /opt/rustwide/cargo-home/registry/src/index.crates.io-1949cf8c6b5b557f/dolang-private-test-0.1.0/src/lib.rs:117:9:
[INFO] [stdout] test failed
[INFO] [stdout] stack backtrace:
[INFO] [stdout]    0:     0x56c611c09821 - <<std[70759c8f55707aa4]::sys::backtrace::BacktraceLock>::print::DisplayBacktrace as core[df12db4294e9bfd3]::fmt::Display>::fmt
[INFO] [stdout]    1:     0x56c611c22bfa - core[df12db4294e9bfd3]::fmt::write
[INFO] [stdout]    2:     0x56c611c0eb6c - <alloc[2182bb758b4b3781]::vec::Vec<u8> as core[df12db4294e9bfd3]::io::write::Write>::write_fmt
[INFO] [stdout]    3:     0x56c611be0176 - std[70759c8f55707aa4]::panicking::default_hook::{closure#0}
[INFO] [stdout]    4:     0x56c611bff1f9 - std[70759c8f55707aa4]::panicking::default_hook
[INFO] [stdout]    5:     0x56c6115d2a70 - test[9d35eded1c95d3be]::test_main_inner::<test[9d35eded1c95d3be]::test_main_static::{closure#0}>::{closure#0}
[INFO] [stdout]    6:     0x56c611bff522 - std[70759c8f55707aa4]::panicking::panic_with_hook
[INFO] [stdout]    7:     0x56c611be0254 - std[70759c8f55707aa4]::panicking::panic_handler::{closure#0}
[INFO] [stdout]    8:     0x56c611bd8ca9 - std[70759c8f55707aa4]::sys::backtrace::__rust_end_short_backtrace::<std[70759c8f55707aa4]::panicking::panic_handler::{closure#0}, !>
[INFO] [stdout]    9:     0x56c611be113d - __rustc[8fa7c3cbc660c2b3]::rust_begin_unwind
[INFO] [stdout]   10:     0x56c611c233dc - core[df12db4294e9bfd3]::panicking::panic_fmt
[INFO] [stdout]   11:     0x56c6115296c6 - <futures_util[f489b76ae95e637f]::future::poll_fn::PollFn<<dolang_runtime[996429d34c117cdf]::vm::Builder>::enter<(), <dolang_runtime[996429d34c117cdf]::vm::Builder>::enter_with_slots<1usize, (), regression[a894259e17bb01d0]::detail::run::{closure#0}::{closure#0}::{closure#1}>::{closure#0}::{closure#0}>::{closure#0}::{closure#0}> as core[df12db4294e9bfd3]::future::future::Future>::poll
[INFO] [stdout]   12:     0x56c6115771fe - <dolang_runtime[996429d34c117cdf]::vm::Builder>::build::<(), regression[a894259e17bb01d0]::detail::run::{closure#0}>::{closure#0}
[INFO] [stdout]   13:     0x56c611564f74 - <tokio[aad28bdf8bde87d9]::runtime::context::scoped::Scoped<tokio[aad28bdf8bde87d9]::runtime::scheduler::Context>>::set::<<tokio[aad28bdf8bde87d9]::runtime::scheduler::current_thread::CoreGuard>::enter<<tokio[aad28bdf8bde87d9]::runtime::scheduler::current_thread::CoreGuard>::block_on<core[df12db4294e9bfd3]::pin::Pin<&mut <dolang_runtime[996429d34c117cdf]::vm::Builder>::build<(), regression[a894259e17bb01d0]::detail::run::{closure#0}>::{closure#0}>>::{closure#0}, core[df12db4294e9bfd3]::option::Option<()>>::{closure#0}, (alloc[2182bb758b4b3781]::boxed::Box<tokio[aad28bdf8bde87d9]::runtime::scheduler::current_thread::Core>, core[df12db4294e9bfd3]::option::Option<()>)>
[INFO] [stdout]   14:     0x56c611565ccd - <tokio[aad28bdf8bde87d9]::runtime::scheduler::current_thread::CoreGuard>::block_on::<core[df12db4294e9bfd3]::pin::Pin<&mut <dolang_runtime[996429d34c117cdf]::vm::Builder>::build<(), regression[a894259e17bb01d0]::detail::run::{closure#0}>::{closure#0}>>
[INFO] [stdout]   15:     0x56c611563da7 - tokio[aad28bdf8bde87d9]::runtime::context::runtime::enter_runtime::<<tokio[aad28bdf8bde87d9]::runtime::scheduler::current_thread::CurrentThread>::block_on<<dolang_runtime[996429d34c117cdf]::vm::Builder>::build<(), regression[a894259e17bb01d0]::detail::run::{closure#0}>::{closure#0}>::{closure#0}, ()>
[INFO] [stdout]   16:     0x56c611559d3d - <tokio[aad28bdf8bde87d9]::runtime::runtime::Runtime>::block_on::<<dolang_runtime[996429d34c117cdf]::vm::Builder>::build<(), regression[a894259e17bb01d0]::detail::run::{closure#0}>::{closure#0}>
[INFO] [stdout]   17:     0x56c61156a654 - regression[a894259e17bb01d0]::detail::run
[INFO] [stdout]   18:     0x56c611564955 - <regression[a894259e17bb01d0]::fs::symlink::{closure#0} as core[df12db4294e9bfd3]::ops::function::FnOnce<()>>::call_once
[INFO] [stdout]   19:     0x56c6115c5d5b - test[9d35eded1c95d3be]::__rust_begin_short_backtrace::<core[df12db4294e9bfd3]::result::Result<(), alloc[2182bb758b4b3781]::string::String>, fn() -> core[df12db4294e9bfd3]::result::Result<(), alloc[2182bb758b4b3781]::string::String>>
[INFO] [stdout]   20:     0x56c6115d33c5 - test[9d35eded1c95d3be]::run_test::{closure#0}
[INFO] [stdout]   21:     0x56c6115ccc84 - std[70759c8f55707aa4]::sys::backtrace::__rust_begin_short_backtrace::<test[9d35eded1c95d3be]::run_test::{closure#1}, ()>
[INFO] [stdout]   22:     0x56c6115d6522 - <std[70759c8f55707aa4]::thread::lifecycle::spawn_unchecked<test[9d35eded1c95d3be]::run_test::{closure#1}, ()>::{closure#1} as core[df12db4294e9bfd3]::ops::function::FnOnce<()>>::call_once::{shim:vtable#0}
[INFO] [stdout]   23:     0x56c611c08e39 - <std[70759c8f55707aa4]::sys::thread::unix::Thread>::new::thread_start
[INFO] [stdout]   24:     0x71263a2b5dfa - <unknown>
[INFO] [stdout]   25:     0x71263a3493d4 - clone
[INFO] [stdout]   26:                0x0 - <unknown>
[INFO] [stdout] 
[INFO] [stdout] ---- fs::path_ops stdout ----
[INFO] [stdout] error: cargo exited with status: 101
[INFO] [stdout]   #0: proc.Program
[INFO] [stdout]   #1: sys.env
[INFO] [stdout]   #2: sys.cd
[INFO] [stdout]   #3: agent.<main> at agent.dol:18
[INFO] [stdout]   #4: <host>.import
[INFO] [stdout]   #5: <program>.<main> at path_ops.dol:7
[INFO] [stdout] 
[INFO] [stdout] thread 'fs::path_ops' (2143) panicked at /opt/rustwide/cargo-home/registry/src/index.crates.io-1949cf8c6b5b557f/dolang-private-test-0.1.0/src/lib.rs:117:9:
[INFO] [stdout] test failed
[INFO] [stdout] stack backtrace:
[INFO] [stdout]    0:     0x56c611c09821 - <<std[70759c8f55707aa4]::sys::backtrace::BacktraceLock>::print::DisplayBacktrace as core[df12db4294e9bfd3]::fmt::Display>::fmt
[INFO] [stdout]    1:     0x56c611c22bfa - core[df12db4294e9bfd3]::fmt::write
[INFO] [stdout]    2:     0x56c611c0eb6c - <alloc[2182bb758b4b3781]::vec::Vec<u8> as core[df12db4294e9bfd3]::io::write::Write>::write_fmt
[INFO] [stdout]    3:     0x56c611be0176 - std[70759c8f55707aa4]::panicking::default_hook::{closure#0}
[INFO] [stdout]    4:     0x56c611bff1f9 - std[70759c8f55707aa4]::panicking::default_hook
[INFO] [stdout]    5:     0x56c6115d2a70 - test[9d35eded1c95d3be]::test_main_inner::<test[9d35eded1c95d3be]::test_main_static::{closure#0}>::{closure#0}
[INFO] [stdout]    6:     0x56c611bff522 - std[70759c8f55707aa4]::panicking::panic_with_hook
[INFO] [stdout]    7:     0x56c611be0254 - std[70759c8f55707aa4]::panicking::panic_handler::{closure#0}
[INFO] [stdout]    8:     0x56c611bd8ca9 - std[70759c8f55707aa4]::sys::backtrace::__rust_end_short_backtrace::<std[70759c8f55707aa4]::panicking::panic_handler::{closure#0}, !>
[INFO] [stdout]    9:     0x56c611be113d - __rustc[8fa7c3cbc660c2b3]::rust_begin_unwind
[INFO] [stdout]   10:     0x56c611c233dc - core[df12db4294e9bfd3]::panicking::panic_fmt
[INFO] [stdout]   11:     0x56c6115296c6 - <futures_util[f489b76ae95e637f]::future::poll_fn::PollFn<<dolang_runtime[996429d34c117cdf]::vm::Builder>::enter<(), <dolang_runtime[996429d34c117cdf]::vm::Builder>::enter_with_slots<1usize, (), regression[a894259e17bb01d0]::detail::run::{closure#0}::{closure#0}::{closure#1}>::{closure#0}::{closure#0}>::{closure#0}::{closure#0}> as core[df12db4294e9bfd3]::future::future::Future>::poll
[INFO] [stdout]   12:     0x56c6115771fe - <dolang_runtime[996429d34c117cdf]::vm::Builder>::build::<(), regression[a894259e17bb01d0]::detail::run::{closure#0}>::{closure#0}
[INFO] [stdout]   13:     0x56c611564f74 - <tokio[aad28bdf8bde87d9]::runtime::context::scoped::Scoped<tokio[aad28bdf8bde87d9]::runtime::scheduler::Context>>::set::<<tokio[aad28bdf8bde87d9]::runtime::scheduler::current_thread::CoreGuard>::enter<<tokio[aad28bdf8bde87d9]::runtime::scheduler::current_thread::CoreGuard>::block_on<core[df12db4294e9bfd3]::pin::Pin<&mut <dolang_runtime[996429d34c117cdf]::vm::Builder>::build<(), regression[a894259e17bb01d0]::detail::run::{closure#0}>::{closure#0}>>::{closure#0}, core[df12db4294e9bfd3]::option::Option<()>>::{closure#0}, (alloc[2182bb758b4b3781]::boxed::Box<tokio[aad28bdf8bde87d9]::runtime::scheduler::current_thread::Core>, core[df12db4294e9bfd3]::option::Option<()>)>
[INFO] [stdout]   14:     0x56c611565ccd - <tokio[aad28bdf8bde87d9]::runtime::scheduler::current_thread::CoreGuard>::block_on::<core[df12db4294e9bfd3]::pin::Pin<&mut <dolang_runtime[996429d34c117cdf]::vm::Builder>::build<(), regression[a894259e17bb01d0]::detail::run::{closure#0}>::{closure#0}>>
[INFO] [stdout]   15:     0x56c611563da7 - tokio[aad28bdf8bde87d9]::runtime::context::runtime::enter_runtime::<<tokio[aad28bdf8bde87d9]::runtime::scheduler::current_thread::CurrentThread>::block_on<<dolang_runtime[996429d34c117cdf]::vm::Builder>::build<(), regression[a894259e17bb01d0]::detail::run::{closure#0}>::{closure#0}>::{closure#0}, ()>
[INFO] [stdout]   16:     0x56c611559d3d - <tokio[aad28bdf8bde87d9]::runtime::runtime::Runtime>::block_on::<<dolang_runtime[996429d34c117cdf]::vm::Builder>::build<(), regression[a894259e17bb01d0]::detail::run::{closure#0}>::{closure#0}>
[INFO] [stdout]   17:     0x56c61156a654 - regression[a894259e17bb01d0]::detail::run
[INFO] [stdout]   18:     0x56c6115649b5 - <regression[a894259e17bb01d0]::fs::path_ops::{closure#0} as core[df12db4294e9bfd3]::ops::function::FnOnce<()>>::call_once
[INFO] [stdout]   19:     0x56c6115c5d5b - test[9d35eded1c95d3be]::__rust_begin_short_backtrace::<core[df12db4294e9bfd3]::result::Result<(), alloc[2182bb758b4b3781]::string::String>, fn() -> core[df12db4294e9bfd3]::result::Result<(), alloc[2182bb758b4b3781]::string::String>>
[INFO] [stdout]   20:     0x56c6115d33c5 - test[9d35eded1c95d3be]::run_test::{closure#0}
[INFO] [stdout]   21:     0x56c6115ccc84 - std[70759c8f55707aa4]::sys::backtrace::__rust_begin_short_backtrace::<test[9d35eded1c95d3be]::run_test::{closure#1}, ()>
[INFO] [stdout]   22:     0x56c6115d6522 - <std[70759c8f55707aa4]::thread::lifecycle::spawn_unchecked<test[9d35eded1c95d3be]::run_test::{closure#1}, ()>::{closure#1} as core[df12db4294e9bfd3]::ops::function::FnOnce<()>>::call_once::{shim:vtable#0}
[INFO] [stdout]   23:     0x56c611c08e39 - <std[70759c8f55707aa4]::sys::thread::unix::Thread>::new::thread_start
[INFO] [stdout]   24:     0x71263a2b5dfa - <unknown>
[INFO] [stdout]   25:     0x71263a3493d4 - clone
[INFO] [stdout]   26:                0x0 - <unknown>
[INFO] [stdout] 
[INFO] [stdout] ---- fs::mkdir stdout ----
[INFO] [stdout] error: cargo exited with status: 101
[INFO] [stdout]   #0: proc.Program
[INFO] [stdout]   #1: sys.env
[INFO] [stdout]   #2: sys.cd
[INFO] [stdout]   #3: agent.<main> at agent.dol:18
[INFO] [stdout]   #4: <host>.import
[INFO] [stdout]   #5: <program>.<main> at mkdir.dol:7
[INFO] [stdout] 
[INFO] [stdout] thread 'fs::mkdir' (2140) panicked at /opt/rustwide/cargo-home/registry/src/index.crates.io-1949cf8c6b5b557f/dolang-private-test-0.1.0/src/lib.rs:117:9:
[INFO] [stdout] test failed
[INFO] [stdout] stack backtrace:
[INFO] [stdout]    0:     0x56c611c09821 - <<std[70759c8f55707aa4]::sys::backtrace::BacktraceLock>::print::DisplayBacktrace as core[df12db4294e9bfd3]::fmt::Display>::fmt
[INFO] [stdout]    1:     0x56c611c22bfa - core[df12db4294e9bfd3]::fmt::write
[INFO] [stdout]    2:     0x56c611c0eb6c - <alloc[2182bb758b4b3781]::vec::Vec<u8> as core[df12db4294e9bfd3]::io::write::Write>::write_fmt
[INFO] [stdout]    3:     0x56c611be0176 - std[70759c8f55707aa4]::panicking::default_hook::{closure#0}
[INFO] [stdout]    4:     0x56c611bff1f9 - std[70759c8f55707aa4]::panicking::default_hook
[INFO] [stdout]    5:     0x56c6115d2a70 - test[9d35eded1c95d3be]::test_main_inner::<test[9d35eded1c95d3be]::test_main_static::{closure#0}>::{closure#0}
[INFO] [stdout]    6:     0x56c611bff522 - std[70759c8f55707aa4]::panicking::panic_with_hook
[INFO] [stdout]    7:     0x56c611be0254 - std[70759c8f55707aa4]::panicking::panic_handler::{closure#0}
[INFO] [stdout]    8:     0x56c611bd8ca9 - std[70759c8f55707aa4]::sys::backtrace::__rust_end_short_backtrace::<std[70759c8f55707aa4]::panicking::panic_handler::{closure#0}, !>
[INFO] [stdout]    9:     0x56c611be113d - __rustc[8fa7c3cbc660c2b3]::rust_begin_unwind
[INFO] [stdout]   10:     0x56c611c233dc - core[df12db4294e9bfd3]::panicking::panic_fmt
[INFO] [stdout]   11:     0x56c6115296c6 - <futures_util[f489b76ae95e637f]::future::poll_fn::PollFn<<dolang_runtime[996429d34c117cdf]::vm::Builder>::enter<(), <dolang_runtime[996429d34c117cdf]::vm::Builder>::enter_with_slots<1usize, (), regression[a894259e17bb01d0]::detail::run::{closure#0}::{closure#0}::{closure#1}>::{closure#0}::{closure#0}>::{closure#0}::{closure#0}> as core[df12db4294e9bfd3]::future::future::Future>::poll
[INFO] [stdout]   12:     0x56c6115771fe - <dolang_runtime[996429d34c117cdf]::vm::Builder>::build::<(), regression[a894259e17bb01d0]::detail::run::{closure#0}>::{closure#0}
[INFO] [stdout]   13:     0x56c611564f74 - <tokio[aad28bdf8bde87d9]::runtime::context::scoped::Scoped<tokio[aad28bdf8bde87d9]::runtime::scheduler::Context>>::set::<<tokio[aad28bdf8bde87d9]::runtime::scheduler::current_thread::CoreGuard>::enter<<tokio[aad28bdf8bde87d9]::runtime::scheduler::current_thread::CoreGuard>::block_on<core[df12db4294e9bfd3]::pin::Pin<&mut <dolang_runtime[996429d34c117cdf]::vm::Builder>::build<(), regression[a894259e17bb01d0]::detail::run::{closure#0}>::{closure#0}>>::{closure#0}, core[df12db4294e9bfd3]::option::Option<()>>::{closure#0}, (alloc[2182bb758b4b3781]::boxed::Box<tokio[aad28bdf8bde87d9]::runtime::scheduler::current_thread::Core>, core[df12db4294e9bfd3]::option::Option<()>)>
[INFO] [stdout]   14:     0x56c611565ccd - <tokio[aad28bdf8bde87d9]::runtime::scheduler::current_thread::CoreGuard>::block_on::<core[df12db4294e9bfd3]::pin::Pin<&mut <dolang_runtime[996429d34c117cdf]::vm::Builder>::build<(), regression[a894259e17bb01d0]::detail::run::{closure#0}>::{closure#0}>>
[INFO] [stdout]   15:     0x56c611563da7 - tokio[aad28bdf8bde87d9]::runtime::context::runtime::enter_runtime::<<tokio[aad28bdf8bde87d9]::runtime::scheduler::current_thread::CurrentThread>::block_on<<dolang_runtime[996429d34c117cdf]::vm::Builder>::build<(), regression[a894259e17bb01d0]::detail::run::{closure#0}>::{closure#0}>::{closure#0}, ()>
[INFO] [stdout]   16:     0x56c611559d3d - <tokio[aad28bdf8bde87d9]::runtime::runtime::Runtime>::block_on::<<dolang_runtime[996429d34c117cdf]::vm::Builder>::build<(), regression[a894259e17bb01d0]::detail::run::{closure#0}>::{closure#0}>
[INFO] [stdout]   17:     0x56c61156a654 - regression[a894259e17bb01d0]::detail::run
[INFO] [stdout]   18:     0x56c611564865 - <regression[a894259e17bb01d0]::fs::mkdir::{closure#0} as core[df12db4294e9bfd3]::ops::function::FnOnce<()>>::call_once
[INFO] [stdout]   19:     0x56c6115c5d5b - test[9d35eded1c95d3be]::__rust_begin_short_backtrace::<core[df12db4294e9bfd3]::result::Result<(), alloc[2182bb758b4b3781]::string::String>, fn() -> core[df12db4294e9bfd3]::result::Result<(), alloc[2182bb758b4b3781]::string::String>>
[INFO] [stdout]   20:     0x56c6115d33c5 - test[9d35eded1c95d3be]::run_test::{closure#0}
[INFO] [stdout]   21:     0x56c6115ccc84 - std[70759c8f55707aa4]::sys::backtrace::__rust_begin_short_backtrace::<test[9d35eded1c95d3be]::run_test::{closure#1}, ()>
[INFO] [stdout]   22:     0x56c6115d6522 - <std[70759c8f55707aa4]::thread::lifecycle::spawn_unchecked<test[9d35eded1c95d3be]::run_test::{closure#1}, ()>::{closure#1} as core[df12db4294e9bfd3]::ops::function::FnOnce<()>>::call_once::{shim:vtable#0}
[INFO] [stdout]   23:     0x56c611c08e39 - <std[70759c8f55707aa4]::sys::thread::unix::Thread>::new::thread_start
[INFO] [stdout]   24:     0x71263a2b5dfa - <unknown>
[INFO] [stdout]   25:     0x71263a3493d4 - clone
[INFO] [stdout]   26:                0x0 - <unknown>
[INFO] [stdout] 
[INFO] [stdout] ---- fs::read stdout ----
[INFO] [stdout] error: cargo exited with status: 101
[INFO] [stdout]   #0: proc.Program
[INFO] [stdout]   #1: sys.env
[INFO] [stdout]   #2: sys.cd
[INFO] [stdout]   #3: agent.<main> at agent.dol:18
[INFO] [stdout]   #4: <host>.import
[INFO] [stdout]   #5: <program>.<main> at read.dol:8
[INFO] [stdout] 
[INFO] [stdout] thread 'fs::read' (2145) panicked at /opt/rustwide/cargo-home/registry/src/index.crates.io-1949cf8c6b5b557f/dolang-private-test-0.1.0/src/lib.rs:117:9:
[INFO] [stdout] test failed
[INFO] [stdout] stack backtrace:
[INFO] [stdout]    0:     0x56c611c09821 - <<std[70759c8f55707aa4]::sys::backtrace::BacktraceLock>::print::DisplayBacktrace as core[df12db4294e9bfd3]::fmt::Display>::fmt
[INFO] [stdout]    1:     0x56c611c22bfa - core[df12db4294e9bfd3]::fmt::write
[INFO] [stdout]    2:     0x56c611c0eb6c - <alloc[2182bb758b4b3781]::vec::Vec<u8> as core[df12db4294e9bfd3]::io::write::Write>::write_fmt
[INFO] [stdout]    3:     0x56c611be0176 - std[70759c8f55707aa4]::panicking::default_hook::{closure#0}
[INFO] [stdout]    4:     0x56c611bff1f9 - std[70759c8f55707aa4]::panicking::default_hook
[INFO] [stdout]    5:     0x56c6115d2a70 - test[9d35eded1c95d3be]::test_main_inner::<test[9d35eded1c95d3be]::test_main_static::{closure#0}>::{closure#0}
[INFO] [stdout]    6:     0x56c611bff522 - std[70759c8f55707aa4]::panicking::panic_with_hook
[INFO] [stdout]    7:     0x56c611be0254 - std[70759c8f55707aa4]::panicking::panic_handler::{closure#0}
[INFO] [stdout]    8:     0x56c611bd8ca9 - std[70759c8f55707aa4]::sys::backtrace::__rust_end_short_backtrace::<std[70759c8f55707aa4]::panicking::panic_handler::{closure#0}, !>
[INFO] [stdout]    9:     0x56c611be113d - __rustc[8fa7c3cbc660c2b3]::rust_begin_unwind
[INFO] [stdout]   10:     0x56c611c233dc - core[df12db4294e9bfd3]::panicking::panic_fmt
[INFO] [stdout]   11:     0x56c6115296c6 - <futures_util[f489b76ae95e637f]::future::poll_fn::PollFn<<dolang_runtime[996429d34c117cdf]::vm::Builder>::enter<(), <dolang_runtime[996429d34c117cdf]::vm::Builder>::enter_with_slots<1usize, (), regression[a894259e17bb01d0]::detail::run::{closure#0}::{closure#0}::{closure#1}>::{closure#0}::{closure#0}>::{closure#0}::{closure#0}> as core[df12db4294e9bfd3]::future::future::Future>::poll
[INFO] [stdout]   12:     0x56c6115771fe - <dolang_runtime[996429d34c117cdf]::vm::Builder>::build::<(), regression[a894259e17bb01d0]::detail::run::{closure#0}>::{closure#0}
[INFO] [stdout]   13:     0x56c611564f74 - <tokio[aad28bdf8bde87d9]::runtime::context::scoped::Scoped<tokio[aad28bdf8bde87d9]::runtime::scheduler::Context>>::set::<<tokio[aad28bdf8bde87d9]::runtime::scheduler::current_thread::CoreGuard>::enter<<tokio[aad28bdf8bde87d9]::runtime::scheduler::current_thread::CoreGuard>::block_on<core[df12db4294e9bfd3]::pin::Pin<&mut <dolang_runtime[996429d34c117cdf]::vm::Builder>::build<(), regression[a894259e17bb01d0]::detail::run::{closure#0}>::{closure#0}>>::{closure#0}, core[df12db4294e9bfd3]::option::Option<()>>::{closure#0}, (alloc[2182bb758b4b3781]::boxed::Box<tokio[aad28bdf8bde87d9]::runtime::scheduler::current_thread::Core>, core[df12db4294e9bfd3]::option::Option<()>)>
[INFO] [stdout]   14:     0x56c611565ccd - <tokio[aad28bdf8bde87d9]::runtime::scheduler::current_thread::CoreGuard>::block_on::<core[df12db4294e9bfd3]::pin::Pin<&mut <dolang_runtime[996429d34c117cdf]::vm::Builder>::build<(), regression[a894259e17bb01d0]::detail::run::{closure#0}>::{closure#0}>>
[INFO] [stdout]   15:     0x56c611563da7 - tokio[aad28bdf8bde87d9]::runtime::context::runtime::enter_runtime::<<tokio[aad28bdf8bde87d9]::runtime::scheduler::current_thread::CurrentThread>::block_on<<dolang_runtime[996429d34c117cdf]::vm::Builder>::build<(), regression[a894259e17bb01d0]::detail::run::{closure#0}>::{closure#0}>::{closure#0}, ()>
[INFO] [stdout]   16:     0x56c611559d3d - <tokio[aad28bdf8bde87d9]::runtime::runtime::Runtime>::block_on::<<dolang_runtime[996429d34c117cdf]::vm::Builder>::build<(), regression[a894259e17bb01d0]::detail::run::{closure#0}>::{closure#0}>
[INFO] [stdout]   17:     0x56c61156a654 - regression[a894259e17bb01d0]::detail::run
[INFO] [stdout]   18:     0x56c611564805 - <regression[a894259e17bb01d0]::fs::read::{closure#0} as core[df12db4294e9bfd3]::ops::function::FnOnce<()>>::call_once
[INFO] [stdout]   19:     0x56c6115c5d5b - test[9d35eded1c95d3be]::__rust_begin_short_backtrace::<core[df12db4294e9bfd3]::result::Result<(), alloc[2182bb758b4b3781]::string::String>, fn() -> core[df12db4294e9bfd3]::result::Result<(), alloc[2182bb758b4b3781]::string::String>>
[INFO] [stdout]   20:     0x56c6115d33c5 - test[9d35eded1c95d3be]::run_test::{closure#0}
[INFO] [stdout]   21:     0x56c6115ccc84 - std[70759c8f55707aa4]::sys::backtrace::__rust_begin_short_backtrace::<test[9d35eded1c95d3be]::run_test::{closure#1}, ()>
[INFO] [stdout]   22:     0x56c6115d6522 - <std[70759c8f55707aa4]::thread::lifecycle::spawn_unchecked<test[9d35eded1c95d3be]::run_test::{closure#1}, ()>::{closure#1} as core[df12db4294e9bfd3]::ops::function::FnOnce<()>>::call_once::{shim:vtable#0}
[INFO] [stdout]   23:     0x56c611c08e39 - <std[70759c8f55707aa4]::sys::thread::unix::Thread>::new::thread_start
[INFO] [stdout]   24:     0x71263a2b5dfa - <unknown>
[INFO] [stdout]   25:     0x71263a3493d4 - clone
[INFO] [stdout]   26:                0x0 - <unknown>
[INFO] [stdout] 
[INFO] [stdout] ---- fs::rename stdout ----
[INFO] [stdout] error: cargo exited with status: 101
[INFO] [stdout]   #0: proc.Program
[INFO] [stdout]   #1: sys.env
[INFO] [stdout]   #2: sys.cd
[INFO] [stdout]   #3: agent.<main> at agent.dol:18
[INFO] [stdout]   #4: <host>.import
[INFO] [stdout]   #5: <program>.<main> at rename.dol:7
[INFO] [stdout] 
[INFO] [stdout] thread 'fs::rename' (2147) panicked at /opt/rustwide/cargo-home/registry/src/index.crates.io-1949cf8c6b5b557f/dolang-private-test-0.1.0/src/lib.rs:117:9:
[INFO] [stdout] test failed
[INFO] [stdout] stack backtrace:
[INFO] [stdout]    0:     0x56c611c09821 - <<std[70759c8f55707aa4]::sys::backtrace::BacktraceLock>::print::DisplayBacktrace as core[df12db4294e9bfd3]::fmt::Display>::fmt
[INFO] [stdout]    1:     0x56c611c22bfa - core[df12db4294e9bfd3]::fmt::write
[INFO] [stdout]    2:     0x56c611c0eb6c - <alloc[2182bb758b4b3781]::vec::Vec<u8> as core[df12db4294e9bfd3]::io::write::Write>::write_fmt
[INFO] [stdout]    3:     0x56c611be0176 - std[70759c8f55707aa4]::panicking::default_hook::{closure#0}
[INFO] [stdout]    4:     0x56c611bff1f9 - std[70759c8f55707aa4]::panicking::default_hook
[INFO] [stdout]    5:     0x56c6115d2a70 - test[9d35eded1c95d3be]::test_main_inner::<test[9d35eded1c95d3be]::test_main_static::{closure#0}>::{closure#0}
[INFO] [stdout]    6:     0x56c611bff522 - std[70759c8f55707aa4]::panicking::panic_with_hook
[INFO] [stdout]    7:     0x56c611be0254 - std[70759c8f55707aa4]::panicking::panic_handler::{closure#0}
[INFO] [stdout]    8:     0x56c611bd8ca9 - std[70759c8f55707aa4]::sys::backtrace::__rust_end_short_backtrace::<std[70759c8f55707aa4]::panicking::panic_handler::{closure#0}, !>
[INFO] [stdout]    9:     0x56c611be113d - __rustc[8fa7c3cbc660c2b3]::rust_begin_unwind
[INFO] [stdout]   10:     0x56c611c233dc - core[df12db4294e9bfd3]::panicking::panic_fmt
[INFO] [stdout]   11:     0x56c6115296c6 - <futures_util[f489b76ae95e637f]::future::poll_fn::PollFn<<dolang_runtime[996429d34c117cdf]::vm::Builder>::enter<(), <dolang_runtime[996429d34c117cdf]::vm::Builder>::enter_with_slots<1usize, (), regression[a894259e17bb01d0]::detail::run::{closure#0}::{closure#0}::{closure#1}>::{closure#0}::{closure#0}>::{closure#0}::{closure#0}> as core[df12db4294e9bfd3]::future::future::Future>::poll
[INFO] [stdout]   12:     0x56c6115771fe - <dolang_runtime[996429d34c117cdf]::vm::Builder>::build::<(), regression[a894259e17bb01d0]::detail::run::{closure#0}>::{closure#0}
[INFO] [stdout]   13:     0x56c611564f74 - <tokio[aad28bdf8bde87d9]::runtime::context::scoped::Scoped<tokio[aad28bdf8bde87d9]::runtime::scheduler::Context>>::set::<<tokio[aad28bdf8bde87d9]::runtime::scheduler::current_thread::CoreGuard>::enter<<tokio[aad28bdf8bde87d9]::runtime::scheduler::current_thread::CoreGuard>::block_on<core[df12db4294e9bfd3]::pin::Pin<&mut <dolang_runtime[996429d34c117cdf]::vm::Builder>::build<(), regression[a894259e17bb01d0]::detail::run::{closure#0}>::{closure#0}>>::{closure#0}, core[df12db4294e9bfd3]::option::Option<()>>::{closure#0}, (alloc[2182bb758b4b3781]::boxed::Box<tokio[aad28bdf8bde87d9]::runtime::scheduler::current_thread::Core>, core[df12db4294e9bfd3]::option::Option<()>)>
[INFO] [stdout]   14:     0x56c611565ccd - <tokio[aad28bdf8bde87d9]::runtime::scheduler::current_thread::CoreGuard>::block_on::<core[df12db4294e9bfd3]::pin::Pin<&mut <dolang_runtime[996429d34c117cdf]::vm::Builder>::build<(), regression[a894259e17bb01d0]::detail::run::{closure#0}>::{closure#0}>>
[INFO] [stdout]   15:     0x56c611563da7 - tokio[aad28bdf8bde87d9]::runtime::context::runtime::enter_runtime::<<tokio[aad28bdf8bde87d9]::runtime::scheduler::current_thread::CurrentThread>::block_on<<dolang_runtime[996429d34c117cdf]::vm::Builder>::build<(), regression[a894259e17bb01d0]::detail::run::{closure#0}>::{closure#0}>::{closure#0}, ()>
[INFO] [stdout]   16:     0x56c611559d3d - <tokio[aad28bdf8bde87d9]::runtime::runtime::Runtime>::block_on::<<dolang_runtime[996429d34c117cdf]::vm::Builder>::build<(), regression[a894259e17bb01d0]::detail::run::{closure#0}>::{closure#0}>
[INFO] [stdout]   17:     0x56c61156a654 - regression[a894259e17bb01d0]::detail::run
[INFO] [stdout]   18:     0x56c611564925 - <regression[a894259e17bb01d0]::fs::rename::{closure#0} as core[df12db4294e9bfd3]::ops::function::FnOnce<()>>::call_once
[INFO] [stdout]   19:     0x56c6115c5d5b - test[9d35eded1c95d3be]::__rust_begin_short_backtrace::<core[df12db4294e9bfd3]::result::Result<(), alloc[2182bb758b4b3781]::string::String>, fn() -> core[df12db4294e9bfd3]::result::Result<(), alloc[2182bb758b4b3781]::string::String>>
[INFO] [stdout]   20:     0x56c6115d33c5 - test[9d35eded1c95d3be]::run_test::{closure#0}
[INFO] [stdout]   21:     0x56c6115ccc84 - std[70759c8f55707aa4]::sys::backtrace::__rust_begin_short_backtrace::<test[9d35eded1c95d3be]::run_test::{closure#1}, ()>
[INFO] [stdout]   22:     0x56c6115d6522 - <std[70759c8f55707aa4]::thread::lifecycle::spawn_unchecked<test[9d35eded1c95d3be]::run_test::{closure#1}, ()>::{closure#1} as core[df12db4294e9bfd3]::ops::function::FnOnce<()>>::call_once::{shim:vtable#0}
[INFO] [stdout]   23:     0x56c611c08e39 - <std[70759c8f55707aa4]::sys::thread::unix::Thread>::new::thread_start
[INFO] [stdout]   24:     0x71263a2b5dfa - <unknown>
[INFO] [stdout]   25:     0x71263a3493d4 - clone
[INFO] [stdout]   26:                0x0 - <unknown>
[INFO] [stdout] 
[INFO] [stdout] ---- fs::glob stdout ----
[INFO] [stdout] error: cargo exited with status: 101
[INFO] [stdout]   #0: proc.Program
[INFO] [stdout]   #1: sys.env
[INFO] [stdout]   #2: sys.cd
[INFO] [stdout]   #3: agent.<main> at agent.dol:18
[INFO] [stdout]   #4: <host>.import
[INFO] [stdout]   #5: <program>.<main> at glob.dol:5
[INFO] [stdout] 
[INFO] [stdout] thread 'fs::glob' (2138) panicked at /opt/rustwide/cargo-home/registry/src/index.crates.io-1949cf8c6b5b557f/dolang-private-test-0.1.0/src/lib.rs:117:9:
[INFO] [stdout] test failed
[INFO] [stdout] stack backtrace:
[INFO] [stdout]    0:     0x56c611c09821 - <<std[70759c8f55707aa4]::sys::backtrace::BacktraceLock>::print::DisplayBacktrace as core[df12db4294e9bfd3]::fmt::Display>::fmt
[INFO] [stdout]    1:     0x56c611c22bfa - core[df12db4294e9bfd3]::fmt::write
[INFO] [stdout]    2:     0x56c611c0eb6c - <alloc[2182bb758b4b3781]::vec::Vec<u8> as core[df12db4294e9bfd3]::io::write::Write>::write_fmt
[INFO] [stdout]    3:     0x56c611be0176 - std[70759c8f55707aa4]::panicking::default_hook::{closure#0}
[INFO] [stdout]    4:     0x56c611bff1f9 - std[70759c8f55707aa4]::panicking::default_hook
[INFO] [stdout]    5:     0x56c6115d2a70 - test[9d35eded1c95d3be]::test_main_inner::<test[9d35eded1c95d3be]::test_main_static::{closure#0}>::{closure#0}
[INFO] [stdout]    6:     0x56c611bff522 - std[70759c8f55707aa4]::panicking::panic_with_hook
[INFO] [stdout]    7:     0x56c611be0254 - std[70759c8f55707aa4]::panicking::panic_handler::{closure#0}
[INFO] [stdout]    8:     0x56c611bd8ca9 - std[70759c8f55707aa4]::sys::backtrace::__rust_end_short_backtrace::<std[70759c8f55707aa4]::panicking::panic_handler::{closure#0}, !>
[INFO] [stdout]    9:     0x56c611be113d - __rustc[8fa7c3cbc660c2b3]::rust_begin_unwind
[INFO] [stdout]   10:     0x56c611c233dc - core[df12db4294e9bfd3]::panicking::panic_fmt
[INFO] [stdout]   11:     0x56c6115296c6 - <futures_util[f489b76ae95e637f]::future::poll_fn::PollFn<<dolang_runtime[996429d34c117cdf]::vm::Builder>::enter<(), <dolang_runtime[996429d34c117cdf]::vm::Builder>::enter_with_slots<1usize, (), regression[a894259e17bb01d0]::detail::run::{closure#0}::{closure#0}::{closure#1}>::{closure#0}::{closure#0}>::{closure#0}::{closure#0}> as core[df12db4294e9bfd3]::future::future::Future>::poll
[INFO] [stdout]   12:     0x56c6115771fe - <dolang_runtime[996429d34c117cdf]::vm::Builder>::build::<(), regression[a894259e17bb01d0]::detail::run::{closure#0}>::{closure#0}
[INFO] [stdout]   13:     0x56c611564f74 - <tokio[aad28bdf8bde87d9]::runtime::context::scoped::Scoped<tokio[aad28bdf8bde87d9]::runtime::scheduler::Context>>::set::<<tokio[aad28bdf8bde87d9]::runtime::scheduler::current_thread::CoreGuard>::enter<<tokio[aad28bdf8bde87d9]::runtime::scheduler::current_thread::CoreGuard>::block_on<core[df12db4294e9bfd3]::pin::Pin<&mut <dolang_runtime[996429d34c117cdf]::vm::Builder>::build<(), regression[a894259e17bb01d0]::detail::run::{closure#0}>::{closure#0}>>::{closure#0}, core[df12db4294e9bfd3]::option::Option<()>>::{closure#0}, (alloc[2182bb758b4b3781]::boxed::Box<tokio[aad28bdf8bde87d9]::runtime::scheduler::current_thread::Core>, core[df12db4294e9bfd3]::option::Option<()>)>
[INFO] [stdout]   14:     0x56c611565ccd - <tokio[aad28bdf8bde87d9]::runtime::scheduler::current_thread::CoreGuard>::block_on::<core[df12db4294e9bfd3]::pin::Pin<&mut <dolang_runtime[996429d34c117cdf]::vm::Builder>::build<(), regression[a894259e17bb01d0]::detail::run::{closure#0}>::{closure#0}>>
[INFO] [stdout]   15:     0x56c611563da7 - tokio[aad28bdf8bde87d9]::runtime::context::runtime::enter_runtime::<<tokio[aad28bdf8bde87d9]::runtime::scheduler::current_thread::CurrentThread>::block_on<<dolang_runtime[996429d34c117cdf]::vm::Builder>::build<(), regression[a894259e17bb01d0]::detail::run::{closure#0}>::{closure#0}>::{closure#0}, ()>
[INFO] [stdout]   16:     0x56c611559d3d - <tokio[aad28bdf8bde87d9]::runtime::runtime::Runtime>::block_on::<<dolang_runtime[996429d34c117cdf]::vm::Builder>::build<(), regression[a894259e17bb01d0]::detail::run::{closure#0}>::{closure#0}>
[INFO] [stdout]   17:     0x56c61156a654 - regression[a894259e17bb01d0]::detail::run
[INFO] [stdout]   18:     0x56c611564745 - <regression[a894259e17bb01d0]::fs::glob::{closure#0} as core[df12db4294e9bfd3]::ops::function::FnOnce<()>>::call_once
[INFO] [stdout]   19:     0x56c6115c5d5b - test[9d35eded1c95d3be]::__rust_begin_short_backtrace::<core[df12db4294e9bfd3]::result::Result<(), alloc[2182bb758b4b3781]::string::String>, fn() -> core[df12db4294e9bfd3]::result::Result<(), alloc[2182bb758b4b3781]::string::String>>
[INFO] [stdout]   20:     0x56c6115d33c5 - test[9d35eded1c95d3be]::run_test::{closure#0}
[INFO] [stdout]   21:     0x56c6115ccc84 - std[70759c8f55707aa4]::sys::backtrace::__rust_begin_short_backtrace::<test[9d35eded1c95d3be]::run_test::{closure#1}, ()>
[INFO] [stdout]   22:     0x56c6115d6522 - <std[70759c8f55707aa4]::thread::lifecycle::spawn_unchecked<test[9d35eded1c95d3be]::run_test::{closure#1}, ()>::{closure#1} as core[df12db4294e9bfd3]::ops::function::FnOnce<()>>::call_once::{shim:vtable#0}
[INFO] [stdout]   23:     0x56c611c08e39 - <std[70759c8f55707aa4]::sys::thread::unix::Thread>::new::thread_start
[INFO] [stdout]   24:     0x71263a2b5dfa - <unknown>
[INFO] [stdout]   25:     0x71263a3493d4 - clone
[INFO] [stdout]   26:                0x0 - <unknown>
[INFO] [stdout] 
[INFO] [stdout] ---- fs::r#move stdout ----
[INFO] [stdout] error: cargo exited with status: 101
[INFO] [stdout]   #0: proc.Program
[INFO] [stdout]   #1: sys.env
[INFO] [stdout]   #2: sys.cd
[INFO] [stdout]   #3: agent.<main> at agent.dol:18
[INFO] [stdout]   #4: <host>.import
[INFO] [stdout]   #5: <program>.<main> at move.dol:7
[INFO] [stdout] 
[INFO] [stdout] thread 'fs::r#move' (2144) panicked at /opt/rustwide/cargo-home/registry/src/index.crates.io-1949cf8c6b5b557f/dolang-private-test-0.1.0/src/lib.rs:117:9:
[INFO] [stdout] test failed
[INFO] [stdout] stack backtrace:
[INFO] [stdout]    0:     0x56c611c09821 - <<std[70759c8f55707aa4]::sys::backtrace::BacktraceLock>::print::DisplayBacktrace as core[df12db4294e9bfd3]::fmt::Display>::fmt
[INFO] [stdout]    1:     0x56c611c22bfa - core[df12db4294e9bfd3]::fmt::write
[INFO] [stdout]    2:     0x56c611c0eb6c - <alloc[2182bb758b4b3781]::vec::Vec<u8> as core[df12db4294e9bfd3]::io::write::Write>::write_fmt
[INFO] [stdout]    3:     0x56c611be0176 - std[70759c8f55707aa4]::panicking::default_hook::{closure#0}
[INFO] [stdout]    4:     0x56c611bff1f9 - std[70759c8f55707aa4]::panicking::default_hook
[INFO] [stdout]    5:     0x56c6115d2a70 - test[9d35eded1c95d3be]::test_main_inner::<test[9d35eded1c95d3be]::test_main_static::{closure#0}>::{closure#0}
[INFO] [stdout]    6:     0x56c611bff522 - std[70759c8f55707aa4]::panicking::panic_with_hook
[INFO] [stdout]    7:     0x56c611be0254 - std[70759c8f55707aa4]::panicking::panic_handler::{closure#0}
[INFO] [stdout]    8:     0x56c611bd8ca9 - std[70759c8f55707aa4]::sys::backtrace::__rust_end_short_backtrace::<std[70759c8f55707aa4]::panicking::panic_handler::{closure#0}, !>
[INFO] [stdout]    9:     0x56c611be113d - __rustc[8fa7c3cbc660c2b3]::rust_begin_unwind
[INFO] [stdout]   10:     0x56c611c233dc - core[df12db4294e9bfd3]::panicking::panic_fmt
[INFO] [stdout]   11:     0x56c6115296c6 - <futures_util[f489b76ae95e637f]::future::poll_fn::PollFn<<dolang_runtime[996429d34c117cdf]::vm::Builder>::enter<(), <dolang_runtime[996429d34c117cdf]::vm::Builder>::enter_with_slots<1usize, (), regression[a894259e17bb01d0]::detail::run::{closure#0}::{closure#0}::{closure#1}>::{closure#0}::{closure#0}>::{closure#0}::{closure#0}> as core[df12db4294e9bfd3]::future::future::Future>::poll
[INFO] [stdout]   12:     0x56c6115771fe - <dolang_runtime[996429d34c117cdf]::vm::Builder>::build::<(), regression[a894259e17bb01d0]::detail::run::{closure#0}>::{closure#0}
[INFO] [stdout]   13:     0x56c611564f74 - <tokio[aad28bdf8bde87d9]::runtime::context::scoped::Scoped<tokio[aad28bdf8bde87d9]::runtime::scheduler::Context>>::set::<<tokio[aad28bdf8bde87d9]::runtime::scheduler::current_thread::CoreGuard>::enter<<tokio[aad28bdf8bde87d9]::runtime::scheduler::current_thread::CoreGuard>::block_on<core[df12db4294e9bfd3]::pin::Pin<&mut <dolang_runtime[996429d34c117cdf]::vm::Builder>::build<(), regression[a894259e17bb01d0]::detail::run::{closure#0}>::{closure#0}>>::{closure#0}, core[df12db4294e9bfd3]::option::Option<()>>::{closure#0}, (alloc[2182bb758b4b3781]::boxed::Box<tokio[aad28bdf8bde87d9]::runtime::scheduler::current_thread::Core>, core[df12db4294e9bfd3]::option::Option<()>)>
[INFO] [stdout]   14:     0x56c611565ccd - <tokio[aad28bdf8bde87d9]::runtime::scheduler::current_thread::CoreGuard>::block_on::<core[df12db4294e9bfd3]::pin::Pin<&mut <dolang_runtime[996429d34c117cdf]::vm::Builder>::build<(), regression[a894259e17bb01d0]::detail::run::{closure#0}>::{closure#0}>>
[INFO] [stdout]   15:     0x56c611563da7 - tokio[aad28bdf8bde87d9]::runtime::context::runtime::enter_runtime::<<tokio[aad28bdf8bde87d9]::runtime::scheduler::current_thread::CurrentThread>::block_on<<dolang_runtime[996429d34c117cdf]::vm::Builder>::build<(), regression[a894259e17bb01d0]::detail::run::{closure#0}>::{closure#0}>::{closure#0}, ()>
[INFO] [stdout]   16:     0x56c611559d3d - <tokio[aad28bdf8bde87d9]::runtime::runtime::Runtime>::block_on::<<dolang_runtime[996429d34c117cdf]::vm::Builder>::build<(), regression[a894259e17bb01d0]::detail::run::{closure#0}>::{closure#0}>
[INFO] [stdout]   17:     0x56c61156a654 - regression[a894259e17bb01d0]::detail::run
[INFO] [stdout]   18:     0x56c611564775 - <regression[a894259e17bb01d0]::fs::move::{closure#0} as core[df12db4294e9bfd3]::ops::function::FnOnce<()>>::call_once
[INFO] [stdout]   19:     0x56c6115c5d5b - test[9d35eded1c95d3be]::__rust_begin_short_backtrace::<core[df12db4294e9bfd3]::result::Result<(), alloc[2182bb758b4b3781]::string::String>, fn() -> core[df12db4294e9bfd3]::result::Result<(), alloc[2182bb758b4b3781]::string::String>>
[INFO] [stdout]   20:     0x56c6115d33c5 - test[9d35eded1c95d3be]::run_test::{closure#0}
[INFO] [stdout]   21:     0x56c6115ccc84 - std[70759c8f55707aa4]::sys::backtrace::__rust_begin_short_backtrace::<test[9d35eded1c95d3be]::run_test::{closure#1}, ()>
[INFO] [stdout]   22:     0x56c6115d6522 - <std[70759c8f55707aa4]::thread::lifecycle::spawn_unchecked<test[9d35eded1c95d3be]::run_test::{closure#1}, ()>::{closure#1} as core[df12db4294e9bfd3]::ops::function::FnOnce<()>>::call_once::{shim:vtable#0}
[INFO] [stdout]   23:     0x56c611c08e39 - <std[70759c8f55707aa4]::sys::thread::unix::Thread>::new::thread_start
[INFO] [stdout]   24:     0x71263a2b5dfa - <unknown>
[INFO] [stdout]   25:     0x71263a3493d4 - clone
[INFO] [stdout]   26:                0x0 - <unknown>
[INFO] [stdout] 
[INFO] [stdout] ---- fs::copy stdout ----
[INFO] [stdout] error: cargo exited with status: 101
[INFO] [stdout]   #0: proc.Program
[INFO] [stdout]   #1: sys.env
[INFO] [stdout]   #2: sys.cd
[INFO] [stdout]   #3: agent.<main> at agent.dol:18
[INFO] [stdout]   #4: <host>.import
[INFO] [stdout]   #5: <program>.<main> at copy.dol:7
[INFO] [stdout] 
[INFO] [stdout] thread 'fs::copy' (2137) panicked at /opt/rustwide/cargo-home/registry/src/index.crates.io-1949cf8c6b5b557f/dolang-private-test-0.1.0/src/lib.rs:117:9:
[INFO] [stdout] test failed
[INFO] [stdout] stack backtrace:
[INFO] [stdout]    0:     0x56c611c09821 - <<std[70759c8f55707aa4]::sys::backtrace::BacktraceLock>::print::DisplayBacktrace as core[df12db4294e9bfd3]::fmt::Display>::fmt
[INFO] [stdout]    1:     0x56c611c22bfa - core[df12db4294e9bfd3]::fmt::write
[INFO] [stdout]    2:     0x56c611c0eb6c - <alloc[2182bb758b4b3781]::vec::Vec<u8> as core[df12db4294e9bfd3]::io::write::Write>::write_fmt
[INFO] [stdout]    3:     0x56c611be0176 - std[70759c8f55707aa4]::panicking::default_hook::{closure#0}
[INFO] [stdout]    4:     0x56c611bff1f9 - std[70759c8f55707aa4]::panicking::default_hook
[INFO] [stdout]    5:     0x56c6115d2a70 - test[9d35eded1c95d3be]::test_main_inner::<test[9d35eded1c95d3be]::test_main_static::{closure#0}>::{closure#0}
[INFO] [stdout]    6:     0x56c611bff522 - std[70759c8f55707aa4]::panicking::panic_with_hook
[INFO] [stdout]    7:     0x56c611be0254 - std[70759c8f55707aa4]::panicking::panic_handler::{closure#0}
[INFO] [stdout]    8:     0x56c611bd8ca9 - std[70759c8f55707aa4]::sys::backtrace::__rust_end_short_backtrace::<std[70759c8f55707aa4]::panicking::panic_handler::{closure#0}, !>
[INFO] [stdout]    9:     0x56c611be113d - __rustc[8fa7c3cbc660c2b3]::rust_begin_unwind
[INFO] [stdout]   10:     0x56c611c233dc - core[df12db4294e9bfd3]::panicking::panic_fmt
[INFO] [stdout]   11:     0x56c6115296c6 - <futures_util[f489b76ae95e637f]::future::poll_fn::PollFn<<dolang_runtime[996429d34c117cdf]::vm::Builder>::enter<(), <dolang_runtime[996429d34c117cdf]::vm::Builder>::enter_with_slots<1usize, (), regression[a894259e17bb01d0]::detail::run::{closure#0}::{closure#0}::{closure#1}>::{closure#0}::{closure#0}>::{closure#0}::{closure#0}> as core[df12db4294e9bfd3]::future::future::Future>::poll
[INFO] [stdout]   12:     0x56c6115771fe - <dolang_runtime[996429d34c117cdf]::vm::Builder>::build::<(), regression[a894259e17bb01d0]::detail::run::{closure#0}>::{closure#0}
[INFO] [stdout]   13:     0x56c611564f74 - <tokio[aad28bdf8bde87d9]::runtime::context::scoped::Scoped<tokio[aad28bdf8bde87d9]::runtime::scheduler::Context>>::set::<<tokio[aad28bdf8bde87d9]::runtime::scheduler::current_thread::CoreGuard>::enter<<tokio[aad28bdf8bde87d9]::runtime::scheduler::current_thread::CoreGuard>::block_on<core[df12db4294e9bfd3]::pin::Pin<&mut <dolang_runtime[996429d34c117cdf]::vm::Builder>::build<(), regression[a894259e17bb01d0]::detail::run::{closure#0}>::{closure#0}>>::{closure#0}, core[df12db4294e9bfd3]::option::Option<()>>::{closure#0}, (alloc[2182bb758b4b3781]::boxed::Box<tokio[aad28bdf8bde87d9]::runtime::scheduler::current_thread::Core>, core[df12db4294e9bfd3]::option::Option<()>)>
[INFO] [stdout]   14:     0x56c611565ccd - <tokio[aad28bdf8bde87d9]::runtime::scheduler::current_thread::CoreGuard>::block_on::<core[df12db4294e9bfd3]::pin::Pin<&mut <dolang_runtime[996429d34c117cdf]::vm::Builder>::build<(), regression[a894259e17bb01d0]::detail::run::{closure#0}>::{closure#0}>>
[INFO] [stdout]   15:     0x56c611563da7 - tokio[aad28bdf8bde87d9]::runtime::context::runtime::enter_runtime::<<tokio[aad28bdf8bde87d9]::runtime::scheduler::current_thread::CurrentThread>::block_on<<dolang_runtime[996429d34c117cdf]::vm::Builder>::build<(), regression[a894259e17bb01d0]::detail::run::{closure#0}>::{closure#0}>::{closure#0}, ()>
[INFO] [stdout]   16:     0x56c611559d3d - <tokio[aad28bdf8bde87d9]::runtime::runtime::Runtime>::block_on::<<dolang_runtime[996429d34c117cdf]::vm::Builder>::build<(), regression[a894259e17bb01d0]::detail::run::{closure#0}>::{closure#0}>
[INFO] [stdout]   17:     0x56c61156a654 - regression[a894259e17bb01d0]::detail::run
[INFO] [stdout]   18:     0x56c611564715 - <regression[a894259e17bb01d0]::fs::copy::{closure#0} as core[df12db4294e9bfd3]::ops::function::FnOnce<()>>::call_once
[INFO] [stdout]   19:     0x56c6115c5d5b - test[9d35eded1c95d3be]::__rust_begin_short_backtrace::<core[df12db4294e9bfd3]::result::Result<(), alloc[2182bb758b4b3781]::string::String>, fn() -> core[df12db4294e9bfd3]::result::Result<(), alloc[2182bb758b4b3781]::string::String>>
[INFO] [stdout]   20:     0x56c6115d33c5 - test[9d35eded1c95d3be]::run_test::{closure#0}
[INFO] [stdout]   21:     0x56c6115ccc84 - std[70759c8f55707aa4]::sys::backtrace::__rust_begin_short_backtrace::<test[9d35eded1c95d3be]::run_test::{closure#1}, ()>
[INFO] [stdout]   22:     0x56c6115d6522 - <std[70759c8f55707aa4]::thread::lifecycle::spawn_unchecked<test[9d35eded1c95d3be]::run_test::{closure#1}, ()>::{closure#1} as core[df12db4294e9bfd3]::ops::function::FnOnce<()>>::call_once::{shim:vtable#0}
[INFO] [stdout]   23:     0x56c611c08e39 - <std[70759c8f55707aa4]::sys::thread::unix::Thread>::new::thread_start
[INFO] [stdout]   24:     0x71263a2b5dfa - <unknown>
[INFO] [stdout]   25:     0x71263a3493d4 - clone
[INFO] [stdout]   26:                0x0 - <unknown>
[INFO] [stdout] 
[INFO] [stdout] ---- agent stdout ----
[INFO] [stdout] error: cargo exited with status: 101
[INFO] [stdout]   #0: proc.Program
[INFO] [stdout]   #1: sys.env
[INFO] [stdout]   #2: sys.cd
[INFO] [stdout]   #3: agent.<main> at agent.dol:18
[INFO] [stdout]   #4: <host>.import
[INFO] [stdout]   #5: <program>.<main> at agent.dol:7
[INFO] [stdout] 
[INFO] [stdout] thread 'agent' (2132) panicked at /opt/rustwide/cargo-home/registry/src/index.crates.io-1949cf8c6b5b557f/dolang-private-test-0.1.0/src/lib.rs:117:9:
[INFO] [stdout] test failed
[INFO] [stdout] stack backtrace:
[INFO] [stdout]    0:     0x56c611c09821 - <<std[70759c8f55707aa4]::sys::backtrace::BacktraceLock>::print::DisplayBacktrace as core[df12db4294e9bfd3]::fmt::Display>::fmt
[INFO] [stdout]    1:     0x56c611c22bfa - core[df12db4294e9bfd3]::fmt::write
[INFO] [stdout]    2:     0x56c611c0eb6c - <alloc[2182bb758b4b3781]::vec::Vec<u8> as core[df12db4294e9bfd3]::io::write::Write>::write_fmt
[INFO] [stdout]    3:     0x56c611be0176 - std[70759c8f55707aa4]::panicking::default_hook::{closure#0}
[INFO] [stdout]    4:     0x56c611bff1f9 - std[70759c8f55707aa4]::panicking::default_hook
[INFO] [stdout]    5:     0x56c6115d2a70 - test[9d35eded1c95d3be]::test_main_inner::<test[9d35eded1c95d3be]::test_main_static::{closure#0}>::{closure#0}
[INFO] [stdout]    6:     0x56c611bff522 - std[70759c8f55707aa4]::panicking::panic_with_hook
[INFO] [stdout]    7:     0x56c611be0254 - std[70759c8f55707aa4]::panicking::panic_handler::{closure#0}
[INFO] [stdout]    8:     0x56c611bd8ca9 - std[70759c8f55707aa4]::sys::backtrace::__rust_end_short_backtrace::<std[70759c8f55707aa4]::panicking::panic_handler::{closure#0}, !>
[INFO] [stdout]    9:     0x56c611be113d - __rustc[8fa7c3cbc660c2b3]::rust_begin_unwind
[INFO] [stdout]   10:     0x56c611c233dc - core[df12db4294e9bfd3]::panicking::panic_fmt
[INFO] [stdout]   11:     0x56c6115296c6 - <futures_util[f489b76ae95e637f]::future::poll_fn::PollFn<<dolang_runtime[996429d34c117cdf]::vm::Builder>::enter<(), <dolang_runtime[996429d34c117cdf]::vm::Builder>::enter_with_slots<1usize, (), regression[a894259e17bb01d0]::detail::run::{closure#0}::{closure#0}::{closure#1}>::{closure#0}::{closure#0}>::{closure#0}::{closure#0}> as core[df12db4294e9bfd3]::future::future::Future>::poll
[INFO] [stdout]   12:     0x56c6115771fe - <dolang_runtime[996429d34c117cdf]::vm::Builder>::build::<(), regression[a894259e17bb01d0]::detail::run::{closure#0}>::{closure#0}
[INFO] [stdout]   13:     0x56c611564f74 - <tokio[aad28bdf8bde87d9]::runtime::context::scoped::Scoped<tokio[aad28bdf8bde87d9]::runtime::scheduler::Context>>::set::<<tokio[aad28bdf8bde87d9]::runtime::scheduler::current_thread::CoreGuard>::enter<<tokio[aad28bdf8bde87d9]::runtime::scheduler::current_thread::CoreGuard>::block_on<core[df12db4294e9bfd3]::pin::Pin<&mut <dolang_runtime[996429d34c117cdf]::vm::Builder>::build<(), regression[a894259e17bb01d0]::detail::run::{closure#0}>::{closure#0}>>::{closure#0}, core[df12db4294e9bfd3]::option::Option<()>>::{closure#0}, (alloc[2182bb758b4b3781]::boxed::Box<tokio[aad28bdf8bde87d9]::runtime::scheduler::current_thread::Core>, core[df12db4294e9bfd3]::option::Option<()>)>
[INFO] [stdout]   14:     0x56c611565ccd - <tokio[aad28bdf8bde87d9]::runtime::scheduler::current_thread::CoreGuard>::block_on::<core[df12db4294e9bfd3]::pin::Pin<&mut <dolang_runtime[996429d34c117cdf]::vm::Builder>::build<(), regression[a894259e17bb01d0]::detail::run::{closure#0}>::{closure#0}>>
[INFO] [stdout]   15:     0x56c611563da7 - tokio[aad28bdf8bde87d9]::runtime::context::runtime::enter_runtime::<<tokio[aad28bdf8bde87d9]::runtime::scheduler::current_thread::CurrentThread>::block_on<<dolang_runtime[996429d34c117cdf]::vm::Builder>::build<(), regression[a894259e17bb01d0]::detail::run::{closure#0}>::{closure#0}>::{closure#0}, ()>
[INFO] [stdout]   16:     0x56c611559d3d - <tokio[aad28bdf8bde87d9]::runtime::runtime::Runtime>::block_on::<<dolang_runtime[996429d34c117cdf]::vm::Builder>::build<(), regression[a894259e17bb01d0]::detail::run::{closure#0}>::{closure#0}>
[INFO] [stdout]   17:     0x56c61156a654 - regression[a894259e17bb01d0]::detail::run
[INFO] [stdout]   18:     0x56c611564685 - <regression[a894259e17bb01d0]::agent::{closure#0} as core[df12db4294e9bfd3]::ops::function::FnOnce<()>>::call_once
[INFO] [stdout]   19:     0x56c6115c5d5b - test[9d35eded1c95d3be]::__rust_begin_short_backtrace::<core[df12db4294e9bfd3]::result::Result<(), alloc[2182bb758b4b3781]::string::String>, fn() -> core[df12db4294e9bfd3]::result::Result<(), alloc[2182bb758b4b3781]::string::String>>
[INFO] [stdout]   20:     0x56c6115d33c5 - test[9d35eded1c95d3be]::run_test::{closure#0}
[INFO] [stdout]   21:     0x56c6115ccc84 - std[70759c8f55707aa4]::sys::backtrace::__rust_begin_short_backtrace::<test[9d35eded1c95d3be]::run_test::{closure#1}, ()>
[INFO] [stdout]   22:     0x56c6115d6522 - <std[70759c8f55707aa4]::thread::lifecycle::spawn_unchecked<test[9d35eded1c95d3be]::run_test::{closure#1}, ()>::{closure#1} as core[df12db4294e9bfd3]::ops::function::FnOnce<()>>::call_once::{shim:vtable#0}
[INFO] [stdout]   23:     0x56c611c08e39 - <std[70759c8f55707aa4]::sys::thread::unix::Thread>::new::thread_start
[INFO] [stdout]   24:     0x71263a2b5dfa - <unknown>
[INFO] [stdout]   25:     0x71263a3493d4 - clone
[INFO] [stdout]   26:                0x0 - <unknown>
[INFO] [stdout] 
[INFO] [stdout] ---- fs::open stdout ----
[INFO] [stdout] error: cargo exited with status: 101
[INFO] [stdout]   #0: proc.Program
[INFO] [stdout]   #1: sys.env
[INFO] [stdout]   #2: sys.cd
[INFO] [stdout]   #3: agent.<main> at agent.dol:18
[INFO] [stdout]   #4: <host>.import
[INFO] [stdout]   #5: <program>.<main> at open.dol:4
[INFO] [stdout] 
[INFO] [stdout] thread 'fs::open' (2141) panicked at /opt/rustwide/cargo-home/registry/src/index.crates.io-1949cf8c6b5b557f/dolang-private-test-0.1.0/src/lib.rs:117:9:
[INFO] [stdout] test failed
[INFO] [stdout] stack backtrace:
[INFO] [stdout]    0:     0x56c611c09821 - <<std[70759c8f55707aa4]::sys::backtrace::BacktraceLock>::print::DisplayBacktrace as core[df12db4294e9bfd3]::fmt::Display>::fmt
[INFO] [stdout]    1:     0x56c611c22bfa - core[df12db4294e9bfd3]::fmt::write
[INFO] [stdout]    2:     0x56c611c0eb6c - <alloc[2182bb758b4b3781]::vec::Vec<u8> as core[df12db4294e9bfd3]::io::write::Write>::write_fmt
[INFO] [stdout]    3:     0x56c611be0176 - std[70759c8f55707aa4]::panicking::default_hook::{closure#0}
[INFO] [stdout]    4:     0x56c611bff1f9 - std[70759c8f55707aa4]::panicking::default_hook
[INFO] [stdout]    5:     0x56c6115d2a70 - test[9d35eded1c95d3be]::test_main_inner::<test[9d35eded1c95d3be]::test_main_static::{closure#0}>::{closure#0}
[INFO] [stdout]    6:     0x56c611bff522 - std[70759c8f55707aa4]::panicking::panic_with_hook
[INFO] [stdout]    7:     0x56c611be0254 - std[70759c8f55707aa4]::panicking::panic_handler::{closure#0}
[INFO] [stdout]    8:     0x56c611bd8ca9 - std[70759c8f55707aa4]::sys::backtrace::__rust_end_short_backtrace::<std[70759c8f55707aa4]::panicking::panic_handler::{closure#0}, !>
[INFO] [stdout]    9:     0x56c611be113d - __rustc[8fa7c3cbc660c2b3]::rust_begin_unwind
[INFO] [stdout]   10:     0x56c611c233dc - core[df12db4294e9bfd3]::panicking::panic_fmt
[INFO] [stdout]   11:     0x56c6115296c6 - <futures_util[f489b76ae95e637f]::future::poll_fn::PollFn<<dolang_runtime[996429d34c117cdf]::vm::Builder>::enter<(), <dolang_runtime[996429d34c117cdf]::vm::Builder>::enter_with_slots<1usize, (), regression[a894259e17bb01d0]::detail::run::{closure#0}::{closure#0}::{closure#1}>::{closure#0}::{closure#0}>::{closure#0}::{closure#0}> as core[df12db4294e9bfd3]::future::future::Future>::poll
[INFO] [stdout]   12:     0x56c6115771fe - <dolang_runtime[996429d34c117cdf]::vm::Builder>::build::<(), regression[a894259e17bb01d0]::detail::run::{closure#0}>::{closure#0}
[INFO] [stdout]   13:     0x56c611564f74 - <tokio[aad28bdf8bde87d9]::runtime::context::scoped::Scoped<tokio[aad28bdf8bde87d9]::runtime::scheduler::Context>>::set::<<tokio[aad28bdf8bde87d9]::runtime::scheduler::current_thread::CoreGuard>::enter<<tokio[aad28bdf8bde87d9]::runtime::scheduler::current_thread::CoreGuard>::block_on<core[df12db4294e9bfd3]::pin::Pin<&mut <dolang_runtime[996429d34c117cdf]::vm::Builder>::build<(), regression[a894259e17bb01d0]::detail::run::{closure#0}>::{closure#0}>>::{closure#0}, core[df12db4294e9bfd3]::option::Option<()>>::{closure#0}, (alloc[2182bb758b4b3781]::boxed::Box<tokio[aad28bdf8bde87d9]::runtime::scheduler::current_thread::Core>, core[df12db4294e9bfd3]::option::Option<()>)>
[INFO] [stdout]   14:     0x56c611565ccd - <tokio[aad28bdf8bde87d9]::runtime::scheduler::current_thread::CoreGuard>::block_on::<core[df12db4294e9bfd3]::pin::Pin<&mut <dolang_runtime[996429d34c117cdf]::vm::Builder>::build<(), regression[a894259e17bb01d0]::detail::run::{closure#0}>::{closure#0}>>
[INFO] [stdout]   15:     0x56c611563da7 - tokio[aad28bdf8bde87d9]::runtime::context::runtime::enter_runtime::<<tokio[aad28bdf8bde87d9]::runtime::scheduler::current_thread::CurrentThread>::block_on<<dolang_runtime[996429d34c117cdf]::vm::Builder>::build<(), regression[a894259e17bb01d0]::detail::run::{closure#0}>::{closure#0}>::{closure#0}, ()>
[INFO] [stdout]   16:     0x56c611559d3d - <tokio[aad28bdf8bde87d9]::runtime::runtime::Runtime>::block_on::<<dolang_runtime[996429d34c117cdf]::vm::Builder>::build<(), regression[a894259e17bb01d0]::detail::run::{closure#0}>::{closure#0}>
[INFO] [stdout]   17:     0x56c61156a654 - regression[a894259e17bb01d0]::detail::run
[INFO] [stdout]   18:     0x56c6115647a5 - <regression[a894259e17bb01d0]::fs::open::{closure#0} as core[df12db4294e9bfd3]::ops::function::FnOnce<()>>::call_once
[INFO] [stdout]   19:     0x56c6115c5d5b - test[9d35eded1c95d3be]::__rust_begin_short_backtrace::<core[df12db4294e9bfd3]::result::Result<(), alloc[2182bb758b4b3781]::string::String>, fn() -> core[df12db4294e9bfd3]::result::Result<(), alloc[2182bb758b4b3781]::string::String>>
[INFO] [stdout]   20:     0x56c6115d33c5 - test[9d35eded1c95d3be]::run_test::{closure#0}
[INFO] [stdout]   21:     0x56c6115ccc84 - std[70759c8f55707aa4]::sys::backtrace::__rust_begin_short_backtrace::<test[9d35eded1c95d3be]::run_test::{closure#1}, ()>
[INFO] [stdout]   22:     0x56c6115d6522 - <std[70759c8f55707aa4]::thread::lifecycle::spawn_unchecked<test[9d35eded1c95d3be]::run_test::{closure#1}, ()>::{closure#1} as core[df12db4294e9bfd3]::ops::function::FnOnce<()>>::call_once::{shim:vtable#0}
[INFO] [stdout]   23:     0x56c611c08e39 - <std[70759c8f55707aa4]::sys::thread::unix::Thread>::new::thread_start
[INFO] [stdout]   24:     0x71263a2b5dfa - <unknown>
[INFO] [stdout]   25:     0x71263a3493d4 - clone
[INFO] [stdout]   26:                0x0 - <unknown>
[INFO] [stdout] 
[INFO] [stdout] ---- grep stdout ----
[INFO] [stdout] assertion failed: ["[dependencies.bstr]", "[dependencies.dolang]", "[dependencies.dolang-shell-vfs]", "[dependencies.futures]", "[dependencies.linkme]", "[dependencies.rand]", "[dependencies.shlex]", "[dependencies.time]", "[dependencies.tokio]", "[dependencies.which]"] != ["[dependencies]", "[dependencies.tokio]", "[dependencies.dolang]", "[dependencies.dolang-shell-vfs]"]
[INFO] [stdout]   #0: regression.assert_eq
[INFO] [stdout]   #1: <program>.<main> at grep.dol:8
[INFO] [stdout] Result: nil
[INFO] [stdout] 
[INFO] [stdout] thread 'grep' (2299) panicked at /opt/rustwide/cargo-home/registry/src/index.crates.io-1949cf8c6b5b557f/dolang-private-test-0.1.0/src/lib.rs:117:9:
[INFO] [stdout] test failed
[INFO] [stdout] stack backtrace:
[INFO] [stdout]    0:     0x56c611c09821 - <<std[70759c8f55707aa4]::sys::backtrace::BacktraceLock>::print::DisplayBacktrace as core[df12db4294e9bfd3]::fmt::Display>::fmt
[INFO] [stdout]    1:     0x56c611c22bfa - core[df12db4294e9bfd3]::fmt::write
[INFO] [stdout]    2:     0x56c611c0eb6c - <alloc[2182bb758b4b3781]::vec::Vec<u8> as core[df12db4294e9bfd3]::io::write::Write>::write_fmt
[INFO] [stdout]    3:     0x56c611be0176 - std[70759c8f55707aa4]::panicking::default_hook::{closure#0}
[INFO] [stdout]    4:     0x56c611bff1f9 - std[70759c8f55707aa4]::panicking::default_hook
[INFO] [stdout]    5:     0x56c6115d2a70 - test[9d35eded1c95d3be]::test_main_inner::<test[9d35eded1c95d3be]::test_main_static::{closure#0}>::{closure#0}
[INFO] [stdout]    6:     0x56c611bff522 - std[70759c8f55707aa4]::panicking::panic_with_hook
[INFO] [stdout]    7:     0x56c611be0254 - std[70759c8f55707aa4]::panicking::panic_handler::{closure#0}
[INFO] [stdout]    8:     0x56c611bd8ca9 - std[70759c8f55707aa4]::sys::backtrace::__rust_end_short_backtrace::<std[70759c8f55707aa4]::panicking::panic_handler::{closure#0}, !>
[INFO] [stdout]    9:     0x56c611be113d - __rustc[8fa7c3cbc660c2b3]::rust_begin_unwind
[INFO] [stdout]   10:     0x56c611c233dc - core[df12db4294e9bfd3]::panicking::panic_fmt
[INFO] [stdout]   11:     0x56c6115296c6 - <futures_util[f489b76ae95e637f]::future::poll_fn::PollFn<<dolang_runtime[996429d34c117cdf]::vm::Builder>::enter<(), <dolang_runtime[996429d34c117cdf]::vm::Builder>::enter_with_slots<1usize, (), regression[a894259e17bb01d0]::detail::run::{closure#0}::{closure#0}::{closure#1}>::{closure#0}::{closure#0}>::{closure#0}::{closure#0}> as core[df12db4294e9bfd3]::future::future::Future>::poll
[INFO] [stdout]   12:     0x56c6115771fe - <dolang_runtime[996429d34c117cdf]::vm::Builder>::build::<(), regression[a894259e17bb01d0]::detail::run::{closure#0}>::{closure#0}
[INFO] [stdout]   13:     0x56c611564f74 - <tokio[aad28bdf8bde87d9]::runtime::context::scoped::Scoped<tokio[aad28bdf8bde87d9]::runtime::scheduler::Context>>::set::<<tokio[aad28bdf8bde87d9]::runtime::scheduler::current_thread::CoreGuard>::enter<<tokio[aad28bdf8bde87d9]::runtime::scheduler::current_thread::CoreGuard>::block_on<core[df12db4294e9bfd3]::pin::Pin<&mut <dolang_runtime[996429d34c117cdf]::vm::Builder>::build<(), regression[a894259e17bb01d0]::detail::run::{closure#0}>::{closure#0}>>::{closure#0}, core[df12db4294e9bfd3]::option::Option<()>>::{closure#0}, (alloc[2182bb758b4b3781]::boxed::Box<tokio[aad28bdf8bde87d9]::runtime::scheduler::current_thread::Core>, core[df12db4294e9bfd3]::option::Option<()>)>
[INFO] [stdout]   14:     0x56c611565ccd - <tokio[aad28bdf8bde87d9]::runtime::scheduler::current_thread::CoreGuard>::block_on::<core[df12db4294e9bfd3]::pin::Pin<&mut <dolang_runtime[996429d34c117cdf]::vm::Builder>::build<(), regression[a894259e17bb01d0]::detail::run::{closure#0}>::{closure#0}>>
[INFO] [stdout]   15:     0x56c611563da7 - tokio[aad28bdf8bde87d9]::runtime::context::runtime::enter_runtime::<<tokio[aad28bdf8bde87d9]::runtime::scheduler::current_thread::CurrentThread>::block_on<<dolang_runtime[996429d34c117cdf]::vm::Builder>::build<(), regression[a894259e17bb01d0]::detail::run::{closure#0}>::{closure#0}>::{closure#0}, ()>
[INFO] [stdout]   16:     0x56c611559d3d - <tokio[aad28bdf8bde87d9]::runtime::runtime::Runtime>::block_on::<<dolang_runtime[996429d34c117cdf]::vm::Builder>::build<(), regression[a894259e17bb01d0]::detail::run::{closure#0}>::{closure#0}>
[INFO] [stdout]   17:     0x56c61156a654 - regression[a894259e17bb01d0]::detail::run
[INFO] [stdout]   18:     0x56c611564655 - <regression[a894259e17bb01d0]::grep::{closure#0} as core[df12db4294e9bfd3]::ops::function::FnOnce<()>>::call_once
[INFO] [stdout]   19:     0x56c6115c5d5b - test[9d35eded1c95d3be]::__rust_begin_short_backtrace::<core[df12db4294e9bfd3]::result::Result<(), alloc[2182bb758b4b3781]::string::String>, fn() -> core[df12db4294e9bfd3]::result::Result<(), alloc[2182bb758b4b3781]::string::String>>
[INFO] [stdout]   20:     0x56c6115d33c5 - test[9d35eded1c95d3be]::run_test::{closure#0}
[INFO] [stdout]   21:     0x56c6115ccc84 - std[70759c8f55707aa4]::sys::backtrace::__rust_begin_short_backtrace::<test[9d35eded1c95d3be]::run_test::{closure#1}, ()>
[INFO] [stdout]   22:     0x56c6115d6522 - <std[70759c8f55707aa4]::thread::lifecycle::spawn_unchecked<test[9d35eded1c95d3be]::run_test::{closure#1}, ()>::{closure#1} as core[df12db4294e9bfd3]::ops::function::FnOnce<()>>::call_once::{shim:vtable#0}
[INFO] [stdout]   23:     0x56c611c08e39 - <std[70759c8f55707aa4]::sys::thread::unix::Thread>::new::thread_start
[INFO] [stdout]   24:     0x71263a2b5dfa - <unknown>
[INFO] [stdout]   25:     0x71263a3493d4 - clone
[INFO] [stdout]   26:                0x0 - <unknown>
[INFO] [stdout] 
[INFO] [stdout] ---- error_types stdout ----
[INFO] [stdout] error: cargo exited with status: 101
[INFO] [stdout]   #0: proc.Program
[INFO] [stdout]   #1: sys.env
[INFO] [stdout]   #2: sys.cd
[INFO] [stdout]   #3: agent.<main> at agent.dol:18
[INFO] [stdout]   #4: <host>.import
[INFO] [stdout]   #5: <program>.<main> at error_types.dol:2
[INFO] [stdout] 
[INFO] [stdout] thread 'error_types' (2135) panicked at /opt/rustwide/cargo-home/registry/src/index.crates.io-1949cf8c6b5b557f/dolang-private-test-0.1.0/src/lib.rs:117:9:
[INFO] [stdout] test failed
[INFO] [stdout] stack backtrace:
[INFO] [stdout]    0:     0x56c611c09821 - <<std[70759c8f55707aa4]::sys::backtrace::BacktraceLock>::print::DisplayBacktrace as core[df12db4294e9bfd3]::fmt::Display>::fmt
[INFO] [stdout]    1:     0x56c611c22bfa - core[df12db4294e9bfd3]::fmt::write
[INFO] [stdout]    2:     0x56c611c0eb6c - <alloc[2182bb758b4b3781]::vec::Vec<u8> as core[df12db4294e9bfd3]::io::write::Write>::write_fmt
[INFO] [stdout]    3:     0x56c611be0176 - std[70759c8f55707aa4]::panicking::default_hook::{closure#0}
[INFO] [stdout]    4:     0x56c611bff1f9 - std[70759c8f55707aa4]::panicking::default_hook
[INFO] [stdout]    5:     0x56c6115d2a70 - test[9d35eded1c95d3be]::test_main_inner::<test[9d35eded1c95d3be]::test_main_static::{closure#0}>::{closure#0}
[INFO] [stdout]    6:     0x56c611bff522 - std[70759c8f55707aa4]::panicking::panic_with_hook
[INFO] [stdout]    7:     0x56c611be0254 - std[70759c8f55707aa4]::panicking::panic_handler::{closure#0}
[INFO] [stdout]    8:     0x56c611bd8ca9 - std[70759c8f55707aa4]::sys::backtrace::__rust_end_short_backtrace::<std[70759c8f55707aa4]::panicking::panic_handler::{closure#0}, !>
[INFO] [stdout]    9:     0x56c611be113d - __rustc[8fa7c3cbc660c2b3]::rust_begin_unwind
[INFO] [stdout]   10:     0x56c611c233dc - core[df12db4294e9bfd3]::panicking::panic_fmt
[INFO] [stdout]   11:     0x56c6115296c6 - <futures_util[f489b76ae95e637f]::future::poll_fn::PollFn<<dolang_runtime[996429d34c117cdf]::vm::Builder>::enter<(), <dolang_runtime[996429d34c117cdf]::vm::Builder>::enter_with_slots<1usize, (), regression[a894259e17bb01d0]::detail::run::{closure#0}::{closure#0}::{closure#1}>::{closure#0}::{closure#0}>::{closure#0}::{closure#0}> as core[df12db4294e9bfd3]::future::future::Future>::poll
[INFO] [stdout]   12:     0x56c6115771fe - <dolang_runtime[996429d34c117cdf]::vm::Builder>::build::<(), regression[a894259e17bb01d0]::detail::run::{closure#0}>::{closure#0}
[INFO] [stdout]   13:     0x56c611564f74 - <tokio[aad28bdf8bde87d9]::runtime::context::scoped::Scoped<tokio[aad28bdf8bde87d9]::runtime::scheduler::Context>>::set::<<tokio[aad28bdf8bde87d9]::runtime::scheduler::current_thread::CoreGuard>::enter<<tokio[aad28bdf8bde87d9]::runtime::scheduler::current_thread::CoreGuard>::block_on<core[df12db4294e9bfd3]::pin::Pin<&mut <dolang_runtime[996429d34c117cdf]::vm::Builder>::build<(), regression[a894259e17bb01d0]::detail::run::{closure#0}>::{closure#0}>>::{closure#0}, core[df12db4294e9bfd3]::option::Option<()>>::{closure#0}, (alloc[2182bb758b4b3781]::boxed::Box<tokio[aad28bdf8bde87d9]::runtime::scheduler::current_thread::Core>, core[df12db4294e9bfd3]::option::Option<()>)>
[INFO] [stdout]   14:     0x56c611565ccd - <tokio[aad28bdf8bde87d9]::runtime::scheduler::current_thread::CoreGuard>::block_on::<core[df12db4294e9bfd3]::pin::Pin<&mut <dolang_runtime[996429d34c117cdf]::vm::Builder>::build<(), regression[a894259e17bb01d0]::detail::run::{closure#0}>::{closure#0}>>
[INFO] [stdout]   15:     0x56c611563da7 - tokio[aad28bdf8bde87d9]::runtime::context::runtime::enter_runtime::<<tokio[aad28bdf8bde87d9]::runtime::scheduler::current_thread::CurrentThread>::block_on<<dolang_runtime[996429d34c117cdf]::vm::Builder>::build<(), regression[a894259e17bb01d0]::detail::run::{closure#0}>::{closure#0}>::{closure#0}, ()>
[INFO] [stdout]   16:     0x56c611559d3d - <tokio[aad28bdf8bde87d9]::runtime::runtime::Runtime>::block_on::<<dolang_runtime[996429d34c117cdf]::vm::Builder>::build<(), regression[a894259e17bb01d0]::detail::run::{closure#0}>::{closure#0}>
[INFO] [stdout]   17:     0x56c61156a654 - regression[a894259e17bb01d0]::detail::run
[INFO] [stdout]   18:     0x56c611564535 - <regression[a894259e17bb01d0]::error_types::{closure#0} as core[df12db4294e9bfd3]::ops::function::FnOnce<()>>::call_once
[INFO] [stdout]   19:     0x56c6115c5d5b - test[9d35eded1c95d3be]::__rust_begin_short_backtrace::<core[df12db4294e9bfd3]::result::Result<(), alloc[2182bb758b4b3781]::string::String>, fn() -> core[df12db4294e9bfd3]::result::Result<(), alloc[2182bb758b4b3781]::string::String>>
[INFO] [stdout]   20:     0x56c6115d33c5 - test[9d35eded1c95d3be]::run_test::{closure#0}
[INFO] [stdout]   21:     0x56c6115ccc84 - std[70759c8f55707aa4]::sys::backtrace::__rust_begin_short_backtrace::<test[9d35eded1c95d3be]::run_test::{closure#1}, ()>
[INFO] [stdout]   22:     0x56c6115d6522 - <std[70759c8f55707aa4]::thread::lifecycle::spawn_unchecked<test[9d35eded1c95d3be]::run_test::{closure#1}, ()>::{closure#1} as core[df12db4294e9bfd3]::ops::function::FnOnce<()>>::call_once::{shim:vtable#0}
[INFO] [stdout]   23:     0x56c611c08e39 - <std[70759c8f55707aa4]::sys::thread::unix::Thread>::new::thread_start
[INFO] [stdout]   24:     0x71263a2b5dfa - <unknown>
[INFO] [stdout]   25:     0x71263a3493d4 - clone
[INFO] [stdout]   26:                0x0 - <unknown>
[INFO] [stdout] 
[INFO] [stdout] ---- fs::utime stdout ----
[INFO] [stdout] error: cargo exited with status: 101
[INFO] [stdout]   #0: proc.Program
[INFO] [stdout]   #1: sys.env
[INFO] [stdout]   #2: sys.cd
[INFO] [stdout]   #3: agent.<main> at agent.dol:18
[INFO] [stdout]   #4: <host>.import
[INFO] [stdout]   #5: <program>.<main> at utime.dol:1
[INFO] [stdout] 
[INFO] [stdout] thread 'fs::utime' (2247) panicked at /opt/rustwide/cargo-home/registry/src/index.crates.io-1949cf8c6b5b557f/dolang-private-test-0.1.0/src/lib.rs:117:9:
[INFO] [stdout] test failed
[INFO] [stdout] stack backtrace:
[INFO] [stdout]    0:     0x56c611c09821 - <<std[70759c8f55707aa4]::sys::backtrace::BacktraceLock>::print::DisplayBacktrace as core[df12db4294e9bfd3]::fmt::Display>::fmt
[INFO] [stdout]    1:     0x56c611c22bfa - core[df12db4294e9bfd3]::fmt::write
[INFO] [stdout]    2:     0x56c611c0eb6c - <alloc[2182bb758b4b3781]::vec::Vec<u8> as core[df12db4294e9bfd3]::io::write::Write>::write_fmt
[INFO] [stdout]    3:     0x56c611be0176 - std[70759c8f55707aa4]::panicking::default_hook::{closure#0}
[INFO] [stdout]    4:     0x56c611bff1f9 - std[70759c8f55707aa4]::panicking::default_hook
[INFO] [stdout]    5:     0x56c6115d2a70 - test[9d35eded1c95d3be]::test_main_inner::<test[9d35eded1c95d3be]::test_main_static::{closure#0}>::{closure#0}
[INFO] [stdout]    6:     0x56c611bff522 - std[70759c8f55707aa4]::panicking::panic_with_hook
[INFO] [stdout]    7:     0x56c611be0254 - std[70759c8f55707aa4]::panicking::panic_handler::{closure#0}
[INFO] [stdout]    8:     0x56c611bd8ca9 - std[70759c8f55707aa4]::sys::backtrace::__rust_end_short_backtrace::<std[70759c8f55707aa4]::panicking::panic_handler::{closure#0}, !>
[INFO] [stdout]    9:     0x56c611be113d - __rustc[8fa7c3cbc660c2b3]::rust_begin_unwind
[INFO] [stdout]   10:     0x56c611c233dc - core[df12db4294e9bfd3]::panicking::panic_fmt
[INFO] [stdout]   11:     0x56c6115296c6 - <futures_util[f489b76ae95e637f]::future::poll_fn::PollFn<<dolang_runtime[996429d34c117cdf]::vm::Builder>::enter<(), <dolang_runtime[996429d34c117cdf]::vm::Builder>::enter_with_slots<1usize, (), regression[a894259e17bb01d0]::detail::run::{closure#0}::{closure#0}::{closure#1}>::{closure#0}::{closure#0}>::{closure#0}::{closure#0}> as core[df12db4294e9bfd3]::future::future::Future>::poll
[INFO] [stdout]   12:     0x56c6115771fe - <dolang_runtime[996429d34c117cdf]::vm::Builder>::build::<(), regression[a894259e17bb01d0]::detail::run::{closure#0}>::{closure#0}
[INFO] [stdout]   13:     0x56c611564f74 - <tokio[aad28bdf8bde87d9]::runtime::context::scoped::Scoped<tokio[aad28bdf8bde87d9]::runtime::scheduler::Context>>::set::<<tokio[aad28bdf8bde87d9]::runtime::scheduler::current_thread::CoreGuard>::enter<<tokio[aad28bdf8bde87d9]::runtime::scheduler::current_thread::CoreGuard>::block_on<core[df12db4294e9bfd3]::pin::Pin<&mut <dolang_runtime[996429d34c117cdf]::vm::Builder>::build<(), regression[a894259e17bb01d0]::detail::run::{closure#0}>::{closure#0}>>::{closure#0}, core[df12db4294e9bfd3]::option::Option<()>>::{closure#0}, (alloc[2182bb758b4b3781]::boxed::Box<tokio[aad28bdf8bde87d9]::runtime::scheduler::current_thread::Core>, core[df12db4294e9bfd3]::option::Option<()>)>
[INFO] [stdout]   14:     0x56c611565ccd - <tokio[aad28bdf8bde87d9]::runtime::scheduler::current_thread::CoreGuard>::block_on::<core[df12db4294e9bfd3]::pin::Pin<&mut <dolang_runtime[996429d34c117cdf]::vm::Builder>::build<(), regression[a894259e17bb01d0]::detail::run::{closure#0}>::{closure#0}>>
[INFO] [stdout]   15:     0x56c611563da7 - tokio[aad28bdf8bde87d9]::runtime::context::runtime::enter_runtime::<<tokio[aad28bdf8bde87d9]::runtime::scheduler::current_thread::CurrentThread>::block_on<<dolang_runtime[996429d34c117cdf]::vm::Builder>::build<(), regression[a894259e17bb01d0]::detail::run::{closure#0}>::{closure#0}>::{closure#0}, ()>
[INFO] [stdout]   16:     0x56c611559d3d - <tokio[aad28bdf8bde87d9]::runtime::runtime::Runtime>::block_on::<<dolang_runtime[996429d34c117cdf]::vm::Builder>::build<(), regression[a894259e17bb01d0]::detail::run::{closure#0}>::{closure#0}>
[INFO] [stdout]   17:     0x56c61156a654 - regression[a894259e17bb01d0]::detail::run
[INFO] [stdout]   18:     0x56c6115648c5 - <regression[a894259e17bb01d0]::fs::utime::{closure#0} as core[df12db4294e9bfd3]::ops::function::FnOnce<()>>::call_once
[INFO] [stdout]   19:     0x56c6115c5d5b - test[9d35eded1c95d3be]::__rust_begin_short_backtrace::<core[df12db4294e9bfd3]::result::Result<(), alloc[2182bb758b4b3781]::string::String>, fn() -> core[df12db4294e9bfd3]::result::Result<(), alloc[2182bb758b4b3781]::string::String>>
[INFO] [stdout]   20:     0x56c6115d33c5 - test[9d35eded1c95d3be]::run_test::{closure#0}
[INFO] [stdout]   21:     0x56c6115ccc84 - std[70759c8f55707aa4]::sys::backtrace::__rust_begin_short_backtrace::<test[9d35eded1c95d3be]::run_test::{closure#1}, ()>
[INFO] [stdout]   22:     0x56c6115d6522 - <std[70759c8f55707aa4]::thread::lifecycle::spawn_unchecked<test[9d35eded1c95d3be]::run_test::{closure#1}, ()>::{closure#1} as core[df12db4294e9bfd3]::ops::function::FnOnce<()>>::call_once::{shim:vtable#0}
[INFO] [stdout]   23:     0x56c611c08e39 - <std[70759c8f55707aa4]::sys::thread::unix::Thread>::new::thread_start
[INFO] [stdout]   24:     0x71263a2b5dfa - <unknown>
[INFO] [stdout]   25:     0x71263a3493d4 - clone
[INFO] [stdout]   26:                0x0 - <unknown>
[INFO] [stdout] 
[INFO] [stdout] ---- fs::read_dir stdout ----
[INFO] [stdout] error: cargo exited with status: 101
[INFO] [stdout]   #0: proc.Program
[INFO] [stdout]   #1: sys.env
[INFO] [stdout]   #2: sys.cd
[INFO] [stdout]   #3: agent.<main> at agent.dol:18
[INFO] [stdout]   #4: <host>.import
[INFO] [stdout]   #5: <program>.<main> at read_dir.dol:5
[INFO] [stdout] 
[INFO] [stdout] thread 'fs::read_dir' (2146) panicked at /opt/rustwide/cargo-home/registry/src/index.crates.io-1949cf8c6b5b557f/dolang-private-test-0.1.0/src/lib.rs:117:9:
[INFO] [stdout] test failed
[INFO] [stdout] stack backtrace:
[INFO] [stdout]    0:     0x56c611c09821 - <<std[70759c8f55707aa4]::sys::backtrace::BacktraceLock>::print::DisplayBacktrace as core[df12db4294e9bfd3]::fmt::Display>::fmt
[INFO] [stdout]    1:     0x56c611c22bfa - core[df12db4294e9bfd3]::fmt::write
[INFO] [stdout]    2:     0x56c611c0eb6c - <alloc[2182bb758b4b3781]::vec::Vec<u8> as core[df12db4294e9bfd3]::io::write::Write>::write_fmt
[INFO] [stdout]    3:     0x56c611be0176 - std[70759c8f55707aa4]::panicking::default_hook::{closure#0}
[INFO] [stdout]    4:     0x56c611bff1f9 - std[70759c8f55707aa4]::panicking::default_hook
[INFO] [stdout]    5:     0x56c6115d2a70 - test[9d35eded1c95d3be]::test_main_inner::<test[9d35eded1c95d3be]::test_main_static::{closure#0}>::{closure#0}
[INFO] [stdout]    6:     0x56c611bff522 - std[70759c8f55707aa4]::panicking::panic_with_hook
[INFO] [stdout]    7:     0x56c611be0254 - std[70759c8f55707aa4]::panicking::panic_handler::{closure#0}
[INFO] [stdout]    8:     0x56c611bd8ca9 - std[70759c8f55707aa4]::sys::backtrace::__rust_end_short_backtrace::<std[70759c8f55707aa4]::panicking::panic_handler::{closure#0}, !>
[INFO] [stdout]    9:     0x56c611be113d - __rustc[8fa7c3cbc660c2b3]::rust_begin_unwind
[INFO] [stdout]   10:     0x56c611c233dc - core[df12db4294e9bfd3]::panicking::panic_fmt
[INFO] [stdout]   11:     0x56c6115296c6 - <futures_util[f489b76ae95e637f]::future::poll_fn::PollFn<<dolang_runtime[996429d34c117cdf]::vm::Builder>::enter<(), <dolang_runtime[996429d34c117cdf]::vm::Builder>::enter_with_slots<1usize, (), regression[a894259e17bb01d0]::detail::run::{closure#0}::{closure#0}::{closure#1}>::{closure#0}::{closure#0}>::{closure#0}::{closure#0}> as core[df12db4294e9bfd3]::future::future::Future>::poll
[INFO] [stdout]   12:     0x56c6115771fe - <dolang_runtime[996429d34c117cdf]::vm::Builder>::build::<(), regression[a894259e17bb01d0]::detail::run::{closure#0}>::{closure#0}
[INFO] [stdout]   13:     0x56c611564f74 - <tokio[aad28bdf8bde87d9]::runtime::context::scoped::Scoped<tokio[aad28bdf8bde87d9]::runtime::scheduler::Context>>::set::<<tokio[aad28bdf8bde87d9]::runtime::scheduler::current_thread::CoreGuard>::enter<<tokio[aad28bdf8bde87d9]::runtime::scheduler::current_thread::CoreGuard>::block_on<core[df12db4294e9bfd3]::pin::Pin<&mut <dolang_runtime[996429d34c117cdf]::vm::Builder>::build<(), regression[a894259e17bb01d0]::detail::run::{closure#0}>::{closure#0}>>::{closure#0}, core[df12db4294e9bfd3]::option::Option<()>>::{closure#0}, (alloc[2182bb758b4b3781]::boxed::Box<tokio[aad28bdf8bde87d9]::runtime::scheduler::current_thread::Core>, core[df12db4294e9bfd3]::option::Option<()>)>
[INFO] [stdout]   14:     0x56c611565ccd - <tokio[aad28bdf8bde87d9]::runtime::scheduler::current_thread::CoreGuard>::block_on::<core[df12db4294e9bfd3]::pin::Pin<&mut <dolang_runtime[996429d34c117cdf]::vm::Builder>::build<(), regression[a894259e17bb01d0]::detail::run::{closure#0}>::{closure#0}>>
[INFO] [stdout]   15:     0x56c611563da7 - tokio[aad28bdf8bde87d9]::runtime::context::runtime::enter_runtime::<<tokio[aad28bdf8bde87d9]::runtime::scheduler::current_thread::CurrentThread>::block_on<<dolang_runtime[996429d34c117cdf]::vm::Builder>::build<(), regression[a894259e17bb01d0]::detail::run::{closure#0}>::{closure#0}>::{closure#0}, ()>
[INFO] [stdout]   16:     0x56c611559d3d - <tokio[aad28bdf8bde87d9]::runtime::runtime::Runtime>::block_on::<<dolang_runtime[996429d34c117cdf]::vm::Builder>::build<(), regression[a894259e17bb01d0]::detail::run::{closure#0}>::{closure#0}>
[INFO] [stdout]   17:     0x56c61156a654 - regression[a894259e17bb01d0]::detail::run
[INFO] [stdout]   18:     0x56c6115649e5 - <regression[a894259e17bb01d0]::fs::read_dir::{closure#0} as core[df12db4294e9bfd3]::ops::function::FnOnce<()>>::call_once
[INFO] [stdout]   19:     0x56c6115c5d5b - test[9d35eded1c95d3be]::__rust_begin_short_backtrace::<core[df12db4294e9bfd3]::result::Result<(), alloc[2182bb758b4b3781]::string::String>, fn() -> core[df12db4294e9bfd3]::result::Result<(), alloc[2182bb758b4b3781]::string::String>>
[INFO] [stdout]   20:     0x56c6115d33c5 - test[9d35eded1c95d3be]::run_test::{closure#0}
[INFO] [stdout]   21:     0x56c6115ccc84 - std[70759c8f55707aa4]::sys::backtrace::__rust_begin_short_backtrace::<test[9d35eded1c95d3be]::run_test::{closure#1}, ()>
[INFO] [stdout]   22:     0x56c6115d6522 - <std[70759c8f55707aa4]::thread::lifecycle::spawn_unchecked<test[9d35eded1c95d3be]::run_test::{closure#1}, ()>::{closure#1} as core[df12db4294e9bfd3]::ops::function::FnOnce<()>>::call_once::{shim:vtable#0}
[INFO] [stdout]   23:     0x56c611c08e39 - <std[70759c8f55707aa4]::sys::thread::unix::Thread>::new::thread_start
[INFO] [stdout]   24:     0x71263a2b5dfa - <unknown>
[INFO] [stdout]   25:     0x71263a3493d4 - clone
[INFO] [stdout]   26:                0x0 - <unknown>
[INFO] [stdout] 
[INFO] [stdout] ---- pipeline stdout ----
[INFO] [stdout] assertion failed: ["[dependencies.bstr]", "[dependencies.dolang]", "[dependencies.dolang-shell-vfs]", "[dependencies.futures]", "[dependencies.linkme]", "[dependencies.rand]", "[dependencies.shlex]", "[dependencies.time]", "[dependencies.tokio]", "[dependencies.which]"] != ["[dependencies]", "[dependencies.tokio]", "[dependencies.dolang]", "[dependencies.dolang-shell-vfs]"]
[INFO] [stdout]   #0: regression.assert_eq
[INFO] [stdout]   #1: <program>.<main> at pipeline.dol:16
[INFO] [stdout] Result: nil
[INFO] [stdout] 
[INFO] [stdout] thread 'pipeline' (2312) panicked at /opt/rustwide/cargo-home/registry/src/index.crates.io-1949cf8c6b5b557f/dolang-private-test-0.1.0/src/lib.rs:117:9:
[INFO] [stdout] test failed
[INFO] [stdout] stack backtrace:
[INFO] [stdout]    0:     0x56c611c09821 - <<std[70759c8f55707aa4]::sys::backtrace::BacktraceLock>::print::DisplayBacktrace as core[df12db4294e9bfd3]::fmt::Display>::fmt
[INFO] [stdout]    1:     0x56c611c22bfa - core[df12db4294e9bfd3]::fmt::write
[INFO] [stdout]    2:     0x56c611c0eb6c - <alloc[2182bb758b4b3781]::vec::Vec<u8> as core[df12db4294e9bfd3]::io::write::Write>::write_fmt
[INFO] [stdout]    3:     0x56c611be0176 - std[70759c8f55707aa4]::panicking::default_hook::{closure#0}
[INFO] [stdout]    4:     0x56c611bff1f9 - std[70759c8f55707aa4]::panicking::default_hook
[INFO] [stdout]    5:     0x56c6115d2a70 - test[9d35eded1c95d3be]::test_main_inner::<test[9d35eded1c95d3be]::test_main_static::{closure#0}>::{closure#0}
[INFO] [stdout]    6:     0x56c611bff522 - std[70759c8f55707aa4]::panicking::panic_with_hook
[INFO] [stdout]    7:     0x56c611be0254 - std[70759c8f55707aa4]::panicking::panic_handler::{closure#0}
[INFO] [stdout]    8:     0x56c611bd8ca9 - std[70759c8f55707aa4]::sys::backtrace::__rust_end_short_backtrace::<std[70759c8f55707aa4]::panicking::panic_handler::{closure#0}, !>
[INFO] [stdout]    9:     0x56c611be113d - __rustc[8fa7c3cbc660c2b3]::rust_begin_unwind
[INFO] [stdout]   10:     0x56c611c233dc - core[df12db4294e9bfd3]::panicking::panic_fmt
[INFO] [stdout]   11:     0x56c6115296c6 - <futures_util[f489b76ae95e637f]::future::poll_fn::PollFn<<dolang_runtime[996429d34c117cdf]::vm::Builder>::enter<(), <dolang_runtime[996429d34c117cdf]::vm::Builder>::enter_with_slots<1usize, (), regression[a894259e17bb01d0]::detail::run::{closure#0}::{closure#0}::{closure#1}>::{closure#0}::{closure#0}>::{closure#0}::{closure#0}> as core[df12db4294e9bfd3]::future::future::Future>::poll
[INFO] [stdout]   12:     0x56c6115771fe - <dolang_runtime[996429d34c117cdf]::vm::Builder>::build::<(), regression[a894259e17bb01d0]::detail::run::{closure#0}>::{closure#0}
[INFO] [stdout]   13:     0x56c611564f74 - <tokio[aad28bdf8bde87d9]::runtime::context::scoped::Scoped<tokio[aad28bdf8bde87d9]::runtime::scheduler::Context>>::set::<<tokio[aad28bdf8bde87d9]::runtime::scheduler::current_thread::CoreGuard>::enter<<tokio[aad28bdf8bde87d9]::runtime::scheduler::current_thread::CoreGuard>::block_on<core[df12db4294e9bfd3]::pin::Pin<&mut <dolang_runtime[996429d34c117cdf]::vm::Builder>::build<(), regression[a894259e17bb01d0]::detail::run::{closure#0}>::{closure#0}>>::{closure#0}, core[df12db4294e9bfd3]::option::Option<()>>::{closure#0}, (alloc[2182bb758b4b3781]::boxed::Box<tokio[aad28bdf8bde87d9]::runtime::scheduler::current_thread::Core>, core[df12db4294e9bfd3]::option::Option<()>)>
[INFO] [stdout]   14:     0x56c611565ccd - <tokio[aad28bdf8bde87d9]::runtime::scheduler::current_thread::CoreGuard>::block_on::<core[df12db4294e9bfd3]::pin::Pin<&mut <dolang_runtime[996429d34c117cdf]::vm::Builder>::build<(), regression[a894259e17bb01d0]::detail::run::{closure#0}>::{closure#0}>>
[INFO] [stdout]   15:     0x56c611563da7 - tokio[aad28bdf8bde87d9]::runtime::context::runtime::enter_runtime::<<tokio[aad28bdf8bde87d9]::runtime::scheduler::current_thread::CurrentThread>::block_on<<dolang_runtime[996429d34c117cdf]::vm::Builder>::build<(), regression[a894259e17bb01d0]::detail::run::{closure#0}>::{closure#0}>::{closure#0}, ()>
[INFO] [stdout]   16:     0x56c611559d3d - <tokio[aad28bdf8bde87d9]::runtime::runtime::Runtime>::block_on::<<dolang_runtime[996429d34c117cdf]::vm::Builder>::build<(), regression[a894259e17bb01d0]::detail::run::{closure#0}>::{closure#0}>
[INFO] [stdout]   17:     0x56c61156a654 - regression[a894259e17bb01d0]::detail::run
[INFO] [stdout]   18:     0x56c6115646b5 - <regression[a894259e17bb01d0]::pipeline::{closure#0} as core[df12db4294e9bfd3]::ops::function::FnOnce<()>>::call_once
[INFO] [stdout]   19:     0x56c6115c5d5b - test[9d35eded1c95d3be]::__rust_begin_short_backtrace::<core[df12db4294e9bfd3]::result::Result<(), alloc[2182bb758b4b3781]::string::String>, fn() -> core[df12db4294e9bfd3]::result::Result<(), alloc[2182bb758b4b3781]::string::String>>
[INFO] [stdout]   20:     0x56c6115d33c5 - test[9d35eded1c95d3be]::run_test::{closure#0}
[INFO] [stdout]   21:     0x56c6115ccc84 - std[70759c8f55707aa4]::sys::backtrace::__rust_begin_short_backtrace::<test[9d35eded1c95d3be]::run_test::{closure#1}, ()>
[INFO] [stdout]   22:     0x56c6115d6522 - <std[70759c8f55707aa4]::thread::lifecycle::spawn_unchecked<test[9d35eded1c95d3be]::run_test::{closure#1}, ()>::{closure#1} as core[df12db4294e9bfd3]::ops::function::FnOnce<()>>::call_once::{shim:vtable#0}
[INFO] [stdout]   23:     0x56c611c08e39 - <std[70759c8f55707aa4]::sys::thread::unix::Thread>::new::thread_start
[INFO] [stdout]   24:     0x71263a2b5dfa - <unknown>
[INFO] [stdout]   25:     0x71263a3493d4 - clone
[INFO] [stdout]   26:                0x0 - <unknown>
[INFO] [stdout] 
[INFO] [stdout] ---- host_function_comprehensive stdout ----
[INFO] [stdout] error: cargo exited with status: 101
[INFO] [stdout]   #0: proc.Program
[INFO] [stdout]   #1: sys.env
[INFO] [stdout]   #2: sys.cd
[INFO] [stdout]   #3: agent.<main> at agent.dol:18
[INFO] [stdout]   #4: <host>.import
[INFO] [stdout]   #5: <program>.<main> at host_function_comprehensive.dol:7
[INFO] [stdout] 
[INFO] [stdout] thread 'host_function_comprehensive' (2302) panicked at /opt/rustwide/cargo-home/registry/src/index.crates.io-1949cf8c6b5b557f/dolang-private-test-0.1.0/src/lib.rs:117:9:
[INFO] [stdout] test failed
[INFO] [stdout] stack backtrace:
[INFO] [stdout]    0:     0x56c611c09821 - <<std[70759c8f55707aa4]::sys::backtrace::BacktraceLock>::print::DisplayBacktrace as core[df12db4294e9bfd3]::fmt::Display>::fmt
[INFO] [stdout]    1:     0x56c611c22bfa - core[df12db4294e9bfd3]::fmt::write
[INFO] [stdout]    2:     0x56c611c0eb6c - <alloc[2182bb758b4b3781]::vec::Vec<u8> as core[df12db4294e9bfd3]::io::write::Write>::write_fmt
[INFO] [stdout]    3:     0x56c611be0176 - std[70759c8f55707aa4]::panicking::default_hook::{closure#0}
[INFO] [stdout]    4:     0x56c611bff1f9 - std[70759c8f55707aa4]::panicking::default_hook
[INFO] [stdout]    5:     0x56c6115d2a70 - test[9d35eded1c95d3be]::test_main_inner::<test[9d35eded1c95d3be]::test_main_static::{closure#0}>::{closure#0}
[INFO] [stdout]    6:     0x56c611bff522 - std[70759c8f55707aa4]::panicking::panic_with_hook
[INFO] [stdout]    7:     0x56c611be0254 - std[70759c8f55707aa4]::panicking::panic_handler::{closure#0}
[INFO] [stdout]    8:     0x56c611bd8ca9 - std[70759c8f55707aa4]::sys::backtrace::__rust_end_short_backtrace::<std[70759c8f55707aa4]::panicking::panic_handler::{closure#0}, !>
[INFO] [stdout]    9:     0x56c611be113d - __rustc[8fa7c3cbc660c2b3]::rust_begin_unwind
[INFO] [stdout]   10:     0x56c611c233dc - core[df12db4294e9bfd3]::panicking::panic_fmt
[INFO] [stdout]   11:     0x56c6115296c6 - <futures_util[f489b76ae95e637f]::future::poll_fn::PollFn<<dolang_runtime[996429d34c117cdf]::vm::Builder>::enter<(), <dolang_runtime[996429d34c117cdf]::vm::Builder>::enter_with_slots<1usize, (), regression[a894259e17bb01d0]::detail::run::{closure#0}::{closure#0}::{closure#1}>::{closure#0}::{closure#0}>::{closure#0}::{closure#0}> as core[df12db4294e9bfd3]::future::future::Future>::poll
[INFO] [stdout]   12:     0x56c6115771fe - <dolang_runtime[996429d34c117cdf]::vm::Builder>::build::<(), regression[a894259e17bb01d0]::detail::run::{closure#0}>::{closure#0}
[INFO] [stdout]   13:     0x56c611564f74 - <tokio[aad28bdf8bde87d9]::runtime::context::scoped::Scoped<tokio[aad28bdf8bde87d9]::runtime::scheduler::Context>>::set::<<tokio[aad28bdf8bde87d9]::runtime::scheduler::current_thread::CoreGuard>::enter<<tokio[aad28bdf8bde87d9]::runtime::scheduler::current_thread::CoreGuard>::block_on<core[df12db4294e9bfd3]::pin::Pin<&mut <dolang_runtime[996429d34c117cdf]::vm::Builder>::build<(), regression[a894259e17bb01d0]::detail::run::{closure#0}>::{closure#0}>>::{closure#0}, core[df12db4294e9bfd3]::option::Option<()>>::{closure#0}, (alloc[2182bb758b4b3781]::boxed::Box<tokio[aad28bdf8bde87d9]::runtime::scheduler::current_thread::Core>, core[df12db4294e9bfd3]::option::Option<()>)>
[INFO] [stdout]   14:     0x56c611565ccd - <tokio[aad28bdf8bde87d9]::runtime::scheduler::current_thread::CoreGuard>::block_on::<core[df12db4294e9bfd3]::pin::Pin<&mut <dolang_runtime[996429d34c117cdf]::vm::Builder>::build<(), regression[a894259e17bb01d0]::detail::run::{closure#0}>::{closure#0}>>
[INFO] [stdout]   15:     0x56c611563da7 - tokio[aad28bdf8bde87d9]::runtime::context::runtime::enter_runtime::<<tokio[aad28bdf8bde87d9]::runtime::scheduler::current_thread::CurrentThread>::block_on<<dolang_runtime[996429d34c117cdf]::vm::Builder>::build<(), regression[a894259e17bb01d0]::detail::run::{closure#0}>::{closure#0}>::{closure#0}, ()>
[INFO] [stdout]   16:     0x56c611559d3d - <tokio[aad28bdf8bde87d9]::runtime::runtime::Runtime>::block_on::<<dolang_runtime[996429d34c117cdf]::vm::Builder>::build<(), regression[a894259e17bb01d0]::detail::run::{closure#0}>::{closure#0}>
[INFO] [stdout]   17:     0x56c61156a654 - regression[a894259e17bb01d0]::detail::run
[INFO] [stdout]   18:     0x56c6115645c5 - <regression[a894259e17bb01d0]::host_function_comprehensive::{closure#0} as core[df12db4294e9bfd3]::ops::function::FnOnce<()>>::call_once
[INFO] [stdout]   19:     0x56c6115c5d5b - test[9d35eded1c95d3be]::__rust_begin_short_backtrace::<core[df12db4294e9bfd3]::result::Result<(), alloc[2182bb758b4b3781]::string::String>, fn() -> core[df12db4294e9bfd3]::result::Result<(), alloc[2182bb758b4b3781]::string::String>>
[INFO] [stdout]   20:     0x56c6115d33c5 - test[9d35eded1c95d3be]::run_test::{closure#0}
[INFO] [stdout]   21:     0x56c6115ccc84 - std[70759c8f55707aa4]::sys::backtrace::__rust_begin_short_backtrace::<test[9d35eded1c95d3be]::run_test::{closure#1}, ()>
[INFO] [stdout]   22:     0x56c6115d6522 - <std[70759c8f55707aa4]::thread::lifecycle::spawn_unchecked<test[9d35eded1c95d3be]::run_test::{closure#1}, ()>::{closure#1} as core[df12db4294e9bfd3]::ops::function::FnOnce<()>>::call_once::{shim:vtable#0}
[INFO] [stdout]   23:     0x56c611c08e39 - <std[70759c8f55707aa4]::sys::thread::unix::Thread>::new::thread_start
[INFO] [stdout]   24:     0x71263a2b5dfa - <unknown>
[INFO] [stdout]   25:     0x71263a3493d4 - clone
[INFO] [stdout]   26:                0x0 - <unknown>
[INFO] [stdout] 
[INFO] [stdout] ---- fs::rmdir stdout ----
[INFO] [stdout] error: cargo exited with status: 101
[INFO] [stdout]   #0: proc.Program
[INFO] [stdout]   #1: sys.env
[INFO] [stdout]   #2: sys.cd
[INFO] [stdout]   #3: agent.<main> at agent.dol:18
[INFO] [stdout]   #4: <host>.import
[INFO] [stdout]   #5: <program>.<main> at rmdir.dol:7
[INFO] [stdout] 
[INFO] [stdout] thread 'fs::rmdir' (2149) panicked at /opt/rustwide/cargo-home/registry/src/index.crates.io-1949cf8c6b5b557f/dolang-private-test-0.1.0/src/lib.rs:117:9:
[INFO] [stdout] test failed
[INFO] [stdout] stack backtrace:
[INFO] [stdout]    0:     0x56c611c09821 - <<std[70759c8f55707aa4]::sys::backtrace::BacktraceLock>::print::DisplayBacktrace as core[df12db4294e9bfd3]::fmt::Display>::fmt
[INFO] [stdout]    1:     0x56c611c22bfa - core[df12db4294e9bfd3]::fmt::write
[INFO] [stdout]    2:     0x56c611c0eb6c - <alloc[2182bb758b4b3781]::vec::Vec<u8> as core[df12db4294e9bfd3]::io::write::Write>::write_fmt
[INFO] [stdout]    3:     0x56c611be0176 - std[70759c8f55707aa4]::panicking::default_hook::{closure#0}
[INFO] [stdout]    4:     0x56c611bff1f9 - std[70759c8f55707aa4]::panicking::default_hook
[INFO] [stdout]    5:     0x56c6115d2a70 - test[9d35eded1c95d3be]::test_main_inner::<test[9d35eded1c95d3be]::test_main_static::{closure#0}>::{closure#0}
[INFO] [stdout]    6:     0x56c611bff522 - std[70759c8f55707aa4]::panicking::panic_with_hook
[INFO] [stdout]    7:     0x56c611be0254 - std[70759c8f55707aa4]::panicking::panic_handler::{closure#0}
[INFO] [stdout]    8:     0x56c611bd8ca9 - std[70759c8f55707aa4]::sys::backtrace::__rust_end_short_backtrace::<std[70759c8f55707aa4]::panicking::panic_handler::{closure#0}, !>
[INFO] [stdout]    9:     0x56c611be113d - __rustc[8fa7c3cbc660c2b3]::rust_begin_unwind
[INFO] [stdout]   10:     0x56c611c233dc - core[df12db4294e9bfd3]::panicking::panic_fmt
[INFO] [stdout]   11:     0x56c6115296c6 - <futures_util[f489b76ae95e637f]::future::poll_fn::PollFn<<dolang_runtime[996429d34c117cdf]::vm::Builder>::enter<(), <dolang_runtime[996429d34c117cdf]::vm::Builder>::enter_with_slots<1usize, (), regression[a894259e17bb01d0]::detail::run::{closure#0}::{closure#0}::{closure#1}>::{closure#0}::{closure#0}>::{closure#0}::{closure#0}> as core[df12db4294e9bfd3]::future::future::Future>::poll
[INFO] [stdout]   12:     0x56c6115771fe - <dolang_runtime[996429d34c117cdf]::vm::Builder>::build::<(), regression[a894259e17bb01d0]::detail::run::{closure#0}>::{closure#0}
[INFO] [stdout]   13:     0x56c611564f74 - <tokio[aad28bdf8bde87d9]::runtime::context::scoped::Scoped<tokio[aad28bdf8bde87d9]::runtime::scheduler::Context>>::set::<<tokio[aad28bdf8bde87d9]::runtime::scheduler::current_thread::CoreGuard>::enter<<tokio[aad28bdf8bde87d9]::runtime::scheduler::current_thread::CoreGuard>::block_on<core[df12db4294e9bfd3]::pin::Pin<&mut <dolang_runtime[996429d34c117cdf]::vm::Builder>::build<(), regression[a894259e17bb01d0]::detail::run::{closure#0}>::{closure#0}>>::{closure#0}, core[df12db4294e9bfd3]::option::Option<()>>::{closure#0}, (alloc[2182bb758b4b3781]::boxed::Box<tokio[aad28bdf8bde87d9]::runtime::scheduler::current_thread::Core>, core[df12db4294e9bfd3]::option::Option<()>)>
[INFO] [stdout]   14:     0x56c611565ccd - <tokio[aad28bdf8bde87d9]::runtime::scheduler::current_thread::CoreGuard>::block_on::<core[df12db4294e9bfd3]::pin::Pin<&mut <dolang_runtime[996429d34c117cdf]::vm::Builder>::build<(), regression[a894259e17bb01d0]::detail::run::{closure#0}>::{closure#0}>>
[INFO] [stdout]   15:     0x56c611563da7 - tokio[aad28bdf8bde87d9]::runtime::context::runtime::enter_runtime::<<tokio[aad28bdf8bde87d9]::runtime::scheduler::current_thread::CurrentThread>::block_on<<dolang_runtime[996429d34c117cdf]::vm::Builder>::build<(), regression[a894259e17bb01d0]::detail::run::{closure#0}>::{closure#0}>::{closure#0}, ()>
[INFO] [stdout]   16:     0x56c611559d3d - <tokio[aad28bdf8bde87d9]::runtime::runtime::Runtime>::block_on::<<dolang_runtime[996429d34c117cdf]::vm::Builder>::build<(), regression[a894259e17bb01d0]::detail::run::{closure#0}>::{closure#0}>
[INFO] [stdout]   17:     0x56c61156a654 - regression[a894259e17bb01d0]::detail::run
[INFO] [stdout]   18:     0x56c611564895 - <regression[a894259e17bb01d0]::fs::rmdir::{closure#0} as core[df12db4294e9bfd3]::ops::function::FnOnce<()>>::call_once
[INFO] [stdout]   19:     0x56c6115c5d5b - test[9d35eded1c95d3be]::__rust_begin_short_backtrace::<core[df12db4294e9bfd3]::result::Result<(), alloc[2182bb758b4b3781]::string::String>, fn() -> core[df12db4294e9bfd3]::result::Result<(), alloc[2182bb758b4b3781]::string::String>>
[INFO] [stdout]   20:     0x56c6115d33c5 - test[9d35eded1c95d3be]::run_test::{closure#0}
[INFO] [stdout]   21:     0x56c6115ccc84 - std[70759c8f55707aa4]::sys::backtrace::__rust_begin_short_backtrace::<test[9d35eded1c95d3be]::run_test::{closure#1}, ()>
[INFO] [stdout]   22:     0x56c6115d6522 - <std[70759c8f55707aa4]::thread::lifecycle::spawn_unchecked<test[9d35eded1c95d3be]::run_test::{closure#1}, ()>::{closure#1} as core[df12db4294e9bfd3]::ops::function::FnOnce<()>>::call_once::{shim:vtable#0}
[INFO] [stdout]   23:     0x56c611c08e39 - <std[70759c8f55707aa4]::sys::thread::unix::Thread>::new::thread_start
[INFO] [stdout]   24:     0x71263a2b5dfa - <unknown>
[INFO] [stdout]   25:     0x71263a3493d4 - clone
[INFO] [stdout]   26:                0x0 - <unknown>
[INFO] [stdout] 
[INFO] [stdout] ---- fs::write stdout ----
[INFO] [stdout] error: cargo exited with status: 101
[INFO] [stdout]   #0: proc.Program
[INFO] [stdout]   #1: sys.env
[INFO] [stdout]   #2: sys.cd
[INFO] [stdout]   #3: agent.<main> at agent.dol:18
[INFO] [stdout]   #4: <host>.import
[INFO] [stdout]   #5: <program>.<main> at write.dol:9
[INFO] [stdout] 
[INFO] [stdout] thread 'fs::write' (2298) panicked at /opt/rustwide/cargo-home/registry/src/index.crates.io-1949cf8c6b5b557f/dolang-private-test-0.1.0/src/lib.rs:117:9:
[INFO] [stdout] test failed
[INFO] [stdout] stack backtrace:
[INFO] [stdout]    0:     0x56c611c09821 - <<std[70759c8f55707aa4]::sys::backtrace::BacktraceLock>::print::DisplayBacktrace as core[df12db4294e9bfd3]::fmt::Display>::fmt
[INFO] [stdout]    1:     0x56c611c22bfa - core[df12db4294e9bfd3]::fmt::write
[INFO] [stdout]    2:     0x56c611c0eb6c - <alloc[2182bb758b4b3781]::vec::Vec<u8> as core[df12db4294e9bfd3]::io::write::Write>::write_fmt
[INFO] [stdout]    3:     0x56c611be0176 - std[70759c8f55707aa4]::panicking::default_hook::{closure#0}
[INFO] [stdout]    4:     0x56c611bff1f9 - std[70759c8f55707aa4]::panicking::default_hook
[INFO] [stdout]    5:     0x56c6115d2a70 - test[9d35eded1c95d3be]::test_main_inner::<test[9d35eded1c95d3be]::test_main_static::{closure#0}>::{closure#0}
[INFO] [stdout]    6:     0x56c611bff522 - std[70759c8f55707aa4]::panicking::panic_with_hook
[INFO] [stdout]    7:     0x56c611be0254 - std[70759c8f55707aa4]::panicking::panic_handler::{closure#0}
[INFO] [stdout]    8:     0x56c611bd8ca9 - std[70759c8f55707aa4]::sys::backtrace::__rust_end_short_backtrace::<std[70759c8f55707aa4]::panicking::panic_handler::{closure#0}, !>
[INFO] [stdout]    9:     0x56c611be113d - __rustc[8fa7c3cbc660c2b3]::rust_begin_unwind
[INFO] [stdout]   10:     0x56c611c233dc - core[df12db4294e9bfd3]::panicking::panic_fmt
[INFO] [stdout]   11:     0x56c6115296c6 - <futures_util[f489b76ae95e637f]::future::poll_fn::PollFn<<dolang_runtime[996429d34c117cdf]::vm::Builder>::enter<(), <dolang_runtime[996429d34c117cdf]::vm::Builder>::enter_with_slots<1usize, (), regression[a894259e17bb01d0]::detail::run::{closure#0}::{closure#0}::{closure#1}>::{closure#0}::{closure#0}>::{closure#0}::{closure#0}> as core[df12db4294e9bfd3]::future::future::Future>::poll
[INFO] [stdout]   12:     0x56c6115771fe - <dolang_runtime[996429d34c117cdf]::vm::Builder>::build::<(), regression[a894259e17bb01d0]::detail::run::{closure#0}>::{closure#0}
[INFO] [stdout]   13:     0x56c611564f74 - <tokio[aad28bdf8bde87d9]::runtime::context::scoped::Scoped<tokio[aad28bdf8bde87d9]::runtime::scheduler::Context>>::set::<<tokio[aad28bdf8bde87d9]::runtime::scheduler::current_thread::CoreGuard>::enter<<tokio[aad28bdf8bde87d9]::runtime::scheduler::current_thread::CoreGuard>::block_on<core[df12db4294e9bfd3]::pin::Pin<&mut <dolang_runtime[996429d34c117cdf]::vm::Builder>::build<(), regression[a894259e17bb01d0]::detail::run::{closure#0}>::{closure#0}>>::{closure#0}, core[df12db4294e9bfd3]::option::Option<()>>::{closure#0}, (alloc[2182bb758b4b3781]::boxed::Box<tokio[aad28bdf8bde87d9]::runtime::scheduler::current_thread::Core>, core[df12db4294e9bfd3]::option::Option<()>)>
[INFO] [stdout]   14:     0x56c611565ccd - <tokio[aad28bdf8bde87d9]::runtime::scheduler::current_thread::CoreGuard>::block_on::<core[df12db4294e9bfd3]::pin::Pin<&mut <dolang_runtime[996429d34c117cdf]::vm::Builder>::build<(), regression[a894259e17bb01d0]::detail::run::{closure#0}>::{closure#0}>>
[INFO] [stdout]   15:     0x56c611563da7 - tokio[aad28bdf8bde87d9]::runtime::context::runtime::enter_runtime::<<tokio[aad28bdf8bde87d9]::runtime::scheduler::current_thread::CurrentThread>::block_on<<dolang_runtime[996429d34c117cdf]::vm::Builder>::build<(), regression[a894259e17bb01d0]::detail::run::{closure#0}>::{closure#0}>::{closure#0}, ()>
[INFO] [stdout]   16:     0x56c611559d3d - <tokio[aad28bdf8bde87d9]::runtime::runtime::Runtime>::block_on::<<dolang_runtime[996429d34c117cdf]::vm::Builder>::build<(), regression[a894259e17bb01d0]::detail::run::{closure#0}>::{closure#0}>
[INFO] [stdout]   17:     0x56c61156a654 - regression[a894259e17bb01d0]::detail::run
[INFO] [stdout]   18:     0x56c6115648f5 - <regression[a894259e17bb01d0]::fs::write::{closure#0} as core[df12db4294e9bfd3]::ops::function::FnOnce<()>>::call_once
[INFO] [stdout]   19:     0x56c6115c5d5b - test[9d35eded1c95d3be]::__rust_begin_short_backtrace::<core[df12db4294e9bfd3]::result::Result<(), alloc[2182bb758b4b3781]::string::String>, fn() -> core[df12db4294e9bfd3]::result::Result<(), alloc[2182bb758b4b3781]::string::String>>
[INFO] [stdout]   20:     0x56c6115d33c5 - test[9d35eded1c95d3be]::run_test::{closure#0}
[INFO] [stdout]   21:     0x56c6115ccc84 - std[70759c8f55707aa4]::sys::backtrace::__rust_begin_short_backtrace::<test[9d35eded1c95d3be]::run_test::{closure#1}, ()>
[INFO] [stdout]   22:     0x56c6115d6522 - <std[70759c8f55707aa4]::thread::lifecycle::spawn_unchecked<test[9d35eded1c95d3be]::run_test::{closure#1}, ()>::{closure#1} as core[df12db4294e9bfd3]::ops::function::FnOnce<()>>::call_once::{shim:vtable#0}
[INFO] [stdout]   23:     0x56c611c08e39 - <std[70759c8f55707aa4]::sys::thread::unix::Thread>::new::thread_start
[INFO] [stdout]   24:     0x71263a2b5dfa - <unknown>
[INFO] [stdout]   25:     0x71263a3493d4 - clone
[INFO] [stdout]   26:                0x0 - <unknown>
[INFO] [stdout] 
[INFO] [stdout] ---- fs::with_temp_dir stdout ----
[INFO] [stdout] error: cargo exited with status: 101
[INFO] [stdout]   #0: proc.Program
[INFO] [stdout]   #1: sys.env
[INFO] [stdout]   #2: sys.cd
[INFO] [stdout]   #3: agent.<main> at agent.dol:18
[INFO] [stdout]   #4: <host>.import
[INFO] [stdout]   #5: <program>.<main> at with_temp_dir.dol:8
[INFO] [stdout] 
[INFO] [stdout] thread 'fs::with_temp_dir' (2289) panicked at /opt/rustwide/cargo-home/registry/src/index.crates.io-1949cf8c6b5b557f/dolang-private-test-0.1.0/src/lib.rs:117:9:
[INFO] [stdout] test failed
[INFO] [stdout] stack backtrace:
[INFO] [stdout]    0:     0x56c611c09821 - <<std[70759c8f55707aa4]::sys::backtrace::BacktraceLock>::print::DisplayBacktrace as core[df12db4294e9bfd3]::fmt::Display>::fmt
[INFO] [stdout]    1:     0x56c611c22bfa - core[df12db4294e9bfd3]::fmt::write
[INFO] [stdout]    2:     0x56c611c0eb6c - <alloc[2182bb758b4b3781]::vec::Vec<u8> as core[df12db4294e9bfd3]::io::write::Write>::write_fmt
[INFO] [stdout]    3:     0x56c611be0176 - std[70759c8f55707aa4]::panicking::default_hook::{closure#0}
[INFO] [stdout]    4:     0x56c611bff1f9 - std[70759c8f55707aa4]::panicking::default_hook
[INFO] [stdout]    5:     0x56c6115d2a70 - test[9d35eded1c95d3be]::test_main_inner::<test[9d35eded1c95d3be]::test_main_static::{closure#0}>::{closure#0}
[INFO] [stdout]    6:     0x56c611bff522 - std[70759c8f55707aa4]::panicking::panic_with_hook
[INFO] [stdout]    7:     0x56c611be0254 - std[70759c8f55707aa4]::panicking::panic_handler::{closure#0}
[INFO] [stdout]    8:     0x56c611bd8ca9 - std[70759c8f55707aa4]::sys::backtrace::__rust_end_short_backtrace::<std[70759c8f55707aa4]::panicking::panic_handler::{closure#0}, !>
[INFO] [stdout]    9:     0x56c611be113d - __rustc[8fa7c3cbc660c2b3]::rust_begin_unwind
[INFO] [stdout]   10:     0x56c611c233dc - core[df12db4294e9bfd3]::panicking::panic_fmt
[INFO] [stdout]   11:     0x56c6115296c6 - <futures_util[f489b76ae95e637f]::future::poll_fn::PollFn<<dolang_runtime[996429d34c117cdf]::vm::Builder>::enter<(), <dolang_runtime[996429d34c117cdf]::vm::Builder>::enter_with_slots<1usize, (), regression[a894259e17bb01d0]::detail::run::{closure#0}::{closure#0}::{closure#1}>::{closure#0}::{closure#0}>::{closure#0}::{closure#0}> as core[df12db4294e9bfd3]::future::future::Future>::poll
[INFO] [stdout]   12:     0x56c6115771fe - <dolang_runtime[996429d34c117cdf]::vm::Builder>::build::<(), regression[a894259e17bb01d0]::detail::run::{closure#0}>::{closure#0}
[INFO] [stdout]   13:     0x56c611564f74 - <tokio[aad28bdf8bde87d9]::runtime::context::scoped::Scoped<tokio[aad28bdf8bde87d9]::runtime::scheduler::Context>>::set::<<tokio[aad28bdf8bde87d9]::runtime::scheduler::current_thread::CoreGuard>::enter<<tokio[aad28bdf8bde87d9]::runtime::scheduler::current_thread::CoreGuard>::block_on<core[df12db4294e9bfd3]::pin::Pin<&mut <dolang_runtime[996429d34c117cdf]::vm::Builder>::build<(), regression[a894259e17bb01d0]::detail::run::{closure#0}>::{closure#0}>>::{closure#0}, core[df12db4294e9bfd3]::option::Option<()>>::{closure#0}, (alloc[2182bb758b4b3781]::boxed::Box<tokio[aad28bdf8bde87d9]::runtime::scheduler::current_thread::Core>, core[df12db4294e9bfd3]::option::Option<()>)>
[INFO] [stdout]   14:     0x56c611565ccd - <tokio[aad28bdf8bde87d9]::runtime::scheduler::current_thread::CoreGuard>::block_on::<core[df12db4294e9bfd3]::pin::Pin<&mut <dolang_runtime[996429d34c117cdf]::vm::Builder>::build<(), regression[a894259e17bb01d0]::detail::run::{closure#0}>::{closure#0}>>
[INFO] [stdout]   15:     0x56c611563da7 - tokio[aad28bdf8bde87d9]::runtime::context::runtime::enter_runtime::<<tokio[aad28bdf8bde87d9]::runtime::scheduler::current_thread::CurrentThread>::block_on<<dolang_runtime[996429d34c117cdf]::vm::Builder>::build<(), regression[a894259e17bb01d0]::detail::run::{closure#0}>::{closure#0}>::{closure#0}, ()>
[INFO] [stdout]   16:     0x56c611559d3d - <tokio[aad28bdf8bde87d9]::runtime::runtime::Runtime>::block_on::<<dolang_runtime[996429d34c117cdf]::vm::Builder>::build<(), regression[a894259e17bb01d0]::detail::run::{closure#0}>::{closure#0}>
[INFO] [stdout]   17:     0x56c61156a654 - regression[a894259e17bb01d0]::detail::run
[INFO] [stdout]   18:     0x56c6115646e5 - <regression[a894259e17bb01d0]::fs::with_temp_dir::{closure#0} as core[df12db4294e9bfd3]::ops::function::FnOnce<()>>::call_once
[INFO] [stdout]   19:     0x56c6115c5d5b - test[9d35eded1c95d3be]::__rust_begin_short_backtrace::<core[df12db4294e9bfd3]::result::Result<(), alloc[2182bb758b4b3781]::string::String>, fn() -> core[df12db4294e9bfd3]::result::Result<(), alloc[2182bb758b4b3781]::string::String>>
[INFO] [stdout]   20:     0x56c6115d33c5 - test[9d35eded1c95d3be]::run_test::{closure#0}
[INFO] [stdout]   21:     0x56c6115ccc84 - std[70759c8f55707aa4]::sys::backtrace::__rust_begin_short_backtrace::<test[9d35eded1c95d3be]::run_test::{closure#1}, ()>
[INFO] [stdout]   22:     0x56c6115d6522 - <std[70759c8f55707aa4]::thread::lifecycle::spawn_unchecked<test[9d35eded1c95d3be]::run_test::{closure#1}, ()>::{closure#1} as core[df12db4294e9bfd3]::ops::function::FnOnce<()>>::call_once::{shim:vtable#0}
[INFO] [stdout]   23:     0x56c611c08e39 - <std[70759c8f55707aa4]::sys::thread::unix::Thread>::new::thread_start
[INFO] [stdout]   24:     0x71263a2b5dfa - <unknown>
[INFO] [stdout]   25:     0x71263a3493d4 - clone
[INFO] [stdout]   26:                0x0 - <unknown>
[INFO] [stdout] 
[INFO] [stdout] ---- fs::chown stdout ----
[INFO] [stdout] error: cargo exited with status: 101
[INFO] [stdout]   #0: proc.Program
[INFO] [stdout]   #1: sys.env
[INFO] [stdout]   #2: sys.cd
[INFO] [stdout]   #3: agent.<main> at agent.dol:18
[INFO] [stdout]   #4: <host>.import
[INFO] [stdout]   #5: <program>.<main> at chown.dol:7
[INFO] [stdout] 
[INFO] [stdout] thread 'fs::chown' (2136) panicked at /opt/rustwide/cargo-home/registry/src/index.crates.io-1949cf8c6b5b557f/dolang-private-test-0.1.0/src/lib.rs:117:9:
[INFO] [stdout] test failed
[INFO] [stdout] stack backtrace:
[INFO] [stdout]    0:     0x56c611c09821 - <<std[70759c8f55707aa4]::sys::backtrace::BacktraceLock>::print::DisplayBacktrace as core[df12db4294e9bfd3]::fmt::Display>::fmt
[INFO] [stdout]    1:     0x56c611c22bfa - core[df12db4294e9bfd3]::fmt::write
[INFO] [stdout]    2:     0x56c611c0eb6c - <alloc[2182bb758b4b3781]::vec::Vec<u8> as core[df12db4294e9bfd3]::io::write::Write>::write_fmt
[INFO] [stdout]    3:     0x56c611be0176 - std[70759c8f55707aa4]::panicking::default_hook::{closure#0}
[INFO] [stdout]    4:     0x56c611bff1f9 - std[70759c8f55707aa4]::panicking::default_hook
[INFO] [stdout]    5:     0x56c6115d2a70 - test[9d35eded1c95d3be]::test_main_inner::<test[9d35eded1c95d3be]::test_main_static::{closure#0}>::{closure#0}
[INFO] [stdout]    6:     0x56c611bff522 - std[70759c8f55707aa4]::panicking::panic_with_hook
[INFO] [stdout]    7:     0x56c611be0254 - std[70759c8f55707aa4]::panicking::panic_handler::{closure#0}
[INFO] [stdout]    8:     0x56c611bd8ca9 - std[70759c8f55707aa4]::sys::backtrace::__rust_end_short_backtrace::<std[70759c8f55707aa4]::panicking::panic_handler::{closure#0}, !>
[INFO] [stdout]    9:     0x56c611be113d - __rustc[8fa7c3cbc660c2b3]::rust_begin_unwind
[INFO] [stdout]   10:     0x56c611c233dc - core[df12db4294e9bfd3]::panicking::panic_fmt
[INFO] [stdout]   11:     0x56c6115296c6 - <futures_util[f489b76ae95e637f]::future::poll_fn::PollFn<<dolang_runtime[996429d34c117cdf]::vm::Builder>::enter<(), <dolang_runtime[996429d34c117cdf]::vm::Builder>::enter_with_slots<1usize, (), regression[a894259e17bb01d0]::detail::run::{closure#0}::{closure#0}::{closure#1}>::{closure#0}::{closure#0}>::{closure#0}::{closure#0}> as core[df12db4294e9bfd3]::future::future::Future>::poll
[INFO] [stdout]   12:     0x56c6115771fe - <dolang_runtime[996429d34c117cdf]::vm::Builder>::build::<(), regression[a894259e17bb01d0]::detail::run::{closure#0}>::{closure#0}
[INFO] [stdout]   13:     0x56c611564f74 - <tokio[aad28bdf8bde87d9]::runtime::context::scoped::Scoped<tokio[aad28bdf8bde87d9]::runtime::scheduler::Context>>::set::<<tokio[aad28bdf8bde87d9]::runtime::scheduler::current_thread::CoreGuard>::enter<<tokio[aad28bdf8bde87d9]::runtime::scheduler::current_thread::CoreGuard>::block_on<core[df12db4294e9bfd3]::pin::Pin<&mut <dolang_runtime[996429d34c117cdf]::vm::Builder>::build<(), regression[a894259e17bb01d0]::detail::run::{closure#0}>::{closure#0}>>::{closure#0}, core[df12db4294e9bfd3]::option::Option<()>>::{closure#0}, (alloc[2182bb758b4b3781]::boxed::Box<tokio[aad28bdf8bde87d9]::runtime::scheduler::current_thread::Core>, core[df12db4294e9bfd3]::option::Option<()>)>
[INFO] [stdout]   14:     0x56c611565ccd - <tokio[aad28bdf8bde87d9]::runtime::scheduler::current_thread::CoreGuard>::block_on::<core[df12db4294e9bfd3]::pin::Pin<&mut <dolang_runtime[996429d34c117cdf]::vm::Builder>::build<(), regression[a894259e17bb01d0]::detail::run::{closure#0}>::{closure#0}>>
[INFO] [stdout]   15:     0x56c611563da7 - tokio[aad28bdf8bde87d9]::runtime::context::runtime::enter_runtime::<<tokio[aad28bdf8bde87d9]::runtime::scheduler::current_thread::CurrentThread>::block_on<<dolang_runtime[996429d34c117cdf]::vm::Builder>::build<(), regression[a894259e17bb01d0]::detail::run::{closure#0}>::{closure#0}>::{closure#0}, ()>
[INFO] [stdout]   16:     0x56c611559d3d - <tokio[aad28bdf8bde87d9]::runtime::runtime::Runtime>::block_on::<<dolang_runtime[996429d34c117cdf]::vm::Builder>::build<(), regression[a894259e17bb01d0]::detail::run::{closure#0}>::{closure#0}>
[INFO] [stdout]   17:     0x56c61156a654 - regression[a894259e17bb01d0]::detail::run
[INFO] [stdout]   18:     0x56c611564835 - <regression[a894259e17bb01d0]::fs::chown::{closure#0} as core[df12db4294e9bfd3]::ops::function::FnOnce<()>>::call_once
[INFO] [stdout]   19:     0x56c6115c5d5b - test[9d35eded1c95d3be]::__rust_begin_short_backtrace::<core[df12db4294e9bfd3]::result::Result<(), alloc[2182bb758b4b3781]::string::String>, fn() -> core[df12db4294e9bfd3]::result::Result<(), alloc[2182bb758b4b3781]::string::String>>
[INFO] [stdout]   20:     0x56c6115d33c5 - test[9d35eded1c95d3be]::run_test::{closure#0}
[INFO] [stdout]   21:     0x56c6115ccc84 - std[70759c8f55707aa4]::sys::backtrace::__rust_begin_short_backtrace::<test[9d35eded1c95d3be]::run_test::{closure#1}, ()>
[INFO] [stdout]   22:     0x56c6115d6522 - <std[70759c8f55707aa4]::thread::lifecycle::spawn_unchecked<test[9d35eded1c95d3be]::run_test::{closure#1}, ()>::{closure#1} as core[df12db4294e9bfd3]::ops::function::FnOnce<()>>::call_once::{shim:vtable#0}
[INFO] [stdout]   23:     0x56c611c08e39 - <std[70759c8f55707aa4]::sys::thread::unix::Thread>::new::thread_start
[INFO] [stdout]   24:     0x71263a2b5dfa - <unknown>
[INFO] [stdout]   25:     0x71263a3493d4 - clone
[INFO] [stdout]   26:                0x0 - <unknown>
[INFO] [stdout] 
[INFO] [stdout] ---- fs::metadata stdout ----
[INFO] [stdout] error: cargo exited with status: 101
[INFO] [stdout]   #0: proc.Program
[INFO] [stdout]   #1: sys.env
[INFO] [stdout]   #2: sys.cd
[INFO] [stdout]   #3: agent.<main> at agent.dol:18
[INFO] [stdout]   #4: <host>.import
[INFO] [stdout]   #5: <program>.<main> at metadata.dol:1
[INFO] [stdout] 
[INFO] [stdout] thread 'fs::metadata' (2139) panicked at /opt/rustwide/cargo-home/registry/src/index.crates.io-1949cf8c6b5b557f/dolang-private-test-0.1.0/src/lib.rs:117:9:
[INFO] [stdout] test failed
[INFO] [stdout] stack backtrace:
[INFO] [stdout]    0:     0x56c611c09821 - <<std[70759c8f55707aa4]::sys::backtrace::BacktraceLock>::print::DisplayBacktrace as core[df12db4294e9bfd3]::fmt::Display>::fmt
[INFO] [stdout]    1:     0x56c611c22bfa - core[df12db4294e9bfd3]::fmt::write
[INFO] [stdout]    2:     0x56c611c0eb6c - <alloc[2182bb758b4b3781]::vec::Vec<u8> as core[df12db4294e9bfd3]::io::write::Write>::write_fmt
[INFO] [stdout]    3:     0x56c611be0176 - std[70759c8f55707aa4]::panicking::default_hook::{closure#0}
[INFO] [stdout]    4:     0x56c611bff1f9 - std[70759c8f55707aa4]::panicking::default_hook
[INFO] [stdout]    5:     0x56c6115d2a70 - test[9d35eded1c95d3be]::test_main_inner::<test[9d35eded1c95d3be]::test_main_static::{closure#0}>::{closure#0}
[INFO] [stdout]    6:     0x56c611bff522 - std[70759c8f55707aa4]::panicking::panic_with_hook
[INFO] [stdout]    7:     0x56c611be0254 - std[70759c8f55707aa4]::panicking::panic_handler::{closure#0}
[INFO] [stdout]    8:     0x56c611bd8ca9 - std[70759c8f55707aa4]::sys::backtrace::__rust_end_short_backtrace::<std[70759c8f55707aa4]::panicking::panic_handler::{closure#0}, !>
[INFO] [stdout]    9:     0x56c611be113d - __rustc[8fa7c3cbc660c2b3]::rust_begin_unwind
[INFO] [stdout]   10:     0x56c611c233dc - core[df12db4294e9bfd3]::panicking::panic_fmt
[INFO] [stdout]   11:     0x56c6115296c6 - <futures_util[f489b76ae95e637f]::future::poll_fn::PollFn<<dolang_runtime[996429d34c117cdf]::vm::Builder>::enter<(), <dolang_runtime[996429d34c117cdf]::vm::Builder>::enter_with_slots<1usize, (), regression[a894259e17bb01d0]::detail::run::{closure#0}::{closure#0}::{closure#1}>::{closure#0}::{closure#0}>::{closure#0}::{closure#0}> as core[df12db4294e9bfd3]::future::future::Future>::poll
[INFO] [stdout]   12:     0x56c6115771fe - <dolang_runtime[996429d34c117cdf]::vm::Builder>::build::<(), regression[a894259e17bb01d0]::detail::run::{closure#0}>::{closure#0}
[INFO] [stdout]   13:     0x56c611564f74 - <tokio[aad28bdf8bde87d9]::runtime::context::scoped::Scoped<tokio[aad28bdf8bde87d9]::runtime::scheduler::Context>>::set::<<tokio[aad28bdf8bde87d9]::runtime::scheduler::current_thread::CoreGuard>::enter<<tokio[aad28bdf8bde87d9]::runtime::scheduler::current_thread::CoreGuard>::block_on<core[df12db4294e9bfd3]::pin::Pin<&mut <dolang_runtime[996429d34c117cdf]::vm::Builder>::build<(), regression[a894259e17bb01d0]::detail::run::{closure#0}>::{closure#0}>>::{closure#0}, core[df12db4294e9bfd3]::option::Option<()>>::{closure#0}, (alloc[2182bb758b4b3781]::boxed::Box<tokio[aad28bdf8bde87d9]::runtime::scheduler::current_thread::Core>, core[df12db4294e9bfd3]::option::Option<()>)>
[INFO] [stdout]   14:     0x56c611565ccd - <tokio[aad28bdf8bde87d9]::runtime::scheduler::current_thread::CoreGuard>::block_on::<core[df12db4294e9bfd3]::pin::Pin<&mut <dolang_runtime[996429d34c117cdf]::vm::Builder>::build<(), regression[a894259e17bb01d0]::detail::run::{closure#0}>::{closure#0}>>
[INFO] [stdout]   15:     0x56c611563da7 - tokio[aad28bdf8bde87d9]::runtime::context::runtime::enter_runtime::<<tokio[aad28bdf8bde87d9]::runtime::scheduler::current_thread::CurrentThread>::block_on<<dolang_runtime[996429d34c117cdf]::vm::Builder>::build<(), regression[a894259e17bb01d0]::detail::run::{closure#0}>::{closure#0}>::{closure#0}, ()>
[INFO] [stdout]   16:     0x56c611559d3d - <tokio[aad28bdf8bde87d9]::runtime::runtime::Runtime>::block_on::<<dolang_runtime[996429d34c117cdf]::vm::Builder>::build<(), regression[a894259e17bb01d0]::detail::run::{closure#0}>::{closure#0}>
[INFO] [stdout]   17:     0x56c61156a654 - regression[a894259e17bb01d0]::detail::run
[INFO] [stdout]   18:     0x56c611564985 - <regression[a894259e17bb01d0]::fs::metadata::{closure#0} as core[df12db4294e9bfd3]::ops::function::FnOnce<()>>::call_once
[INFO] [stdout]   19:     0x56c6115c5d5b - test[9d35eded1c95d3be]::__rust_begin_short_backtrace::<core[df12db4294e9bfd3]::result::Result<(), alloc[2182bb758b4b3781]::string::String>, fn() -> core[df12db4294e9bfd3]::result::Result<(), alloc[2182bb758b4b3781]::string::String>>
[INFO] [stdout]   20:     0x56c6115d33c5 - test[9d35eded1c95d3be]::run_test::{closure#0}
[INFO] [stdout]   21:     0x56c6115ccc84 - std[70759c8f55707aa4]::sys::backtrace::__rust_begin_short_backtrace::<test[9d35eded1c95d3be]::run_test::{closure#1}, ()>
[INFO] [stdout]   22:     0x56c6115d6522 - <std[70759c8f55707aa4]::thread::lifecycle::spawn_unchecked<test[9d35eded1c95d3be]::run_test::{closure#1}, ()>::{closure#1} as core[df12db4294e9bfd3]::ops::function::FnOnce<()>>::call_once::{shim:vtable#0}
[INFO] [stdout]   23:     0x56c611c08e39 - <std[70759c8f55707aa4]::sys::thread::unix::Thread>::new::thread_start
[INFO] [stdout]   24:     0x71263a2b5dfa - <unknown>
[INFO] [stdout]   25:     0x71263a3493d4 - clone
[INFO] [stdout]   26:                0x0 - <unknown>
[INFO] [stdout] 
[INFO] [stdout] 
[INFO] [stdout] failures:
[INFO] [stdout]     agent
[INFO] [stdout]     cat
[INFO] [stdout]     error_types
[INFO] [stdout]     fs::chown
[INFO] [stdout]     fs::copy
[INFO] [stdout]     fs::glob
[INFO] [stdout]     fs::metadata
[INFO] [stdout]     fs::mkdir
[INFO] [stdout]     fs::open
[INFO] [stdout]     fs::path_ops
[INFO] [stdout]     fs::r#move
[INFO] [stdout]     fs::read
[INFO] [stdout]     fs::read_dir
[INFO] [stdout]     fs::rename
[INFO] [stdout]     fs::rmdir
[INFO] [stdout]     fs::symlink
[INFO] [stdout]     fs::utime
[INFO] [stdout]     fs::with_temp_dir
[INFO] [stdout]     fs::write
[INFO] [stdout]     grep
[INFO] [stdout]     host_function_comprehensive
[INFO] [stdout]     pipeline
[INFO] [stdout] 
[INFO] [stdout] test result: FAILED. 5 passed; 22 failed; 0 ignored; 0 measured; 0 filtered out; finished in 0.25s
[INFO] [stdout] 
[INFO] [stderr] error: test failed, to rerun pass `--test regression`
[INFO] running `Command { std: "docker" "inspect" "ae84da6ca7dc5b23e18f3278acf76187e6c69342763ad026ed429a04a52a4a09", kill_on_drop: false }`
[INFO] running `Command { std: "docker" "rm" "-f" "ae84da6ca7dc5b23e18f3278acf76187e6c69342763ad026ed429a04a52a4a09", kill_on_drop: false }`
[INFO] [stdout] ae84da6ca7dc5b23e18f3278acf76187e6c69342763ad026ed429a04a52a4a09
