[INFO] fetching crate dokearley 0.2.1...
[INFO] testing dokearley-0.2.1 against 1.99.0-beta.8+cargoflags=--release for beta-release-1.100-2
[INFO] extracting crate dokearley 0.2.1 into /workspace/builds/worker-0-tc1/source
[INFO] started tweaking crates.io crate dokearley 0.2.1
[INFO] finished tweaking crates.io crate dokearley 0.2.1
[INFO] tweaked toml for crates.io crate dokearley 0.2.1 written to /workspace/builds/worker-0-tc1/source/Cargo.toml
[INFO] validating manifest of crates.io crate dokearley 0.2.1 on toolchain 1.99.0-beta.8
[INFO] running `Command { std: CARGO_HOME="/workspace/cargo-home" RUSTUP_HOME="/workspace/rustup-home" "/workspace/cargo-home/bin/cargo" "+1.99.0-beta.8" "metadata" "--manifest-path" "Cargo.toml" "--no-deps", kill_on_drop: false }`
[INFO] crate crates.io crate dokearley 0.2.1 already has a lockfile, it will not be regenerated
[INFO] running `Command { std: CARGO_HOME="/workspace/cargo-home" RUSTUP_HOME="/workspace/rustup-home" "/workspace/cargo-home/bin/cargo" "+1.99.0-beta.8" "fetch" "--manifest-path" "Cargo.toml", kill_on_drop: false }`
[INFO] [stderr]  Downloading crates ...
[INFO] [stderr]   Downloaded chumsky v0.10.1
[INFO] running `Command { std: "docker" "create" "-v" "/var/lib/crater-agent-workspace/builds/worker-0-tc1/source:/opt/rustwide/workdir:ro,Z" "-v" "/var/lib/crater-agent-workspace/builds/worker-0-tc1/target:/opt/rustwide/target:rw,Z" "-v" "/var/lib/crater-agent-workspace/cargo-home:/opt/rustwide/cargo-home:ro,Z" "-v" "/var/lib/crater-agent-workspace/rustup-home:/opt/rustwide/rustup-home:ro,Z" "-m" "1610612736" "--network" "none" "ghcr.io/rust-lang/crates-build-env/linux@sha256:77db811e55d90add9212f6832c23229e3de5f1c1f9905e8cb07319ea15df73ac" "sleep" "infinity", kill_on_drop: false }`
[INFO] [stdout] fe87a3535022130f1b070094efd4ad0429dfe998cd29ce81421723ab9593a66f
[INFO] running `Command { std: "docker" "start" "fe87a3535022130f1b070094efd4ad0429dfe998cd29ce81421723ab9593a66f", kill_on_drop: false }`
[INFO] running `Command { std: "docker" "inspect" "fe87a3535022130f1b070094efd4ad0429dfe998cd29ce81421723ab9593a66f", kill_on_drop: false }`
[INFO] running `Command { std: "docker" "exec" "-e" "SOURCE_DIR=/opt/rustwide/workdir" "-e" "CARGO_HOME=/opt/rustwide/cargo-home" "-e" "RUSTUP_HOME=/opt/rustwide/rustup-home" "-e" "CARGO_TARGET_DIR=/opt/rustwide/target" "-w" "/opt/rustwide/workdir" "--user" "0:0" "fe87a3535022130f1b070094efd4ad0429dfe998cd29ce81421723ab9593a66f" "/opt/rustwide/cargo-home/bin/cargo" "+1.99.0-beta.8" "metadata" "--no-deps" "--format-version=1", kill_on_drop: false }`
[INFO] running `Command { std: "docker" "inspect" "fe87a3535022130f1b070094efd4ad0429dfe998cd29ce81421723ab9593a66f", kill_on_drop: false }`
[INFO] running `Command { std: "docker" "exec" "-e" "SOURCE_DIR=/opt/rustwide/workdir" "-e" "CARGO_HOME=/opt/rustwide/cargo-home" "-e" "RUSTUP_HOME=/opt/rustwide/rustup-home" "-e" "CARGO_TARGET_DIR=/opt/rustwide/target" "-e" "CARGO_INCREMENTAL=0" "-e" "RUST_BACKTRACE=full" "-e" "RUSTFLAGS=--cap-lints=warn" "-e" "RUSTDOCFLAGS=--cap-lints=warn" "-w" "/opt/rustwide/workdir" "--user" "0:0" "fe87a3535022130f1b070094efd4ad0429dfe998cd29ce81421723ab9593a66f" "/opt/rustwide/cargo-home/bin/cargo" "+1.99.0-beta.8" "build" "--frozen" "--message-format=json" "--release", kill_on_drop: false }`
[INFO] [stderr]    Compiling cc v1.2.36
[INFO] [stderr]    Compiling chumsky v0.10.1
[INFO] [stderr]    Compiling colored v3.0.0
[INFO] [stderr]    Compiling thiserror v2.0.16
[INFO] [stderr]    Compiling syn v2.0.106
[INFO] [stderr]    Compiling psm v0.1.26
[INFO] [stderr]    Compiling stacker v0.1.21
[INFO] [stderr]    Compiling thiserror-impl v2.0.16
[INFO] [stderr]    Compiling dokearley v0.2.1 (/opt/rustwide/workdir)
[INFO] [stdout] warning: use of deprecated module `std::usize`: all constants in this module replaced by associated constants on the type
[INFO] [stdout]  --> src/parser.rs:2:33
[INFO] [stdout]   |
[INFO] [stdout] 2 | use std::{collections::HashMap, usize};
[INFO] [stdout]   |                                 ^^^^^
[INFO] [stdout]   |
[INFO] [stdout]   = note: `#[warn(deprecated)]` on by default
[INFO] [stdout] 
[INFO] [stdout] 
[INFO] [stdout] warning: use of deprecated constant `std::usize::MAX`: replaced by the `MAX` associated constant on this type
[INFO] [stdout]    --> src/parser.rs:181:36
[INFO] [stdout]     |
[INFO] [stdout] 181 |             if edge.rule == usize::MAX {
[INFO] [stdout]     |                                    ^^^
[INFO] [stdout] 
[INFO] [stdout] 
[INFO] [stdout] warning: use of deprecated constant `std::usize::MAX`: replaced by the `MAX` associated constant on this type
[INFO] [stdout]   --> src/parser.rs:88:42
[INFO] [stdout]    |
[INFO] [stdout] 88 | ...                   rule: usize::MAX,
[INFO] [stdout]    |                                    ^^^
[INFO] [stdout] 
[INFO] [stdout] 
[INFO] [stdout] warning: use of deprecated constant `std::usize::MAX`: replaced by the `MAX` associated constant on this type
[INFO] [stdout]    --> src/parser.rs:110:42
[INFO] [stdout]     |
[INFO] [stdout] 110 | ...                   rule: usize::MAX,
[INFO] [stdout]     |                                    ^^^
[INFO] [stdout] 
[INFO] [stdout] 
[INFO] [stderr]     Finished `release` profile [optimized] target(s) in 21.07s
[INFO] running `Command { std: "docker" "inspect" "fe87a3535022130f1b070094efd4ad0429dfe998cd29ce81421723ab9593a66f", kill_on_drop: false }`
[INFO] running `Command { std: "docker" "exec" "-e" "SOURCE_DIR=/opt/rustwide/workdir" "-e" "CARGO_HOME=/opt/rustwide/cargo-home" "-e" "RUSTUP_HOME=/opt/rustwide/rustup-home" "-e" "CARGO_TARGET_DIR=/opt/rustwide/target" "-e" "CARGO_INCREMENTAL=0" "-e" "RUST_BACKTRACE=full" "-e" "RUSTFLAGS=--cap-lints=warn" "-e" "RUSTDOCFLAGS=--cap-lints=warn" "-w" "/opt/rustwide/workdir" "--user" "0:0" "fe87a3535022130f1b070094efd4ad0429dfe998cd29ce81421723ab9593a66f" "/opt/rustwide/cargo-home/bin/cargo" "+1.99.0-beta.8" "test" "--frozen" "--no-run" "--message-format=json" "--release", kill_on_drop: false }`
[INFO] [stdout] warning: use of deprecated module `std::usize`: all constants in this module replaced by associated constants on the type
[INFO] [stdout]  --> src/parser.rs:2:33
[INFO] [stdout]   |
[INFO] [stdout] 2 | use std::{collections::HashMap, usize};
[INFO] [stdout]   |                                 ^^^^^
[INFO] [stdout]   |
[INFO] [stdout]   = note: `#[warn(deprecated)]` on by default
[INFO] [stdout] 
[INFO] [stdout] 
[INFO] [stdout] warning: use of deprecated constant `std::usize::MAX`: replaced by the `MAX` associated constant on this type
[INFO] [stdout]    --> src/parser.rs:181:36
[INFO] [stdout]     |
[INFO] [stdout] 181 |             if edge.rule == usize::MAX {
[INFO] [stdout]     |                                    ^^^
[INFO] [stdout] 
[INFO] [stdout] 
[INFO] [stdout] warning: use of deprecated constant `std::usize::MAX`: replaced by the `MAX` associated constant on this type
[INFO] [stdout]   --> src/parser.rs:88:42
[INFO] [stdout]    |
[INFO] [stdout] 88 | ...                   rule: usize::MAX,
[INFO] [stdout]    |                                    ^^^
[INFO] [stdout] 
[INFO] [stdout] 
[INFO] [stdout] warning: use of deprecated constant `std::usize::MAX`: replaced by the `MAX` associated constant on this type
[INFO] [stdout]    --> src/parser.rs:110:42
[INFO] [stdout]     |
[INFO] [stdout] 110 | ...                   rule: usize::MAX,
[INFO] [stdout]     |                                    ^^^
[INFO] [stdout] 
[INFO] [stdout] 
[INFO] [stderr]    Compiling dokearley v0.2.1 (/opt/rustwide/workdir)
[INFO] [stdout] warning: use of deprecated module `std::usize`: all constants in this module replaced by associated constants on the type
[INFO] [stdout]  --> src/parser.rs:2:33
[INFO] [stdout]   |
[INFO] [stdout] 2 | use std::{collections::HashMap, usize};
[INFO] [stdout]   |                                 ^^^^^
[INFO] [stdout]   |
[INFO] [stdout]   = note: `#[warn(deprecated)]` on by default
[INFO] [stdout] 
[INFO] [stdout] 
[INFO] [stdout] warning: use of deprecated constant `std::usize::MAX`: replaced by the `MAX` associated constant on this type
[INFO] [stdout]    --> src/parser.rs:181:36
[INFO] [stdout]     |
[INFO] [stdout] 181 |             if edge.rule == usize::MAX {
[INFO] [stdout]     |                                    ^^^
[INFO] [stdout] 
[INFO] [stdout] 
[INFO] [stdout] warning: use of deprecated constant `std::usize::MAX`: replaced by the `MAX` associated constant on this type
[INFO] [stdout]   --> src/parser.rs:88:42
[INFO] [stdout]    |
[INFO] [stdout] 88 | ...                   rule: usize::MAX,
[INFO] [stdout]    |                                    ^^^
[INFO] [stdout] 
[INFO] [stdout] 
[INFO] [stdout] warning: use of deprecated constant `std::usize::MAX`: replaced by the `MAX` associated constant on this type
[INFO] [stdout]    --> src/parser.rs:110:42
[INFO] [stdout]     |
[INFO] [stdout] 110 | ...                   rule: usize::MAX,
[INFO] [stdout]     |                                    ^^^
[INFO] [stdout] 
[INFO] [stdout] 
[INFO] [stderr]     Finished `release` profile [optimized] target(s) in 10.89s
[INFO] running `Command { std: "docker" "inspect" "fe87a3535022130f1b070094efd4ad0429dfe998cd29ce81421723ab9593a66f", kill_on_drop: false }`
[INFO] running `Command { std: "docker" "exec" "-e" "SOURCE_DIR=/opt/rustwide/workdir" "-e" "CARGO_HOME=/opt/rustwide/cargo-home" "-e" "RUSTUP_HOME=/opt/rustwide/rustup-home" "-e" "CARGO_TARGET_DIR=/opt/rustwide/target" "-e" "CARGO_INCREMENTAL=0" "-e" "RUST_BACKTRACE=full" "-e" "RUSTFLAGS=--cap-lints=warn" "-e" "RUSTDOCFLAGS=--cap-lints=warn" "-w" "/opt/rustwide/workdir" "--user" "0:0" "fe87a3535022130f1b070094efd4ad0429dfe998cd29ce81421723ab9593a66f" "/opt/rustwide/cargo-home/bin/cargo" "+1.99.0-beta.8" "test" "--frozen" "--release", kill_on_drop: false }`
[INFO] [stderr] warning: use of deprecated module `std::usize`: all constants in this module replaced by associated constants on the type
[INFO] [stderr]  --> src/parser.rs:2:33
[INFO] [stderr]   |
[INFO] [stderr] 2 | use std::{collections::HashMap, usize};
[INFO] [stderr]   |                                 ^^^^^
[INFO] [stderr]   |
[INFO] [stderr]   = note: `#[warn(deprecated)]` on by default
[INFO] [stderr] 
[INFO] [stderr] warning: use of deprecated constant `std::usize::MAX`: replaced by the `MAX` associated constant on this type
[INFO] [stderr]    --> src/parser.rs:181:36
[INFO] [stderr]     |
[INFO] [stderr] 181 |             if edge.rule == usize::MAX {
[INFO] [stderr]     |                                    ^^^
[INFO] [stderr] 
[INFO] [stderr] warning: use of deprecated constant `std::usize::MAX`: replaced by the `MAX` associated constant on this type
[INFO] [stderr]   --> src/parser.rs:88:42
[INFO] [stderr]    |
[INFO] [stderr] 88 | ...                   rule: usize::MAX,
[INFO] [stderr]    |                                    ^^^
[INFO] [stderr] 
[INFO] [stderr] warning: use of deprecated constant `std::usize::MAX`: replaced by the `MAX` associated constant on this type
[INFO] [stderr]    --> src/parser.rs:110:42
[INFO] [stderr]     |
[INFO] [stderr] 110 | ...                   rule: usize::MAX,
[INFO] [stderr]     |                                    ^^^
[INFO] [stderr] 
[INFO] [stderr] warning: `dokearley` (lib) generated 4 warnings
[INFO] [stderr] warning: `dokearley` (lib test) generated 4 warnings (4 duplicates)
[INFO] [stderr]     Finished `release` profile [optimized] target(s) in 0.03s
[INFO] [stderr]      Running unittests src/lib.rs (/opt/rustwide/target/release/deps/dokearley-6df36b9337cb78f8)
[INFO] [stdout] 
[INFO] [stdout] running 69 tests
[INFO] [stdout] test grammar_parser::numbers::tests::test_float_literals ... ok
[INFO] [stdout] test dictionary_outspecs_tests::parse_gain_gold ... ok
[INFO] [stdout] test dictionary_outspecs_tests::parse_status ... ok
[INFO] [stdout] test grammar_parser::numbers::tests::test_binary_integers ... ok
[INFO] [stdout] test emoji_effects_tests::parse_fire_damage_enemy ... ok
[INFO] [stdout] test children_outspecs_tests::parse_lost_health ... ok
[INFO] [stdout] test children_outspecs_tests::parse_status ... ok
[INFO] [stdout] test dictionary_outspecs_tests::parse_lose_health ... ok
[INFO] [stdout] test emoji_effects_tests::parse_buff_attack ... ok
[INFO] [stdout] test emoji_effects_tests::parse_heal_self ... ok
[INFO] [stdout] test emoji_effects_tests::parse_apply_status_skull ... ok
[INFO] [stdout] test disjunction_rules_tests::parse_heal_effect_through_effect ... ok
[INFO] [stdout] test grammar_parser::numbers::tests::test_hex_integers ... ok
[INFO] [stdout] test disjunction_rules_tests::parse_damage_effect_through_effect ... ok
[INFO] [stdout] test grammar_parser::numbers::tests::test_decimal_integers ... ok
[INFO] [stdout] test grammar_parser::tests::tests::test_disjunction_rule ... ok
[INFO] [stdout] test grammar_parser::numbers::tests::test_scientific_floats ... ok
[INFO] [stdout] test grammar_parser::tests::tests::test_placeholder_rule_other_arrow ... ok
[INFO] [stdout] test grammar_parser::numbers::tests::test_octal_integers ... ok
[INFO] [stdout] test grammar_parser::tests::tests::test_empty_pattern ... ok
[INFO] [stdout] test grammar_parser::tests::tests::test_implicit_output_type ... ok
[INFO] [stdout] test grammar_parser::tests::tests::test_mixed_pattern ... ok
[INFO] [stdout] test grammar_parser::tests::tests::test_type_with_mixed_field_values ... ok
[INFO] [stdout] test grammar_parser::tests::tests::test_placeholder_rule ... ok
[INFO] [stdout] test item_effects_tests::parse_heal_self ... ok
[INFO] [stdout] test grammar_parser::tests_rejections::invalid_input_tests::test_invalid_field_syntax ... FAILED
[INFO] [stdout] test grammar_parser::tests::tests::test_simple_terminal_rule ... ok
[INFO] [stdout] test grammar_parser::tests::tests::test_type_with_fields_identifiers ... ok
[INFO] [stdout] test grammar_parser::tests_rejections::invalid_input_tests::test_invalid_number_in_field ... FAILED
[INFO] [stdout] test grammar_parser::tests_rejections::invalid_input_tests::test_empty_placeholder_name ... FAILED
[INFO] [stdout] test grammar_parser::tests_rejections::invalid_input_tests::test_missing_arrow ... FAILED
[INFO] [stdout] test mock_values::tests::test_custom_span_creation ... ok
[INFO] [stdout] test grammar_parser::tests::tests::test_multiple_rules ... ok
[INFO] [stdout] test grammar_parser::tests_rejections::invalid_input_tests::test_unexpected_character_in_pattern ... FAILED
[INFO] [stdout] test grammar_parser::tests_rejections::invalid_input_tests::test_unclosed_quote ... FAILED
[INFO] [stdout] test mock_values::tests::test_realistic_span_creation ... ok
[INFO] [stdout] test parser::parse_tree_pretty_tests::pretty_print_nested ... ok
[INFO] [stdout] test parser::parse_tree_pretty_tests::pretty_print_sequence ... ok
[INFO] [stdout] test parser::parse_tree_pretty_tests::pretty_print_placeholder ... ok
[INFO] [stdout] test grammar_parser::numbers::tests::test_invalid_numbers ... ok
[INFO] [stdout] test grammar_parser::tests_rejections::invalid_input_tests::test_missing_colon ... FAILED
[INFO] [stdout] test item_effects_tests::parse_damage_enemy ... ok
[INFO] [stdout] test item_effects_tests::parse_remove_status ... ok
[INFO] [stdout] test mock_values::tests::test_mock_value_creation_with_spans ... ok
[INFO] [stdout] test parser::parse_tree_pretty_tests::pretty_print_single_terminal ... ok
[INFO] [stdout] test item_effects_tests::parse_buff_allies ... ok
[INFO] [stdout] test recognizer::complex_expr_tests::recognize_parenthesized_expression ... ok
[INFO] [stdout] test recognizer::nullable_tests::empty_rhs_nullable ... ok
[INFO] [stdout] test recognizer::nullable_tests::multiple_nullable_in_sequence ... ok
[INFO] [stdout] test recognizer::nullable_tests::nullable_mixed ... ok
[INFO] [stdout] test recognizer::nullable_tests::nullable_nonterminal_in_sequence ... ok
[INFO] [stdout] test recognizer::complex_expr_tests::recognize_expression_with_precedence ... ok
[INFO] [stdout] test parser::parse_tree_value_tests::compute_value_simple_effect ... ok
[INFO] [stdout] test parser::parse_tree_value_tests::compute_value_with_dict ... ok
[INFO] [stdout] test recognizer::complex_expr_tests::recognize_nested_expression ... ok
[INFO] [stdout] test recognizer::nullable_tests::nullable_user_defined_placeholder ... ok
[INFO] [stdout] test recognizer::recognizer_tests::multiple_productions_same_lhs ... ok
[INFO] [stdout] test recognizer::recognizer_tests::nested_nonterminal_recursion ... ok
[INFO] [stdout] test recognizer::recognizer_tests::placeholder_bound_to_nonterminal ... ok
[INFO] [stdout] test recognizer::recognizer_tests::recognize_simple_string_expr ... ok
[INFO] [stdout] test try_accept::try_accept_file_tests::try_accept_missing_brace ... FAILED
[INFO] [stdout] test try_accept::try_accept_file_tests::try_accept_incomplete_level ... FAILED
[INFO] [stdout] test recognizer::recognizer_tests::recognize_addition_no_spaces ... ok
[INFO] [stdout] test transparent_rules_tests::parse_damage_effect_through_effect ... ok
[INFO] [stdout] test recognizer::recognizer_tests::reject_incomplete_addition ... ok
[INFO] [stdout] test recognizer::recognizer_tests::recognize_simple_float_expr ... ok
[INFO] [stdout] test transparent_rules_tests::parse_heal_effect_through_effect ... ok
[INFO] [stdout] test recognizer::recognizer_tests::recognize_simple_int_expr ... ok
[INFO] [stdout] test try_accept::try_accept_file_tests::try_accept_wrong_level ... FAILED
[INFO] [stdout] 
[INFO] [stdout] failures:
[INFO] [stdout] 
[INFO] [stdout] ---- grammar_parser::tests_rejections::invalid_input_tests::test_invalid_field_syntax stdout ----
[INFO] [stdout] 
[INFO] [stdout] thread 'grammar_parser::tests_rejections::invalid_input_tests::test_invalid_field_syntax' (505) panicked at src/grammar_parser/tests_rejections.rs:19:40:
[INFO] [stdout] called `Result::unwrap()` on an `Err` value: Os { code: 30, kind: ReadOnlyFilesystem, message: "Read-only file system" }
[INFO] [stdout] stack backtrace:
[INFO] [stdout]    0:     0x64671d2ba0e1 - <<std[70759c8f55707aa4]::sys::backtrace::BacktraceLock>::print::DisplayBacktrace as core[df12db4294e9bfd3]::fmt::Display>::fmt
[INFO] [stdout]    1:     0x64671d2cf31a - core[df12db4294e9bfd3]::fmt::write
[INFO] [stdout]    2:     0x64671d2be57c - <alloc[2182bb758b4b3781]::vec::Vec<u8> as core[df12db4294e9bfd3]::io::write::Write>::write_fmt
[INFO] [stdout]    3:     0x64671d295aa6 - std[70759c8f55707aa4]::panicking::default_hook::{closure#0}
[INFO] [stdout]    4:     0x64671d2b2659 - std[70759c8f55707aa4]::panicking::default_hook
[INFO] [stdout]    5:     0x64671d24dd20 - test[9d35eded1c95d3be]::test_main_inner::<test[9d35eded1c95d3be]::test_main_static::{closure#0}>::{closure#0}
[INFO] [stdout]    6:     0x64671d2b2812 - std[70759c8f55707aa4]::panicking::panic_with_hook
[INFO] [stdout]    7:     0x64671d295b52 - std[70759c8f55707aa4]::panicking::panic_handler::{closure#0}
[INFO] [stdout]    8:     0x64671d28e7b9 - std[70759c8f55707aa4]::sys::backtrace::__rust_end_short_backtrace::<std[70759c8f55707aa4]::panicking::panic_handler::{closure#0}, !>
[INFO] [stdout]    9:     0x64671d29674d - __rustc[8fa7c3cbc660c2b3]::rust_begin_unwind
[INFO] [stdout]   10:     0x64671d2cfa4c - core[df12db4294e9bfd3]::panicking::panic_fmt
[INFO] [stdout]   11:     0x64671d2cf822 - core[df12db4294e9bfd3]::result::unwrap_failed
[INFO] [stdout]   12:     0x64671d236ca3 - dokearley[d2ff66d6f22b244a]::grammar_parser::tests_rejections::invalid_input_tests::log_errors::<&chumsky[8da72bac7fc1fcdf]::error::Rich<char>, core[df12db4294e9bfd3]::slice::iter::Iter<chumsky[8da72bac7fc1fcdf]::error::Rich<char>>>
[INFO] [stdout]   13:     0x64671d2386c5 - dokearley[d2ff66d6f22b244a]::grammar_parser::tests_rejections::invalid_input_tests::test_invalid_field_syntax
[INFO] [stdout]   14:     0x64671d23bbc9 - <dokearley[d2ff66d6f22b244a]::grammar_parser::tests_rejections::invalid_input_tests::test_invalid_field_syntax::{closure#0} as core[df12db4294e9bfd3]::ops::function::FnOnce<()>>::call_once
[INFO] [stdout]   15:     0x64671d24100b - test[9d35eded1c95d3be]::__rust_begin_short_backtrace::<core[df12db4294e9bfd3]::result::Result<(), alloc[2182bb758b4b3781]::string::String>, fn() -> core[df12db4294e9bfd3]::result::Result<(), alloc[2182bb758b4b3781]::string::String>>
[INFO] [stdout]   16:     0x64671d24e675 - test[9d35eded1c95d3be]::run_test::{closure#0}
[INFO] [stdout]   17:     0x64671d247f34 - std[70759c8f55707aa4]::sys::backtrace::__rust_begin_short_backtrace::<test[9d35eded1c95d3be]::run_test::{closure#1}, ()>
[INFO] [stdout]   18:     0x64671d2517d2 - <std[70759c8f55707aa4]::thread::lifecycle::spawn_unchecked<test[9d35eded1c95d3be]::run_test::{closure#1}, ()>::{closure#1} as core[df12db4294e9bfd3]::ops::function::FnOnce<()>>::call_once::{shim:vtable#0}
[INFO] [stdout]   19:     0x64671d2b97c9 - <std[70759c8f55707aa4]::sys::thread::unix::Thread>::new::thread_start
[INFO] [stdout]   20:     0x7ee09c7e3dfa - <unknown>
[INFO] [stdout]   21:     0x7ee09c8773d4 - clone
[INFO] [stdout]   22:                0x0 - <unknown>
[INFO] [stdout] 
[INFO] [stdout] ---- grammar_parser::tests_rejections::invalid_input_tests::test_invalid_number_in_field stdout ----
[INFO] [stdout] 
[INFO] [stdout] thread 'grammar_parser::tests_rejections::invalid_input_tests::test_invalid_number_in_field' (506) panicked at src/grammar_parser/tests_rejections.rs:19:40:
[INFO] [stdout] called `Result::unwrap()` on an `Err` value: Os { code: 30, kind: ReadOnlyFilesystem, message: "Read-only file system" }
[INFO] [stdout] stack backtrace:
[INFO] [stdout]    0:     0x64671d2ba0e1 - <<std[70759c8f55707aa4]::sys::backtrace::BacktraceLock>::print::DisplayBacktrace as core[df12db4294e9bfd3]::fmt::Display>::fmt
[INFO] [stdout]    1:     0x64671d2cf31a - core[df12db4294e9bfd3]::fmt::write
[INFO] [stdout]    2:     0x64671d2be57c - <alloc[2182bb758b4b3781]::vec::Vec<u8> as core[df12db4294e9bfd3]::io::write::Write>::write_fmt
[INFO] [stdout]    3:     0x64671d295aa6 - std[70759c8f55707aa4]::panicking::default_hook::{closure#0}
[INFO] [stdout]    4:     0x64671d2b2659 - std[70759c8f55707aa4]::panicking::default_hook
[INFO] [stdout]    5:     0x64671d24dd20 - test[9d35eded1c95d3be]::test_main_inner::<test[9d35eded1c95d3be]::test_main_static::{closure#0}>::{closure#0}
[INFO] [stdout]    6:     0x64671d2b2812 - std[70759c8f55707aa4]::panicking::panic_with_hook
[INFO] [stdout]    7:     0x64671d295b52 - std[70759c8f55707aa4]::panicking::panic_handler::{closure#0}
[INFO] [stdout]    8:     0x64671d28e7b9 - std[70759c8f55707aa4]::sys::backtrace::__rust_end_short_backtrace::<std[70759c8f55707aa4]::panicking::panic_handler::{closure#0}, !>
[INFO] [stdout]    9:     0x64671d29674d - __rustc[8fa7c3cbc660c2b3]::rust_begin_unwind
[INFO] [stdout]   10:     0x64671d2cfa4c - core[df12db4294e9bfd3]::panicking::panic_fmt
[INFO] [stdout]   11:     0x64671d2cf822 - core[df12db4294e9bfd3]::result::unwrap_failed
[INFO] [stdout]   12:     0x64671d236ca3 - dokearley[d2ff66d6f22b244a]::grammar_parser::tests_rejections::invalid_input_tests::log_errors::<&chumsky[8da72bac7fc1fcdf]::error::Rich<char>, core[df12db4294e9bfd3]::slice::iter::Iter<chumsky[8da72bac7fc1fcdf]::error::Rich<char>>>
[INFO] [stdout]   13:     0x64671d238825 - dokearley[d2ff66d6f22b244a]::grammar_parser::tests_rejections::invalid_input_tests::test_invalid_number_in_field
[INFO] [stdout]   14:     0x64671d23bc09 - <dokearley[d2ff66d6f22b244a]::grammar_parser::tests_rejections::invalid_input_tests::test_invalid_number_in_field::{closure#0} as core[df12db4294e9bfd3]::ops::function::FnOnce<()>>::call_once
[INFO] [stdout]   15:     0x64671d24100b - test[9d35eded1c95d3be]::__rust_begin_short_backtrace::<core[df12db4294e9bfd3]::result::Result<(), alloc[2182bb758b4b3781]::string::String>, fn() -> core[df12db4294e9bfd3]::result::Result<(), alloc[2182bb758b4b3781]::string::String>>
[INFO] [stdout]   16:     0x64671d24e675 - test[9d35eded1c95d3be]::run_test::{closure#0}
[INFO] [stdout]   17:     0x64671d247f34 - std[70759c8f55707aa4]::sys::backtrace::__rust_begin_short_backtrace::<test[9d35eded1c95d3be]::run_test::{closure#1}, ()>
[INFO] [stdout]   18:     0x64671d2517d2 - <std[70759c8f55707aa4]::thread::lifecycle::spawn_unchecked<test[9d35eded1c95d3be]::run_test::{closure#1}, ()>::{closure#1} as core[df12db4294e9bfd3]::ops::function::FnOnce<()>>::call_once::{shim:vtable#0}
[INFO] [stdout]   19:     0x64671d2b97c9 - <std[70759c8f55707aa4]::sys::thread::unix::Thread>::new::thread_start
[INFO] [stdout]   20:     0x7ee09c7e3dfa - <unknown>
[INFO] [stdout]   21:     0x7ee09c8773d4 - clone
[INFO] [stdout]   22:                0x0 - <unknown>
[INFO] [stdout] 
[INFO] [stdout] ---- grammar_parser::tests_rejections::invalid_input_tests::test_empty_placeholder_name stdout ----
[INFO] [stdout] 
[INFO] [stdout] thread 'grammar_parser::tests_rejections::invalid_input_tests::test_empty_placeholder_name' (504) panicked at src/grammar_parser/tests_rejections.rs:19:40:
[INFO] [stdout] called `Result::unwrap()` on an `Err` value: Os { code: 30, kind: ReadOnlyFilesystem, message: "Read-only file system" }
[INFO] [stdout] stack backtrace:
[INFO] [stdout]    0:     0x64671d2ba0e1 - <<std[70759c8f55707aa4]::sys::backtrace::BacktraceLock>::print::DisplayBacktrace as core[df12db4294e9bfd3]::fmt::Display>::fmt
[INFO] [stdout]    1:     0x64671d2cf31a - core[df12db4294e9bfd3]::fmt::write
[INFO] [stdout]    2:     0x64671d2be57c - <alloc[2182bb758b4b3781]::vec::Vec<u8> as core[df12db4294e9bfd3]::io::write::Write>::write_fmt
[INFO] [stdout]    3:     0x64671d295aa6 - std[70759c8f55707aa4]::panicking::default_hook::{closure#0}
[INFO] [stdout]    4:     0x64671d2b2659 - std[70759c8f55707aa4]::panicking::default_hook
[INFO] [stdout]    5:     0x64671d24dd20 - test[9d35eded1c95d3be]::test_main_inner::<test[9d35eded1c95d3be]::test_main_static::{closure#0}>::{closure#0}
[INFO] [stdout]    6:     0x64671d2b2812 - std[70759c8f55707aa4]::panicking::panic_with_hook
[INFO] [stdout]    7:     0x64671d295b52 - std[70759c8f55707aa4]::panicking::panic_handler::{closure#0}
[INFO] [stdout]    8:     0x64671d28e7b9 - std[70759c8f55707aa4]::sys::backtrace::__rust_end_short_backtrace::<std[70759c8f55707aa4]::panicking::panic_handler::{closure#0}, !>
[INFO] [stdout]    9:     0x64671d29674d - __rustc[8fa7c3cbc660c2b3]::rust_begin_unwind
[INFO] [stdout]   10:     0x64671d2cfa4c - core[df12db4294e9bfd3]::panicking::panic_fmt
[INFO] [stdout]   11:     0x64671d2cf822 - core[df12db4294e9bfd3]::result::unwrap_failed
[INFO] [stdout]   12:     0x64671d236ca3 - dokearley[d2ff66d6f22b244a]::grammar_parser::tests_rejections::invalid_input_tests::log_errors::<&chumsky[8da72bac7fc1fcdf]::error::Rich<char>, core[df12db4294e9bfd3]::slice::iter::Iter<chumsky[8da72bac7fc1fcdf]::error::Rich<char>>>
[INFO] [stdout]   13:     0x64671d238775 - dokearley[d2ff66d6f22b244a]::grammar_parser::tests_rejections::invalid_input_tests::test_empty_placeholder_name
[INFO] [stdout]   14:     0x64671d23bbe9 - <dokearley[d2ff66d6f22b244a]::grammar_parser::tests_rejections::invalid_input_tests::test_empty_placeholder_name::{closure#0} as core[df12db4294e9bfd3]::ops::function::FnOnce<()>>::call_once
[INFO] [stdout]   15:     0x64671d24100b - test[9d35eded1c95d3be]::__rust_begin_short_backtrace::<core[df12db4294e9bfd3]::result::Result<(), alloc[2182bb758b4b3781]::string::String>, fn() -> core[df12db4294e9bfd3]::result::Result<(), alloc[2182bb758b4b3781]::string::String>>
[INFO] [stdout]   16:     0x64671d24e675 - test[9d35eded1c95d3be]::run_test::{closure#0}
[INFO] [stdout]   17:     0x64671d247f34 - std[70759c8f55707aa4]::sys::backtrace::__rust_begin_short_backtrace::<test[9d35eded1c95d3be]::run_test::{closure#1}, ()>
[INFO] [stdout]   18:     0x64671d2517d2 - <std[70759c8f55707aa4]::thread::lifecycle::spawn_unchecked<test[9d35eded1c95d3be]::run_test::{closure#1}, ()>::{closure#1} as core[df12db4294e9bfd3]::ops::function::FnOnce<()>>::call_once::{shim:vtable#0}
[INFO] [stdout]   19:     0x64671d2b97c9 - <std[70759c8f55707aa4]::sys::thread::unix::Thread>::new::thread_start
[INFO] [stdout]   20:     0x7ee09c7e3dfa - <unknown>
[INFO] [stdout]   21:     0x7ee09c8773d4 - clone
[INFO] [stdout]   22:                0x0 - <unknown>
[INFO] [stdout] 
[INFO] [stdout] ---- grammar_parser::tests_rejections::invalid_input_tests::test_missing_arrow stdout ----
[INFO] [stdout] 
[INFO] [stdout] thread 'grammar_parser::tests_rejections::invalid_input_tests::test_missing_arrow' (507) panicked at src/grammar_parser/tests_rejections.rs:19:40:
[INFO] [stdout] called `Result::unwrap()` on an `Err` value: Os { code: 30, kind: ReadOnlyFilesystem, message: "Read-only file system" }
[INFO] [stdout] stack backtrace:
[INFO] [stdout]    0:     0x64671d2ba0e1 - <<std[70759c8f55707aa4]::sys::backtrace::BacktraceLock>::print::DisplayBacktrace as core[df12db4294e9bfd3]::fmt::Display>::fmt
[INFO] [stdout]    1:     0x64671d2cf31a - core[df12db4294e9bfd3]::fmt::write
[INFO] [stdout]    2:     0x64671d2be57c - <alloc[2182bb758b4b3781]::vec::Vec<u8> as core[df12db4294e9bfd3]::io::write::Write>::write_fmt
[INFO] [stdout]    3:     0x64671d295aa6 - std[70759c8f55707aa4]::panicking::default_hook::{closure#0}
[INFO] [stdout]    4:     0x64671d2b2659 - std[70759c8f55707aa4]::panicking::default_hook
[INFO] [stdout]    5:     0x64671d24dd20 - test[9d35eded1c95d3be]::test_main_inner::<test[9d35eded1c95d3be]::test_main_static::{closure#0}>::{closure#0}
[INFO] [stdout]    6:     0x64671d2b2812 - std[70759c8f55707aa4]::panicking::panic_with_hook
[INFO] [stdout]    7:     0x64671d295b52 - std[70759c8f55707aa4]::panicking::panic_handler::{closure#0}
[INFO] [stdout]    8:     0x64671d28e7b9 - std[70759c8f55707aa4]::sys::backtrace::__rust_end_short_backtrace::<std[70759c8f55707aa4]::panicking::panic_handler::{closure#0}, !>
[INFO] [stdout]    9:     0x64671d29674d - __rustc[8fa7c3cbc660c2b3]::rust_begin_unwind
[INFO] [stdout]   10:     0x64671d2cfa4c - core[df12db4294e9bfd3]::panicking::panic_fmt
[INFO] [stdout]   11:     0x64671d2cf822 - core[df12db4294e9bfd3]::result::unwrap_failed
[INFO] [stdout]   12:     0x64671d236ca3 - dokearley[d2ff66d6f22b244a]::grammar_parser::tests_rejections::invalid_input_tests::log_errors::<&chumsky[8da72bac7fc1fcdf]::error::Rich<char>, core[df12db4294e9bfd3]::slice::iter::Iter<chumsky[8da72bac7fc1fcdf]::error::Rich<char>>>
[INFO] [stdout]   13:     0x64671d2384b5 - dokearley[d2ff66d6f22b244a]::grammar_parser::tests_rejections::invalid_input_tests::test_missing_arrow
[INFO] [stdout]   14:     0x64671d23bb69 - <dokearley[d2ff66d6f22b244a]::grammar_parser::tests_rejections::invalid_input_tests::test_missing_arrow::{closure#0} as core[df12db4294e9bfd3]::ops::function::FnOnce<()>>::call_once
[INFO] [stdout]   15:     0x64671d24100b - test[9d35eded1c95d3be]::__rust_begin_short_backtrace::<core[df12db4294e9bfd3]::result::Result<(), alloc[2182bb758b4b3781]::string::String>, fn() -> core[df12db4294e9bfd3]::result::Result<(), alloc[2182bb758b4b3781]::string::String>>
[INFO] [stdout]   16:     0x64671d24e675 - test[9d35eded1c95d3be]::run_test::{closure#0}
[INFO] [stdout]   17:     0x64671d247f34 - std[70759c8f55707aa4]::sys::backtrace::__rust_begin_short_backtrace::<test[9d35eded1c95d3be]::run_test::{closure#1}, ()>
[INFO] [stdout]   18:     0x64671d2517d2 - <std[70759c8f55707aa4]::thread::lifecycle::spawn_unchecked<test[9d35eded1c95d3be]::run_test::{closure#1}, ()>::{closure#1} as core[df12db4294e9bfd3]::ops::function::FnOnce<()>>::call_once::{shim:vtable#0}
[INFO] [stdout]   19:     0x64671d2b97c9 - <std[70759c8f55707aa4]::sys::thread::unix::Thread>::new::thread_start
[INFO] [stdout]   20:     0x7ee09c7e3dfa - <unknown>
[INFO] [stdout]   21:     0x7ee09c8773d4 - clone
[INFO] [stdout]   22:                0x0 - <unknown>
[INFO] [stdout] 
[INFO] [stdout] ---- grammar_parser::tests_rejections::invalid_input_tests::test_unexpected_character_in_pattern stdout ----
[INFO] [stdout] 
[INFO] [stdout] thread 'grammar_parser::tests_rejections::invalid_input_tests::test_unexpected_character_in_pattern' (510) panicked at src/grammar_parser/tests_rejections.rs:19:40:
[INFO] [stdout] called `Result::unwrap()` on an `Err` value: Os { code: 30, kind: ReadOnlyFilesystem, message: "Read-only file system" }
[INFO] [stdout] stack backtrace:
[INFO] [stdout]    0:     0x64671d2ba0e1 - <<std[70759c8f55707aa4]::sys::backtrace::BacktraceLock>::print::DisplayBacktrace as core[df12db4294e9bfd3]::fmt::Display>::fmt
[INFO] [stdout]    1:     0x64671d2cf31a - core[df12db4294e9bfd3]::fmt::write
[INFO] [stdout]    2:     0x64671d2be57c - <alloc[2182bb758b4b3781]::vec::Vec<u8> as core[df12db4294e9bfd3]::io::write::Write>::write_fmt
[INFO] [stdout]    3:     0x64671d295aa6 - std[70759c8f55707aa4]::panicking::default_hook::{closure#0}
[INFO] [stdout]    4:     0x64671d2b2659 - std[70759c8f55707aa4]::panicking::default_hook
[INFO] [stdout]    5:     0x64671d24dd20 - test[9d35eded1c95d3be]::test_main_inner::<test[9d35eded1c95d3be]::test_main_static::{closure#0}>::{closure#0}
[INFO] [stdout]    6:     0x64671d2b2812 - std[70759c8f55707aa4]::panicking::panic_with_hook
[INFO] [stdout]    7:     0x64671d295b52 - std[70759c8f55707aa4]::panicking::panic_handler::{closure#0}
[INFO] [stdout]    8:     0x64671d28e7b9 - std[70759c8f55707aa4]::sys::backtrace::__rust_end_short_backtrace::<std[70759c8f55707aa4]::panicking::panic_handler::{closure#0}, !>
[INFO] [stdout]    9:     0x64671d29674d - __rustc[8fa7c3cbc660c2b3]::rust_begin_unwind
[INFO] [stdout]   10:     0x64671d2cfa4c - core[df12db4294e9bfd3]::panicking::panic_fmt
[INFO] [stdout]   11:     0x64671d2cf822 - core[df12db4294e9bfd3]::result::unwrap_failed
[INFO] [stdout]   12:     0x64671d236ca3 - dokearley[d2ff66d6f22b244a]::grammar_parser::tests_rejections::invalid_input_tests::log_errors::<&chumsky[8da72bac7fc1fcdf]::error::Rich<char>, core[df12db4294e9bfd3]::slice::iter::Iter<chumsky[8da72bac7fc1fcdf]::error::Rich<char>>>
[INFO] [stdout]   13:     0x64671d2388d5 - dokearley[d2ff66d6f22b244a]::grammar_parser::tests_rejections::invalid_input_tests::test_unexpected_character_in_pattern
[INFO] [stdout]   14:     0x64671d23bc29 - <dokearley[d2ff66d6f22b244a]::grammar_parser::tests_rejections::invalid_input_tests::test_unexpected_character_in_pattern::{closure#0} as core[df12db4294e9bfd3]::ops::function::FnOnce<()>>::call_once
[INFO] [stdout]   15:     0x64671d24100b - test[9d35eded1c95d3be]::__rust_begin_short_backtrace::<core[df12db4294e9bfd3]::result::Result<(), alloc[2182bb758b4b3781]::string::String>, fn() -> core[df12db4294e9bfd3]::result::Result<(), alloc[2182bb758b4b3781]::string::String>>
[INFO] [stdout]   16:     0x64671d24e675 - test[9d35eded1c95d3be]::run_test::{closure#0}
[INFO] [stdout]   17:     0x64671d247f34 - std[70759c8f55707aa4]::sys::backtrace::__rust_begin_short_backtrace::<test[9d35eded1c95d3be]::run_test::{closure#1}, ()>
[INFO] [stdout]   18:     0x64671d2517d2 - <std[70759c8f55707aa4]::thread::lifecycle::spawn_unchecked<test[9d35eded1c95d3be]::run_test::{closure#1}, ()>::{closure#1} as core[df12db4294e9bfd3]::ops::function::FnOnce<()>>::call_once::{shim:vtable#0}
[INFO] [stdout]   19:     0x64671d2b97c9 - <std[70759c8f55707aa4]::sys::thread::unix::Thread>::new::thread_start
[INFO] [stdout]   20:     0x7ee09c7e3dfa - <unknown>
[INFO] [stdout]   21:     0x7ee09c8773d4 - clone
[INFO] [stdout]   22:                0x0 - <unknown>
[INFO] [stdout] 
[INFO] [stdout] ---- grammar_parser::tests_rejections::invalid_input_tests::test_unclosed_quote stdout ----
[INFO] [stdout] 
[INFO] [stdout] thread 'grammar_parser::tests_rejections::invalid_input_tests::test_unclosed_quote' (509) panicked at src/grammar_parser/tests_rejections.rs:19:40:
[INFO] [stdout] called `Result::unwrap()` on an `Err` value: Os { code: 30, kind: ReadOnlyFilesystem, message: "Read-only file system" }
[INFO] [stdout] stack backtrace:
[INFO] [stdout]    0:     0x64671d2ba0e1 - <<std[70759c8f55707aa4]::sys::backtrace::BacktraceLock>::print::DisplayBacktrace as core[df12db4294e9bfd3]::fmt::Display>::fmt
[INFO] [stdout]    1:     0x64671d2cf31a - core[df12db4294e9bfd3]::fmt::write
[INFO] [stdout]    2:     0x64671d2be57c - <alloc[2182bb758b4b3781]::vec::Vec<u8> as core[df12db4294e9bfd3]::io::write::Write>::write_fmt
[INFO] [stdout]    3:     0x64671d295aa6 - std[70759c8f55707aa4]::panicking::default_hook::{closure#0}
[INFO] [stdout]    4:     0x64671d2b2659 - std[70759c8f55707aa4]::panicking::default_hook
[INFO] [stdout]    5:     0x64671d24dd20 - test[9d35eded1c95d3be]::test_main_inner::<test[9d35eded1c95d3be]::test_main_static::{closure#0}>::{closure#0}
[INFO] [stdout]    6:     0x64671d2b2812 - std[70759c8f55707aa4]::panicking::panic_with_hook
[INFO] [stdout]    7:     0x64671d295b52 - std[70759c8f55707aa4]::panicking::panic_handler::{closure#0}
[INFO] [stdout]    8:     0x64671d28e7b9 - std[70759c8f55707aa4]::sys::backtrace::__rust_end_short_backtrace::<std[70759c8f55707aa4]::panicking::panic_handler::{closure#0}, !>
[INFO] [stdout]    9:     0x64671d29674d - __rustc[8fa7c3cbc660c2b3]::rust_begin_unwind
[INFO] [stdout]   10:     0x64671d2cfa4c - core[df12db4294e9bfd3]::panicking::panic_fmt
[INFO] [stdout]   11:     0x64671d2cf822 - core[df12db4294e9bfd3]::result::unwrap_failed
[INFO] [stdout]   12:     0x64671d236ca3 - dokearley[d2ff66d6f22b244a]::grammar_parser::tests_rejections::invalid_input_tests::log_errors::<&chumsky[8da72bac7fc1fcdf]::error::Rich<char>, core[df12db4294e9bfd3]::slice::iter::Iter<chumsky[8da72bac7fc1fcdf]::error::Rich<char>>>
[INFO] [stdout]   13:     0x64671d238615 - dokearley[d2ff66d6f22b244a]::grammar_parser::tests_rejections::invalid_input_tests::test_unclosed_quote
[INFO] [stdout]   14:     0x64671d23bba9 - <dokearley[d2ff66d6f22b244a]::grammar_parser::tests_rejections::invalid_input_tests::test_unclosed_quote::{closure#0} as core[df12db4294e9bfd3]::ops::function::FnOnce<()>>::call_once
[INFO] [stdout]   15:     0x64671d24100b - test[9d35eded1c95d3be]::__rust_begin_short_backtrace::<core[df12db4294e9bfd3]::result::Result<(), alloc[2182bb758b4b3781]::string::String>, fn() -> core[df12db4294e9bfd3]::result::Result<(), alloc[2182bb758b4b3781]::string::String>>
[INFO] [stdout]   16:     0x64671d24e675 - test[9d35eded1c95d3be]::run_test::{closure#0}
[INFO] [stdout]   17:     0x64671d247f34 - std[70759c8f55707aa4]::sys::backtrace::__rust_begin_short_backtrace::<test[9d35eded1c95d3be]::run_test::{closure#1}, ()>
[INFO] [stdout]   18:     0x64671d2517d2 - <std[70759c8f55707aa4]::thread::lifecycle::spawn_unchecked<test[9d35eded1c95d3be]::run_test::{closure#1}, ()>::{closure#1} as core[df12db4294e9bfd3]::ops::function::FnOnce<()>>::call_once::{shim:vtable#0}
[INFO] [stdout]   19:     0x64671d2b97c9 - <std[70759c8f55707aa4]::sys::thread::unix::Thread>::new::thread_start
[INFO] [stdout]   20:     0x7ee09c7e3dfa - <unknown>
[INFO] [stdout]   21:     0x7ee09c8773d4 - clone
[INFO] [stdout]   22:                0x0 - <unknown>
[INFO] [stdout] 
[INFO] [stdout] ---- grammar_parser::tests_rejections::invalid_input_tests::test_missing_colon stdout ----
[INFO] [stdout] 
[INFO] [stdout] thread 'grammar_parser::tests_rejections::invalid_input_tests::test_missing_colon' (508) panicked at src/grammar_parser/tests_rejections.rs:19:40:
[INFO] [stdout] called `Result::unwrap()` on an `Err` value: Os { code: 30, kind: ReadOnlyFilesystem, message: "Read-only file system" }
[INFO] [stdout] stack backtrace:
[INFO] [stdout]    0:     0x64671d2ba0e1 - <<std[70759c8f55707aa4]::sys::backtrace::BacktraceLock>::print::DisplayBacktrace as core[df12db4294e9bfd3]::fmt::Display>::fmt
[INFO] [stdout]    1:     0x64671d2cf31a - core[df12db4294e9bfd3]::fmt::write
[INFO] [stdout]    2:     0x64671d2be57c - <alloc[2182bb758b4b3781]::vec::Vec<u8> as core[df12db4294e9bfd3]::io::write::Write>::write_fmt
[INFO] [stdout]    3:     0x64671d295aa6 - std[70759c8f55707aa4]::panicking::default_hook::{closure#0}
[INFO] [stdout]    4:     0x64671d2b2659 - std[70759c8f55707aa4]::panicking::default_hook
[INFO] [stdout]    5:     0x64671d24dd20 - test[9d35eded1c95d3be]::test_main_inner::<test[9d35eded1c95d3be]::test_main_static::{closure#0}>::{closure#0}
[INFO] [stdout]    6:     0x64671d2b2812 - std[70759c8f55707aa4]::panicking::panic_with_hook
[INFO] [stdout]    7:     0x64671d295b52 - std[70759c8f55707aa4]::panicking::panic_handler::{closure#0}
[INFO] [stdout]    8:     0x64671d28e7b9 - std[70759c8f55707aa4]::sys::backtrace::__rust_end_short_backtrace::<std[70759c8f55707aa4]::panicking::panic_handler::{closure#0}, !>
[INFO] [stdout]    9:     0x64671d29674d - __rustc[8fa7c3cbc660c2b3]::rust_begin_unwind
[INFO] [stdout]   10:     0x64671d2cfa4c - core[df12db4294e9bfd3]::panicking::panic_fmt
[INFO] [stdout]   11:     0x64671d2cf822 - core[df12db4294e9bfd3]::result::unwrap_failed
[INFO] [stdout]   12:     0x64671d236ca3 - dokearley[d2ff66d6f22b244a]::grammar_parser::tests_rejections::invalid_input_tests::log_errors::<&chumsky[8da72bac7fc1fcdf]::error::Rich<char>, core[df12db4294e9bfd3]::slice::iter::Iter<chumsky[8da72bac7fc1fcdf]::error::Rich<char>>>
[INFO] [stdout]   13:     0x64671d238565 - dokearley[d2ff66d6f22b244a]::grammar_parser::tests_rejections::invalid_input_tests::test_missing_colon
[INFO] [stdout]   14:     0x64671d23bb89 - <dokearley[d2ff66d6f22b244a]::grammar_parser::tests_rejections::invalid_input_tests::test_missing_colon::{closure#0} as core[df12db4294e9bfd3]::ops::function::FnOnce<()>>::call_once
[INFO] [stdout]   15:     0x64671d24100b - test[9d35eded1c95d3be]::__rust_begin_short_backtrace::<core[df12db4294e9bfd3]::result::Result<(), alloc[2182bb758b4b3781]::string::String>, fn() -> core[df12db4294e9bfd3]::result::Result<(), alloc[2182bb758b4b3781]::string::String>>
[INFO] [stdout]   16:     0x64671d24e675 - test[9d35eded1c95d3be]::run_test::{closure#0}
[INFO] [stdout]   17:     0x64671d247f34 - std[70759c8f55707aa4]::sys::backtrace::__rust_begin_short_backtrace::<test[9d35eded1c95d3be]::run_test::{closure#1}, ()>
[INFO] [stdout]   18:     0x64671d2517d2 - <std[70759c8f55707aa4]::thread::lifecycle::spawn_unchecked<test[9d35eded1c95d3be]::run_test::{closure#1}, ()>::{closure#1} as core[df12db4294e9bfd3]::ops::function::FnOnce<()>>::call_once::{shim:vtable#0}
[INFO] [stdout]   19:     0x64671d2b97c9 - <std[70759c8f55707aa4]::sys::thread::unix::Thread>::new::thread_start
[INFO] [stdout]   20:     0x7ee09c7e3dfa - <unknown>
[INFO] [stdout]   21:     0x7ee09c8773d4 - clone
[INFO] [stdout]   22:                0x0 - <unknown>
[INFO] [stdout] 
[INFO] [stdout] ---- try_accept::try_accept_file_tests::try_accept_missing_brace stdout ----
[INFO] [stdout] 
[INFO] [stdout] thread 'try_accept::try_accept_file_tests::try_accept_missing_brace' (543) panicked at src/try_accept.rs:207:33:
[INFO] [stdout] called `Result::unwrap()` on an `Err` value: Os { code: 30, kind: ReadOnlyFilesystem, message: "Read-only file system" }
[INFO] [stdout] stack backtrace:
[INFO] [stdout]    0:     0x64671d2ba0e1 - <<std[70759c8f55707aa4]::sys::backtrace::BacktraceLock>::print::DisplayBacktrace as core[df12db4294e9bfd3]::fmt::Display>::fmt
[INFO] [stdout]    1:     0x64671d2cf31a - core[df12db4294e9bfd3]::fmt::write
[INFO] [stdout]    2:     0x64671d2be57c - <alloc[2182bb758b4b3781]::vec::Vec<u8> as core[df12db4294e9bfd3]::io::write::Write>::write_fmt
[INFO] [stdout]    3:     0x64671d295aa6 - std[70759c8f55707aa4]::panicking::default_hook::{closure#0}
[INFO] [stdout]    4:     0x64671d2b2659 - std[70759c8f55707aa4]::panicking::default_hook
[INFO] [stdout]    5:     0x64671d24dd20 - test[9d35eded1c95d3be]::test_main_inner::<test[9d35eded1c95d3be]::test_main_static::{closure#0}>::{closure#0}
[INFO] [stdout]    6:     0x64671d2b2812 - std[70759c8f55707aa4]::panicking::panic_with_hook
[INFO] [stdout]    7:     0x64671d295b52 - std[70759c8f55707aa4]::panicking::panic_handler::{closure#0}
[INFO] [stdout]    8:     0x64671d28e7b9 - std[70759c8f55707aa4]::sys::backtrace::__rust_end_short_backtrace::<std[70759c8f55707aa4]::panicking::panic_handler::{closure#0}, !>
[INFO] [stdout]    9:     0x64671d29674d - __rustc[8fa7c3cbc660c2b3]::rust_begin_unwind
[INFO] [stdout]   10:     0x64671d2cfa4c - core[df12db4294e9bfd3]::panicking::panic_fmt
[INFO] [stdout]   11:     0x64671d2cf822 - core[df12db4294e9bfd3]::result::unwrap_failed
[INFO] [stdout]   12:     0x64671d237998 - dokearley[d2ff66d6f22b244a]::try_accept::try_accept_file_tests::write_parse_error
[INFO] [stdout]   13:     0x64671d237f4b - dokearley[d2ff66d6f22b244a]::try_accept::try_accept_file_tests::try_accept_missing_brace
[INFO] [stdout]   14:     0x64671d23ba59 - <dokearley[d2ff66d6f22b244a]::try_accept::try_accept_file_tests::try_accept_missing_brace::{closure#0} as core[df12db4294e9bfd3]::ops::function::FnOnce<()>>::call_once
[INFO] [stdout]   15:     0x64671d24100b - test[9d35eded1c95d3be]::__rust_begin_short_backtrace::<core[df12db4294e9bfd3]::result::Result<(), alloc[2182bb758b4b3781]::string::String>, fn() -> core[df12db4294e9bfd3]::result::Result<(), alloc[2182bb758b4b3781]::string::String>>
[INFO] [stdout]   16:     0x64671d24e675 - test[9d35eded1c95d3be]::run_test::{closure#0}
[INFO] [stdout]   17:     0x64671d247f34 - std[70759c8f55707aa4]::sys::backtrace::__rust_begin_short_backtrace::<test[9d35eded1c95d3be]::run_test::{closure#1}, ()>
[INFO] [stdout]   18:     0x64671d2517d2 - <std[70759c8f55707aa4]::thread::lifecycle::spawn_unchecked<test[9d35eded1c95d3be]::run_test::{closure#1}, ()>::{closure#1} as core[df12db4294e9bfd3]::ops::function::FnOnce<()>>::call_once::{shim:vtable#0}
[INFO] [stdout]   19:     0x64671d2b97c9 - <std[70759c8f55707aa4]::sys::thread::unix::Thread>::new::thread_start
[INFO] [stdout]   20:     0x7ee09c7e3dfa - <unknown>
[INFO] [stdout]   21:     0x7ee09c8773d4 - clone
[INFO] [stdout]   22:                0x0 - <unknown>
[INFO] [stdout] 
[INFO] [stdout] ---- try_accept::try_accept_file_tests::try_accept_incomplete_level stdout ----
[INFO] [stdout] 
[INFO] [stdout] thread 'try_accept::try_accept_file_tests::try_accept_incomplete_level' (542) panicked at src/try_accept.rs:207:33:
[INFO] [stdout] called `Result::unwrap()` on an `Err` value: Os { code: 30, kind: ReadOnlyFilesystem, message: "Read-only file system" }
[INFO] [stdout] stack backtrace:
[INFO] [stdout]    0:     0x64671d2ba0e1 - <<std[70759c8f55707aa4]::sys::backtrace::BacktraceLock>::print::DisplayBacktrace as core[df12db4294e9bfd3]::fmt::Display>::fmt
[INFO] [stdout]    1:     0x64671d2cf31a - core[df12db4294e9bfd3]::fmt::write
[INFO] [stdout]    2:     0x64671d2be57c - <alloc[2182bb758b4b3781]::vec::Vec<u8> as core[df12db4294e9bfd3]::io::write::Write>::write_fmt
[INFO] [stdout]    3:     0x64671d295aa6 - std[70759c8f55707aa4]::panicking::default_hook::{closure#0}
[INFO] [stdout]    4:     0x64671d2b2659 - std[70759c8f55707aa4]::panicking::default_hook
[INFO] [stdout]    5:     0x64671d24dd20 - test[9d35eded1c95d3be]::test_main_inner::<test[9d35eded1c95d3be]::test_main_static::{closure#0}>::{closure#0}
[INFO] [stdout]    6:     0x64671d2b2812 - std[70759c8f55707aa4]::panicking::panic_with_hook
[INFO] [stdout]    7:     0x64671d295b52 - std[70759c8f55707aa4]::panicking::panic_handler::{closure#0}
[INFO] [stdout]    8:     0x64671d28e7b9 - std[70759c8f55707aa4]::sys::backtrace::__rust_end_short_backtrace::<std[70759c8f55707aa4]::panicking::panic_handler::{closure#0}, !>
[INFO] [stdout]    9:     0x64671d29674d - __rustc[8fa7c3cbc660c2b3]::rust_begin_unwind
[INFO] [stdout]   10:     0x64671d2cfa4c - core[df12db4294e9bfd3]::panicking::panic_fmt
[INFO] [stdout]   11:     0x64671d2cf822 - core[df12db4294e9bfd3]::result::unwrap_failed
[INFO] [stdout]   12:     0x64671d237998 - dokearley[d2ff66d6f22b244a]::try_accept::try_accept_file_tests::write_parse_error
[INFO] [stdout]   13:     0x64671d23825b - dokearley[d2ff66d6f22b244a]::try_accept::try_accept_file_tests::try_accept_incomplete_level
[INFO] [stdout]   14:     0x64671d23ba79 - <dokearley[d2ff66d6f22b244a]::try_accept::try_accept_file_tests::try_accept_incomplete_level::{closure#0} as core[df12db4294e9bfd3]::ops::function::FnOnce<()>>::call_once
[INFO] [stdout]   15:     0x64671d24100b - test[9d35eded1c95d3be]::__rust_begin_short_backtrace::<core[df12db4294e9bfd3]::result::Result<(), alloc[2182bb758b4b3781]::string::String>, fn() -> core[df12db4294e9bfd3]::result::Result<(), alloc[2182bb758b4b3781]::string::String>>
[INFO] [stdout]   16:     0x64671d24e675 - test[9d35eded1c95d3be]::run_test::{closure#0}
[INFO] [stdout]   17:     0x64671d247f34 - std[70759c8f55707aa4]::sys::backtrace::__rust_begin_short_backtrace::<test[9d35eded1c95d3be]::run_test::{closure#1}, ()>
[INFO] [stdout]   18:     0x64671d2517d2 - <std[70759c8f55707aa4]::thread::lifecycle::spawn_unchecked<test[9d35eded1c95d3be]::run_test::{closure#1}, ()>::{closure#1} as core[df12db4294e9bfd3]::ops::function::FnOnce<()>>::call_once::{shim:vtable#0}
[INFO] [stdout]   19:     0x64671d2b97c9 - <std[70759c8f55707aa4]::sys::thread::unix::Thread>::new::thread_start
[INFO] [stdout]   20:     0x7ee09c7e3dfa - <unknown>
[INFO] [stdout]   21:     0x7ee09c8773d4 - clone
[INFO] [stdout]   22:                0x0 - <unknown>
[INFO] [stdout] 
[INFO] [stdout] ---- try_accept::try_accept_file_tests::try_accept_wrong_level stdout ----
[INFO] [stdout] 
[INFO] [stdout] === 0 ===
[INFO] [stdout] Level -> • l e v e l   <name:String>   { Items } (0)
[INFO] [stdout] 
[INFO] [stdout] === 1 ===
[INFO] [stdout] Level -> l • e v e l   <name:String>   { Items } (0)
[INFO] [stdout] 
[INFO] [stdout] === 2 ===
[INFO] [stdout] Level -> l e • v e l   <name:String>   { Items } (0)
[INFO] [stdout] 
[INFO] [stdout] === 3 ===
[INFO] [stdout] Level -> l e v • e l   <name:String>   { Items } (0)
[INFO] [stdout] 
[INFO] [stdout] === 4 ===
[INFO] [stdout] Level -> l e v e • l   <name:String>   { Items } (0)
[INFO] [stdout] 
[INFO] [stdout] === 5 ===
[INFO] [stdout] Level -> l e v e l •   <name:String>   { Items } (0)
[INFO] [stdout] 
[INFO] [stdout] === 6 ===
[INFO] [stdout] Level -> l e v e l   • <name:String>   { Items } (0)
[INFO] [stdout] 
[INFO] [stdout] === 7 ===
[INFO] [stdout] Level -> l e v e l   <name:String> •   { Items } (0)
[INFO] [stdout] 
[INFO] [stdout] === 8 ===
[INFO] [stdout] Level -> l e v e l   <name:String>   • { Items } (0)
[INFO] [stdout] 
[INFO] [stdout] === 9 ===
[INFO] [stdout] Item -> • t r e a s u r e <id:String>  (9)
[INFO] [stdout] Items -> • Item Items                   (9)
[INFO] [stdout] Level -> l e v e l   <name:String>   { • Items } (0)
[INFO] [stdout] Items -> •                              (9)
[INFO] [stdout] Level -> l e v e l   <name:String>   { Items • } (0)
[INFO] [stdout] Item  -> • e n e m y <id:String>        (9)
[INFO] [stdout] 
[INFO] [stdout] === 10 ===
[INFO] [stdout] 
[INFO] [stdout] === 11 ===
[INFO] [stdout] 
[INFO] [stdout] === 12 ===
[INFO] [stdout] 
[INFO] [stdout] === 13 ===
[INFO] [stdout] 
[INFO] [stdout] === 14 ===
[INFO] [stdout] 
[INFO] [stdout] === 15 ===
[INFO] [stdout] 
[INFO] [stdout] === 16 ===
[INFO] [stdout] 
[INFO] [stdout] === 17 ===
[INFO] [stdout] 
[INFO] [stdout] === 18 ===
[INFO] [stdout] 
[INFO] [stdout] === 19 ===
[INFO] [stdout] 
[INFO] [stdout] === 20 ===
[INFO] [stdout] 
[INFO] [stdout] === 21 ===
[INFO] [stdout] 
[INFO] [stdout] === 22 ===
[INFO] [stdout] 
[INFO] [stdout] === 23 ===
[INFO] [stdout] 
[INFO] [stdout] === 24 ===
[INFO] [stdout] 
[INFO] [stdout] === 25 ===
[INFO] [stdout] 
[INFO] [stdout] === 26 ===
[INFO] [stdout] 
[INFO] [stdout] === 27 ===
[INFO] [stdout] 
[INFO] [stdout] === 28 ===
[INFO] [stdout] 
[INFO] [stdout] === 29 ===
[INFO] [stdout] 
[INFO] [stdout] === 30 ===
[INFO] [stdout] 
[INFO] [stdout] === 31 ===
[INFO] [stdout] 
[INFO] [stdout] thread 'try_accept::try_accept_file_tests::try_accept_wrong_level' (544) panicked at src/try_accept.rs:207:33:
[INFO] [stdout] called `Result::unwrap()` on an `Err` value: Os { code: 30, kind: ReadOnlyFilesystem, message: "Read-only file system" }
[INFO] [stdout] stack backtrace:
[INFO] [stdout]    0:     0x64671d2ba0e1 - <<std[70759c8f55707aa4]::sys::backtrace::BacktraceLock>::print::DisplayBacktrace as core[df12db4294e9bfd3]::fmt::Display>::fmt
[INFO] [stdout]    1:     0x64671d2cf31a - core[df12db4294e9bfd3]::fmt::write
[INFO] [stdout]    2:     0x64671d2be57c - <alloc[2182bb758b4b3781]::vec::Vec<u8> as core[df12db4294e9bfd3]::io::write::Write>::write_fmt
[INFO] [stdout]    3:     0x64671d295aa6 - std[70759c8f55707aa4]::panicking::default_hook::{closure#0}
[INFO] [stdout]    4:     0x64671d2b2659 - std[70759c8f55707aa4]::panicking::default_hook
[INFO] [stdout]    5:     0x64671d24dd20 - test[9d35eded1c95d3be]::test_main_inner::<test[9d35eded1c95d3be]::test_main_static::{closure#0}>::{closure#0}
[INFO] [stdout]    6:     0x64671d2b2812 - std[70759c8f55707aa4]::panicking::panic_with_hook
[INFO] [stdout]    7:     0x64671d295b52 - std[70759c8f55707aa4]::panicking::panic_handler::{closure#0}
[INFO] [stdout]    8:     0x64671d28e7b9 - std[70759c8f55707aa4]::sys::backtrace::__rust_end_short_backtrace::<std[70759c8f55707aa4]::panicking::panic_handler::{closure#0}, !>
[INFO] [stdout]    9:     0x64671d29674d - __rustc[8fa7c3cbc660c2b3]::rust_begin_unwind
[INFO] [stdout]   10:     0x64671d2cfa4c - core[df12db4294e9bfd3]::panicking::panic_fmt
[INFO] [stdout]   11:     0x64671d2cf822 - core[df12db4294e9bfd3]::result::unwrap_failed
[INFO] [stdout]   12:     0x64671d237998 - dokearley[d2ff66d6f22b244a]::try_accept::try_accept_file_tests::write_parse_error
[INFO] [stdout]   13:     0x64671d237c67 - dokearley[d2ff66d6f22b244a]::try_accept::try_accept_file_tests::try_accept_wrong_level
[INFO] [stdout]   14:     0x64671d23ba39 - <dokearley[d2ff66d6f22b244a]::try_accept::try_accept_file_tests::try_accept_wrong_level::{closure#0} as core[df12db4294e9bfd3]::ops::function::FnOnce<()>>::call_once
[INFO] [stdout]   15:     0x64671d24100b - test[9d35eded1c95d3be]::__rust_begin_short_backtrace::<core[df12db4294e9bfd3]::result::Result<(), alloc[2182bb758b4b3781]::string::String>, fn() -> core[df12db4294e9bfd3]::result::Result<(), alloc[2182bb758b4b3781]::string::String>>
[INFO] [stdout]   16:     0x64671d24e675 - test[9d35eded1c95d3be]::run_test::{closure#0}
[INFO] [stdout]   17:     0x64671d247f34 - std[70759c8f55707aa4]::sys::backtrace::__rust_begin_short_backtrace::<test[9d35eded1c95d3be]::run_test::{closure#1}, ()>
[INFO] [stdout]   18:     0x64671d2517d2 - <std[70759c8f55707aa4]::thread::lifecycle::spawn_unchecked<test[9d35eded1c95d3be]::run_test::{closure#1}, ()>::{closure#1} as core[df12db4294e9bfd3]::ops::function::FnOnce<()>>::call_once::{shim:vtable#0}
[INFO] [stdout]   19:     0x64671d2b97c9 - <std[70759c8f55707aa4]::sys::thread::unix::Thread>::new::thread_start
[INFO] [stdout]   20:     0x7ee09c7e3dfa - <unknown>
[INFO] [stdout]   21:     0x7ee09c8773d4 - clone
[INFO] [stdout]   22:                0x0 - <unknown>
[INFO] [stdout] 
[INFO] [stdout] 
[INFO] [stdout] failures:
[INFO] [stdout]     grammar_parser::tests_rejections::invalid_input_tests::test_empty_placeholder_name
[INFO] [stdout]     grammar_parser::tests_rejections::invalid_input_tests::test_invalid_field_syntax
[INFO] [stdout]     grammar_parser::tests_rejections::invalid_input_tests::test_invalid_number_in_field
[INFO] [stdout]     grammar_parser::tests_rejections::invalid_input_tests::test_missing_arrow
[INFO] [stdout]     grammar_parser::tests_rejections::invalid_input_tests::test_missing_colon
[INFO] [stdout]     grammar_parser::tests_rejections::invalid_input_tests::test_unclosed_quote
[INFO] [stdout]     grammar_parser::tests_rejections::invalid_input_tests::test_unexpected_character_in_pattern
[INFO] [stdout]     try_accept::try_accept_file_tests::try_accept_incomplete_level
[INFO] [stdout]     try_accept::try_accept_file_tests::try_accept_missing_brace
[INFO] [stdout]     try_accept::try_accept_file_tests::try_accept_wrong_level
[INFO] [stdout] 
[INFO] [stdout] test result: FAILED. 59 passed; 10 failed; 0 ignored; 0 measured; 0 filtered out; finished in 0.02s
[INFO] [stdout] 
[INFO] [stderr] error: test failed, to rerun pass `--lib`
[INFO] running `Command { std: "docker" "inspect" "fe87a3535022130f1b070094efd4ad0429dfe998cd29ce81421723ab9593a66f", kill_on_drop: false }`
[INFO] running `Command { std: "docker" "rm" "-f" "fe87a3535022130f1b070094efd4ad0429dfe998cd29ce81421723ab9593a66f", kill_on_drop: false }`
[INFO] [stdout] fe87a3535022130f1b070094efd4ad0429dfe998cd29ce81421723ab9593a66f
