[INFO] fetching crate dogelang 0.3.4...
[INFO] testing dogelang-0.3.4 against 1.99.0-beta.8+cargoflags=--release for beta-release-1.100-2
[INFO] extracting crate dogelang 0.3.4 into /workspace/builds/worker-4-tc1/source
[INFO] started tweaking crates.io crate dogelang 0.3.4
[INFO] removed 0 missing tests
[INFO] finished tweaking crates.io crate dogelang 0.3.4
[INFO] tweaked toml for crates.io crate dogelang 0.3.4 written to /workspace/builds/worker-4-tc1/source/Cargo.toml
[INFO] validating manifest of crates.io crate dogelang 0.3.4 on toolchain 1.99.0-beta.8
[INFO] running `Command { std: CARGO_HOME="/workspace/cargo-home" RUSTUP_HOME="/workspace/rustup-home" "/workspace/cargo-home/bin/cargo" "+1.99.0-beta.8" "metadata" "--manifest-path" "Cargo.toml" "--no-deps", kill_on_drop: false }`
[INFO] crate crates.io crate dogelang 0.3.4 already has a lockfile, it will not be regenerated
[INFO] running `Command { std: CARGO_HOME="/workspace/cargo-home" RUSTUP_HOME="/workspace/rustup-home" "/workspace/cargo-home/bin/cargo" "+1.99.0-beta.8" "fetch" "--manifest-path" "Cargo.toml", kill_on_drop: false }`
[INFO] [stderr]     Updating crates.io index
[INFO] [stderr]  Downloading crates ...
[INFO] [stderr]   Downloaded rustls-pki-types v1.15.0
[INFO] [stderr]   Downloaded doge-lsp v0.3.4
[INFO] [stderr]   Downloaded lsp-server v0.7.9
[INFO] [stderr]   Downloaded doge-interp v0.3.4
[INFO] [stderr]   Downloaded crossbeam-utils v0.8.22
[INFO] [stderr]   Downloaded ureq v2.12.1
[INFO] [stderr]   Downloaded doge-runtime v0.3.4
[INFO] [stderr]   Downloaded lsp-types v0.95.1
[INFO] [stderr]   Downloaded cc v1.2.67
[INFO] [stderr]   Downloaded crossbeam-channel v0.5.16
[INFO] [stderr]   Downloaded doge-compiler v0.3.4
[INFO] [stderr]   Downloaded bigdecimal v0.4.10
[INFO] [stderr]   Downloaded regex v1.13.0
[INFO] [stderr]   Downloaded webpki-roots v1.0.8
[INFO] [stderr]   Downloaded syn v2.0.118
[INFO] [stderr]   Downloaded rustls v0.23.42
[INFO] [stderr]   Downloaded regex-automata v0.4.15
[INFO] running `Command { std: "docker" "create" "-v" "/var/lib/crater-agent-workspace/builds/worker-4-tc1/source:/opt/rustwide/workdir:ro,Z" "-v" "/var/lib/crater-agent-workspace/builds/worker-4-tc1/target:/opt/rustwide/target:rw,Z" "-v" "/var/lib/crater-agent-workspace/cargo-home:/opt/rustwide/cargo-home:ro,Z" "-v" "/var/lib/crater-agent-workspace/rustup-home:/opt/rustwide/rustup-home:ro,Z" "-m" "1610612736" "--network" "none" "ghcr.io/rust-lang/crates-build-env/linux@sha256:77db811e55d90add9212f6832c23229e3de5f1c1f9905e8cb07319ea15df73ac" "sleep" "infinity", kill_on_drop: false }`
[INFO] [stdout] 8909250304ffc033ac4f350b077f2d0ef5a9df6f97853bf897d13a5ac7b56c41
[INFO] running `Command { std: "docker" "start" "8909250304ffc033ac4f350b077f2d0ef5a9df6f97853bf897d13a5ac7b56c41", kill_on_drop: false }`
[INFO] running `Command { std: "docker" "inspect" "8909250304ffc033ac4f350b077f2d0ef5a9df6f97853bf897d13a5ac7b56c41", kill_on_drop: false }`
[INFO] running `Command { std: "docker" "exec" "-e" "SOURCE_DIR=/opt/rustwide/workdir" "-e" "CARGO_HOME=/opt/rustwide/cargo-home" "-e" "RUSTUP_HOME=/opt/rustwide/rustup-home" "-e" "CARGO_TARGET_DIR=/opt/rustwide/target" "-w" "/opt/rustwide/workdir" "--user" "0:0" "8909250304ffc033ac4f350b077f2d0ef5a9df6f97853bf897d13a5ac7b56c41" "/opt/rustwide/cargo-home/bin/cargo" "+1.99.0-beta.8" "metadata" "--no-deps" "--format-version=1", kill_on_drop: false }`
[INFO] running `Command { std: "docker" "inspect" "8909250304ffc033ac4f350b077f2d0ef5a9df6f97853bf897d13a5ac7b56c41", kill_on_drop: false }`
[INFO] running `Command { std: "docker" "exec" "-e" "SOURCE_DIR=/opt/rustwide/workdir" "-e" "CARGO_HOME=/opt/rustwide/cargo-home" "-e" "RUSTUP_HOME=/opt/rustwide/rustup-home" "-e" "CARGO_TARGET_DIR=/opt/rustwide/target" "-e" "CARGO_INCREMENTAL=0" "-e" "RUST_BACKTRACE=full" "-e" "RUSTFLAGS=--cap-lints=warn" "-e" "RUSTDOCFLAGS=--cap-lints=warn" "-w" "/opt/rustwide/workdir" "--user" "0:0" "8909250304ffc033ac4f350b077f2d0ef5a9df6f97853bf897d13a5ac7b56c41" "/opt/rustwide/cargo-home/bin/cargo" "+1.99.0-beta.8" "build" "--frozen" "--message-format=json" "--release", kill_on_drop: false }`
[INFO] [stderr]    Compiling quote v1.0.46
[INFO] [stderr]    Compiling autocfg v1.5.1
[INFO] [stderr]    Compiling version_check v0.9.5
[INFO] [stderr]    Compiling shlex v2.0.1
[INFO] [stderr]    Compiling memchr v2.8.3
[INFO] [stderr]    Compiling smallvec v1.15.2
[INFO] [stderr]    Compiling libc v0.2.186
[INFO] [stderr]    Compiling zeroize v1.9.0
[INFO] [stderr]    Compiling typenum v1.20.1
[INFO] [stderr]    Compiling subtle v2.6.1
[INFO] [stderr]    Compiling percent-encoding v2.3.2
[INFO] [stderr]    Compiling log v0.4.33
[INFO] [stderr]    Compiling untrusted v0.9.0
[INFO] [stderr]    Compiling serde_json v1.0.150
[INFO] [stderr]    Compiling rustls v0.23.42
[INFO] [stderr]    Compiling crossbeam-utils v0.8.22
[INFO] [stderr]    Compiling regex-syntax v0.8.11
[INFO] [stderr]    Compiling cpufeatures v0.2.17
[INFO] [stderr]    Compiling cc v1.2.67
[INFO] [stderr]    Compiling bitflags v1.3.2
[INFO] [stderr]    Compiling dogelang v0.3.4 (/opt/rustwide/workdir)
[INFO] [stderr]    Compiling form_urlencoded v1.2.2
[INFO] [stderr]    Compiling rustls-pki-types v1.15.0
[INFO] [stderr]    Compiling generic-array v0.14.7
[INFO] [stderr]    Compiling num-traits v0.2.19
[INFO] [stderr]    Compiling bigdecimal v0.4.10
[INFO] [stderr]    Compiling syn v2.0.118
[INFO] [stderr]    Compiling webpki-roots v1.0.8
[INFO] [stderr]    Compiling aho-corasick v1.1.4
[INFO] [stderr]    Compiling webpki-roots v0.26.11
[INFO] [stderr]    Compiling crossbeam-channel v0.5.16
[INFO] [stderr]    Compiling block-buffer v0.10.4
[INFO] [stderr]    Compiling crypto-common v0.1.7
[INFO] [stderr]    Compiling digest v0.10.7
[INFO] [stderr]    Compiling num-integer v0.1.46
[INFO] [stderr]    Compiling ring v0.17.14
[INFO] [stderr]    Compiling sha2 v0.10.9
[INFO] [stderr]    Compiling hmac v0.12.1
[INFO] [stderr]    Compiling num-bigint v0.4.8
[INFO] [stderr]    Compiling getrandom v0.2.17
[INFO] [stderr]    Compiling regex-automata v0.4.15
[INFO] [stderr]    Compiling synstructure v0.13.2
[INFO] [stderr]    Compiling doge-compiler v0.3.4
[INFO] [stderr]    Compiling zerovec-derive v0.11.3
[INFO] [stderr]    Compiling displaydoc v0.2.6
[INFO] [stderr]    Compiling serde_derive v1.0.228
[INFO] [stderr]    Compiling zerofrom-derive v0.1.7
[INFO] [stderr]    Compiling yoke-derive v0.8.2
[INFO] [stderr]    Compiling serde_repr v0.1.20
[INFO] [stderr]    Compiling zerofrom v0.1.8
[INFO] [stderr]    Compiling yoke v0.8.3
[INFO] [stderr]    Compiling zerotrie v0.2.4
[INFO] [stderr]    Compiling zerovec v0.11.6
[INFO] [stderr]    Compiling tinystr v0.8.3
[INFO] [stderr]    Compiling potential_utf v0.1.5
[INFO] [stderr]    Compiling icu_locale_core v2.2.0
[INFO] [stderr]    Compiling icu_collections v2.2.0
[INFO] [stderr]    Compiling regex v1.13.0
[INFO] [stderr]    Compiling serde v1.0.228
[INFO] [stderr]    Compiling icu_provider v2.2.0
[INFO] [stderr]    Compiling icu_properties v2.2.0
[INFO] [stderr]    Compiling icu_normalizer v2.2.0
[INFO] [stderr]    Compiling lsp-server v0.7.9
[INFO] [stderr]    Compiling idna_adapter v1.2.2
[INFO] [stderr]    Compiling idna v1.1.0
[INFO] [stderr]    Compiling url v2.5.8
[INFO] [stderr]    Compiling lsp-types v0.95.1
[INFO] [stderr]    Compiling rustls-webpki v0.103.13
[INFO] [stderr]    Compiling ureq v2.12.1
[INFO] [stderr]    Compiling doge-runtime v0.3.4
[INFO] [stderr]    Compiling doge-interp v0.3.4
[INFO] [stderr]    Compiling doge-lsp v0.3.4
[INFO] [stderr]     Finished `release` profile [optimized] target(s) in 1m 44s
[INFO] running `Command { std: "docker" "inspect" "8909250304ffc033ac4f350b077f2d0ef5a9df6f97853bf897d13a5ac7b56c41", kill_on_drop: false }`
[INFO] running `Command { std: "docker" "exec" "-e" "SOURCE_DIR=/opt/rustwide/workdir" "-e" "CARGO_HOME=/opt/rustwide/cargo-home" "-e" "RUSTUP_HOME=/opt/rustwide/rustup-home" "-e" "CARGO_TARGET_DIR=/opt/rustwide/target" "-e" "CARGO_INCREMENTAL=0" "-e" "RUST_BACKTRACE=full" "-e" "RUSTFLAGS=--cap-lints=warn" "-e" "RUSTDOCFLAGS=--cap-lints=warn" "-w" "/opt/rustwide/workdir" "--user" "0:0" "8909250304ffc033ac4f350b077f2d0ef5a9df6f97853bf897d13a5ac7b56c41" "/opt/rustwide/cargo-home/bin/cargo" "+1.99.0-beta.8" "test" "--frozen" "--no-run" "--message-format=json" "--release", kill_on_drop: false }`
[INFO] [stderr]    Compiling dogelang v0.3.4 (/opt/rustwide/workdir)
[INFO] [stderr]     Finished `release` profile [optimized] target(s) in 4.55s
[INFO] running `Command { std: "docker" "inspect" "8909250304ffc033ac4f350b077f2d0ef5a9df6f97853bf897d13a5ac7b56c41", kill_on_drop: false }`
[INFO] running `Command { std: "docker" "exec" "-e" "SOURCE_DIR=/opt/rustwide/workdir" "-e" "CARGO_HOME=/opt/rustwide/cargo-home" "-e" "RUSTUP_HOME=/opt/rustwide/rustup-home" "-e" "CARGO_TARGET_DIR=/opt/rustwide/target" "-e" "CARGO_INCREMENTAL=0" "-e" "RUST_BACKTRACE=full" "-e" "RUSTFLAGS=--cap-lints=warn" "-e" "RUSTDOCFLAGS=--cap-lints=warn" "-w" "/opt/rustwide/workdir" "--user" "0:0" "8909250304ffc033ac4f350b077f2d0ef5a9df6f97853bf897d13a5ac7b56c41" "/opt/rustwide/cargo-home/bin/cargo" "+1.99.0-beta.8" "test" "--frozen" "--release", kill_on_drop: false }`
[INFO] [stderr]    Compiling dogelang v0.3.4 (/opt/rustwide/workdir)
[INFO] [stderr]     Finished `release` profile [optimized] target(s) in 4.12s
[INFO] [stderr]      Running unittests src/main.rs (/opt/rustwide/target/release/deps/doge-28076b34834e2285)
[INFO] [stdout] 
[INFO] [stdout] running 15 tests
[INFO] [stdout] test cache::tests::cache_key_changes_with_runtime_hash ... ok
[INFO] [stdout] test cache::tests::cache_key_is_sixteen_hex_digits ... ok
[INFO] [stdout] test build::tests::installed_build_uses_the_versioned_runtime ... ok
[INFO] [stdout] test cache::tests::cache_root_home_beats_localappdata ... ok
[INFO] [stdout] test cache::tests::cache_key_changes_with_source ... ok
[INFO] [stdout] test cache::tests::cache_root_prefers_doge_cache_dir_with_no_suffix ... ok
[INFO] [stdout] test cache::tests::cache_root_errors_when_nothing_is_set ... ok
[INFO] [stdout] test build::tests::dev_build_uses_the_path_runtime ... ok
[INFO] [stdout] test cache::tests::cache_root_falls_back_to_localappdata_on_default_windows ... ok
[INFO] [stdout] test deps::tests::lock_round_trips ... ok
[INFO] [stdout] test new::tests::plain_names_are_valid ... ok
[INFO] [stdout] test new::tests::traversal_and_separators_are_rejected ... ok
[INFO] [stdout] test cache::tests::cache_root_skips_empty_values ... ok
[INFO] [stdout] test cache::tests::fnv1a_matches_known_vectors ... ok
[INFO] [stderr]      Running tests/cli.rs (/opt/rustwide/target/release/deps/cli-2b5d2d3e2672c27b)
[INFO] [stdout] test deps::tests::setting_an_existing_key_updates_it ... ok
[INFO] [stdout] 
[INFO] [stdout] test result: ok. 15 passed; 0 failed; 0 ignored; 0 measured; 0 filtered out; finished in 0.01s
[INFO] [stdout] 
[INFO] [stdout] 
[INFO] [stdout] running 37 tests
[INFO] [stdout] test an_unknown_command_prints_usage_and_exits_two ... ok
[INFO] [stdout] test bark_runs_and_caches ... FAILED
[INFO] [stdout] test bark_runs_a_program_with_imported_modules ... FAILED
[INFO] [stdout] test check_on_a_bad_program_prints_a_diagnostic_to_stderr ... ok
[INFO] [stdout] test a_loose_statement_in_a_module_is_a_doge_diagnostic ... ok
[INFO] [stdout] test a_circular_import_is_a_doge_diagnostic ... ok
[INFO] [stdout] test a_bare_doge_starts_the_repl ... ok
[INFO] [stdout] test fmt_check_passes_on_a_formatted_file ... ok
[INFO] [stdout] test fmt_on_unparseable_source_reports_a_diagnostic ... ok
[INFO] [stdout] test check_on_a_good_program_dumps_the_ast ... FAILED
[INFO] [stdout] test new_refuses_to_overwrite_an_existing_directory ... ok
[INFO] [stdout] test new_rejects_a_path_traversal_name ... ok
[INFO] [stdout] test fmt_rewrites_a_file_in_place ... ok
[INFO] [stdout] test importing_a_missing_module_is_a_doge_diagnostic ... ok
[INFO] [stdout] test fmt_check_fails_on_unformatted_and_leaves_the_file ... ok
[INFO] [stdout] test repl_recovers_after_an_error ... ok
[INFO] [stdout] test repl_runs_a_session_and_persists_bindings ... ok
[INFO] [stdout] test test_initializes_top_level_constants_before_running_tests ... ok
[INFO] [stdout] test test_resolves_a_projects_declared_dependency ... ok
[INFO] [stdout] test test_runs_a_file_and_ignores_non_test_functions ... ok
[INFO] [stdout] test test_with_no_test_functions_reports_an_empty_suite ... FAILED
[INFO] [stdout] test test_reports_a_failing_assertion_with_location ... ok
[INFO] [stdout] test test_discovers_test_files_recursively_in_a_directory ... ok
[INFO] [stdout] test bark_forwards_command_line_arguments_to_the_script ... FAILED
[INFO] [stdout] test uncaught_bonk_reports_path_and_line ... FAILED
[INFO] [stdout] test an_object_defined_in_a_module_is_importable ... FAILED
[INFO] [stdout] test gib_reads_a_line_of_input_and_none_at_end ... FAILED
[INFO] [stdout] test recursion_limit_is_a_catchable_doge_error ... FAILED
[INFO] [stdout] test build_produces_standalone_binary ... FAILED
[INFO] [stdout] test bark_prints_a_function_value ... FAILED
[INFO] [stdout] test uncaught_amaze_reports_path_line_and_message ... FAILED
[INFO] [stdout] test new_scaffolds_a_project_that_runs ... FAILED
[INFO] [stdout] test bark_prints_a_class_value_and_it_constructs ... FAILED
[INFO] [stdout] test runtime_error_reports_path_line_and_source ... FAILED
[INFO] [stdout] test runtime_error_in_a_module_reports_that_module_and_line ... FAILED
[INFO] [stdout] test caught_error_exposes_type_file_and_line ... FAILED
[INFO] [stdout] test concurrent_builds_of_one_script_all_succeed ... FAILED
[INFO] [stdout] 
[INFO] [stdout] failures:
[INFO] [stdout] 
[INFO] [stdout] ---- bark_runs_and_caches stdout ----
[INFO] [stdout] 
[INFO] [stdout] thread 'bark_runs_and_caches' (2148) panicked at tests/cli.rs:105:78:
[INFO] [stdout] hello.out: Os { code: 2, kind: NotFound, message: "No such file or directory" }
[INFO] [stdout] stack backtrace:
[INFO] [stdout]    0:     0x596e8288f921 - <<std[70759c8f55707aa4]::sys::backtrace::BacktraceLock>::print::DisplayBacktrace as core[df12db4294e9bfd3]::fmt::Display>::fmt
[INFO] [stdout]    1:     0x596e828a3f9a - core[df12db4294e9bfd3]::fmt::write
[INFO] [stdout]    2:     0x596e8289411c - <alloc[2182bb758b4b3781]::vec::Vec<u8> as core[df12db4294e9bfd3]::io::write::Write>::write_fmt
[INFO] [stdout]    3:     0x596e82869ed6 - std[70759c8f55707aa4]::panicking::default_hook::{closure#0}
[INFO] [stdout]    4:     0x596e828871a9 - std[70759c8f55707aa4]::panicking::default_hook
[INFO] [stdout]    5:     0x596e82821ca0 - test[9d35eded1c95d3be]::test_main_inner::<test[9d35eded1c95d3be]::test_main_static::{closure#0}>::{closure#0}
[INFO] [stdout]    6:     0x596e82887362 - std[70759c8f55707aa4]::panicking::panic_with_hook
[INFO] [stdout]    7:     0x596e82869f82 - std[70759c8f55707aa4]::panicking::panic_handler::{closure#0}
[INFO] [stdout]    8:     0x596e828629b9 - std[70759c8f55707aa4]::sys::backtrace::__rust_end_short_backtrace::<std[70759c8f55707aa4]::panicking::panic_handler::{closure#0}, !>
[INFO] [stdout]    9:     0x596e8286ab7d - __rustc[8fa7c3cbc660c2b3]::rust_begin_unwind
[INFO] [stdout]   10:     0x596e828a46cc - core[df12db4294e9bfd3]::panicking::panic_fmt
[INFO] [stdout]   11:     0x596e828a44a2 - core[df12db4294e9bfd3]::result::unwrap_failed
[INFO] [stdout]   12:     0x596e8280864f - <cli[7965872ce15e93d9]::bark_runs_and_caches::{closure#0} as core[df12db4294e9bfd3]::ops::function::FnOnce<()>>::call_once
[INFO] [stdout]   13:     0x596e82814f8b - test[9d35eded1c95d3be]::__rust_begin_short_backtrace::<core[df12db4294e9bfd3]::result::Result<(), alloc[2182bb758b4b3781]::string::String>, fn() -> core[df12db4294e9bfd3]::result::Result<(), alloc[2182bb758b4b3781]::string::String>>
[INFO] [stdout]   14:     0x596e828225f5 - test[9d35eded1c95d3be]::run_test::{closure#0}
[INFO] [stdout]   15:     0x596e8281beb4 - std[70759c8f55707aa4]::sys::backtrace::__rust_begin_short_backtrace::<test[9d35eded1c95d3be]::run_test::{closure#1}, ()>
[INFO] [stdout]   16:     0x596e82825752 - <std[70759c8f55707aa4]::thread::lifecycle::spawn_unchecked<test[9d35eded1c95d3be]::run_test::{closure#1}, ()>::{closure#1} as core[df12db4294e9bfd3]::ops::function::FnOnce<()>>::call_once::{shim:vtable#0}
[INFO] [stdout]   17:     0x596e8288ec99 - <std[70759c8f55707aa4]::sys::thread::unix::Thread>::new::thread_start
[INFO] [stdout]   18:     0x75e513312dfa - <unknown>
[INFO] [stdout]   19:     0x75e5133a63d4 - clone
[INFO] [stdout]   20:                0x0 - <unknown>
[INFO] [stdout] 
[INFO] [stdout] ---- bark_runs_a_program_with_imported_modules stdout ----
[INFO] [stdout] 
[INFO] [stdout] thread 'bark_runs_a_program_with_imported_modules' (2147) panicked at tests/cli.rs:438:69:
[INFO] [stdout] modules.out: Os { code: 2, kind: NotFound, message: "No such file or directory" }
[INFO] [stdout] stack backtrace:
[INFO] [stdout]    0:     0x596e8288f921 - <<std[70759c8f55707aa4]::sys::backtrace::BacktraceLock>::print::DisplayBacktrace as core[df12db4294e9bfd3]::fmt::Display>::fmt
[INFO] [stdout]    1:     0x596e828a3f9a - core[df12db4294e9bfd3]::fmt::write
[INFO] [stdout]    2:     0x596e8289411c - <alloc[2182bb758b4b3781]::vec::Vec<u8> as core[df12db4294e9bfd3]::io::write::Write>::write_fmt
[INFO] [stdout]    3:     0x596e82869ed6 - std[70759c8f55707aa4]::panicking::default_hook::{closure#0}
[INFO] [stdout]    4:     0x596e828871a9 - std[70759c8f55707aa4]::panicking::default_hook
[INFO] [stdout]    5:     0x596e82821ca0 - test[9d35eded1c95d3be]::test_main_inner::<test[9d35eded1c95d3be]::test_main_static::{closure#0}>::{closure#0}
[INFO] [stdout]    6:     0x596e82887362 - std[70759c8f55707aa4]::panicking::panic_with_hook
[INFO] [stdout]    7:     0x596e82869f82 - std[70759c8f55707aa4]::panicking::panic_handler::{closure#0}
[INFO] [stdout]    8:     0x596e828629b9 - std[70759c8f55707aa4]::sys::backtrace::__rust_end_short_backtrace::<std[70759c8f55707aa4]::panicking::panic_handler::{closure#0}, !>
[INFO] [stdout]    9:     0x596e8286ab7d - __rustc[8fa7c3cbc660c2b3]::rust_begin_unwind
[INFO] [stdout]   10:     0x596e828a46cc - core[df12db4294e9bfd3]::panicking::panic_fmt
[INFO] [stdout]   11:     0x596e828a44a2 - core[df12db4294e9bfd3]::result::unwrap_failed
[INFO] [stdout]   12:     0x596e8280c059 - <cli[7965872ce15e93d9]::bark_runs_a_program_with_imported_modules::{closure#0} as core[df12db4294e9bfd3]::ops::function::FnOnce<()>>::call_once
[INFO] [stdout]   13:     0x596e82814f8b - test[9d35eded1c95d3be]::__rust_begin_short_backtrace::<core[df12db4294e9bfd3]::result::Result<(), alloc[2182bb758b4b3781]::string::String>, fn() -> core[df12db4294e9bfd3]::result::Result<(), alloc[2182bb758b4b3781]::string::String>>
[INFO] [stdout]   14:     0x596e828225f5 - test[9d35eded1c95d3be]::run_test::{closure#0}
[INFO] [stdout]   15:     0x596e8281beb4 - std[70759c8f55707aa4]::sys::backtrace::__rust_begin_short_backtrace::<test[9d35eded1c95d3be]::run_test::{closure#1}, ()>
[INFO] [stdout]   16:     0x596e82825752 - <std[70759c8f55707aa4]::thread::lifecycle::spawn_unchecked<test[9d35eded1c95d3be]::run_test::{closure#1}, ()>::{closure#1} as core[df12db4294e9bfd3]::ops::function::FnOnce<()>>::call_once::{shim:vtable#0}
[INFO] [stdout]   17:     0x596e8288ec99 - <std[70759c8f55707aa4]::sys::thread::unix::Thread>::new::thread_start
[INFO] [stdout]   18:     0x75e513312dfa - <unknown>
[INFO] [stdout]   19:     0x75e5133a63d4 - clone
[INFO] [stdout]   20:                0x0 - <unknown>
[INFO] [stdout] 
[INFO] [stdout] ---- check_on_a_good_program_dumps_the_ast stdout ----
[INFO] [stdout] 
[INFO] [stdout] thread 'check_on_a_good_program_dumps_the_ast' (2153) panicked at tests/cli.rs:59:5:
[INFO] [stdout] expected exit 0
[INFO] [stdout] stack backtrace:
[INFO] [stdout]    0:     0x596e8288f921 - <<std[70759c8f55707aa4]::sys::backtrace::BacktraceLock>::print::DisplayBacktrace as core[df12db4294e9bfd3]::fmt::Display>::fmt
[INFO] [stdout]    1:     0x596e828a3f9a - core[df12db4294e9bfd3]::fmt::write
[INFO] [stdout]    2:     0x596e8289411c - <alloc[2182bb758b4b3781]::vec::Vec<u8> as core[df12db4294e9bfd3]::io::write::Write>::write_fmt
[INFO] [stdout]    3:     0x596e82869ed6 - std[70759c8f55707aa4]::panicking::default_hook::{closure#0}
[INFO] [stdout]    4:     0x596e828871a9 - std[70759c8f55707aa4]::panicking::default_hook
[INFO] [stdout]    5:     0x596e82821ca0 - test[9d35eded1c95d3be]::test_main_inner::<test[9d35eded1c95d3be]::test_main_static::{closure#0}>::{closure#0}
[INFO] [stdout]    6:     0x596e82887362 - std[70759c8f55707aa4]::panicking::panic_with_hook
[INFO] [stdout]    7:     0x596e82869fb4 - std[70759c8f55707aa4]::panicking::panic_handler::{closure#0}
[INFO] [stdout]    8:     0x596e828629b9 - std[70759c8f55707aa4]::sys::backtrace::__rust_end_short_backtrace::<std[70759c8f55707aa4]::panicking::panic_handler::{closure#0}, !>
[INFO] [stdout]    9:     0x596e8286ab7d - __rustc[8fa7c3cbc660c2b3]::rust_begin_unwind
[INFO] [stdout]   10:     0x596e828a46cc - core[df12db4294e9bfd3]::panicking::panic_fmt
[INFO] [stdout]   11:     0x596e8280b23d - <cli[7965872ce15e93d9]::check_on_a_good_program_dumps_the_ast::{closure#0} as core[df12db4294e9bfd3]::ops::function::FnOnce<()>>::call_once
[INFO] [stdout]   12:     0x596e82814f8b - test[9d35eded1c95d3be]::__rust_begin_short_backtrace::<core[df12db4294e9bfd3]::result::Result<(), alloc[2182bb758b4b3781]::string::String>, fn() -> core[df12db4294e9bfd3]::result::Result<(), alloc[2182bb758b4b3781]::string::String>>
[INFO] [stdout]   13:     0x596e828225f5 - test[9d35eded1c95d3be]::run_test::{closure#0}
[INFO] [stdout]   14:     0x596e8281beb4 - std[70759c8f55707aa4]::sys::backtrace::__rust_begin_short_backtrace::<test[9d35eded1c95d3be]::run_test::{closure#1}, ()>
[INFO] [stdout]   15:     0x596e82825752 - <std[70759c8f55707aa4]::thread::lifecycle::spawn_unchecked<test[9d35eded1c95d3be]::run_test::{closure#1}, ()>::{closure#1} as core[df12db4294e9bfd3]::ops::function::FnOnce<()>>::call_once::{shim:vtable#0}
[INFO] [stdout]   16:     0x596e8288ec99 - <std[70759c8f55707aa4]::sys::thread::unix::Thread>::new::thread_start
[INFO] [stdout]   17:     0x75e513312dfa - <unknown>
[INFO] [stdout]   18:     0x75e5133a63d4 - clone
[INFO] [stdout]   19:                0x0 - <unknown>
[INFO] [stdout] 
[INFO] [stdout] ---- test_with_no_test_functions_reports_an_empty_suite stdout ----
[INFO] [stdout] 
[INFO] [stdout] thread 'test_with_no_test_functions_reports_an_empty_suite' (2339) panicked at tests/cli.rs:945:5:
[INFO] [stdout] should be a doge-flavored empty-suite message, got:
[INFO] [stdout] very missing. much file.
[INFO] [stdout] 
[INFO] [stdout]   doge cannot read /opt/rustwide/workdir/../../examples/hello.doge: No such file or directory (os error 2)
[INFO] [stdout] 
[INFO] [stdout] stack backtrace:
[INFO] [stdout]    0:     0x596e8288f921 - <<std[70759c8f55707aa4]::sys::backtrace::BacktraceLock>::print::DisplayBacktrace as core[df12db4294e9bfd3]::fmt::Display>::fmt
[INFO] [stdout]    1:     0x596e828a3f9a - core[df12db4294e9bfd3]::fmt::write
[INFO] [stdout]    2:     0x596e8289411c - <alloc[2182bb758b4b3781]::vec::Vec<u8> as core[df12db4294e9bfd3]::io::write::Write>::write_fmt
[INFO] [stdout]    3:     0x596e82869ed6 - std[70759c8f55707aa4]::panicking::default_hook::{closure#0}
[INFO] [stdout]    4:     0x596e828871a9 - std[70759c8f55707aa4]::panicking::default_hook
[INFO] [stdout]    5:     0x596e82821ca0 - test[9d35eded1c95d3be]::test_main_inner::<test[9d35eded1c95d3be]::test_main_static::{closure#0}>::{closure#0}
[INFO] [stdout]    6:     0x596e82887362 - std[70759c8f55707aa4]::panicking::panic_with_hook
[INFO] [stdout]    7:     0x596e82869f82 - std[70759c8f55707aa4]::panicking::panic_handler::{closure#0}
[INFO] [stdout]    8:     0x596e828629b9 - std[70759c8f55707aa4]::sys::backtrace::__rust_end_short_backtrace::<std[70759c8f55707aa4]::panicking::panic_handler::{closure#0}, !>
[INFO] [stdout]    9:     0x596e8286ab7d - __rustc[8fa7c3cbc660c2b3]::rust_begin_unwind
[INFO] [stdout]   10:     0x596e828a46cc - core[df12db4294e9bfd3]::panicking::panic_fmt
[INFO] [stdout]   11:     0x596e82811539 - <cli[7965872ce15e93d9]::test_with_no_test_functions_reports_an_empty_suite::{closure#0} as core[df12db4294e9bfd3]::ops::function::FnOnce<()>>::call_once
[INFO] [stdout]   12:     0x596e82814f8b - test[9d35eded1c95d3be]::__rust_begin_short_backtrace::<core[df12db4294e9bfd3]::result::Result<(), alloc[2182bb758b4b3781]::string::String>, fn() -> core[df12db4294e9bfd3]::result::Result<(), alloc[2182bb758b4b3781]::string::String>>
[INFO] [stdout]   13:     0x596e828225f5 - test[9d35eded1c95d3be]::run_test::{closure#0}
[INFO] [stdout]   14:     0x596e8281beb4 - std[70759c8f55707aa4]::sys::backtrace::__rust_begin_short_backtrace::<test[9d35eded1c95d3be]::run_test::{closure#1}, ()>
[INFO] [stdout]   15:     0x596e82825752 - <std[70759c8f55707aa4]::thread::lifecycle::spawn_unchecked<test[9d35eded1c95d3be]::run_test::{closure#1}, ()>::{closure#1} as core[df12db4294e9bfd3]::ops::function::FnOnce<()>>::call_once::{shim:vtable#0}
[INFO] [stdout]   16:     0x596e8288ec99 - <std[70759c8f55707aa4]::sys::thread::unix::Thread>::new::thread_start
[INFO] [stdout]   17:     0x75e513312dfa - <unknown>
[INFO] [stdout]   18:     0x75e5133a63d4 - clone
[INFO] [stdout]   19:                0x0 - <unknown>
[INFO] [stdout] 
[INFO] [stdout] ---- bark_forwards_command_line_arguments_to_the_script stdout ----
[INFO] [stdout] 
[INFO] [stdout] thread 'bark_forwards_command_line_arguments_to_the_script' (2144) panicked at tests/cli.rs:242:5:
[INFO] [stdout] a script reading args runs cleanly, stderr:
[INFO] [stdout] very bug. much sorry.
[INFO] [stdout] 
[INFO] [stdout] the Rust that doge generated failed to build — this is a doge bug, not your script.
[INFO] [stdout] pls report it and attach: /opt/rustwide/target/tmp/doge-cache/scripts/128b6eb55bdf125c/build.log
[INFO] [stdout] 
[INFO] [stdout] stack backtrace:
[INFO] [stdout]    0:     0x596e8288f921 - <<std[70759c8f55707aa4]::sys::backtrace::BacktraceLock>::print::DisplayBacktrace as core[df12db4294e9bfd3]::fmt::Display>::fmt
[INFO] [stdout]    1:     0x596e828a3f9a - core[df12db4294e9bfd3]::fmt::write
[INFO] [stdout]    2:     0x596e8289411c - <alloc[2182bb758b4b3781]::vec::Vec<u8> as core[df12db4294e9bfd3]::io::write::Write>::write_fmt
[INFO] [stdout]    3:     0x596e82869ed6 - std[70759c8f55707aa4]::panicking::default_hook::{closure#0}
[INFO] [stdout]    4:     0x596e828871a9 - std[70759c8f55707aa4]::panicking::default_hook
[INFO] [stdout]    5:     0x596e82821ca0 - test[9d35eded1c95d3be]::test_main_inner::<test[9d35eded1c95d3be]::test_main_static::{closure#0}>::{closure#0}
[INFO] [stdout]    6:     0x596e82887362 - std[70759c8f55707aa4]::panicking::panic_with_hook
[INFO] [stdout]    7:     0x596e82869f82 - std[70759c8f55707aa4]::panicking::panic_handler::{closure#0}
[INFO] [stdout]    8:     0x596e828629b9 - std[70759c8f55707aa4]::sys::backtrace::__rust_end_short_backtrace::<std[70759c8f55707aa4]::panicking::panic_handler::{closure#0}, !>
[INFO] [stdout]    9:     0x596e8286ab7d - __rustc[8fa7c3cbc660c2b3]::rust_begin_unwind
[INFO] [stdout]   10:     0x596e828a46cc - core[df12db4294e9bfd3]::panicking::panic_fmt
[INFO] [stdout]   11:     0x596e82810ce1 - <cli[7965872ce15e93d9]::bark_forwards_command_line_arguments_to_the_script::{closure#0} as core[df12db4294e9bfd3]::ops::function::FnOnce<()>>::call_once
[INFO] [stdout]   12:     0x596e82814f8b - test[9d35eded1c95d3be]::__rust_begin_short_backtrace::<core[df12db4294e9bfd3]::result::Result<(), alloc[2182bb758b4b3781]::string::String>, fn() -> core[df12db4294e9bfd3]::result::Result<(), alloc[2182bb758b4b3781]::string::String>>
[INFO] [stdout]   13:     0x596e828225f5 - test[9d35eded1c95d3be]::run_test::{closure#0}
[INFO] [stdout]   14:     0x596e8281beb4 - std[70759c8f55707aa4]::sys::backtrace::__rust_begin_short_backtrace::<test[9d35eded1c95d3be]::run_test::{closure#1}, ()>
[INFO] [stdout]   15:     0x596e82825752 - <std[70759c8f55707aa4]::thread::lifecycle::spawn_unchecked<test[9d35eded1c95d3be]::run_test::{closure#1}, ()>::{closure#1} as core[df12db4294e9bfd3]::ops::function::FnOnce<()>>::call_once::{shim:vtable#0}
[INFO] [stdout]   16:     0x596e8288ec99 - <std[70759c8f55707aa4]::sys::thread::unix::Thread>::new::thread_start
[INFO] [stdout]   17:     0x75e513312dfa - <unknown>
[INFO] [stdout]   18:     0x75e5133a63d4 - clone
[INFO] [stdout]   19:                0x0 - <unknown>
[INFO] [stdout] 
[INFO] [stdout] ---- uncaught_bonk_reports_path_and_line stdout ----
[INFO] [stdout] 
[INFO] [stdout] thread 'uncaught_bonk_reports_path_and_line' (2371) panicked at tests/cli.rs:295:5:
[INFO] [stdout] assertion `left == right` failed: the bark before the bonk still runs
[INFO] [stdout]   left: ""
[INFO] [stdout]  right: "before\n"
[INFO] [stdout] stack backtrace:
[INFO] [stdout]    0:     0x596e8288f921 - <<std[70759c8f55707aa4]::sys::backtrace::BacktraceLock>::print::DisplayBacktrace as core[df12db4294e9bfd3]::fmt::Display>::fmt
[INFO] [stdout]    1:     0x596e828a3f9a - core[df12db4294e9bfd3]::fmt::write
[INFO] [stdout]    2:     0x596e8289411c - <alloc[2182bb758b4b3781]::vec::Vec<u8> as core[df12db4294e9bfd3]::io::write::Write>::write_fmt
[INFO] [stdout]    3:     0x596e82869ed6 - std[70759c8f55707aa4]::panicking::default_hook::{closure#0}
[INFO] [stdout]    4:     0x596e828871a9 - std[70759c8f55707aa4]::panicking::default_hook
[INFO] [stdout]    5:     0x596e82821ca0 - test[9d35eded1c95d3be]::test_main_inner::<test[9d35eded1c95d3be]::test_main_static::{closure#0}>::{closure#0}
[INFO] [stdout]    6:     0x596e82887362 - std[70759c8f55707aa4]::panicking::panic_with_hook
[INFO] [stdout]    7:     0x596e82869f82 - std[70759c8f55707aa4]::panicking::panic_handler::{closure#0}
[INFO] [stdout]    8:     0x596e828629b9 - std[70759c8f55707aa4]::sys::backtrace::__rust_end_short_backtrace::<std[70759c8f55707aa4]::panicking::panic_handler::{closure#0}, !>
[INFO] [stdout]    9:     0x596e8286ab7d - __rustc[8fa7c3cbc660c2b3]::rust_begin_unwind
[INFO] [stdout]   10:     0x596e828a46cc - core[df12db4294e9bfd3]::panicking::panic_fmt
[INFO] [stdout]   11:     0x596e828a4643 - core[df12db4294e9bfd3]::panicking::assert_failed_inner
[INFO] [stdout]   12:     0x596e82813eb7 - core[df12db4294e9bfd3]::panicking::assert_failed::<alloc[2182bb758b4b3781]::string::String, &str>
[INFO] [stdout]   13:     0x596e8280ab69 - <cli[7965872ce15e93d9]::uncaught_bonk_reports_path_and_line::{closure#0} as core[df12db4294e9bfd3]::ops::function::FnOnce<()>>::call_once
[INFO] [stdout]   14:     0x596e82814f8b - test[9d35eded1c95d3be]::__rust_begin_short_backtrace::<core[df12db4294e9bfd3]::result::Result<(), alloc[2182bb758b4b3781]::string::String>, fn() -> core[df12db4294e9bfd3]::result::Result<(), alloc[2182bb758b4b3781]::string::String>>
[INFO] [stdout]   15:     0x596e828225f5 - test[9d35eded1c95d3be]::run_test::{closure#0}
[INFO] [stdout]   16:     0x596e8281beb4 - std[70759c8f55707aa4]::sys::backtrace::__rust_begin_short_backtrace::<test[9d35eded1c95d3be]::run_test::{closure#1}, ()>
[INFO] [stdout]   17:     0x596e82825752 - <std[70759c8f55707aa4]::thread::lifecycle::spawn_unchecked<test[9d35eded1c95d3be]::run_test::{closure#1}, ()>::{closure#1} as core[df12db4294e9bfd3]::ops::function::FnOnce<()>>::call_once::{shim:vtable#0}
[INFO] [stdout]   18:     0x596e8288ec99 - <std[70759c8f55707aa4]::sys::thread::unix::Thread>::new::thread_start
[INFO] [stdout]   19:     0x75e513312dfa - <unknown>
[INFO] [stdout]   20:     0x75e5133a63d4 - clone
[INFO] [stdout]   21:                0x0 - <unknown>
[INFO] [stdout] 
[INFO] [stdout] ---- an_object_defined_in_a_module_is_importable stdout ----
[INFO] [stdout] 
[INFO] [stdout] thread 'an_object_defined_in_a_module_is_importable' (2139) panicked at tests/cli.rs:545:5:
[INFO] [stdout] a module object should construct and dispatch, got:
[INFO] [stdout] very bug. much sorry.
[INFO] [stdout] 
[INFO] [stdout] the Rust that doge generated failed to build — this is a doge bug, not your script.
[INFO] [stdout] pls report it and attach: /opt/rustwide/target/tmp/doge-cache/scripts/aeeb30e1e0e04e95/build.log
[INFO] [stdout] 
[INFO] [stdout] stack backtrace:
[INFO] [stdout]    0:     0x596e8288f921 - <<std[70759c8f55707aa4]::sys::backtrace::BacktraceLock>::print::DisplayBacktrace as core[df12db4294e9bfd3]::fmt::Display>::fmt
[INFO] [stdout]    1:     0x596e828a3f9a - core[df12db4294e9bfd3]::fmt::write
[INFO] [stdout]    2:     0x596e8289411c - <alloc[2182bb758b4b3781]::vec::Vec<u8> as core[df12db4294e9bfd3]::io::write::Write>::write_fmt
[INFO] [stdout]    3:     0x596e82869ed6 - std[70759c8f55707aa4]::panicking::default_hook::{closure#0}
[INFO] [stdout]    4:     0x596e828871a9 - std[70759c8f55707aa4]::panicking::default_hook
[INFO] [stdout]    5:     0x596e82821ca0 - test[9d35eded1c95d3be]::test_main_inner::<test[9d35eded1c95d3be]::test_main_static::{closure#0}>::{closure#0}
[INFO] [stdout]    6:     0x596e82887362 - std[70759c8f55707aa4]::panicking::panic_with_hook
[INFO] [stdout]    7:     0x596e82869f82 - std[70759c8f55707aa4]::panicking::panic_handler::{closure#0}
[INFO] [stdout]    8:     0x596e828629b9 - std[70759c8f55707aa4]::sys::backtrace::__rust_end_short_backtrace::<std[70759c8f55707aa4]::panicking::panic_handler::{closure#0}, !>
[INFO] [stdout]    9:     0x596e8286ab7d - __rustc[8fa7c3cbc660c2b3]::rust_begin_unwind
[INFO] [stdout]   10:     0x596e828a46cc - core[df12db4294e9bfd3]::panicking::panic_fmt
[INFO] [stdout]   11:     0x596e8280d805 - <cli[7965872ce15e93d9]::an_object_defined_in_a_module_is_importable::{closure#0} as core[df12db4294e9bfd3]::ops::function::FnOnce<()>>::call_once
[INFO] [stdout]   12:     0x596e82814f8b - test[9d35eded1c95d3be]::__rust_begin_short_backtrace::<core[df12db4294e9bfd3]::result::Result<(), alloc[2182bb758b4b3781]::string::String>, fn() -> core[df12db4294e9bfd3]::result::Result<(), alloc[2182bb758b4b3781]::string::String>>
[INFO] [stdout]   13:     0x596e828225f5 - test[9d35eded1c95d3be]::run_test::{closure#0}
[INFO] [stdout]   14:     0x596e8281beb4 - std[70759c8f55707aa4]::sys::backtrace::__rust_begin_short_backtrace::<test[9d35eded1c95d3be]::run_test::{closure#1}, ()>
[INFO] [stdout]   15:     0x596e82825752 - <std[70759c8f55707aa4]::thread::lifecycle::spawn_unchecked<test[9d35eded1c95d3be]::run_test::{closure#1}, ()>::{closure#1} as core[df12db4294e9bfd3]::ops::function::FnOnce<()>>::call_once::{shim:vtable#0}
[INFO] [stdout]   16:     0x596e8288ec99 - <std[70759c8f55707aa4]::sys::thread::unix::Thread>::new::thread_start
[INFO] [stdout]   17:     0x75e513312dfa - <unknown>
[INFO] [stdout]   18:     0x75e5133a63d4 - clone
[INFO] [stdout]   19:                0x0 - <unknown>
[INFO] [stdout] 
[INFO] [stdout] ---- gib_reads_a_line_of_input_and_none_at_end stdout ----
[INFO] [stdout] 
[INFO] [stdout] thread 'gib_reads_a_line_of_input_and_none_at_end' (2186) panicked at tests/cli.rs:274:5:
[INFO] [stdout] a script reading input runs cleanly, stderr:
[INFO] [stdout] very bug. much sorry.
[INFO] [stdout] 
[INFO] [stdout] the Rust that doge generated failed to build — this is a doge bug, not your script.
[INFO] [stdout] pls report it and attach: /opt/rustwide/target/tmp/doge-cache/scripts/58be63dae3d134a7/build.log
[INFO] [stdout] 
[INFO] [stdout] stack backtrace:
[INFO] [stdout]    0:     0x596e8288f921 - <<std[70759c8f55707aa4]::sys::backtrace::BacktraceLock>::print::DisplayBacktrace as core[df12db4294e9bfd3]::fmt::Display>::fmt
[INFO] [stdout]    1:     0x596e828a3f9a - core[df12db4294e9bfd3]::fmt::write
[INFO] [stdout]    2:     0x596e8289411c - <alloc[2182bb758b4b3781]::vec::Vec<u8> as core[df12db4294e9bfd3]::io::write::Write>::write_fmt
[INFO] [stdout]    3:     0x596e82869ed6 - std[70759c8f55707aa4]::panicking::default_hook::{closure#0}
[INFO] [stdout]    4:     0x596e828871a9 - std[70759c8f55707aa4]::panicking::default_hook
[INFO] [stdout]    5:     0x596e82821ca0 - test[9d35eded1c95d3be]::test_main_inner::<test[9d35eded1c95d3be]::test_main_static::{closure#0}>::{closure#0}
[INFO] [stdout]    6:     0x596e82887362 - std[70759c8f55707aa4]::panicking::panic_with_hook
[INFO] [stdout]    7:     0x596e82869f82 - std[70759c8f55707aa4]::panicking::panic_handler::{closure#0}
[INFO] [stdout]    8:     0x596e828629b9 - std[70759c8f55707aa4]::sys::backtrace::__rust_end_short_backtrace::<std[70759c8f55707aa4]::panicking::panic_handler::{closure#0}, !>
[INFO] [stdout]    9:     0x596e8286ab7d - __rustc[8fa7c3cbc660c2b3]::rust_begin_unwind
[INFO] [stdout]   10:     0x596e828a46cc - core[df12db4294e9bfd3]::panicking::panic_fmt
[INFO] [stdout]   11:     0x596e8280c57f - <cli[7965872ce15e93d9]::gib_reads_a_line_of_input_and_none_at_end::{closure#0} as core[df12db4294e9bfd3]::ops::function::FnOnce<()>>::call_once
[INFO] [stdout]   12:     0x596e82814f8b - test[9d35eded1c95d3be]::__rust_begin_short_backtrace::<core[df12db4294e9bfd3]::result::Result<(), alloc[2182bb758b4b3781]::string::String>, fn() -> core[df12db4294e9bfd3]::result::Result<(), alloc[2182bb758b4b3781]::string::String>>
[INFO] [stdout]   13:     0x596e828225f5 - test[9d35eded1c95d3be]::run_test::{closure#0}
[INFO] [stdout]   14:     0x596e8281beb4 - std[70759c8f55707aa4]::sys::backtrace::__rust_begin_short_backtrace::<test[9d35eded1c95d3be]::run_test::{closure#1}, ()>
[INFO] [stdout]   15:     0x596e82825752 - <std[70759c8f55707aa4]::thread::lifecycle::spawn_unchecked<test[9d35eded1c95d3be]::run_test::{closure#1}, ()>::{closure#1} as core[df12db4294e9bfd3]::ops::function::FnOnce<()>>::call_once::{shim:vtable#0}
[INFO] [stdout]   16:     0x596e8288ec99 - <std[70759c8f55707aa4]::sys::thread::unix::Thread>::new::thread_start
[INFO] [stdout]   17:     0x75e513312dfa - <unknown>
[INFO] [stdout]   18:     0x75e5133a63d4 - clone
[INFO] [stdout]   19:                0x0 - <unknown>
[INFO] [stdout] 
[INFO] [stdout] ---- recursion_limit_is_a_catchable_doge_error stdout ----
[INFO] [stdout] 
[INFO] [stdout] thread 'recursion_limit_is_a_catchable_doge_error' (2238) panicked at tests/cli.rs:349:5:
[INFO] [stdout] should be doge-flavored, got:
[INFO] [stdout] very bug. much sorry.
[INFO] [stdout] 
[INFO] [stdout] the Rust that doge generated failed to build — this is a doge bug, not your script.
[INFO] [stdout] pls report it and attach: /opt/rustwide/target/tmp/doge-cache/scripts/9f8a11da2674bd0d/build.log
[INFO] [stdout] 
[INFO] [stdout] stack backtrace:
[INFO] [stdout]    0:     0x596e8288f921 - <<std[70759c8f55707aa4]::sys::backtrace::BacktraceLock>::print::DisplayBacktrace as core[df12db4294e9bfd3]::fmt::Display>::fmt
[INFO] [stdout]    1:     0x596e828a3f9a - core[df12db4294e9bfd3]::fmt::write
[INFO] [stdout]    2:     0x596e8289411c - <alloc[2182bb758b4b3781]::vec::Vec<u8> as core[df12db4294e9bfd3]::io::write::Write>::write_fmt
[INFO] [stdout]    3:     0x596e82869ed6 - std[70759c8f55707aa4]::panicking::default_hook::{closure#0}
[INFO] [stdout]    4:     0x596e828871a9 - std[70759c8f55707aa4]::panicking::default_hook
[INFO] [stdout]    5:     0x596e82821ca0 - test[9d35eded1c95d3be]::test_main_inner::<test[9d35eded1c95d3be]::test_main_static::{closure#0}>::{closure#0}
[INFO] [stdout]    6:     0x596e82887362 - std[70759c8f55707aa4]::panicking::panic_with_hook
[INFO] [stdout]    7:     0x596e82869f82 - std[70759c8f55707aa4]::panicking::panic_handler::{closure#0}
[INFO] [stdout]    8:     0x596e828629b9 - std[70759c8f55707aa4]::sys::backtrace::__rust_end_short_backtrace::<std[70759c8f55707aa4]::panicking::panic_handler::{closure#0}, !>
[INFO] [stdout]    9:     0x596e8286ab7d - __rustc[8fa7c3cbc660c2b3]::rust_begin_unwind
[INFO] [stdout]   10:     0x596e828a46cc - core[df12db4294e9bfd3]::panicking::panic_fmt
[INFO] [stdout]   11:     0x596e8280ca2a - <cli[7965872ce15e93d9]::recursion_limit_is_a_catchable_doge_error::{closure#0} as core[df12db4294e9bfd3]::ops::function::FnOnce<()>>::call_once
[INFO] [stdout]   12:     0x596e82814f8b - test[9d35eded1c95d3be]::__rust_begin_short_backtrace::<core[df12db4294e9bfd3]::result::Result<(), alloc[2182bb758b4b3781]::string::String>, fn() -> core[df12db4294e9bfd3]::result::Result<(), alloc[2182bb758b4b3781]::string::String>>
[INFO] [stdout]   13:     0x596e828225f5 - test[9d35eded1c95d3be]::run_test::{closure#0}
[INFO] [stdout]   14:     0x596e8281beb4 - std[70759c8f55707aa4]::sys::backtrace::__rust_begin_short_backtrace::<test[9d35eded1c95d3be]::run_test::{closure#1}, ()>
[INFO] [stdout]   15:     0x596e82825752 - <std[70759c8f55707aa4]::thread::lifecycle::spawn_unchecked<test[9d35eded1c95d3be]::run_test::{closure#1}, ()>::{closure#1} as core[df12db4294e9bfd3]::ops::function::FnOnce<()>>::call_once::{shim:vtable#0}
[INFO] [stdout]   16:     0x596e8288ec99 - <std[70759c8f55707aa4]::sys::thread::unix::Thread>::new::thread_start
[INFO] [stdout]   17:     0x75e513312dfa - <unknown>
[INFO] [stdout]   18:     0x75e5133a63d4 - clone
[INFO] [stdout]   19:                0x0 - <unknown>
[INFO] [stdout] 
[INFO] [stdout] ---- build_produces_standalone_binary stdout ----
[INFO] [stdout] 
[INFO] [stdout] thread 'build_produces_standalone_binary' (2149) panicked at tests/cli.rs:382:5:
[INFO] [stdout] build should exit 0, stderr:
[INFO] [stdout] very bug. much sorry.
[INFO] [stdout] 
[INFO] [stdout] the Rust that doge generated failed to build — this is a doge bug, not your script.
[INFO] [stdout] pls report it and attach: /opt/rustwide/target/tmp/doge-cache/scripts/00523a08fd19c5d7/build.log
[INFO] [stdout] 
[INFO] [stdout] stack backtrace:
[INFO] [stdout]    0:     0x596e8288f921 - <<std[70759c8f55707aa4]::sys::backtrace::BacktraceLock>::print::DisplayBacktrace as core[df12db4294e9bfd3]::fmt::Display>::fmt
[INFO] [stdout]    1:     0x596e828a3f9a - core[df12db4294e9bfd3]::fmt::write
[INFO] [stdout]    2:     0x596e8289411c - <alloc[2182bb758b4b3781]::vec::Vec<u8> as core[df12db4294e9bfd3]::io::write::Write>::write_fmt
[INFO] [stdout]    3:     0x596e82869ed6 - std[70759c8f55707aa4]::panicking::default_hook::{closure#0}
[INFO] [stdout]    4:     0x596e828871a9 - std[70759c8f55707aa4]::panicking::default_hook
[INFO] [stdout]    5:     0x596e82821ca0 - test[9d35eded1c95d3be]::test_main_inner::<test[9d35eded1c95d3be]::test_main_static::{closure#0}>::{closure#0}
[INFO] [stdout]    6:     0x596e82887362 - std[70759c8f55707aa4]::panicking::panic_with_hook
[INFO] [stdout]    7:     0x596e82869f82 - std[70759c8f55707aa4]::panicking::panic_handler::{closure#0}
[INFO] [stdout]    8:     0x596e828629b9 - std[70759c8f55707aa4]::sys::backtrace::__rust_end_short_backtrace::<std[70759c8f55707aa4]::panicking::panic_handler::{closure#0}, !>
[INFO] [stdout]    9:     0x596e8286ab7d - __rustc[8fa7c3cbc660c2b3]::rust_begin_unwind
[INFO] [stdout]   10:     0x596e828a46cc - core[df12db4294e9bfd3]::panicking::panic_fmt
[INFO] [stdout]   11:     0x596e82809a4c - <cli[7965872ce15e93d9]::build_produces_standalone_binary::{closure#0} as core[df12db4294e9bfd3]::ops::function::FnOnce<()>>::call_once
[INFO] [stdout]   12:     0x596e82814f8b - test[9d35eded1c95d3be]::__rust_begin_short_backtrace::<core[df12db4294e9bfd3]::result::Result<(), alloc[2182bb758b4b3781]::string::String>, fn() -> core[df12db4294e9bfd3]::result::Result<(), alloc[2182bb758b4b3781]::string::String>>
[INFO] [stdout]   13:     0x596e828225f5 - test[9d35eded1c95d3be]::run_test::{closure#0}
[INFO] [stdout]   14:     0x596e8281beb4 - std[70759c8f55707aa4]::sys::backtrace::__rust_begin_short_backtrace::<test[9d35eded1c95d3be]::run_test::{closure#1}, ()>
[INFO] [stdout]   15:     0x596e82825752 - <std[70759c8f55707aa4]::thread::lifecycle::spawn_unchecked<test[9d35eded1c95d3be]::run_test::{closure#1}, ()>::{closure#1} as core[df12db4294e9bfd3]::ops::function::FnOnce<()>>::call_once::{shim:vtable#0}
[INFO] [stdout]   16:     0x596e8288ec99 - <std[70759c8f55707aa4]::sys::thread::unix::Thread>::new::thread_start
[INFO] [stdout]   17:     0x75e513312dfa - <unknown>
[INFO] [stdout]   18:     0x75e5133a63d4 - clone
[INFO] [stdout]   19:                0x0 - <unknown>
[INFO] [stdout] 
[INFO] [stdout] ---- bark_prints_a_function_value stdout ----
[INFO] [stdout] 
[INFO] [stdout] thread 'bark_prints_a_function_value' (2146) panicked at tests/cli.rs:209:5:
[INFO] [stdout] a function value runs cleanly
[INFO] [stdout] stack backtrace:
[INFO] [stdout]    0:     0x596e8288f921 - <<std[70759c8f55707aa4]::sys::backtrace::BacktraceLock>::print::DisplayBacktrace as core[df12db4294e9bfd3]::fmt::Display>::fmt
[INFO] [stdout]    1:     0x596e828a3f9a - core[df12db4294e9bfd3]::fmt::write
[INFO] [stdout]    2:     0x596e8289411c - <alloc[2182bb758b4b3781]::vec::Vec<u8> as core[df12db4294e9bfd3]::io::write::Write>::write_fmt
[INFO] [stdout]    3:     0x596e82869ed6 - std[70759c8f55707aa4]::panicking::default_hook::{closure#0}
[INFO] [stdout]    4:     0x596e828871a9 - std[70759c8f55707aa4]::panicking::default_hook
[INFO] [stdout]    5:     0x596e82821ca0 - test[9d35eded1c95d3be]::test_main_inner::<test[9d35eded1c95d3be]::test_main_static::{closure#0}>::{closure#0}
[INFO] [stdout]    6:     0x596e82887362 - std[70759c8f55707aa4]::panicking::panic_with_hook
[INFO] [stdout]    7:     0x596e82869fb4 - std[70759c8f55707aa4]::panicking::panic_handler::{closure#0}
[INFO] [stdout]    8:     0x596e828629b9 - std[70759c8f55707aa4]::sys::backtrace::__rust_end_short_backtrace::<std[70759c8f55707aa4]::panicking::panic_handler::{closure#0}, !>
[INFO] [stdout]    9:     0x596e8286ab7d - __rustc[8fa7c3cbc660c2b3]::rust_begin_unwind
[INFO] [stdout]   10:     0x596e828a46cc - core[df12db4294e9bfd3]::panicking::panic_fmt
[INFO] [stdout]   11:     0x596e82808fcf - <cli[7965872ce15e93d9]::bark_prints_a_function_value::{closure#0} as core[df12db4294e9bfd3]::ops::function::FnOnce<()>>::call_once
[INFO] [stdout]   12:     0x596e82814f8b - test[9d35eded1c95d3be]::__rust_begin_short_backtrace::<core[df12db4294e9bfd3]::result::Result<(), alloc[2182bb758b4b3781]::string::String>, fn() -> core[df12db4294e9bfd3]::result::Result<(), alloc[2182bb758b4b3781]::string::String>>
[INFO] [stdout]   13:     0x596e828225f5 - test[9d35eded1c95d3be]::run_test::{closure#0}
[INFO] [stdout]   14:     0x596e8281beb4 - std[70759c8f55707aa4]::sys::backtrace::__rust_begin_short_backtrace::<test[9d35eded1c95d3be]::run_test::{closure#1}, ()>
[INFO] [stdout]   15:     0x596e82825752 - <std[70759c8f55707aa4]::thread::lifecycle::spawn_unchecked<test[9d35eded1c95d3be]::run_test::{closure#1}, ()>::{closure#1} as core[df12db4294e9bfd3]::ops::function::FnOnce<()>>::call_once::{shim:vtable#0}
[INFO] [stdout]   16:     0x596e8288ec99 - <std[70759c8f55707aa4]::sys::thread::unix::Thread>::new::thread_start
[INFO] [stdout]   17:     0x75e513312dfa - <unknown>
[INFO] [stdout]   18:     0x75e5133a63d4 - clone
[INFO] [stdout]   19:                0x0 - <unknown>
[INFO] [stdout] 
[INFO] [stdout] ---- uncaught_amaze_reports_path_line_and_message stdout ----
[INFO] [stdout] 
[INFO] [stdout] thread 'uncaught_amaze_reports_path_line_and_message' (2366) panicked at tests/cli.rs:322:5:
[INFO] [stdout] assertion `left == right` failed: the bark before the amaze still runs
[INFO] [stdout]   left: ""
[INFO] [stdout]  right: "before\n"
[INFO] [stdout] stack backtrace:
[INFO] [stdout]    0:     0x596e8288f921 - <<std[70759c8f55707aa4]::sys::backtrace::BacktraceLock>::print::DisplayBacktrace as core[df12db4294e9bfd3]::fmt::Display>::fmt
[INFO] [stdout]    1:     0x596e828a3f9a - core[df12db4294e9bfd3]::fmt::write
[INFO] [stdout]    2:     0x596e8289411c - <alloc[2182bb758b4b3781]::vec::Vec<u8> as core[df12db4294e9bfd3]::io::write::Write>::write_fmt
[INFO] [stdout]    3:     0x596e82869ed6 - std[70759c8f55707aa4]::panicking::default_hook::{closure#0}
[INFO] [stdout]    4:     0x596e828871a9 - std[70759c8f55707aa4]::panicking::default_hook
[INFO] [stdout]    5:     0x596e82821ca0 - test[9d35eded1c95d3be]::test_main_inner::<test[9d35eded1c95d3be]::test_main_static::{closure#0}>::{closure#0}
[INFO] [stdout]    6:     0x596e82887362 - std[70759c8f55707aa4]::panicking::panic_with_hook
[INFO] [stdout]    7:     0x596e82869f82 - std[70759c8f55707aa4]::panicking::panic_handler::{closure#0}
[INFO] [stdout]    8:     0x596e828629b9 - std[70759c8f55707aa4]::sys::backtrace::__rust_end_short_backtrace::<std[70759c8f55707aa4]::panicking::panic_handler::{closure#0}, !>
[INFO] [stdout]    9:     0x596e8286ab7d - __rustc[8fa7c3cbc660c2b3]::rust_begin_unwind
[INFO] [stdout]   10:     0x596e828a46cc - core[df12db4294e9bfd3]::panicking::panic_fmt
[INFO] [stdout]   11:     0x596e828a4643 - core[df12db4294e9bfd3]::panicking::assert_failed_inner
[INFO] [stdout]   12:     0x596e82813eb7 - core[df12db4294e9bfd3]::panicking::assert_failed::<alloc[2182bb758b4b3781]::string::String, &str>
[INFO] [stdout]   13:     0x596e8280ec29 - <cli[7965872ce15e93d9]::uncaught_amaze_reports_path_line_and_message::{closure#0} as core[df12db4294e9bfd3]::ops::function::FnOnce<()>>::call_once
[INFO] [stdout]   14:     0x596e82814f8b - test[9d35eded1c95d3be]::__rust_begin_short_backtrace::<core[df12db4294e9bfd3]::result::Result<(), alloc[2182bb758b4b3781]::string::String>, fn() -> core[df12db4294e9bfd3]::result::Result<(), alloc[2182bb758b4b3781]::string::String>>
[INFO] [stdout]   15:     0x596e828225f5 - test[9d35eded1c95d3be]::run_test::{closure#0}
[INFO] [stdout]   16:     0x596e8281beb4 - std[70759c8f55707aa4]::sys::backtrace::__rust_begin_short_backtrace::<test[9d35eded1c95d3be]::run_test::{closure#1}, ()>
[INFO] [stdout]   17:     0x596e82825752 - <std[70759c8f55707aa4]::thread::lifecycle::spawn_unchecked<test[9d35eded1c95d3be]::run_test::{closure#1}, ()>::{closure#1} as core[df12db4294e9bfd3]::ops::function::FnOnce<()>>::call_once::{shim:vtable#0}
[INFO] [stdout]   18:     0x596e8288ec99 - <std[70759c8f55707aa4]::sys::thread::unix::Thread>::new::thread_start
[INFO] [stdout]   19:     0x75e513312dfa - <unknown>
[INFO] [stdout]   20:     0x75e5133a63d4 - clone
[INFO] [stdout]   21:                0x0 - <unknown>
[INFO] [stdout] 
[INFO] [stdout] ---- new_scaffolds_a_project_that_runs stdout ----
[INFO] [stdout] 
[INFO] [stdout] thread 'new_scaffolds_a_project_that_runs' (2190) panicked at tests/cli.rs:576:5:
[INFO] [stdout] the scaffolded project should run, stderr:
[INFO] [stdout] very bug. much sorry.
[INFO] [stdout] 
[INFO] [stdout] the Rust that doge generated failed to build — this is a doge bug, not your script.
[INFO] [stdout] pls report it and attach: /opt/rustwide/target/tmp/doge-cache/scripts/5fa241be0f3aefa8/build.log
[INFO] [stdout] 
[INFO] [stdout] stack backtrace:
[INFO] [stdout]    0:     0x596e8288f921 - <<std[70759c8f55707aa4]::sys::backtrace::BacktraceLock>::print::DisplayBacktrace as core[df12db4294e9bfd3]::fmt::Display>::fmt
[INFO] [stdout]    1:     0x596e828a3f9a - core[df12db4294e9bfd3]::fmt::write
[INFO] [stdout]    2:     0x596e8289411c - <alloc[2182bb758b4b3781]::vec::Vec<u8> as core[df12db4294e9bfd3]::io::write::Write>::write_fmt
[INFO] [stdout]    3:     0x596e82869ed6 - std[70759c8f55707aa4]::panicking::default_hook::{closure#0}
[INFO] [stdout]    4:     0x596e828871a9 - std[70759c8f55707aa4]::panicking::default_hook
[INFO] [stdout]    5:     0x596e82821ca0 - test[9d35eded1c95d3be]::test_main_inner::<test[9d35eded1c95d3be]::test_main_static::{closure#0}>::{closure#0}
[INFO] [stdout]    6:     0x596e82887362 - std[70759c8f55707aa4]::panicking::panic_with_hook
[INFO] [stdout]    7:     0x596e82869f82 - std[70759c8f55707aa4]::panicking::panic_handler::{closure#0}
[INFO] [stdout]    8:     0x596e828629b9 - std[70759c8f55707aa4]::sys::backtrace::__rust_end_short_backtrace::<std[70759c8f55707aa4]::panicking::panic_handler::{closure#0}, !>
[INFO] [stdout]    9:     0x596e8286ab7d - __rustc[8fa7c3cbc660c2b3]::rust_begin_unwind
[INFO] [stdout]   10:     0x596e828a46cc - core[df12db4294e9bfd3]::panicking::panic_fmt
[INFO] [stdout]   11:     0x596e8280a6d9 - <cli[7965872ce15e93d9]::new_scaffolds_a_project_that_runs::{closure#0} as core[df12db4294e9bfd3]::ops::function::FnOnce<()>>::call_once
[INFO] [stdout]   12:     0x596e82814f8b - test[9d35eded1c95d3be]::__rust_begin_short_backtrace::<core[df12db4294e9bfd3]::result::Result<(), alloc[2182bb758b4b3781]::string::String>, fn() -> core[df12db4294e9bfd3]::result::Result<(), alloc[2182bb758b4b3781]::string::String>>
[INFO] [stdout]   13:     0x596e828225f5 - test[9d35eded1c95d3be]::run_test::{closure#0}
[INFO] [stdout]   14:     0x596e8281beb4 - std[70759c8f55707aa4]::sys::backtrace::__rust_begin_short_backtrace::<test[9d35eded1c95d3be]::run_test::{closure#1}, ()>
[INFO] [stdout]   15:     0x596e82825752 - <std[70759c8f55707aa4]::thread::lifecycle::spawn_unchecked<test[9d35eded1c95d3be]::run_test::{closure#1}, ()>::{closure#1} as core[df12db4294e9bfd3]::ops::function::FnOnce<()>>::call_once::{shim:vtable#0}
[INFO] [stdout]   16:     0x596e8288ec99 - <std[70759c8f55707aa4]::sys::thread::unix::Thread>::new::thread_start
[INFO] [stdout]   17:     0x75e513312dfa - <unknown>
[INFO] [stdout]   18:     0x75e5133a63d4 - clone
[INFO] [stdout]   19:                0x0 - <unknown>
[INFO] [stdout] 
[INFO] [stdout] ---- bark_prints_a_class_value_and_it_constructs stdout ----
[INFO] [stdout] 
[INFO] [stdout] thread 'bark_prints_a_class_value_and_it_constructs' (2145) panicked at tests/cli.rs:225:5:
[INFO] [stdout] a class value runs cleanly
[INFO] [stdout] stack backtrace:
[INFO] [stdout]    0:     0x596e8288f921 - <<std[70759c8f55707aa4]::sys::backtrace::BacktraceLock>::print::DisplayBacktrace as core[df12db4294e9bfd3]::fmt::Display>::fmt
[INFO] [stdout]    1:     0x596e828a3f9a - core[df12db4294e9bfd3]::fmt::write
[INFO] [stdout]    2:     0x596e8289411c - <alloc[2182bb758b4b3781]::vec::Vec<u8> as core[df12db4294e9bfd3]::io::write::Write>::write_fmt
[INFO] [stdout]    3:     0x596e82869ed6 - std[70759c8f55707aa4]::panicking::default_hook::{closure#0}
[INFO] [stdout]    4:     0x596e828871a9 - std[70759c8f55707aa4]::panicking::default_hook
[INFO] [stdout]    5:     0x596e82821ca0 - test[9d35eded1c95d3be]::test_main_inner::<test[9d35eded1c95d3be]::test_main_static::{closure#0}>::{closure#0}
[INFO] [stdout]    6:     0x596e82887362 - std[70759c8f55707aa4]::panicking::panic_with_hook
[INFO] [stdout]    7:     0x596e82869fb4 - std[70759c8f55707aa4]::panicking::panic_handler::{closure#0}
[INFO] [stdout]    8:     0x596e828629b9 - std[70759c8f55707aa4]::sys::backtrace::__rust_end_short_backtrace::<std[70759c8f55707aa4]::panicking::panic_handler::{closure#0}, !>
[INFO] [stdout]    9:     0x596e8286ab7d - __rustc[8fa7c3cbc660c2b3]::rust_begin_unwind
[INFO] [stdout]   10:     0x596e828a46cc - core[df12db4294e9bfd3]::panicking::panic_fmt
[INFO] [stdout]   11:     0x596e8280dbbc - <cli[7965872ce15e93d9]::bark_prints_a_class_value_and_it_constructs::{closure#0} as core[df12db4294e9bfd3]::ops::function::FnOnce<()>>::call_once
[INFO] [stdout]   12:     0x596e82814f8b - test[9d35eded1c95d3be]::__rust_begin_short_backtrace::<core[df12db4294e9bfd3]::result::Result<(), alloc[2182bb758b4b3781]::string::String>, fn() -> core[df12db4294e9bfd3]::result::Result<(), alloc[2182bb758b4b3781]::string::String>>
[INFO] [stdout]   13:     0x596e828225f5 - test[9d35eded1c95d3be]::run_test::{closure#0}
[INFO] [stdout]   14:     0x596e8281beb4 - std[70759c8f55707aa4]::sys::backtrace::__rust_begin_short_backtrace::<test[9d35eded1c95d3be]::run_test::{closure#1}, ()>
[INFO] [stdout]   15:     0x596e82825752 - <std[70759c8f55707aa4]::thread::lifecycle::spawn_unchecked<test[9d35eded1c95d3be]::run_test::{closure#1}, ()>::{closure#1} as core[df12db4294e9bfd3]::ops::function::FnOnce<()>>::call_once::{shim:vtable#0}
[INFO] [stdout]   16:     0x596e8288ec99 - <std[70759c8f55707aa4]::sys::thread::unix::Thread>::new::thread_start
[INFO] [stdout]   17:     0x75e513312dfa - <unknown>
[INFO] [stdout]   18:     0x75e5133a63d4 - clone
[INFO] [stdout]   19:                0x0 - <unknown>
[INFO] [stdout] 
[INFO] [stdout] ---- runtime_error_reports_path_line_and_source stdout ----
[INFO] [stdout] 
[INFO] [stdout] thread 'runtime_error_reports_path_line_and_source' (2256) panicked at tests/cli.rs:151:5:
[INFO] [stdout] should be doge-flavored, got:
[INFO] [stdout] very bug. much sorry.
[INFO] [stdout] 
[INFO] [stdout] the Rust that doge generated failed to build — this is a doge bug, not your script.
[INFO] [stdout] pls report it and attach: /opt/rustwide/target/tmp/doge-cache/scripts/e32d0e85b755148e/build.log
[INFO] [stdout] 
[INFO] [stdout] stack backtrace:
[INFO] [stdout]    0:     0x596e8288f921 - <<std[70759c8f55707aa4]::sys::backtrace::BacktraceLock>::print::DisplayBacktrace as core[df12db4294e9bfd3]::fmt::Display>::fmt
[INFO] [stdout]    1:     0x596e828a3f9a - core[df12db4294e9bfd3]::fmt::write
[INFO] [stdout]    2:     0x596e8289411c - <alloc[2182bb758b4b3781]::vec::Vec<u8> as core[df12db4294e9bfd3]::io::write::Write>::write_fmt
[INFO] [stdout]    3:     0x596e82869ed6 - std[70759c8f55707aa4]::panicking::default_hook::{closure#0}
[INFO] [stdout]    4:     0x596e828871a9 - std[70759c8f55707aa4]::panicking::default_hook
[INFO] [stdout]    5:     0x596e82821ca0 - test[9d35eded1c95d3be]::test_main_inner::<test[9d35eded1c95d3be]::test_main_static::{closure#0}>::{closure#0}
[INFO] [stdout]    6:     0x596e82887362 - std[70759c8f55707aa4]::panicking::panic_with_hook
[INFO] [stdout]    7:     0x596e82869f82 - std[70759c8f55707aa4]::panicking::panic_handler::{closure#0}
[INFO] [stdout]    8:     0x596e828629b9 - std[70759c8f55707aa4]::sys::backtrace::__rust_end_short_backtrace::<std[70759c8f55707aa4]::panicking::panic_handler::{closure#0}, !>
[INFO] [stdout]    9:     0x596e8286ab7d - __rustc[8fa7c3cbc660c2b3]::rust_begin_unwind
[INFO] [stdout]   10:     0x596e828a46cc - core[df12db4294e9bfd3]::panicking::panic_fmt
[INFO] [stdout]   11:     0x596e8280d362 - <cli[7965872ce15e93d9]::runtime_error_reports_path_line_and_source::{closure#0} as core[df12db4294e9bfd3]::ops::function::FnOnce<()>>::call_once
[INFO] [stdout]   12:     0x596e82814f8b - test[9d35eded1c95d3be]::__rust_begin_short_backtrace::<core[df12db4294e9bfd3]::result::Result<(), alloc[2182bb758b4b3781]::string::String>, fn() -> core[df12db4294e9bfd3]::result::Result<(), alloc[2182bb758b4b3781]::string::String>>
[INFO] [stdout]   13:     0x596e828225f5 - test[9d35eded1c95d3be]::run_test::{closure#0}
[INFO] [stdout]   14:     0x596e8281beb4 - std[70759c8f55707aa4]::sys::backtrace::__rust_begin_short_backtrace::<test[9d35eded1c95d3be]::run_test::{closure#1}, ()>
[INFO] [stdout]   15:     0x596e82825752 - <std[70759c8f55707aa4]::thread::lifecycle::spawn_unchecked<test[9d35eded1c95d3be]::run_test::{closure#1}, ()>::{closure#1} as core[df12db4294e9bfd3]::ops::function::FnOnce<()>>::call_once::{shim:vtable#0}
[INFO] [stdout]   16:     0x596e8288ec99 - <std[70759c8f55707aa4]::sys::thread::unix::Thread>::new::thread_start
[INFO] [stdout]   17:     0x75e513312dfa - <unknown>
[INFO] [stdout]   18:     0x75e5133a63d4 - clone
[INFO] [stdout]   19:                0x0 - <unknown>
[INFO] [stdout] 
[INFO] [stdout] ---- runtime_error_in_a_module_reports_that_module_and_line stdout ----
[INFO] [stdout] 
[INFO] [stdout] thread 'runtime_error_in_a_module_reports_that_module_and_line' (2246) panicked at tests/cli.rs:466:5:
[INFO] [stdout] should point into the module, got:
[INFO] [stdout] very bug. much sorry.
[INFO] [stdout] 
[INFO] [stdout] the Rust that doge generated failed to build — this is a doge bug, not your script.
[INFO] [stdout] pls report it and attach: /opt/rustwide/target/tmp/doge-cache/scripts/4f20ec9df28c2c61/build.log
[INFO] [stdout] 
[INFO] [stdout] stack backtrace:
[INFO] [stdout]    0:     0x596e8288f921 - <<std[70759c8f55707aa4]::sys::backtrace::BacktraceLock>::print::DisplayBacktrace as core[df12db4294e9bfd3]::fmt::Display>::fmt
[INFO] [stdout]    1:     0x596e828a3f9a - core[df12db4294e9bfd3]::fmt::write
[INFO] [stdout]    2:     0x596e8289411c - <alloc[2182bb758b4b3781]::vec::Vec<u8> as core[df12db4294e9bfd3]::io::write::Write>::write_fmt
[INFO] [stdout]    3:     0x596e82869ed6 - std[70759c8f55707aa4]::panicking::default_hook::{closure#0}
[INFO] [stdout]    4:     0x596e828871a9 - std[70759c8f55707aa4]::panicking::default_hook
[INFO] [stdout]    5:     0x596e82821ca0 - test[9d35eded1c95d3be]::test_main_inner::<test[9d35eded1c95d3be]::test_main_static::{closure#0}>::{closure#0}
[INFO] [stdout]    6:     0x596e82887362 - std[70759c8f55707aa4]::panicking::panic_with_hook
[INFO] [stdout]    7:     0x596e82869f82 - std[70759c8f55707aa4]::panicking::panic_handler::{closure#0}
[INFO] [stdout]    8:     0x596e828629b9 - std[70759c8f55707aa4]::sys::backtrace::__rust_end_short_backtrace::<std[70759c8f55707aa4]::panicking::panic_handler::{closure#0}, !>
[INFO] [stdout]    9:     0x596e8286ab7d - __rustc[8fa7c3cbc660c2b3]::rust_begin_unwind
[INFO] [stdout]   10:     0x596e828a46cc - core[df12db4294e9bfd3]::panicking::panic_fmt
[INFO] [stdout]   11:     0x596e828123f0 - <cli[7965872ce15e93d9]::runtime_error_in_a_module_reports_that_module_and_line::{closure#0} as core[df12db4294e9bfd3]::ops::function::FnOnce<()>>::call_once
[INFO] [stdout]   12:     0x596e82814f8b - test[9d35eded1c95d3be]::__rust_begin_short_backtrace::<core[df12db4294e9bfd3]::result::Result<(), alloc[2182bb758b4b3781]::string::String>, fn() -> core[df12db4294e9bfd3]::result::Result<(), alloc[2182bb758b4b3781]::string::String>>
[INFO] [stdout]   13:     0x596e828225f5 - test[9d35eded1c95d3be]::run_test::{closure#0}
[INFO] [stdout]   14:     0x596e8281beb4 - std[70759c8f55707aa4]::sys::backtrace::__rust_begin_short_backtrace::<test[9d35eded1c95d3be]::run_test::{closure#1}, ()>
[INFO] [stdout]   15:     0x596e82825752 - <std[70759c8f55707aa4]::thread::lifecycle::spawn_unchecked<test[9d35eded1c95d3be]::run_test::{closure#1}, ()>::{closure#1} as core[df12db4294e9bfd3]::ops::function::FnOnce<()>>::call_once::{shim:vtable#0}
[INFO] [stdout]   16:     0x596e8288ec99 - <std[70759c8f55707aa4]::sys::thread::unix::Thread>::new::thread_start
[INFO] [stderr] error: test failed, to rerun pass `--test cli`
[INFO] [stdout]   17:     0x75e513312dfa - <unknown>
[INFO] [stdout]   18:     0x75e5133a63d4 - clone
[INFO] [stdout]   19:                0x0 - <unknown>
[INFO] [stdout] 
[INFO] [stdout] ---- caught_error_exposes_type_file_and_line stdout ----
[INFO] [stdout] 
[INFO] [stdout] thread 'caught_error_exposes_type_file_and_line' (2151) panicked at tests/cli.rs:178:5:
[INFO] [stdout] a caught error runs cleanly, exit=Some(1)
[INFO] [stdout] stack backtrace:
[INFO] [stdout]    0:     0x596e8288f921 - <<std[70759c8f55707aa4]::sys::backtrace::BacktraceLock>::print::DisplayBacktrace as core[df12db4294e9bfd3]::fmt::Display>::fmt
[INFO] [stdout]    1:     0x596e828a3f9a - core[df12db4294e9bfd3]::fmt::write
[INFO] [stdout]    2:     0x596e8289411c - <alloc[2182bb758b4b3781]::vec::Vec<u8> as core[df12db4294e9bfd3]::io::write::Write>::write_fmt
[INFO] [stdout]    3:     0x596e82869ed6 - std[70759c8f55707aa4]::panicking::default_hook::{closure#0}
[INFO] [stdout]    4:     0x596e828871a9 - std[70759c8f55707aa4]::panicking::default_hook
[INFO] [stdout]    5:     0x596e82821ca0 - test[9d35eded1c95d3be]::test_main_inner::<test[9d35eded1c95d3be]::test_main_static::{closure#0}>::{closure#0}
[INFO] [stdout]    6:     0x596e82887362 - std[70759c8f55707aa4]::panicking::panic_with_hook
[INFO] [stdout]    7:     0x596e82869f82 - std[70759c8f55707aa4]::panicking::panic_handler::{closure#0}
[INFO] [stdout]    8:     0x596e828629b9 - std[70759c8f55707aa4]::sys::backtrace::__rust_end_short_backtrace::<std[70759c8f55707aa4]::panicking::panic_handler::{closure#0}, !>
[INFO] [stdout]    9:     0x596e8286ab7d - __rustc[8fa7c3cbc660c2b3]::rust_begin_unwind
[INFO] [stdout]   10:     0x596e828a46cc - core[df12db4294e9bfd3]::panicking::panic_fmt
[INFO] [stdout]   11:     0x596e8280bbe6 - <cli[7965872ce15e93d9]::caught_error_exposes_type_file_and_line::{closure#0} as core[df12db4294e9bfd3]::ops::function::FnOnce<()>>::call_once
[INFO] [stdout]   12:     0x596e82814f8b - test[9d35eded1c95d3be]::__rust_begin_short_backtrace::<core[df12db4294e9bfd3]::result::Result<(), alloc[2182bb758b4b3781]::string::String>, fn() -> core[df12db4294e9bfd3]::result::Result<(), alloc[2182bb758b4b3781]::string::String>>
[INFO] [stdout]   13:     0x596e828225f5 - test[9d35eded1c95d3be]::run_test::{closure#0}
[INFO] [stdout]   14:     0x596e8281beb4 - std[70759c8f55707aa4]::sys::backtrace::__rust_begin_short_backtrace::<test[9d35eded1c95d3be]::run_test::{closure#1}, ()>
[INFO] [stdout]   15:     0x596e82825752 - <std[70759c8f55707aa4]::thread::lifecycle::spawn_unchecked<test[9d35eded1c95d3be]::run_test::{closure#1}, ()>::{closure#1} as core[df12db4294e9bfd3]::ops::function::FnOnce<()>>::call_once::{shim:vtable#0}
[INFO] [stdout]   16:     0x596e8288ec99 - <std[70759c8f55707aa4]::sys::thread::unix::Thread>::new::thread_start
[INFO] [stdout]   17:     0x75e513312dfa - <unknown>
[INFO] [stdout]   18:     0x75e5133a63d4 - clone
[INFO] [stdout]   19:                0x0 - <unknown>
[INFO] [stdout] 
[INFO] [stdout] ---- concurrent_builds_of_one_script_all_succeed stdout ----
[INFO] [stdout] 
[INFO] [stdout] thread 'concurrent_builds_of_one_script_all_succeed' (2154) panicked at tests/cli.rs:425:9:
[INFO] [stdout] every concurrent build should exit 0, stderr:
[INFO] [stdout] very bug. much sorry.
[INFO] [stdout] 
[INFO] [stdout] the Rust that doge generated failed to build — this is a doge bug, not your script.
[INFO] [stdout] pls report it and attach: /opt/rustwide/target/tmp/doge-cache/scripts/a2f5f9232ac7d5c3/build.log
[INFO] [stdout] 
[INFO] [stdout] stack backtrace:
[INFO] [stdout]    0:     0x596e8288f921 - <<std[70759c8f55707aa4]::sys::backtrace::BacktraceLock>::print::DisplayBacktrace as core[df12db4294e9bfd3]::fmt::Display>::fmt
[INFO] [stdout]    1:     0x596e828a3f9a - core[df12db4294e9bfd3]::fmt::write
[INFO] [stdout]    2:     0x596e8289411c - <alloc[2182bb758b4b3781]::vec::Vec<u8> as core[df12db4294e9bfd3]::io::write::Write>::write_fmt
[INFO] [stdout]    3:     0x596e82869ed6 - std[70759c8f55707aa4]::panicking::default_hook::{closure#0}
[INFO] [stdout]    4:     0x596e828871a9 - std[70759c8f55707aa4]::panicking::default_hook
[INFO] [stdout]    5:     0x596e82821ca0 - test[9d35eded1c95d3be]::test_main_inner::<test[9d35eded1c95d3be]::test_main_static::{closure#0}>::{closure#0}
[INFO] [stdout]    6:     0x596e82887362 - std[70759c8f55707aa4]::panicking::panic_with_hook
[INFO] [stdout]    7:     0x596e82869f82 - std[70759c8f55707aa4]::panicking::panic_handler::{closure#0}
[INFO] [stdout]    8:     0x596e828629b9 - std[70759c8f55707aa4]::sys::backtrace::__rust_end_short_backtrace::<std[70759c8f55707aa4]::panicking::panic_handler::{closure#0}, !>
[INFO] [stdout]    9:     0x596e8286ab7d - __rustc[8fa7c3cbc660c2b3]::rust_begin_unwind
[INFO] [stdout]   10:     0x596e828a46cc - core[df12db4294e9bfd3]::panicking::panic_fmt
[INFO] [stdout]   11:     0x596e8280e008 - <cli[7965872ce15e93d9]::concurrent_builds_of_one_script_all_succeed::{closure#0} as core[df12db4294e9bfd3]::ops::function::FnOnce<()>>::call_once
[INFO] [stdout]   12:     0x596e82814f8b - test[9d35eded1c95d3be]::__rust_begin_short_backtrace::<core[df12db4294e9bfd3]::result::Result<(), alloc[2182bb758b4b3781]::string::String>, fn() -> core[df12db4294e9bfd3]::result::Result<(), alloc[2182bb758b4b3781]::string::String>>
[INFO] [stdout]   13:     0x596e828225f5 - test[9d35eded1c95d3be]::run_test::{closure#0}
[INFO] [stdout]   14:     0x596e8281beb4 - std[70759c8f55707aa4]::sys::backtrace::__rust_begin_short_backtrace::<test[9d35eded1c95d3be]::run_test::{closure#1}, ()>
[INFO] [stdout]   15:     0x596e82825752 - <std[70759c8f55707aa4]::thread::lifecycle::spawn_unchecked<test[9d35eded1c95d3be]::run_test::{closure#1}, ()>::{closure#1} as core[df12db4294e9bfd3]::ops::function::FnOnce<()>>::call_once::{shim:vtable#0}
[INFO] [stdout]   16:     0x596e8288ec99 - <std[70759c8f55707aa4]::sys::thread::unix::Thread>::new::thread_start
[INFO] [stdout]   17:     0x75e513312dfa - <unknown>
[INFO] [stdout]   18:     0x75e5133a63d4 - clone
[INFO] [stdout]   19:                0x0 - <unknown>
[INFO] [stdout] 
[INFO] [stdout] 
[INFO] [stdout] failures:
[INFO] [stdout]     an_object_defined_in_a_module_is_importable
[INFO] [stdout]     bark_forwards_command_line_arguments_to_the_script
[INFO] [stdout]     bark_prints_a_class_value_and_it_constructs
[INFO] [stdout]     bark_prints_a_function_value
[INFO] [stdout]     bark_runs_a_program_with_imported_modules
[INFO] [stdout]     bark_runs_and_caches
[INFO] [stdout]     build_produces_standalone_binary
[INFO] [stdout]     caught_error_exposes_type_file_and_line
[INFO] [stdout]     check_on_a_good_program_dumps_the_ast
[INFO] [stdout]     concurrent_builds_of_one_script_all_succeed
[INFO] [stdout]     gib_reads_a_line_of_input_and_none_at_end
[INFO] [stdout]     new_scaffolds_a_project_that_runs
[INFO] [stdout]     recursion_limit_is_a_catchable_doge_error
[INFO] [stdout]     runtime_error_in_a_module_reports_that_module_and_line
[INFO] [stdout]     runtime_error_reports_path_line_and_source
[INFO] [stdout]     test_with_no_test_functions_reports_an_empty_suite
[INFO] [stdout]     uncaught_amaze_reports_path_line_and_message
[INFO] [stdout]     uncaught_bonk_reports_path_and_line
[INFO] [stdout] 
[INFO] [stdout] test result: FAILED. 19 passed; 18 failed; 0 ignored; 0 measured; 0 filtered out; finished in 33.32s
[INFO] [stdout] 
[INFO] running `Command { std: "docker" "inspect" "8909250304ffc033ac4f350b077f2d0ef5a9df6f97853bf897d13a5ac7b56c41", kill_on_drop: false }`
[INFO] running `Command { std: "docker" "rm" "-f" "8909250304ffc033ac4f350b077f2d0ef5a9df6f97853bf897d13a5ac7b56c41", kill_on_drop: false }`
[INFO] [stdout] 8909250304ffc033ac4f350b077f2d0ef5a9df6f97853bf897d13a5ac7b56c41
