[INFO] fetching crate docxtpl-rich 1.3.2...
[INFO] testing docxtpl-rich-1.3.2 against 1.100.0-beta.1+cargoflags=--release for beta-release-1.100-2
[INFO] extracting crate docxtpl-rich 1.3.2 into /workspace/builds/worker-3-tc2/source
[INFO] started tweaking crates.io crate docxtpl-rich 1.3.2
[INFO] finished tweaking crates.io crate docxtpl-rich 1.3.2
[INFO] tweaked toml for crates.io crate docxtpl-rich 1.3.2 written to /workspace/builds/worker-3-tc2/source/Cargo.toml
[INFO] validating manifest of crates.io crate docxtpl-rich 1.3.2 on toolchain 1.100.0-beta.1
[INFO] running `Command { std: CARGO_HOME="/workspace/cargo-home" RUSTUP_HOME="/workspace/rustup-home" "/workspace/cargo-home/bin/cargo" "+1.100.0-beta.1" "metadata" "--manifest-path" "Cargo.toml" "--no-deps", kill_on_drop: false }`
[INFO] crate crates.io crate docxtpl-rich 1.3.2 already has a lockfile, it will not be regenerated
[INFO] running `Command { std: CARGO_HOME="/workspace/cargo-home" RUSTUP_HOME="/workspace/rustup-home" "/workspace/cargo-home/bin/cargo" "+1.100.0-beta.1" "fetch" "--manifest-path" "Cargo.toml", kill_on_drop: false }`
[INFO] [stderr] warning: `package.homepage` is redundant with `package.repository`
[INFO] [stderr]   --> Cargo.toml:21:12
[INFO] [stderr]    |
[INFO] [stderr] 21 | homepage = "https://github.com/Huang-Vega/docxtpl-rs"
[INFO] [stderr]    |            ^^^^^^^^^^^^^^^^^^^^^^^^^^^^^^^^^^^^^^^^^^
[INFO] [stderr] ...
[INFO] [stderr] 26 | repository = "https://github.com/Huang-Vega/docxtpl-rs"
[INFO] [stderr]    |              ------------------------------------------
[INFO] [stderr]    |
[INFO] [stderr]    = note: `cargo::redundant_homepage` is set to `warn` by default
[INFO] [stderr] help: consider removing `package.homepage`
[INFO] [stderr] warning: `docxtpl-rich` (manifest) generated 1 warning
[INFO] running `Command { std: "docker" "create" "-v" "/var/lib/crater-agent-workspace/builds/worker-3-tc2/source:/opt/rustwide/workdir:ro,Z" "-v" "/var/lib/crater-agent-workspace/builds/worker-3-tc2/target:/opt/rustwide/target:rw,Z" "-v" "/var/lib/crater-agent-workspace/cargo-home:/opt/rustwide/cargo-home:ro,Z" "-v" "/var/lib/crater-agent-workspace/rustup-home:/opt/rustwide/rustup-home:ro,Z" "-m" "1610612736" "--network" "none" "ghcr.io/rust-lang/crates-build-env/linux@sha256:77db811e55d90add9212f6832c23229e3de5f1c1f9905e8cb07319ea15df73ac" "sleep" "infinity", kill_on_drop: false }`
[INFO] [stdout] ce97340840206216ba61533379689caa9160310e7b23afe8362ca9c54f479b53
[INFO] running `Command { std: "docker" "start" "ce97340840206216ba61533379689caa9160310e7b23afe8362ca9c54f479b53", kill_on_drop: false }`
[INFO] running `Command { std: "docker" "inspect" "ce97340840206216ba61533379689caa9160310e7b23afe8362ca9c54f479b53", kill_on_drop: false }`
[INFO] running `Command { std: "docker" "exec" "-e" "SOURCE_DIR=/opt/rustwide/workdir" "-e" "CARGO_HOME=/opt/rustwide/cargo-home" "-e" "RUSTUP_HOME=/opt/rustwide/rustup-home" "-e" "CARGO_TARGET_DIR=/opt/rustwide/target" "-w" "/opt/rustwide/workdir" "--user" "0:0" "ce97340840206216ba61533379689caa9160310e7b23afe8362ca9c54f479b53" "/opt/rustwide/cargo-home/bin/cargo" "+1.100.0-beta.1" "metadata" "--no-deps" "--format-version=1", kill_on_drop: false }`
[INFO] running `Command { std: "docker" "inspect" "ce97340840206216ba61533379689caa9160310e7b23afe8362ca9c54f479b53", kill_on_drop: false }`
[INFO] running `Command { std: "docker" "exec" "-e" "SOURCE_DIR=/opt/rustwide/workdir" "-e" "CARGO_HOME=/opt/rustwide/cargo-home" "-e" "RUSTUP_HOME=/opt/rustwide/rustup-home" "-e" "CARGO_TARGET_DIR=/opt/rustwide/target" "-e" "CARGO_INCREMENTAL=0" "-e" "RUST_BACKTRACE=full" "-e" "RUSTFLAGS=--cap-lints=warn" "-e" "RUSTDOCFLAGS=--cap-lints=warn" "-w" "/opt/rustwide/workdir" "--user" "0:0" "ce97340840206216ba61533379689caa9160310e7b23afe8362ca9c54f479b53" "/opt/rustwide/cargo-home/bin/cargo" "+1.100.0-beta.1" "build" "--frozen" "--message-format=json" "--release", kill_on_drop: false }`
[INFO] [stderr] warning: `package.homepage` is redundant with `package.repository`
[INFO] [stderr]   --> Cargo.toml:21:12
[INFO] [stderr]    |
[INFO] [stderr] 21 | homepage = "https://github.com/Huang-Vega/docxtpl-rs"
[INFO] [stderr]    |            ^^^^^^^^^^^^^^^^^^^^^^^^^^^^^^^^^^^^^^^^^^
[INFO] [stderr] ...
[INFO] [stderr] 26 | repository = "https://github.com/Huang-Vega/docxtpl-rs"
[INFO] [stderr]    |              ------------------------------------------
[INFO] [stderr]    |
[INFO] [stderr]    = note: `cargo::redundant_homepage` is set to `warn` by default
[INFO] [stderr] help: consider removing `package.homepage`
[INFO] [stderr] warning: `docxtpl-rich` (manifest) generated 1 warning
[INFO] [stderr]    Compiling generic-array v0.14.7
[INFO] [stderr]    Compiling syn v3.0.6
[INFO] [stderr]    Compiling crypto-common v0.1.7
[INFO] [stderr]    Compiling block-buffer v0.10.4
[INFO] [stderr]    Compiling digest v0.10.7
[INFO] [stderr]    Compiling sha1 v0.10.7
[INFO] [stderr]    Compiling thiserror-impl v2.0.21
[INFO] [stderr]    Compiling thiserror v2.0.21
[INFO] [stderr]    Compiling docxtpl-rich v1.3.2 (/opt/rustwide/workdir)
[INFO] [stderr]     Finished `release` profile [optimized] target(s) in 6.90s
[INFO] running `Command { std: "docker" "inspect" "ce97340840206216ba61533379689caa9160310e7b23afe8362ca9c54f479b53", kill_on_drop: false }`
[INFO] running `Command { std: "docker" "exec" "-e" "SOURCE_DIR=/opt/rustwide/workdir" "-e" "CARGO_HOME=/opt/rustwide/cargo-home" "-e" "RUSTUP_HOME=/opt/rustwide/rustup-home" "-e" "CARGO_TARGET_DIR=/opt/rustwide/target" "-e" "CARGO_INCREMENTAL=0" "-e" "RUST_BACKTRACE=full" "-e" "RUSTFLAGS=--cap-lints=warn" "-e" "RUSTDOCFLAGS=--cap-lints=warn" "-w" "/opt/rustwide/workdir" "--user" "0:0" "ce97340840206216ba61533379689caa9160310e7b23afe8362ca9c54f479b53" "/opt/rustwide/cargo-home/bin/cargo" "+1.100.0-beta.1" "test" "--frozen" "--no-run" "--message-format=json" "--release", kill_on_drop: false }`
[INFO] [stderr] warning: `package.homepage` is redundant with `package.repository`
[INFO] [stderr]   --> Cargo.toml:21:12
[INFO] [stderr]    |
[INFO] [stderr] 21 | homepage = "https://github.com/Huang-Vega/docxtpl-rs"
[INFO] [stderr]    |            ^^^^^^^^^^^^^^^^^^^^^^^^^^^^^^^^^^^^^^^^^^
[INFO] [stderr] ...
[INFO] [stderr] 26 | repository = "https://github.com/Huang-Vega/docxtpl-rs"
[INFO] [stderr]    |              ------------------------------------------
[INFO] [stderr]    |
[INFO] [stderr]    = note: `cargo::redundant_homepage` is set to `warn` by default
[INFO] [stderr] help: consider removing `package.homepage`
[INFO] [stderr] warning: `docxtpl-rich` (manifest) generated 1 warning
[INFO] [stderr]    Compiling docxtpl-rich v1.3.2 (/opt/rustwide/workdir)
[INFO] [stderr]     Finished `release` profile [optimized] target(s) in 2.78s
[INFO] running `Command { std: "docker" "inspect" "ce97340840206216ba61533379689caa9160310e7b23afe8362ca9c54f479b53", kill_on_drop: false }`
[INFO] running `Command { std: "docker" "exec" "-e" "SOURCE_DIR=/opt/rustwide/workdir" "-e" "CARGO_HOME=/opt/rustwide/cargo-home" "-e" "RUSTUP_HOME=/opt/rustwide/rustup-home" "-e" "CARGO_TARGET_DIR=/opt/rustwide/target" "-e" "CARGO_INCREMENTAL=0" "-e" "RUST_BACKTRACE=full" "-e" "RUSTFLAGS=--cap-lints=warn" "-e" "RUSTDOCFLAGS=--cap-lints=warn" "-w" "/opt/rustwide/workdir" "--user" "0:0" "ce97340840206216ba61533379689caa9160310e7b23afe8362ca9c54f479b53" "/opt/rustwide/cargo-home/bin/cargo" "+1.100.0-beta.1" "test" "--frozen" "--release", kill_on_drop: false }`
[INFO] [stderr] warning: `package.homepage` is redundant with `package.repository`
[INFO] [stderr]   --> Cargo.toml:21:12
[INFO] [stderr]    |
[INFO] [stderr] 21 | homepage = "https://github.com/Huang-Vega/docxtpl-rs"
[INFO] [stderr]    |            ^^^^^^^^^^^^^^^^^^^^^^^^^^^^^^^^^^^^^^^^^^
[INFO] [stderr] ...
[INFO] [stderr] 26 | repository = "https://github.com/Huang-Vega/docxtpl-rs"
[INFO] [stderr]    |              ------------------------------------------
[INFO] [stderr]    |
[INFO] [stderr]    = note: `cargo::redundant_homepage` is set to `warn` by default
[INFO] [stderr] help: consider removing `package.homepage`
[INFO] [stderr] warning: `docxtpl-rich` (manifest) generated 1 warning
[INFO] [stderr]     Finished `release` profile [optimized] target(s) in 0.07s
[INFO] [stderr]      Running unittests src/lib.rs (/opt/rustwide/target/release/build/docxtpl-rich/80dc14329f2e3a71/out/docxtpl_rich-80dc14329f2e3a71)
[INFO] [stdout] 
[INFO] [stdout] running 57 tests
[INFO] [stdout] test image::tests::bad_png_returns_unrecognized ... FAILED
[INFO] [stdout] test image::tests::generic_jpeg_rejects_truncated_and_invalid_length_segments ... ok
[INFO] [stdout] test image::tests::generic_jpeg_safely_skips_variable_length_app_segments ... ok
[INFO] [stdout] test image::tests::gif_parse ... FAILED
[INFO] [stdout] test image::tests::bmp_parse ... FAILED
[INFO] [stdout] test image::tests::empty_input_returns_unrecognized ... ok
[INFO] [stdout] test image::tests::jpg_jfif_header_parse ... FAILED
[INFO] [stdout] test image::tests::tiff_rational_resolution_parse ... FAILED
[INFO] [stdout] test image::tests::truncated_png_returns_unrecognized ... FAILED
[INFO] [stdout] test inline_image::tests::from_path_reads_bytes_and_uses_basename ... FAILED
[INFO] [stdout] test inline_image::tests::jpg_native_and_both_sides_scaling ... FAILED
[INFO] [stdout] test inline_image::tests::lazy_path_probe_matches_eager_without_retaining_bytes ... FAILED
[INFO] [stdout] test inline_image::tests::native_size_no_scale_args ... FAILED
[INFO] [stdout] test image::tests::py_round_bankers_rounding_semantics ... ok
[INFO] [stdout] test inline_image::tests::preprobed_render_matches_public_render_entry ... FAILED
[INFO] [stdout] test inline_image::tests::render_accessibility_attributes_rejects_xml_illegal_chars ... FAILED
[INFO] [stdout] test image::tests::jpeg_app0_app1_coexist_picks_dpi_by_first_segment_signature ... ok
[INFO] [stdout] test inline_image::tests::render_no_anchor_byte_matches_upstream ... FAILED
[INFO] [stdout] test image::tests::png_150dpi_wide_image_parse ... FAILED
[INFO] [stdout] test inline_image::tests::render_scaled_by_width_extent_uses_scaled_values ... FAILED
[INFO] [stdout] test inline_image::tests::render_accessibility_attributes_written_in_both_places_and_escaped ... FAILED
[INFO] [stdout] test image::interruptible_tests::large_digest_observes_chunk_cancellation ... ok
[INFO] [stdout] test image::tests::generic_jpeg_requires_a_supported_sof ... ok
[INFO] [stdout] test image::tests::jpeg_without_jfif_or_exif_uses_sof_and_default_dpi ... ok
[INFO] [stdout] test image::tests::png_dotmatrix_2x1_header_fields_and_sha1 ... FAILED
[INFO] [stdout] test inline_image::tests::render_bad_image_returns_unrecognized ... FAILED
[INFO] [stdout] test inline_image::tests::render_with_anchor ... FAILED
[INFO] [stdout] test inline_image::tests::special_filename_escaped_per_xml_attribute_rules ... FAILED
[INFO] [stdout] test listing::tests::newline_preserved_as_is ... ok
[INFO] [stdout] test inline_image::tests::tiff_native_size ... FAILED
[INFO] [stdout] test inline_image::tests::wide_image_150dpi_native_and_width_scaling ... FAILED
[INFO] [stdout] test inline_image::tests::zero_dpi_returns_unrecognized ... ok
[INFO] [stdout] test listing::tests::empty_text ... ok
[INFO] [stdout] test listing::tests::quotes_escaped_aligned_with_upstream ... ok
[INFO] [stdout] test listing::tests::special_chars_escaped ... ok
[INFO] [stdout] test richtext::tests::add_empty_string_outputs_empty_run_matches_upstream ... ok
[INFO] [stdout] test richtext::tests::add_rich_direct_concat ... ok
[INFO] [stdout] test richtext::tests::empty_construction_and_empty_string_produce_nothing ... ok
[INFO] [stdout] test richtext::tests::all_properties_output_order_matches_upstream ... ok
[INFO] [stdout] test richtext::tests::highlight_hash_prefix_stripped ... ok
[INFO] [stdout] test richtext::tests::bold_color_size_attribute_order_matches_upstream ... ok
[INFO] [stdout] test richtext::tests::paragraph_no_style_emits_no_p_pr ... ok
[INFO] [stdout] test richtext::tests::paragraph_richtext_arg_and_add_rich ... ok
[INFO] [stdout] test richtext::tests::paragraph_style_wrap ... ok
[INFO] [stdout] test richtext::tests::regional_font_syntax ... ok
[INFO] [stdout] test richtext::tests::multiple_runs_concat ... ok
[INFO] [stdout] test richtext::tests::normal_font_syntax ... ok
[INFO] [stdout] test richtext::tests::text_escaping_five_chars_full_coverage_matches_upstream ... ok
[INFO] [stdout] test richtext::tests::paragraph_empty_text_constructor_emits_nothing_explicit_add_still_outputs_empty_paragraph ... ok
[INFO] [stdout] test richtext::tests::paragraph_multiple_adds_form_separate_paragraphs ... ok
[INFO] [stdout] test richtext::tests::url_id_wraps_hyperlink ... ok
[INFO] [stdout] test richtext::tests::rtl_italic_outputs_i_and_i_cs ... ok
[INFO] [stdout] test richtext::tests::style_strikethrough_and_italic ... ok
[INFO] [stdout] test richtext::tests::superscript_with_language_and_subscript ... ok
[INFO] [stdout] test richtext::tests::underline_invalid_value_normalizes_to_single ... ok
[INFO] [stdout] test richtext::tests::underline_valid_value_passthrough ... ok
[INFO] [stdout] test richtext::tests::rtl_bold_outputs_b_and_b_cs ... ok
[INFO] [stdout] 
[INFO] [stdout] failures:
[INFO] [stdout] 
[INFO] [stdout] ---- image::tests::bad_png_returns_unrecognized stdout ----
[INFO] [stdout] Error: Os { code: 2, kind: NotFound, message: "No such file or directory" }
[INFO] [stdout] 
[INFO] [stdout] ---- image::tests::gif_parse stdout ----
[INFO] [stdout] Error: Os { code: 2, kind: NotFound, message: "No such file or directory" }
[INFO] [stdout] 
[INFO] [stdout] ---- image::tests::bmp_parse stdout ----
[INFO] [stdout] Error: Os { code: 2, kind: NotFound, message: "No such file or directory" }
[INFO] [stdout] 
[INFO] [stdout] ---- image::tests::jpg_jfif_header_parse stdout ----
[INFO] [stdout] Error: Os { code: 2, kind: NotFound, message: "No such file or directory" }
[INFO] [stdout] 
[INFO] [stdout] ---- image::tests::tiff_rational_resolution_parse stdout ----
[INFO] [stdout] Error: Os { code: 2, kind: NotFound, message: "No such file or directory" }
[INFO] [stdout] 
[INFO] [stdout] ---- image::tests::truncated_png_returns_unrecognized stdout ----
[INFO] [stdout] Error: Os { code: 2, kind: NotFound, message: "No such file or directory" }
[INFO] [stdout] 
[INFO] [stdout] ---- inline_image::tests::from_path_reads_bytes_and_uses_basename stdout ----
[INFO] [stdout] Error: Os { code: 2, kind: NotFound, message: "No such file or directory" }
[INFO] [stdout] 
[INFO] [stdout] ---- inline_image::tests::jpg_native_and_both_sides_scaling stdout ----
[INFO] [stdout] Error: Os { code: 2, kind: NotFound, message: "No such file or directory" }
[INFO] [stdout] 
[INFO] [stdout] ---- inline_image::tests::lazy_path_probe_matches_eager_without_retaining_bytes stdout ----
[INFO] [stdout] Error: Os { code: 2, kind: NotFound, message: "No such file or directory" }
[INFO] [stdout] 
[INFO] [stdout] ---- inline_image::tests::native_size_no_scale_args stdout ----
[INFO] [stdout] Error: Os { code: 2, kind: NotFound, message: "No such file or directory" }
[INFO] [stdout] 
[INFO] [stdout] ---- inline_image::tests::preprobed_render_matches_public_render_entry stdout ----
[INFO] [stdout] Error: Os { code: 2, kind: NotFound, message: "No such file or directory" }
[INFO] [stdout] 
[INFO] [stdout] ---- inline_image::tests::render_accessibility_attributes_rejects_xml_illegal_chars stdout ----
[INFO] [stdout] Error: Os { code: 2, kind: NotFound, message: "No such file or directory" }
[INFO] [stdout] 
[INFO] [stdout] ---- inline_image::tests::render_no_anchor_byte_matches_upstream stdout ----
[INFO] [stdout] Error: Os { code: 2, kind: NotFound, message: "No such file or directory" }
[INFO] [stdout] 
[INFO] [stdout] ---- image::tests::png_150dpi_wide_image_parse stdout ----
[INFO] [stdout] Error: Os { code: 2, kind: NotFound, message: "No such file or directory" }
[INFO] [stdout] 
[INFO] [stdout] ---- inline_image::tests::render_scaled_by_width_extent_uses_scaled_values stdout ----
[INFO] [stdout] Error: Os { code: 2, kind: NotFound, message: "No such file or directory" }
[INFO] [stdout] 
[INFO] [stdout] ---- inline_image::tests::render_accessibility_attributes_written_in_both_places_and_escaped stdout ----
[INFO] [stdout] Error: Os { code: 2, kind: NotFound, message: "No such file or directory" }
[INFO] [stdout] 
[INFO] [stdout] ---- image::tests::png_dotmatrix_2x1_header_fields_and_sha1 stdout ----
[INFO] [stdout] Error: Os { code: 2, kind: NotFound, message: "No such file or directory" }
[INFO] [stdout] 
[INFO] [stdout] ---- inline_image::tests::render_bad_image_returns_unrecognized stdout ----
[INFO] [stdout] Error: Os { code: 2, kind: NotFound, message: "No such file or directory" }
[INFO] [stdout] 
[INFO] [stdout] ---- inline_image::tests::render_with_anchor stdout ----
[INFO] [stdout] Error: Os { code: 2, kind: NotFound, message: "No such file or directory" }
[INFO] [stdout] 
[INFO] [stdout] ---- inline_image::tests::special_filename_escaped_per_xml_attribute_rules stdout ----
[INFO] [stdout] Error: Os { code: 2, kind: NotFound, message: "No such file or directory" }
[INFO] [stdout] 
[INFO] [stdout] ---- inline_image::tests::tiff_native_size stdout ----
[INFO] [stdout] Error: Os { code: 2, kind: NotFound, message: "No such file or directory" }
[INFO] [stdout] 
[INFO] [stdout] ---- inline_image::tests::wide_image_150dpi_native_and_width_scaling stdout ----
[INFO] [stdout] Error: Os { code: 2, kind: NotFound, message: "No such file or directory" }
[INFO] [stdout] 
[INFO] [stdout] 
[INFO] [stdout] failures:
[INFO] [stdout]     image::tests::bad_png_returns_unrecognized
[INFO] [stdout]     image::tests::bmp_parse
[INFO] [stdout]     image::tests::gif_parse
[INFO] [stdout]     image::tests::jpg_jfif_header_parse
[INFO] [stdout]     image::tests::png_150dpi_wide_image_parse
[INFO] [stdout]     image::tests::png_dotmatrix_2x1_header_fields_and_sha1
[INFO] [stdout]     image::tests::tiff_rational_resolution_parse
[INFO] [stdout]     image::tests::truncated_png_returns_unrecognized
[INFO] [stdout]     inline_image::tests::from_path_reads_bytes_and_uses_basename
[INFO] [stdout]     inline_image::tests::jpg_native_and_both_sides_scaling
[INFO] [stdout]     inline_image::tests::lazy_path_probe_matches_eager_without_retaining_bytes
[INFO] [stdout]     inline_image::tests::native_size_no_scale_args
[INFO] [stdout]     inline_image::tests::preprobed_render_matches_public_render_entry
[INFO] [stdout]     inline_image::tests::render_accessibility_attributes_rejects_xml_illegal_chars
[INFO] [stdout]     inline_image::tests::render_accessibility_attributes_written_in_both_places_and_escaped
[INFO] [stdout]     inline_image::tests::render_bad_image_returns_unrecognized
[INFO] [stdout]     inline_image::tests::render_no_anchor_byte_matches_upstream
[INFO] [stdout]     inline_image::tests::render_scaled_by_width_extent_uses_scaled_values
[INFO] [stdout]     inline_image::tests::render_with_anchor
[INFO] [stdout]     inline_image::tests::special_filename_escaped_per_xml_attribute_rules
[INFO] [stdout]     inline_image::tests::tiff_native_size
[INFO] [stdout]     inline_image::tests::wide_image_150dpi_native_and_width_scaling
[INFO] [stdout] 
[INFO] [stdout] test result: FAILED. 35 passed; 22 failed; 0 ignored; 0 measured; 0 filtered out; finished in 0.03s
[INFO] [stdout] 
[INFO] [stderr] error: test failed, to rerun pass `--lib`
[INFO] running `Command { std: "docker" "inspect" "ce97340840206216ba61533379689caa9160310e7b23afe8362ca9c54f479b53", kill_on_drop: false }`
[INFO] running `Command { std: "docker" "rm" "-f" "ce97340840206216ba61533379689caa9160310e7b23afe8362ca9c54f479b53", kill_on_drop: false }`
[INFO] [stdout] ce97340840206216ba61533379689caa9160310e7b23afe8362ca9c54f479b53
