[INFO] fetching crate docxtpl-opc 1.3.2...
[INFO] testing docxtpl-opc-1.3.2 against 1.99.0-beta.8+cargoflags=--release for beta-release-1.100-2
[INFO] extracting crate docxtpl-opc 1.3.2 into /workspace/builds/worker-6-tc1/source
[INFO] started tweaking crates.io crate docxtpl-opc 1.3.2
[INFO] removed 0 missing tests
[INFO] finished tweaking crates.io crate docxtpl-opc 1.3.2
[INFO] tweaked toml for crates.io crate docxtpl-opc 1.3.2 written to /workspace/builds/worker-6-tc1/source/Cargo.toml
[INFO] validating manifest of crates.io crate docxtpl-opc 1.3.2 on toolchain 1.99.0-beta.8
[INFO] running `Command { std: CARGO_HOME="/workspace/cargo-home" RUSTUP_HOME="/workspace/rustup-home" "/workspace/cargo-home/bin/cargo" "+1.99.0-beta.8" "metadata" "--manifest-path" "Cargo.toml" "--no-deps", kill_on_drop: false }`
[INFO] crate crates.io crate docxtpl-opc 1.3.2 already has a lockfile, it will not be regenerated
[INFO] running `Command { std: CARGO_HOME="/workspace/cargo-home" RUSTUP_HOME="/workspace/rustup-home" "/workspace/cargo-home/bin/cargo" "+1.99.0-beta.8" "fetch" "--manifest-path" "Cargo.toml", kill_on_drop: false }`
[INFO] [stderr]  Downloading crates ...
[INFO] [stderr]   Downloaded deflate64 v0.1.10
[INFO] running `Command { std: "docker" "create" "-v" "/var/lib/crater-agent-workspace/builds/worker-6-tc1/source:/opt/rustwide/workdir:ro,Z" "-v" "/var/lib/crater-agent-workspace/builds/worker-6-tc1/target:/opt/rustwide/target:rw,Z" "-v" "/var/lib/crater-agent-workspace/cargo-home:/opt/rustwide/cargo-home:ro,Z" "-v" "/var/lib/crater-agent-workspace/rustup-home:/opt/rustwide/rustup-home:ro,Z" "-m" "1610612736" "--network" "none" "ghcr.io/rust-lang/crates-build-env/linux@sha256:77db811e55d90add9212f6832c23229e3de5f1c1f9905e8cb07319ea15df73ac" "sleep" "infinity", kill_on_drop: false }`
[INFO] [stdout] 34996b72c8fea4a959b66283d6b7342112d20fb3e637231a7a4efc0a363808c5
[INFO] running `Command { std: "docker" "start" "34996b72c8fea4a959b66283d6b7342112d20fb3e637231a7a4efc0a363808c5", kill_on_drop: false }`
[INFO] running `Command { std: "docker" "inspect" "34996b72c8fea4a959b66283d6b7342112d20fb3e637231a7a4efc0a363808c5", kill_on_drop: false }`
[INFO] running `Command { std: "docker" "exec" "-e" "SOURCE_DIR=/opt/rustwide/workdir" "-e" "CARGO_HOME=/opt/rustwide/cargo-home" "-e" "RUSTUP_HOME=/opt/rustwide/rustup-home" "-e" "CARGO_TARGET_DIR=/opt/rustwide/target" "-w" "/opt/rustwide/workdir" "--user" "0:0" "34996b72c8fea4a959b66283d6b7342112d20fb3e637231a7a4efc0a363808c5" "/opt/rustwide/cargo-home/bin/cargo" "+1.99.0-beta.8" "metadata" "--no-deps" "--format-version=1", kill_on_drop: false }`
[INFO] running `Command { std: "docker" "inspect" "34996b72c8fea4a959b66283d6b7342112d20fb3e637231a7a4efc0a363808c5", kill_on_drop: false }`
[INFO] running `Command { std: "docker" "exec" "-e" "SOURCE_DIR=/opt/rustwide/workdir" "-e" "CARGO_HOME=/opt/rustwide/cargo-home" "-e" "RUSTUP_HOME=/opt/rustwide/rustup-home" "-e" "CARGO_TARGET_DIR=/opt/rustwide/target" "-e" "CARGO_INCREMENTAL=0" "-e" "RUST_BACKTRACE=full" "-e" "RUSTFLAGS=--cap-lints=warn" "-e" "RUSTDOCFLAGS=--cap-lints=warn" "-w" "/opt/rustwide/workdir" "--user" "0:0" "34996b72c8fea4a959b66283d6b7342112d20fb3e637231a7a4efc0a363808c5" "/opt/rustwide/cargo-home/bin/cargo" "+1.99.0-beta.8" "build" "--frozen" "--message-format=json" "--release", kill_on_drop: false }`
[INFO] [stderr]    Compiling find-msvc-tools v0.1.13
[INFO] [stderr]    Compiling crc32fast v1.5.2
[INFO] [stderr]    Compiling zstd-safe v7.3.0
[INFO] [stderr]    Compiling simd-adler32 v0.3.10
[INFO] [stderr]    Compiling crc-catalog v2.5.0
[INFO] [stderr]    Compiling getrandom v0.3.4
[INFO] [stderr]    Compiling rustix v1.1.5
[INFO] [stderr]    Compiling bumpalo v3.20.3
[INFO] [stderr]    Compiling bitflags v2.13.2
[INFO] [stderr]    Compiling zip v2.4.2
[INFO] [stderr]    Compiling indexmap v2.14.2
[INFO] [stderr]    Compiling getrandom v0.4.3
[INFO] [stderr]    Compiling syn v3.0.6
[INFO] [stderr]    Compiling syn v2.0.119
[INFO] [stderr]    Compiling inout v0.1.4
[INFO] [stderr]    Compiling hmac v0.12.1
[INFO] [stderr]    Compiling crc v3.4.0
[INFO] [stderr]    Compiling cipher v0.4.4
[INFO] [stderr]    Compiling sha1 v0.10.7
[INFO] [stderr]    Compiling once_cell v1.21.4
[INFO] [stderr]    Compiling pbkdf2 v0.12.2
[INFO] [stderr]    Compiling constant_time_eq v0.3.1
[INFO] [stderr]    Compiling cc v1.4.7
[INFO] [stderr]    Compiling deflate64 v0.1.10
[INFO] [stderr]    Compiling quick-xml v0.41.0
[INFO] [stderr]    Compiling lzma-rs v0.3.0
[INFO] [stderr]    Compiling aes v0.8.4
[INFO] [stderr]    Compiling miniz_oxide v0.9.1
[INFO] [stderr]    Compiling zopfli v0.8.3
[INFO] [stderr]    Compiling flate2 v1.1.10
[INFO] [stderr]    Compiling zstd-sys v2.1.0+zstd.1.5.7
[INFO] [stderr]    Compiling lzma-sys v0.1.20
[INFO] [stderr]    Compiling bzip2-sys v0.1.13+1.0.8
[INFO] [stderr]    Compiling bzip2 v0.5.2
[INFO] [stderr]    Compiling thiserror-impl v2.0.21
[INFO] [stderr]    Compiling displaydoc v0.2.7
[INFO] [stderr]    Compiling xz2 v0.1.7
[INFO] [stderr]    Compiling tempfile v3.27.0
[INFO] [stderr]    Compiling thiserror v2.0.21
[INFO] [stderr]    Compiling zeroize_derive v1.5.0
[INFO] [stderr]    Compiling zeroize v1.9.0
[INFO] [stderr]    Compiling zstd v0.13.3
[INFO] [stderr]    Compiling docxtpl-opc v1.3.2 (/opt/rustwide/workdir)
[INFO] [stderr]     Finished `release` profile [optimized] target(s) in 46.12s
[INFO] running `Command { std: "docker" "inspect" "34996b72c8fea4a959b66283d6b7342112d20fb3e637231a7a4efc0a363808c5", kill_on_drop: false }`
[INFO] running `Command { std: "docker" "exec" "-e" "SOURCE_DIR=/opt/rustwide/workdir" "-e" "CARGO_HOME=/opt/rustwide/cargo-home" "-e" "RUSTUP_HOME=/opt/rustwide/rustup-home" "-e" "CARGO_TARGET_DIR=/opt/rustwide/target" "-e" "CARGO_INCREMENTAL=0" "-e" "RUST_BACKTRACE=full" "-e" "RUSTFLAGS=--cap-lints=warn" "-e" "RUSTDOCFLAGS=--cap-lints=warn" "-w" "/opt/rustwide/workdir" "--user" "0:0" "34996b72c8fea4a959b66283d6b7342112d20fb3e637231a7a4efc0a363808c5" "/opt/rustwide/cargo-home/bin/cargo" "+1.99.0-beta.8" "test" "--frozen" "--no-run" "--message-format=json" "--release", kill_on_drop: false }`
[INFO] [stderr]    Compiling zerocopy v0.8.58
[INFO] [stderr]    Compiling rand_core v0.9.5
[INFO] [stderr]    Compiling wait-timeout v0.2.1
[INFO] [stderr]    Compiling bit-vec v0.8.0
[INFO] [stderr]    Compiling quick-error v1.2.3
[INFO] [stderr]    Compiling unarray v0.1.4
[INFO] [stderr]    Compiling rusty-fork v0.3.1
[INFO] [stderr]    Compiling rand_xorshift v0.4.0
[INFO] [stderr]    Compiling rand v0.9.5
[INFO] [stderr]    Compiling bit-set v0.8.0
[INFO] [stderr]    Compiling ppv-lite86 v0.2.21
[INFO] [stderr]    Compiling rand_chacha v0.9.0
[INFO] [stderr]    Compiling proptest v1.11.0
[INFO] [stderr]    Compiling docxtpl-opc v1.3.2 (/opt/rustwide/workdir)
[INFO] [stderr]     Finished `release` profile [optimized] target(s) in 46.98s
[INFO] running `Command { std: "docker" "inspect" "34996b72c8fea4a959b66283d6b7342112d20fb3e637231a7a4efc0a363808c5", kill_on_drop: false }`
[INFO] running `Command { std: "docker" "exec" "-e" "SOURCE_DIR=/opt/rustwide/workdir" "-e" "CARGO_HOME=/opt/rustwide/cargo-home" "-e" "RUSTUP_HOME=/opt/rustwide/rustup-home" "-e" "CARGO_TARGET_DIR=/opt/rustwide/target" "-e" "CARGO_INCREMENTAL=0" "-e" "RUST_BACKTRACE=full" "-e" "RUSTFLAGS=--cap-lints=warn" "-e" "RUSTDOCFLAGS=--cap-lints=warn" "-w" "/opt/rustwide/workdir" "--user" "0:0" "34996b72c8fea4a959b66283d6b7342112d20fb3e637231a7a4efc0a363808c5" "/opt/rustwide/cargo-home/bin/cargo" "+1.99.0-beta.8" "test" "--frozen" "--release", kill_on_drop: false }`
[INFO] [stderr]     Finished `release` profile [optimized] target(s) in 0.14s
[INFO] [stderr]      Running unittests src/lib.rs (/opt/rustwide/target/release/deps/docxtpl_opc-517f417975548940)
[INFO] [stdout] 
[INFO] [stdout] running 22 tests
[INFO] [stdout] test content_types::tests::empty_types_serialize_self_closing ... ok
[INFO] [stdout] test rels::tests::next_r_id_fills_holes ... ok
[INFO] [stdout] test rels::tests::empty_relationships_serialize_self_closing ... ok
[INFO] [stdout] test uri::tests::rejects_bad_uris ... ok
[INFO] [stdout] test uri::tests::rels_paths_and_owners ... ok
[INFO] [stdout] test content_types::tests::to_xml_sorts_defaults_and_overrides ... ok
[INFO] [stdout] test uri::tests::percent_decoding ... ok
[INFO] [stdout] test rels::tests::to_xml_matches_lxml_rebuild_byte_for_byte ... ok
[INFO] [stdout] test uri::tests::resolving_relative_targets ... ok
[INFO] [stdout] test rels::tests::parses_attributes_and_modes ... ok
[INFO] [stdout] test content_types::tests::parses_and_looks_up ... ok
[INFO] [stdout] test rels::tests::resolves_targets_relative_to_owner_directory ... ok
[INFO] [stdout] test rels::tests::rejects_broken_xml ... ok
[INFO] [stdout] test content_types::tests::add_default_dedupes_case_insensitively ... ok
[INFO] [stdout] test uri::tests::uri_helpers_never_panics ... ok
[INFO] [stdout] test rels::tests::rejects_missing_required_attributes ... ok
[INFO] [stdout] test limits::tests::default_values_match_adr004 ... ok
[INFO] [stdout] test content_types::tests::rejects_missing_or_empty_attributes ... ok
[INFO] [stdout] test uri::tests::accepts_good_uris ... ok
[INFO] [stdout] test content_types::tests::rejects_broken_xml ... ok
[INFO] [stdout] test uri::tests::parent_and_file_name ... ok
[INFO] [stdout] test uri::tests::collapsing_segments ... ok
[INFO] [stdout] 
[INFO] [stdout] test result: ok. 22 passed; 0 failed; 0 ignored; 0 measured; 0 filtered out; finished in 0.01s
[INFO] [stdout] 
[INFO] [stderr]      Running tests/fixture_roundtrip.rs (/opt/rustwide/target/release/deps/fixture_roundtrip-e4d5eacadd7ca941)
[INFO] [stdout] 
[INFO] [stdout] running 1 test
[INFO] [stdout] test roundtrip_all_rt_fixtures_byte_identical ... FAILED
[INFO] [stdout] 
[INFO] [stdout] failures:
[INFO] [stdout] 
[INFO] [stdout] ---- roundtrip_all_rt_fixtures_byte_identical stdout ----
[INFO] [stderr] error: test failed, to rerun pass `--test fixture_roundtrip`
[INFO] [stdout] 
[INFO] [stdout] thread 'roundtrip_all_rt_fixtures_byte_identical' (1779) panicked at tests/fixture_roundtrip.rs:27:29:
[INFO] [stdout] cannot read fixture directory /opt/rustwide/workdir/../../tests/fixtures/templates: No such file or directory (os error 2)
[INFO] [stdout] stack backtrace:
[INFO] [stdout]    0:     0x60f07005c681 - <<std[70759c8f55707aa4]::sys::backtrace::BacktraceLock>::print::DisplayBacktrace as core[df12db4294e9bfd3]::fmt::Display>::fmt
[INFO] [stdout]    1:     0x60f07007225a - core[df12db4294e9bfd3]::fmt::write
[INFO] [stdout]    2:     0x60f070060f1c - <alloc[2182bb758b4b3781]::vec::Vec<u8> as core[df12db4294e9bfd3]::io::write::Write>::write_fmt
[INFO] [stdout]    3:     0x60f070036e46 - std[70759c8f55707aa4]::panicking::default_hook::{closure#0}
[INFO] [stdout]    4:     0x60f070054119 - std[70759c8f55707aa4]::panicking::default_hook
[INFO] [stdout]    5:     0x60f06ff004a0 - test[9d35eded1c95d3be]::test_main_inner::<test[9d35eded1c95d3be]::test_main_static::{closure#0}>::{closure#0}
[INFO] [stdout]    6:     0x60f0700542d2 - std[70759c8f55707aa4]::panicking::panic_with_hook
[INFO] [stdout]    7:     0x60f070036ef2 - std[70759c8f55707aa4]::panicking::panic_handler::{closure#0}
[INFO] [stdout]    8:     0x60f07002fa49 - std[70759c8f55707aa4]::sys::backtrace::__rust_end_short_backtrace::<std[70759c8f55707aa4]::panicking::panic_handler::{closure#0}, !>
[INFO] [stdout]    9:     0x60f070037bdd - __rustc[8fa7c3cbc660c2b3]::rust_begin_unwind
[INFO] [stdout]   10:     0x60f07007298c - core[df12db4294e9bfd3]::panicking::panic_fmt
[INFO] [stdout]   11:     0x60f06feda2b9 - fixture_roundtrip[16623f2d69857de8]::roundtrip_all_rt_fixtures_byte_identical::{closure#0}
[INFO] [stdout]   12:     0x60f06fedb58d - <fixture_roundtrip[16623f2d69857de8]::roundtrip_all_rt_fixtures_byte_identical::{closure#0} as core[df12db4294e9bfd3]::ops::function::FnOnce<()>>::call_once
[INFO] [stdout]   13:     0x60f06fef378b - test[9d35eded1c95d3be]::__rust_begin_short_backtrace::<core[df12db4294e9bfd3]::result::Result<(), alloc[2182bb758b4b3781]::string::String>, fn() -> core[df12db4294e9bfd3]::result::Result<(), alloc[2182bb758b4b3781]::string::String>>
[INFO] [stdout]   14:     0x60f06ff00df5 - test[9d35eded1c95d3be]::run_test::{closure#0}
[INFO] [stdout]   15:     0x60f06fefa6b4 - std[70759c8f55707aa4]::sys::backtrace::__rust_begin_short_backtrace::<test[9d35eded1c95d3be]::run_test::{closure#1}, ()>
[INFO] [stdout]   16:     0x60f06ff03f52 - <std[70759c8f55707aa4]::thread::lifecycle::spawn_unchecked<test[9d35eded1c95d3be]::run_test::{closure#1}, ()>::{closure#1} as core[df12db4294e9bfd3]::ops::function::FnOnce<()>>::call_once::{shim:vtable#0}
[INFO] [stdout]   17:     0x60f07005bf59 - <std[70759c8f55707aa4]::sys::thread::unix::Thread>::new::thread_start
[INFO] [stdout]   18:     0x75072e0c2dfa - <unknown>
[INFO] [stdout]   19:     0x75072e1563d4 - clone
[INFO] [stdout]   20:                0x0 - <unknown>
[INFO] [stdout] 
[INFO] [stdout] 
[INFO] [stdout] failures:
[INFO] [stdout]     roundtrip_all_rt_fixtures_byte_identical
[INFO] [stdout] 
[INFO] [stdout] test result: FAILED. 0 passed; 1 failed; 0 ignored; 0 measured; 0 filtered out; finished in 0.01s
[INFO] [stdout] 
[INFO] running `Command { std: "docker" "inspect" "34996b72c8fea4a959b66283d6b7342112d20fb3e637231a7a4efc0a363808c5", kill_on_drop: false }`
[INFO] running `Command { std: "docker" "rm" "-f" "34996b72c8fea4a959b66283d6b7342112d20fb3e637231a7a4efc0a363808c5", kill_on_drop: false }`
[INFO] [stdout] 34996b72c8fea4a959b66283d6b7342112d20fb3e637231a7a4efc0a363808c5
