[INFO] fetching crate docx-template 0.2.7...
[INFO] testing docx-template-0.2.7 against 1.100.0-beta.1+cargoflags=--release for beta-release-1.100-2
[INFO] extracting crate docx-template 0.2.7 into /workspace/builds/worker-1-tc2/source
[INFO] started tweaking crates.io crate docx-template 0.2.7
[INFO] finished tweaking crates.io crate docx-template 0.2.7
[INFO] tweaked toml for crates.io crate docx-template 0.2.7 written to /workspace/builds/worker-1-tc2/source/Cargo.toml
[INFO] validating manifest of crates.io crate docx-template 0.2.7 on toolchain 1.100.0-beta.1
[INFO] running `Command { std: CARGO_HOME="/workspace/cargo-home" RUSTUP_HOME="/workspace/rustup-home" "/workspace/cargo-home/bin/cargo" "+1.100.0-beta.1" "metadata" "--manifest-path" "Cargo.toml" "--no-deps", kill_on_drop: false }`
[INFO] crate crates.io crate docx-template 0.2.7 already has a lockfile, it will not be regenerated
[INFO] running `Command { std: CARGO_HOME="/workspace/cargo-home" RUSTUP_HOME="/workspace/rustup-home" "/workspace/cargo-home/bin/cargo" "+1.100.0-beta.1" "fetch" "--manifest-path" "Cargo.toml", kill_on_drop: false }`
[INFO] running `Command { std: "docker" "create" "-v" "/var/lib/crater-agent-workspace/builds/worker-1-tc2/source:/opt/rustwide/workdir:ro,Z" "-v" "/var/lib/crater-agent-workspace/builds/worker-1-tc2/target:/opt/rustwide/target:rw,Z" "-v" "/var/lib/crater-agent-workspace/cargo-home:/opt/rustwide/cargo-home:ro,Z" "-v" "/var/lib/crater-agent-workspace/rustup-home:/opt/rustwide/rustup-home:ro,Z" "-m" "1610612736" "--network" "none" "ghcr.io/rust-lang/crates-build-env/linux@sha256:77db811e55d90add9212f6832c23229e3de5f1c1f9905e8cb07319ea15df73ac" "sleep" "infinity", kill_on_drop: false }`
[INFO] [stdout] a81b98b59269a8e8c3e2bfe9fda98539805ae626993697801db0043f05861108
[INFO] running `Command { std: "docker" "start" "a81b98b59269a8e8c3e2bfe9fda98539805ae626993697801db0043f05861108", kill_on_drop: false }`
[INFO] running `Command { std: "docker" "inspect" "a81b98b59269a8e8c3e2bfe9fda98539805ae626993697801db0043f05861108", kill_on_drop: false }`
[INFO] running `Command { std: "docker" "exec" "-e" "SOURCE_DIR=/opt/rustwide/workdir" "-e" "CARGO_HOME=/opt/rustwide/cargo-home" "-e" "RUSTUP_HOME=/opt/rustwide/rustup-home" "-e" "CARGO_TARGET_DIR=/opt/rustwide/target" "-w" "/opt/rustwide/workdir" "--user" "0:0" "a81b98b59269a8e8c3e2bfe9fda98539805ae626993697801db0043f05861108" "/opt/rustwide/cargo-home/bin/cargo" "+1.100.0-beta.1" "metadata" "--no-deps" "--format-version=1", kill_on_drop: false }`
[INFO] running `Command { std: "docker" "inspect" "a81b98b59269a8e8c3e2bfe9fda98539805ae626993697801db0043f05861108", kill_on_drop: false }`
[INFO] running `Command { std: "docker" "exec" "-e" "SOURCE_DIR=/opt/rustwide/workdir" "-e" "CARGO_HOME=/opt/rustwide/cargo-home" "-e" "RUSTUP_HOME=/opt/rustwide/rustup-home" "-e" "CARGO_TARGET_DIR=/opt/rustwide/target" "-e" "CARGO_INCREMENTAL=0" "-e" "RUST_BACKTRACE=full" "-e" "RUSTFLAGS=--cap-lints=warn" "-e" "RUSTDOCFLAGS=--cap-lints=warn" "-w" "/opt/rustwide/workdir" "--user" "0:0" "a81b98b59269a8e8c3e2bfe9fda98539805ae626993697801db0043f05861108" "/opt/rustwide/cargo-home/bin/cargo" "+1.100.0-beta.1" "build" "--frozen" "--message-format=json" "--release", kill_on_drop: false }`
[INFO] [stderr]    Compiling futures-task v0.3.31
[INFO] [stderr]    Compiling jobserver v0.1.33
[INFO] [stderr]    Compiling mio v1.0.4
[INFO] [stderr]    Compiling socket2 v0.5.10
[INFO] [stderr]    Compiling miniz_oxide v0.8.8
[INFO] [stderr]    Compiling num-integer v0.1.46
[INFO] [stderr]    Compiling zlib-rs v0.5.0
[INFO] [stderr]    Compiling built v0.7.7
[INFO] [stderr]    Compiling v_frame v0.3.8
[INFO] [stderr]    Compiling rayon v1.10.0
[INFO] [stderr]    Compiling zeroize_derive v1.4.2
[INFO] [stderr]    Compiling thiserror-impl v1.0.69
[INFO] [stderr]    Compiling profiling-procmacros v1.0.16
[INFO] [stderr]    Compiling icu_properties v2.0.1
[INFO] [stderr]    Compiling icu_normalizer v2.0.0
[INFO] [stderr]    Compiling getrandom v0.3.3
[INFO] [stderr]    Compiling futures-util v0.3.31
[INFO] [stderr]    Compiling profiling v1.0.16
[INFO] [stderr]    Compiling itertools v0.12.1
[INFO] [stderr]    Compiling rav1e v0.7.1
[INFO] [stderr]    Compiling num-derive v0.4.2
[INFO] [stderr]    Compiling cc v1.2.25
[INFO] [stderr]    Compiling inout v0.1.4
[INFO] [stderr]    Compiling arg_enum_proc_macro v0.3.4
[INFO] [stderr]    Compiling zeroize v1.8.1
[INFO] [stderr]    Compiling simd_helpers v0.1.0
[INFO] [stderr]    Compiling tokio v1.45.1
[INFO] [stderr]    Compiling num-bigint v0.4.6
[INFO] [stderr]    Compiling imgref v1.11.0
[INFO] [stderr]    Compiling bitstream-io v2.6.0
[INFO] [stderr]    Compiling weezl v0.1.10
[INFO] [stderr]    Compiling loop9 v0.1.5
[INFO] [stderr]    Compiling cipher v0.4.4
[INFO] [stderr]    Compiling hmac v0.12.1
[INFO] [stderr]    Compiling avif-serialize v0.8.3
[INFO] [stderr]    Compiling half v2.6.0
[INFO] [stderr]    Compiling rgb v0.8.50
[INFO] [stderr]    Compiling thiserror v1.0.69
[INFO] [stderr]    Compiling bytemuck v1.23.0
[INFO] [stderr]    Compiling bumpalo v3.17.0
[INFO] [stderr]    Compiling exr v1.73.0
[INFO] [stderr]    Compiling time v0.3.41
[INFO] [stderr]    Compiling gif v0.13.1
[INFO] [stderr]    Compiling qoi v0.4.1
[INFO] [stderr]    Compiling openssl-sys v0.9.109
[INFO] [stderr]    Compiling zstd-sys v2.0.15+zstd.1.5.7
[INFO] [stderr]    Compiling bzip2-sys v0.1.13+1.0.8
[INFO] [stderr]    Compiling liblzma-sys v0.4.3
[INFO] [stderr]    Compiling zopfli v0.8.2
[INFO] [stderr]    Compiling idna_adapter v1.2.1
[INFO] [stderr]    Compiling idna v1.0.3
[INFO] [stderr]    Compiling bzip2 v0.5.2
[INFO] [stderr]    Compiling openssl v0.10.73
[INFO] [stderr]    Compiling native-tls v0.2.14
[INFO] [stderr]    Compiling liblzma v0.4.1
[INFO] [stderr]    Compiling image-webp v0.2.1
[INFO] [stderr]    Compiling url v2.5.4
[INFO] [stderr]    Compiling zune-jpeg v0.4.14
[INFO] [stderr]    Compiling aes v0.8.4
[INFO] [stderr]    Compiling num-rational v0.4.2
[INFO] [stderr]    Compiling libz-rs-sys v0.5.0
[INFO] [stderr]    Compiling flate2 v1.1.1
[INFO] [stderr]    Compiling maybe-rayon v0.1.1
[INFO] [stderr]    Compiling av1-grain v0.2.4
[INFO] [stderr]    Compiling pbkdf2 v0.12.2
[INFO] [stderr]    Compiling sha1 v0.10.6
[INFO] [stderr]    Compiling tiff v0.9.1
[INFO] [stderr]    Compiling png v0.17.16
[INFO] [stderr]    Compiling rustls-pki-types v1.12.0
[INFO] [stderr]    Compiling thiserror-impl v2.0.12
[INFO] [stderr]    Compiling deflate64 v0.1.9
[INFO] [stderr]    Compiling uuid v1.17.0
[INFO] [stderr]    Compiling quick-xml v0.37.5
[INFO] [stderr]    Compiling thiserror v2.0.12
[INFO] [stderr]    Compiling tokio-util v0.7.15
[INFO] [stderr]    Compiling tower v0.5.2
[INFO] [stderr]    Compiling tower-http v0.6.4
[INFO] [stderr]    Compiling h2 v0.4.10
[INFO] [stderr]    Compiling tokio-native-tls v0.3.1
[INFO] [stderr]    Compiling hyper v1.6.0
[INFO] [stderr]    Compiling ravif v0.11.12
[INFO] [stderr]    Compiling hyper-util v0.1.13
[INFO] [stderr]    Compiling image v0.25.6
[INFO] [stderr]    Compiling hyper-tls v0.6.0
[INFO] [stderr]    Compiling reqwest v0.12.18
[INFO] [stderr]    Compiling zstd-safe v7.2.4
[INFO] [stderr]    Compiling zstd v0.13.3
[INFO] [stderr]    Compiling zip v4.0.0
[INFO] [stderr]    Compiling docx-template v0.2.7 (/opt/rustwide/workdir)
[INFO] [stderr]     Finished `release` profile [optimized] target(s) in 2m 36s
[INFO] running `Command { std: "docker" "inspect" "a81b98b59269a8e8c3e2bfe9fda98539805ae626993697801db0043f05861108", kill_on_drop: false }`
[INFO] running `Command { std: "docker" "exec" "-e" "SOURCE_DIR=/opt/rustwide/workdir" "-e" "CARGO_HOME=/opt/rustwide/cargo-home" "-e" "RUSTUP_HOME=/opt/rustwide/rustup-home" "-e" "CARGO_TARGET_DIR=/opt/rustwide/target" "-e" "CARGO_INCREMENTAL=0" "-e" "RUST_BACKTRACE=full" "-e" "RUSTFLAGS=--cap-lints=warn" "-e" "RUSTDOCFLAGS=--cap-lints=warn" "-w" "/opt/rustwide/workdir" "--user" "0:0" "a81b98b59269a8e8c3e2bfe9fda98539805ae626993697801db0043f05861108" "/opt/rustwide/cargo-home/bin/cargo" "+1.100.0-beta.1" "test" "--frozen" "--no-run" "--message-format=json" "--release", kill_on_drop: false }`
[INFO] [stderr]    Compiling lock_api v0.4.13
[INFO] [stderr]    Compiling parking_lot_core v0.9.11
[INFO] [stderr]    Compiling tokio-macros v2.5.0
[INFO] [stderr]    Compiling parking_lot v0.12.4
[INFO] [stderr]    Compiling tokio v1.45.1
[INFO] [stderr]    Compiling tokio-util v0.7.15
[INFO] [stderr]    Compiling tower v0.5.2
[INFO] [stderr]    Compiling tokio-native-tls v0.3.1
[INFO] [stderr]    Compiling tower-http v0.6.4
[INFO] [stderr]    Compiling h2 v0.4.10
[INFO] [stderr]    Compiling hyper v1.6.0
[INFO] [stderr]    Compiling hyper-util v0.1.13
[INFO] [stderr]    Compiling hyper-tls v0.6.0
[INFO] [stderr]    Compiling reqwest v0.12.18
[INFO] [stderr]    Compiling docx-template v0.2.7 (/opt/rustwide/workdir)
[INFO] [stderr]     Finished `release` profile [optimized] target(s) in 40.79s
[INFO] running `Command { std: "docker" "inspect" "a81b98b59269a8e8c3e2bfe9fda98539805ae626993697801db0043f05861108", kill_on_drop: false }`
[INFO] running `Command { std: "docker" "exec" "-e" "SOURCE_DIR=/opt/rustwide/workdir" "-e" "CARGO_HOME=/opt/rustwide/cargo-home" "-e" "RUSTUP_HOME=/opt/rustwide/rustup-home" "-e" "CARGO_TARGET_DIR=/opt/rustwide/target" "-e" "CARGO_INCREMENTAL=0" "-e" "RUST_BACKTRACE=full" "-e" "RUSTFLAGS=--cap-lints=warn" "-e" "RUSTDOCFLAGS=--cap-lints=warn" "-w" "/opt/rustwide/workdir" "--user" "0:0" "a81b98b59269a8e8c3e2bfe9fda98539805ae626993697801db0043f05861108" "/opt/rustwide/cargo-home/bin/cargo" "+1.100.0-beta.1" "test" "--frozen" "--release", kill_on_drop: false }`
[INFO] [stderr]     Finished `release` profile [optimized] target(s) in 0.27s
[INFO] [stderr]      Running unittests src/lib.rs (/opt/rustwide/target/release/build/docx-template/568dd560cdfe8de6/out/docx_template-568dd560cdfe8de6)
[INFO] [stdout] 
[INFO] [stdout] running 1 test
[INFO] [stdout] test tests::test_replacement ... FAILED
[INFO] [stdout] 
[INFO] [stdout] failures:
[INFO] [stdout] 
[INFO] [stdout] ---- tests::test_replacement stdout ----
[INFO] [stdout] 
[INFO] [stdout] thread 'tests::test_replacement' (2228) panicked at src/lib.rs:21:173:
[INFO] [stdout] msg: InvalidImageUrl(reqwest::Error { kind: Request, source: hyper_util::client::legacy::Error(Connect, ConnectError("dns error", Custom { kind: Uncategorized, error: "failed to lookup address information: Temporary failure in name resolution" })) })
[INFO] [stdout] stack backtrace:
[INFO] [stdout]    0:     0x6519d0e7e761 - <<std[617be2ca0a6fd877]::sys::backtrace::BacktraceLock>::print::DisplayBacktrace as core[a373ad73a504971]::fmt::Display>::fmt
[INFO] [stdout]    1:     0x6519d0e95f2a - core[a373ad73a504971]::fmt::write
[INFO] [stdout]    2:     0x6519d0e8313c - <alloc[2e1b2a31b91974c5]::vec::Vec<u8> as core[a373ad73a504971]::io::write::Write>::write_fmt
[INFO] [stdout]    3:     0x6519d0e59806 - std[617be2ca0a6fd877]::panicking::default_hook::{closure#0}
[INFO] [stdout]    4:     0x6519d0e76759 - std[617be2ca0a6fd877]::panicking::default_hook
[INFO] [stdout]    5:     0x6519d0b060e0 - test[aada8e7e76ba119b]::test_main_inner::{closure#0}
[INFO] [stdout]    6:     0x6519d0e76a82 - std[617be2ca0a6fd877]::panicking::panic_with_hook
[INFO] [stdout]    7:     0x6519d0e598b2 - std[617be2ca0a6fd877]::panicking::panic_handler::{closure#0}
[INFO] [stdout]    8:     0x6519d0e524e9 - std[617be2ca0a6fd877]::sys::backtrace::__rust_end_short_backtrace::<std[617be2ca0a6fd877]::panicking::panic_handler::{closure#0}, !>
[INFO] [stdout]    9:     0x6519d0e5a6ad - __rustc[ea4f61d10b84890b]::rust_begin_unwind
[INFO] [stdout]   10:     0x6519d0e9668c - core[a373ad73a504971]::panicking::panic_fmt
[INFO] [stdout]   11:     0x6519d0e96462 - core[a373ad73a504971]::result::unwrap_failed
[INFO] [stdout]   12:     0x6519d0aeb9e0 - docx_template[2ae3cff04b08e475]::tests::test_replacement::{closure#0}
[INFO] [stdout]   13:     0x6519d0ac9333 - <tokio[d9e3ca674f832791]::runtime::scheduler::current_thread::Context>::enter::<core[a373ad73a504971]::task::poll::Poll<()>, <tokio[d9e3ca674f832791]::runtime::scheduler::current_thread::CoreGuard>::block_on<core[a373ad73a504971]::pin::Pin<&mut core[a373ad73a504971]::pin::Pin<&mut dyn core[a373ad73a504971]::future::future::Future<Output = ()>>>>::{closure#0}::{closure#0}>
[INFO] [stdout]   14:     0x6519d0ad6efc - <tokio[d9e3ca674f832791]::runtime::context::scoped::Scoped<tokio[d9e3ca674f832791]::runtime::scheduler::Context>>::set::<<tokio[d9e3ca674f832791]::runtime::scheduler::current_thread::CoreGuard>::enter<<tokio[d9e3ca674f832791]::runtime::scheduler::current_thread::CoreGuard>::block_on<core[a373ad73a504971]::pin::Pin<&mut core[a373ad73a504971]::pin::Pin<&mut dyn core[a373ad73a504971]::future::future::Future<Output = ()>>>>::{closure#0}, core[a373ad73a504971]::option::Option<()>>::{closure#0}, (alloc[2e1b2a31b91974c5]::boxed::Box<tokio[d9e3ca674f832791]::runtime::scheduler::current_thread::Core>, core[a373ad73a504971]::option::Option<()>)>
[INFO] [stdout]   15:     0x6519d0ac9687 - <tokio[d9e3ca674f832791]::runtime::scheduler::current_thread::CoreGuard>::block_on::<core[a373ad73a504971]::pin::Pin<&mut core[a373ad73a504971]::pin::Pin<&mut dyn core[a373ad73a504971]::future::future::Future<Output = ()>>>>
[INFO] [stdout]   16:     0x6519d0ad59ed - tokio[d9e3ca674f832791]::runtime::context::runtime::enter_runtime::<<tokio[d9e3ca674f832791]::runtime::scheduler::current_thread::CurrentThread>::block_on<core[a373ad73a504971]::pin::Pin<&mut dyn core[a373ad73a504971]::future::future::Future<Output = ()>>>::{closure#0}, ()>
[INFO] [stdout]   17:     0x6519d0af1905 - <tokio[d9e3ca674f832791]::runtime::runtime::Runtime>::block_on::<core[a373ad73a504971]::pin::Pin<&mut dyn core[a373ad73a504971]::future::future::Future<Output = ()>>>
[INFO] [stdout]   18:     0x6519d0aedc0e - <docx_template[2ae3cff04b08e475]::tests::test_replacement::{closure#0} as core[a373ad73a504971]::ops::function::FnOnce<()>>::call_once
[INFO] [stdout]   19:     0x6519d0af952b - test[aada8e7e76ba119b]::__rust_begin_short_backtrace::<core[a373ad73a504971]::result::Result<(), alloc[2e1b2a31b91974c5]::string::String>, fn() -> core[a373ad73a504971]::result::Result<(), alloc[2e1b2a31b91974c5]::string::String>>
[INFO] [stderr] error: test failed, to rerun pass `--lib`
[INFO] [stdout]   20:     0x6519d0b06705 - test[aada8e7e76ba119b]::run_test::{closure#0}
[INFO] [stdout]   21:     0x6519d0affff4 - std[617be2ca0a6fd877]::sys::backtrace::__rust_begin_short_backtrace::<test[aada8e7e76ba119b]::run_test::{closure#1}, ()>
[INFO] [stdout]   22:     0x6519d0b09792 - <std[617be2ca0a6fd877]::thread::lifecycle::spawn_unchecked<test[aada8e7e76ba119b]::run_test::{closure#1}, ()>::{closure#1} as core[a373ad73a504971]::ops::function::FnOnce<()>>::call_once::{shim:vtable#0}
[INFO] [stdout]   23:     0x6519d0e7dc0f - <std[617be2ca0a6fd877]::sys::thread::unix::Thread>::new::thread_start
[INFO] [stdout]   24:     0x7ea4cf762dfa - <unknown>
[INFO] [stdout]   25:     0x7ea4cf7f63d4 - clone
[INFO] [stdout]   26:                0x0 - <unknown>
[INFO] [stdout] 
[INFO] [stdout] 
[INFO] [stdout] failures:
[INFO] [stdout]     tests::test_replacement
[INFO] [stdout] 
[INFO] [stdout] test result: FAILED. 0 passed; 1 failed; 0 ignored; 0 measured; 0 filtered out; finished in 0.11s
[INFO] [stdout] 
[INFO] running `Command { std: "docker" "inspect" "a81b98b59269a8e8c3e2bfe9fda98539805ae626993697801db0043f05861108", kill_on_drop: false }`
[INFO] running `Command { std: "docker" "rm" "-f" "a81b98b59269a8e8c3e2bfe9fda98539805ae626993697801db0043f05861108", kill_on_drop: false }`
[INFO] [stdout] a81b98b59269a8e8c3e2bfe9fda98539805ae626993697801db0043f05861108
