[INFO] fetching crate docx-sanitizer 0.1.4...
[INFO] testing docx-sanitizer-0.1.4 against 1.100.0-beta.1+cargoflags=--release for beta-release-1.100-2
[INFO] extracting crate docx-sanitizer 0.1.4 into /workspace/builds/worker-5-tc2/source
[INFO] started tweaking crates.io crate docx-sanitizer 0.1.4
[INFO] removed 0 missing tests
[INFO] finished tweaking crates.io crate docx-sanitizer 0.1.4
[INFO] tweaked toml for crates.io crate docx-sanitizer 0.1.4 written to /workspace/builds/worker-5-tc2/source/Cargo.toml
[INFO] validating manifest of crates.io crate docx-sanitizer 0.1.4 on toolchain 1.100.0-beta.1
[INFO] running `Command { std: CARGO_HOME="/workspace/cargo-home" RUSTUP_HOME="/workspace/rustup-home" "/workspace/cargo-home/bin/cargo" "+1.100.0-beta.1" "metadata" "--manifest-path" "Cargo.toml" "--no-deps", kill_on_drop: false }`
[INFO] crate crates.io crate docx-sanitizer 0.1.4 already has a lockfile, it will not be regenerated
[INFO] running `Command { std: CARGO_HOME="/workspace/cargo-home" RUSTUP_HOME="/workspace/rustup-home" "/workspace/cargo-home/bin/cargo" "+1.100.0-beta.1" "fetch" "--manifest-path" "Cargo.toml", kill_on_drop: false }`
[INFO] running `Command { std: "docker" "create" "-v" "/var/lib/crater-agent-workspace/builds/worker-5-tc2/source:/opt/rustwide/workdir:ro,Z" "-v" "/var/lib/crater-agent-workspace/builds/worker-5-tc2/target:/opt/rustwide/target:rw,Z" "-v" "/var/lib/crater-agent-workspace/cargo-home:/opt/rustwide/cargo-home:ro,Z" "-v" "/var/lib/crater-agent-workspace/rustup-home:/opt/rustwide/rustup-home:ro,Z" "-m" "1610612736" "--network" "none" "ghcr.io/rust-lang/crates-build-env/linux@sha256:77db811e55d90add9212f6832c23229e3de5f1c1f9905e8cb07319ea15df73ac" "sleep" "infinity", kill_on_drop: false }`
[INFO] [stdout] 6255c42b67977499a3359dff51716e274fb6206aecd5d2a77935cdc3ea54e337
[INFO] running `Command { std: "docker" "start" "6255c42b67977499a3359dff51716e274fb6206aecd5d2a77935cdc3ea54e337", kill_on_drop: false }`
[INFO] running `Command { std: "docker" "inspect" "6255c42b67977499a3359dff51716e274fb6206aecd5d2a77935cdc3ea54e337", kill_on_drop: false }`
[INFO] running `Command { std: "docker" "exec" "-e" "SOURCE_DIR=/opt/rustwide/workdir" "-e" "CARGO_HOME=/opt/rustwide/cargo-home" "-e" "RUSTUP_HOME=/opt/rustwide/rustup-home" "-e" "CARGO_TARGET_DIR=/opt/rustwide/target" "-w" "/opt/rustwide/workdir" "--user" "0:0" "6255c42b67977499a3359dff51716e274fb6206aecd5d2a77935cdc3ea54e337" "/opt/rustwide/cargo-home/bin/cargo" "+1.100.0-beta.1" "metadata" "--no-deps" "--format-version=1", kill_on_drop: false }`
[INFO] running `Command { std: "docker" "inspect" "6255c42b67977499a3359dff51716e274fb6206aecd5d2a77935cdc3ea54e337", kill_on_drop: false }`
[INFO] running `Command { std: "docker" "exec" "-e" "SOURCE_DIR=/opt/rustwide/workdir" "-e" "CARGO_HOME=/opt/rustwide/cargo-home" "-e" "RUSTUP_HOME=/opt/rustwide/rustup-home" "-e" "CARGO_TARGET_DIR=/opt/rustwide/target" "-e" "CARGO_INCREMENTAL=0" "-e" "RUST_BACKTRACE=full" "-e" "RUSTFLAGS=--cap-lints=warn" "-e" "RUSTDOCFLAGS=--cap-lints=warn" "-w" "/opt/rustwide/workdir" "--user" "0:0" "6255c42b67977499a3359dff51716e274fb6206aecd5d2a77935cdc3ea54e337" "/opt/rustwide/cargo-home/bin/cargo" "+1.100.0-beta.1" "build" "--frozen" "--message-format=json" "--release", kill_on_drop: false }`
[INFO] [stderr] warning: profile package spec `docx-sanitizer-wasm` in profile `release` did not match any packages
[INFO] [stderr]    Compiling zlib-rs v0.6.6
[INFO] [stderr]    Compiling simd-adler32 v0.3.9
[INFO] [stderr]    Compiling bumpalo v3.20.3
[INFO] [stderr]    Compiling quick-xml v0.38.4
[INFO] [stderr]    Compiling syn v2.0.118
[INFO] [stderr]    Compiling serde_json v1.0.150
[INFO] [stderr]    Compiling zopfli v0.8.3
[INFO] [stderr]    Compiling clap_derive v4.6.1
[INFO] [stderr]    Compiling serde_derive v1.0.228
[INFO] [stderr]    Compiling thiserror-impl v2.0.18
[INFO] [stderr]    Compiling flate2 v1.1.9
[INFO] [stderr]    Compiling thiserror v2.0.18
[INFO] [stderr]    Compiling zip v4.6.1
[INFO] [stderr]    Compiling clap v4.6.1
[INFO] [stderr]    Compiling serde v1.0.228
[INFO] [stderr]    Compiling docx-sanitizer v0.1.4 (/opt/rustwide/workdir)
[INFO] [stderr]     Finished `release` profile [optimized] target(s) in 22.68s
[INFO] running `Command { std: "docker" "inspect" "6255c42b67977499a3359dff51716e274fb6206aecd5d2a77935cdc3ea54e337", kill_on_drop: false }`
[INFO] running `Command { std: "docker" "exec" "-e" "SOURCE_DIR=/opt/rustwide/workdir" "-e" "CARGO_HOME=/opt/rustwide/cargo-home" "-e" "RUSTUP_HOME=/opt/rustwide/rustup-home" "-e" "CARGO_TARGET_DIR=/opt/rustwide/target" "-e" "CARGO_INCREMENTAL=0" "-e" "RUST_BACKTRACE=full" "-e" "RUSTFLAGS=--cap-lints=warn" "-e" "RUSTDOCFLAGS=--cap-lints=warn" "-w" "/opt/rustwide/workdir" "--user" "0:0" "6255c42b67977499a3359dff51716e274fb6206aecd5d2a77935cdc3ea54e337" "/opt/rustwide/cargo-home/bin/cargo" "+1.100.0-beta.1" "test" "--frozen" "--no-run" "--message-format=json" "--release", kill_on_drop: false }`
[INFO] [stderr] warning: profile package spec `docx-sanitizer-wasm` in profile `release` did not match any packages
[INFO] [stderr]    Compiling docx-sanitizer v0.1.4 (/opt/rustwide/workdir)
[INFO] [stderr]     Finished `release` profile [optimized] target(s) in 9.59s
[INFO] running `Command { std: "docker" "inspect" "6255c42b67977499a3359dff51716e274fb6206aecd5d2a77935cdc3ea54e337", kill_on_drop: false }`
[INFO] running `Command { std: "docker" "exec" "-e" "SOURCE_DIR=/opt/rustwide/workdir" "-e" "CARGO_HOME=/opt/rustwide/cargo-home" "-e" "RUSTUP_HOME=/opt/rustwide/rustup-home" "-e" "CARGO_TARGET_DIR=/opt/rustwide/target" "-e" "CARGO_INCREMENTAL=0" "-e" "RUST_BACKTRACE=full" "-e" "RUSTFLAGS=--cap-lints=warn" "-e" "RUSTDOCFLAGS=--cap-lints=warn" "-w" "/opt/rustwide/workdir" "--user" "0:0" "6255c42b67977499a3359dff51716e274fb6206aecd5d2a77935cdc3ea54e337" "/opt/rustwide/cargo-home/bin/cargo" "+1.100.0-beta.1" "test" "--frozen" "--release", kill_on_drop: false }`
[INFO] [stderr] warning: profile package spec `docx-sanitizer-wasm` in profile `release` did not match any packages
[INFO] [stderr]     Finished `release` profile [optimized] target(s) in 0.06s
[INFO] [stderr]      Running unittests src/lib.rs (/opt/rustwide/target/release/build/docx-sanitizer/f0786c0034c9fa82/out/docx_sanitizer-f0786c0034c9fa82)
[INFO] [stdout] 
[INFO] [stdout] running 166 tests
[INFO] [stdout] test policy::tests::collects_unsupported_part_classes ... ok
[INFO] [stdout] test policy::tests::default_mode_is_strict ... ok
[INFO] [stdout] test policy::tests::all_scope_includes_every_category ... ok
[INFO] [stdout] test part::tests::classifies_footnotes_and_endnotes ... ok
[INFO] [stdout] test policy::tests::exclude_scope_is_a_denylist ... ok
[INFO] [stdout] test policy::tests::include_scope_is_an_allowlist ... ok
[INFO] [stdout] test policy::tests::empty_spec_includes_nothing ... ok
[INFO] [stdout] test part::tests::classifies_plain_document ... ok
[INFO] [stdout] test policy::tests::parse_tolerates_whitespace_around_keywords ... ok
[INFO] [stdout] test policy::tests::sanitize_customxml_excludes_all_customxml_from_concerns ... ok
[INFO] [stdout] test policy::tests::best_effort_never_blocks ... ok
[INFO] [stdout] test policy::tests::strip_media_and_sanitize_customxml_combine ... ok
[INFO] [stdout] test policy::tests::strip_media_excludes_media_with_supported_extension_from_concerns ... ok
[INFO] [stdout] test part::tests::classifies_custom_xml_and_media_as_unsupported ... ok
[INFO] [stdout] test policy::tests::unknown_keyword_is_an_error ... ok
[INFO] [stdout] test relationships::tests::parses_and_finds_relationship_parts ... ok
[INFO] [stdout] test relationships::tests::parses_multiple_relationships_of_same_type ... ok
[INFO] [stdout] test relationships::tests::relationship_type_constants_cover_expected_lookups ... ok
[INFO] [stdout] test relationships::tests::resolves_document_relationship_targets ... ok
[INFO] [stdout] test relationships::tests::resolves_document_rels_from_nonstandard_main_document_path ... ok
[INFO] [stdout] test relationships::tests::tolerates_non_utf8_bytes_in_relationship_attributes ... ok
[INFO] [stdout] test report::tests::customxml_with_sanitize_customxml_is_sanitized ... ok
[INFO] [stdout] test report::tests::excluded_guaranteed_part_is_passthrough ... ok
[INFO] [stdout] test report::tests::included_guaranteed_part_is_sanitized ... ok
[INFO] [stdout] test report::tests::main_document_is_always_sanitized ... ok
[INFO] [stdout] test report::tests::media_with_strip_media_and_supported_extension_is_placeholder ... ok
[INFO] [stdout] test part::tests::classifies_headers_and_footers ... ok
[INFO] [stdout] test report::tests::media_without_strip_media_stays_unsupported ... ok
[INFO] [stdout] test report::tests::outcome_is_blocked_in_strict_mode_with_concerns ... ok
[INFO] [stdout] test report::tests::customxml_without_sanitize_customxml_stays_unsupported ... ok
[INFO] [stdout] test report::tests::serializes_to_expected_json_shape ... ok
[INFO] [stdout] test policy::tests::strip_media_still_flags_media_with_unsupported_extension ... ok
[INFO] [stdout] test part::tests::classifies_comments ... ok
[INFO] [stdout] test policy::tests::no_concerns_when_everything_supported ... ok
[INFO] [stdout] test report::tests::outcome_is_sanitized_in_best_effort_mode_with_concerns ... ok
[INFO] [stdout] test relationships::tests::unescapes_xml_entities_in_relationship_target ... ok
[INFO] [stdout] test report::tests::outcome_is_sanitized_with_no_concerns ... ok
[INFO] [stdout] test policy::tests::collects_unsupported_payload_findings ... ok
[INFO] [stdout] test report::tests::best_effort_tier_part_is_passthrough ... ok
[INFO] [stdout] test relationships::tests::normalizes_relative_paths ... ok
[INFO] [stdout] test sanitize::tests::excluding_headers_leaves_the_header_part_untouched ... ok
[INFO] [stdout] test sanitize::tests::constant_mode_replaces_body_text_with_fixed_string ... ok
[INFO] [stdout] test sanitize::tests::narrow_include_scope_still_blocks_strict_mode_on_custom_xml ... ok
[INFO] [stdout] test sanitize::tests::include_scope_only_sanitizes_the_listed_categories ... ok
[INFO] [stdout] test report::tests::unsupported_tier_part_is_unsupported ... ok
[INFO] [stdout] test sanitize::tests::excluding_revisions_leaves_author_untouched_but_still_sanitizes_text ... ok
[INFO] [stdout] test sanitize::tests::replacement_mode_does_not_affect_doc_props ... ok
[INFO] [stdout] test sanitize::tests::recognizes_structural_field_instructions_as_no_op ... ok
[INFO] [stdout] test sanitize::tests::best_effort_mode_produces_output_when_custom_xml_is_present ... ok
[INFO] [stdout] test sanitize::tests::preserves_self_closing_empty_del_text ... ok
[INFO] [stdout] test sanitize::tests::remove_track_changes_collapses_to_accepted_state_before_sanitizing ... ok
[INFO] [stdout] test sanitize::tests::sanitizes_document_text_and_preserves_other_parts ... ok
[INFO] [stdout] test sanitize::tests::preserves_self_closing_empty_runs ... ok
[INFO] [stdout] test sanitize::tests::sanitize_customxml_best_effort_produces_output_despite_mixed_content_payload ... ok
[INFO] [stdout] test sanitize::tests::sanitizes_comments ... ok
[INFO] [stdout] test sanitize::tests::sanitizes_doc_props_alongside_body_text ... ok
[INFO] [stdout] test sanitize::tests::sanitize_customxml_blocks_strict_mode_on_mixed_content_payload ... ok
[INFO] [stdout] test sanitize::tests::clear_mode_empties_body_text ... ok
[INFO] [stdout] test sanitize::tests::sanitize_customxml_rewrites_leaf_text_and_lets_strict_mode_succeed ... ok
[INFO] [stdout] test sanitize::tests::sanitizes_comment_initials_alongside_author_and_date ... ok
[INFO] [stdout] test sanitize::tests::flags_unrecognized_field_instruction_without_stripping_it ... ok
[INFO] [stdout] test xml::instr_text::tests::empty_instruction_is_unrecognized ... ok
[INFO] [stdout] test xml::instr_text::tests::field_grouping::flags_unrecognized_split_field_once_not_per_fragment ... ok
[INFO] [stdout] test sanitize::tests::sanitizes_tracked_deletion_text_alongside_visible_text ... ok
[INFO] [stdout] test sanitize::tests::sanitizes_external_hyperlink_targets_in_rels_unconditionally ... ok
[INFO] [stdout] test xml::instr_text::tests::field_grouping::rewrites_hyperlink_split_across_two_instr_text_runs ... ok
[INFO] [stdout] test xml::instr_text::tests::field_grouping::instr_text_without_enclosing_fld_char_is_classified_standalone ... ok
[INFO] [stdout] test sanitize::tests::sanitizes_headers_and_footers ... ok
[INFO] [stdout] test xml::instr_text::tests::field_grouping::rewrites_hyperlink_split_across_three_instr_text_runs ... ok
[INFO] [stdout] test xml::instr_text::tests::field_grouping::nested_field_is_flagged_unrecognized_as_a_whole ... ok
[INFO] [stdout] test sanitize::tests::sanitizes_recognized_hyperlink_field_instruction ... ok
[INFO] [stdout] test sanitize::tests::sanitizes_footnotes_and_endnotes ... ok
[INFO] [stdout] test sanitize::tests::without_the_flag_track_changes_structure_is_preserved ... ok
[INFO] [stdout] test sanitize::tests::strict_mode_produces_output_when_everything_is_supported ... ok
[INFO] [stdout] test sanitize::tests::strict_mode_blocks_output_when_custom_xml_is_present ... ok
[INFO] [stdout] test xml::instr_text::tests::recognizes_bare_hyperlink_field ... ok
[INFO] [stdout] test xml::instr_text::tests::field_grouping::unclosed_field_at_eof_fails_closed ... ok
[INFO] [stdout] test xml::instr_text::tests::recognizes_hyperlink_field_without_surrounding_whitespace ... ok
[INFO] [stdout] test xml::instr_text::tests::hyperlink_missing_closing_quote_is_unrecognized ... ok
[INFO] [stdout] test xml::instr_text::tests::recognizes_structural_fields_with_no_literal_payload ... ok
[INFO] [stdout] test xml::instr_text::tests::hyperlink_without_quotes_is_unrecognized ... ok
[INFO] [stdout] test xml::instr_text::tests::structural_field_is_case_insensitive ... ok
[INFO] [stdout] test xml::instr_text::tests::field_grouping::single_element_field_behaves_as_before ... ok
[INFO] [stdout] test xml::instr_text::tests::hyperlink_field_is_case_insensitive_on_keyword ... ok
[INFO] [stdout] test xml::instr_text::tests::field_keyword_extracts_first_token_without_payload ... ok
[INFO] [stdout] test xml::instr_text::tests::structural_field_with_a_quoted_switch_is_unrecognized ... ok
[INFO] [stdout] test xml::media::tests::unsupported_extensions_return_none ... ok
[INFO] [stdout] test xml::media::tests::placeholder_bytes_have_correct_magic_numbers ... ok
[INFO] [stdout] test xml::rels::tests::leaves_internal_hyperlink_target_untouched ... ok
[INFO] [stdout] test xml::media::tests::returns_matching_placeholder_per_extension ... ok
[INFO] [stdout] test xml::props::tests::sanitizes_app_properties_company_manager_and_hyperlink_base ... ok
[INFO] [stdout] test xml::props::tests::sanitizes_custom_property_filetime_and_date_values ... ok
[INFO] [stdout] test xml::rels::tests::leaves_non_hyperlink_relationships_untouched ... ok
[INFO] [stdout] test xml::rels::tests::preserves_attribute_order_and_quoting_style ... ok
[INFO] [stdout] test xml::rewrite::tests::does_not_flag_skipped_payload_for_whitespace_only_mixed_content ... ok
[INFO] [stdout] test xml::rewrite::tests::does_not_touch_attribute_with_matching_local_name_but_no_namespace ... ok
[INFO] [stdout] test xml::rewrite::tests::does_not_touch_drawingml_a_t_despite_matching_local_name ... ok
[INFO] [stdout] test xml::rewrite::tests::does_not_touch_same_local_name_bound_to_a_different_namespace_via_the_w_prefix ... ok
[INFO] [stdout] test xml::rewrite::tests::does_not_touch_unrelated_attributes_or_elements ... ok
[INFO] [stdout] test xml::rewrite::tests::flags_skipped_payload_for_an_entity_reference_in_mixed_content ... ok
[INFO] [stdout] test xml::media::tests::matching_is_case_insensitive ... ok
[INFO] [stdout] test xml::rewrite::tests::flags_skipped_payload_when_mixed_content_text_is_left_untouched ... ok
[INFO] [stdout] test xml::props::tests::sanitizes_core_properties_text_fields_and_timestamps ... ok
[INFO] [stdout] test xml::media::tests::path_without_extension_returns_none ... ok
[INFO] [stdout] test xml::props::tests::sanitizes_custom_property_string_values_but_not_names ... ok
[INFO] [stdout] test xml::props::tests::leaves_empty_core_property_elements_empty ... ok
[INFO] [stdout] test xml::rewrite::tests::leaves_tags_without_the_target_attribute_untouched ... ok
[INFO] [stdout] test xml::rewrite::tests::leaves_unrelated_elements_untouched ... ok
[INFO] [stdout] test xml::rewrite::tests::preserves_xml_space_preserve_and_attribute_quoting ... ok
[INFO] [stdout] test xml::rewrite::tests::reescapes_replacement_value_written_back ... ok
[INFO] [stdout] test xml::rewrite::tests::replaces_leaf_element_text_regardless_of_name_or_namespace ... ok
[INFO] [stdout] test xml::rewrite::tests::replaces_multiple_independently_nested_leaves ... ok
[INFO] [stdout] test xml::rewrite::tests::leaves_whitespace_only_leaf_text_untouched ... ok
[INFO] [stdout] test xml::rewrite::tests::leaves_mixed_content_elements_own_text_untouched ... ok
[INFO] [stdout] test xml::rewrite::tests::replaces_simple_text ... ok
[INFO] [stdout] test xml::rewrite::tests::does_not_flag_skipped_payload_when_there_is_no_mixed_content ... ok
[INFO] [stdout] test xml::rewrite::tests::empty_runs_stay_empty ... ok
[INFO] [stdout] test xml::rewrite::tests::preserves_attributes_and_only_touches_text ... ok
[INFO] [stdout] test xml::rewrite::tests::replaces_split_runs_independently ... ok
[INFO] [stdout] test policy::tests::strict_mode_blocks_on_any_concern ... ok
[INFO] [stdout] test xml::rewrite::tests::preserves_xml_comments_and_untouched_siblings ... ok
[INFO] [stdout] test xml::rels::tests::rewrites_external_hyperlink_target ... ok
[INFO] [stdout] test xml::rewrite::tests::rewrites_double_quoted_attribute_value ... ok
[INFO] [stdout] test xml::rels::tests::rewrites_only_the_matching_relationship_among_several ... ok
[INFO] [stdout] test xml::rewrite::tests::element_with_only_child_elements_has_no_text_to_replace ... ok
[INFO] [stdout] test xml::rewrite::tests::self_closing_element_stays_self_closing ... ok
[INFO] [stdout] test xml::rewrite::tests::self_closing_empty_element_stays_self_closing ... ok
[INFO] [stdout] test xml::rewrite::tests::unescapes_entities_and_supports_cdata_like_rewrite_text_elements ... ok
[INFO] [stdout] test xml::text::tests::constant_leaves_empty_text_empty ... ok
[INFO] [stdout] test xml::rewrite::tests::rewrites_single_quoted_attribute_value_and_keeps_quote_style ... ok
[INFO] [stdout] test xml::text::tests::constant_replaces_non_empty_text ... ok
[INFO] [stdout] test xml::rewrite::tests::self_closing_element_becomes_explicit_when_content_is_written ... ok
[INFO] [stdout] test xml::rewrite::tests::self_closing_element_in_arbitrary_schema_becomes_explicit_when_content_is_written ... ok
[INFO] [stdout] test xml::rewrite::tests::unescapes_entities_before_replace_and_reescapes_output ... ok
[INFO] [stdout] test xml::text::tests::empty_input_stays_empty ... ok
[INFO] [stdout] test xml::text::tests::maps_digits_to_zero ... ok
[INFO] [stdout] test xml::text::tests::replacement_mode_default_is_preserve_length ... ok
[INFO] [stdout] test xml::text::tests::replacement_mode_parses_known_values ... ok
[INFO] [stdout] test xml::rewrite::tests::unescapes_entities_in_attribute_value_before_replace ... ok
[INFO] [stdout] test xml::text::tests::clear_always_produces_empty_string ... ok
[INFO] [stdout] test xml::track_changes::tests::combines_deletion_and_insertion_into_accepted_text ... ok
[INFO] [stdout] test xml::track_changes::tests::leaves_document_without_track_changes_untouched ... ok
[INFO] [stdout] test xml::rewrite::tests::rewrites_element_regardless_of_prefix_bound_to_the_namespace ... ok
[INFO] [stdout] test xml::track_changes::tests::preserves_surrounding_whitespace_and_attribute_quoting ... ok
[INFO] [stdout] test xml::track_changes::tests::removes_deleted_text_entirely ... ok
[INFO] [stdout] test xml::rewrite::tests::rewrites_multiple_elements_independently ... ok
[INFO] [stdout] test xml::rewrite::tests::treats_cdata_as_opaque_replaceable_payload ... ok
[INFO] [stdout] test xml::text::tests::replacement_mode_apply_dispatches_correctly ... ok
[INFO] [stdout] test xml::track_changes::tests::removes_nested_run_properties_change_inside_deleted_content ... ok
[INFO] [stdout] test xml::track_changes::tests::removes_self_closing_empty_insertion_and_move_to_wrappers ... ok
[INFO] [stdout] test xml::track_changes::tests::unwraps_inserted_text_keeping_content ... ok
[INFO] [stdout] test zip::tests::require_part_returns_missing_part_error ... ok
[INFO] [stdout] test zip::tests::unpack_docx_reads_all_files ... ok
[INFO] [stdout] test xml::instr_text::tests::unknown_field_keyword_is_unrecognized ... ok
[INFO] [stdout] test zip::tests::repack_produces_deterministic_entry_order ... ok
[INFO] [stdout] test xml::text::tests::replacement_mode_rejects_unknown_value ... ok
[INFO] [stdout] test xml::track_changes::tests::removes_move_from_and_unwraps_move_to ... ok
[INFO] [stdout] test zip::tests::repack_overrides_only_the_specified_part ... ok
[INFO] [stdout] test zip::tests::repack_with_no_overrides_preserves_part_payload ... ok
[INFO] [stdout] test report::tests::media_with_strip_media_but_unsupported_extension_stays_unsupported ... ok
[INFO] [stdout] test sanitize::tests::strict_mode_blocks_output_on_unrecognized_instr_text ... ok
[INFO] [stdout] test xml::instr_text::tests::hyperlink_with_switches_is_unrecognized ... ok
[INFO] [stdout] test xml::rewrite::tests::resolves_numeric_and_apos_quot_entities ... ok
[INFO] [stdout] test xml::text::tests::maps_letters_by_case_and_keeps_whitespace ... ok
[INFO] [stdout] test xml::text::tests::preserves_char_count_for_multibyte_input ... ok
[INFO] [stdout] test xml::track_changes::tests::removes_formatting_change_records ... ok
[INFO] [stdout] 
[INFO] [stdout] test result: ok. 166 passed; 0 failed; 0 ignored; 0 measured; 0 filtered out; finished in 0.07s
[INFO] [stdout] 
[INFO] [stderr]      Running unittests src/main.rs (/opt/rustwide/target/release/build/docx-sanitizer/9e29d00755e554cc/out/docx_sanitizer-9e29d00755e554cc)
[INFO] [stderr]      Running tests/real_fixture.rs (/opt/rustwide/target/release/build/docx-sanitizer/6e52e9e41076d551/out/real_fixture-6e52e9e41076d551)
[INFO] [stderr] error: test failed, to rerun pass `--test real_fixture`
[INFO] [stdout] 
[INFO] [stdout] running 0 tests
[INFO] [stdout] 
[INFO] [stdout] test result: ok. 0 passed; 0 failed; 0 ignored; 0 measured; 0 filtered out; finished in 0.00s
[INFO] [stdout] 
[INFO] [stdout] 
[INFO] [stdout] running 11 tests
[INFO] [stdout] test strict_mode_blocks_on_customxml ... FAILED
[INFO] [stdout] test best_effort_sanitizes_known_sensitive_values ... FAILED
[INFO] [stdout] test sanitize_customxml_lets_strict_mode_succeed_and_rewrites_the_leaked_blob ... FAILED
[INFO] [stdout] test remove_track_changes_collapses_real_document_to_accepted_state ... FAILED
[INFO] [stdout] test strict_mode_blocks_on_media ... FAILED
[INFO] [stdout] test narrow_include_scope_still_blocks_strict_mode_on_customxml ... FAILED
[INFO] [stdout] test strict_mode_sanitizes_comments_and_tracked_changes_while_preserving_structure ... FAILED
[INFO] [stdout] test best_effort_sanitized_part_contents_are_deterministic_across_runs ... FAILED
[INFO] [stdout] test strict_mode_succeeds_on_a_document_with_only_guaranteed_scope_parts ... FAILED
[INFO] [stdout] test best_effort_sanitizes_metadata_and_passes_media_through_unchanged ... FAILED
[INFO] [stdout] test strip_media_lets_strict_mode_succeed_and_replaces_the_real_image ... FAILED
[INFO] [stdout] 
[INFO] [stdout] failures:
[INFO] [stdout] 
[INFO] [stdout] ---- strict_mode_blocks_on_customxml stdout ----
[INFO] [stdout] 
[INFO] [stdout] thread 'strict_mode_blocks_on_customxml' (771) panicked at tests/real_fixture.rs:22:51:
[INFO] [stdout] fixture must be readable: Os { code: 2, kind: NotFound, message: "No such file or directory" }
[INFO] [stdout] stack backtrace:
[INFO] [stdout]    0:     0x616a25514241 - <<std[617be2ca0a6fd877]::sys::backtrace::BacktraceLock>::print::DisplayBacktrace as core[a373ad73a504971]::fmt::Display>::fmt
[INFO] [stdout]    1:     0x616a25528cda - core[a373ad73a504971]::fmt::write
[INFO] [stdout]    2:     0x616a2551845c - <alloc[2e1b2a31b91974c5]::vec::Vec<u8> as core[a373ad73a504971]::io::write::Write>::write_fmt
[INFO] [stdout]    3:     0x616a254f0206 - std[617be2ca0a6fd877]::panicking::default_hook::{closure#0}
[INFO] [stdout]    4:     0x616a2550c5c9 - std[617be2ca0a6fd877]::panicking::default_hook
[INFO] [stdout]    5:     0x616a25444ad0 - test[aada8e7e76ba119b]::test_main_inner::{closure#0}
[INFO] [stdout]    6:     0x616a2550c782 - std[617be2ca0a6fd877]::panicking::panic_with_hook
[INFO] [stdout]    7:     0x616a254f02b2 - std[617be2ca0a6fd877]::panicking::panic_handler::{closure#0}
[INFO] [stdout]    8:     0x616a254e8e39 - std[617be2ca0a6fd877]::sys::backtrace::__rust_end_short_backtrace::<std[617be2ca0a6fd877]::panicking::panic_handler::{closure#0}, !>
[INFO] [stdout]    9:     0x616a254f0ebd - __rustc[ea4f61d10b84890b]::rust_begin_unwind
[INFO] [stdout]   10:     0x616a2552940c - core[a373ad73a504971]::panicking::panic_fmt
[INFO] [stdout]   11:     0x616a255291e2 - core[a373ad73a504971]::result::unwrap_failed
[INFO] [stdout]   12:     0x616a2542a402 - real_fixture[9c2e31ff3f6effb6]::unpack_fixture
[INFO] [stdout]   13:     0x616a2542b28d - <real_fixture[9c2e31ff3f6effb6]::strict_mode_blocks_on_customxml::{closure#0} as core[a373ad73a504971]::ops::function::FnOnce<()>>::call_once
[INFO] [stdout]   14:     0x616a25437f1b - test[aada8e7e76ba119b]::__rust_begin_short_backtrace::<core[a373ad73a504971]::result::Result<(), alloc[2e1b2a31b91974c5]::string::String>, fn() -> core[a373ad73a504971]::result::Result<(), alloc[2e1b2a31b91974c5]::string::String>>
[INFO] [stdout]   15:     0x616a254450f5 - test[aada8e7e76ba119b]::run_test::{closure#0}
[INFO] [stdout]   16:     0x616a2543e9e4 - std[617be2ca0a6fd877]::sys::backtrace::__rust_begin_short_backtrace::<test[aada8e7e76ba119b]::run_test::{closure#1}, ()>
[INFO] [stdout]   17:     0x616a25448182 - <std[617be2ca0a6fd877]::thread::lifecycle::spawn_unchecked<test[aada8e7e76ba119b]::run_test::{closure#1}, ()>::{closure#1} as core[a373ad73a504971]::ops::function::FnOnce<()>>::call_once::{shim:vtable#0}
[INFO] [stdout]   18:     0x616a2551378f - <std[617be2ca0a6fd877]::sys::thread::unix::Thread>::new::thread_start
[INFO] [stdout]   19:     0x75b5f059fdfa - <unknown>
[INFO] [stdout]   20:     0x75b5f06333d4 - clone
[INFO] [stdout]   21:                0x0 - <unknown>
[INFO] [stdout] 
[INFO] [stdout] ---- best_effort_sanitizes_known_sensitive_values stdout ----
[INFO] [stdout] 
[INFO] [stdout] thread 'best_effort_sanitizes_known_sensitive_values' (766) panicked at tests/real_fixture.rs:22:51:
[INFO] [stdout] fixture must be readable: Os { code: 2, kind: NotFound, message: "No such file or directory" }
[INFO] [stdout] stack backtrace:
[INFO] [stdout]    0:     0x616a25514241 - <<std[617be2ca0a6fd877]::sys::backtrace::BacktraceLock>::print::DisplayBacktrace as core[a373ad73a504971]::fmt::Display>::fmt
[INFO] [stdout]    1:     0x616a25528cda - core[a373ad73a504971]::fmt::write
[INFO] [stdout]    2:     0x616a2551845c - <alloc[2e1b2a31b91974c5]::vec::Vec<u8> as core[a373ad73a504971]::io::write::Write>::write_fmt
[INFO] [stdout]    3:     0x616a254f0206 - std[617be2ca0a6fd877]::panicking::default_hook::{closure#0}
[INFO] [stdout]    4:     0x616a2550c5c9 - std[617be2ca0a6fd877]::panicking::default_hook
[INFO] [stdout]    5:     0x616a25444ad0 - test[aada8e7e76ba119b]::test_main_inner::{closure#0}
[INFO] [stdout]    6:     0x616a2550c782 - std[617be2ca0a6fd877]::panicking::panic_with_hook
[INFO] [stdout]    7:     0x616a254f02b2 - std[617be2ca0a6fd877]::panicking::panic_handler::{closure#0}
[INFO] [stdout]    8:     0x616a254e8e39 - std[617be2ca0a6fd877]::sys::backtrace::__rust_end_short_backtrace::<std[617be2ca0a6fd877]::panicking::panic_handler::{closure#0}, !>
[INFO] [stdout]    9:     0x616a254f0ebd - __rustc[ea4f61d10b84890b]::rust_begin_unwind
[INFO] [stdout]   10:     0x616a2552940c - core[a373ad73a504971]::panicking::panic_fmt
[INFO] [stdout]   11:     0x616a255291e2 - core[a373ad73a504971]::result::unwrap_failed
[INFO] [stdout]   12:     0x616a2542a402 - real_fixture[9c2e31ff3f6effb6]::unpack_fixture
[INFO] [stdout]   13:     0x616a2542b50d - <real_fixture[9c2e31ff3f6effb6]::best_effort_sanitizes_known_sensitive_values::{closure#0} as core[a373ad73a504971]::ops::function::FnOnce<()>>::call_once
[INFO] [stdout]   14:     0x616a25437f1b - test[aada8e7e76ba119b]::__rust_begin_short_backtrace::<core[a373ad73a504971]::result::Result<(), alloc[2e1b2a31b91974c5]::string::String>, fn() -> core[a373ad73a504971]::result::Result<(), alloc[2e1b2a31b91974c5]::string::String>>
[INFO] [stdout]   15:     0x616a254450f5 - test[aada8e7e76ba119b]::run_test::{closure#0}
[INFO] [stdout]   16:     0x616a2543e9e4 - std[617be2ca0a6fd877]::sys::backtrace::__rust_begin_short_backtrace::<test[aada8e7e76ba119b]::run_test::{closure#1}, ()>
[INFO] [stdout]   17:     0x616a25448182 - <std[617be2ca0a6fd877]::thread::lifecycle::spawn_unchecked<test[aada8e7e76ba119b]::run_test::{closure#1}, ()>::{closure#1} as core[a373ad73a504971]::ops::function::FnOnce<()>>::call_once::{shim:vtable#0}
[INFO] [stdout]   18:     0x616a2551378f - <std[617be2ca0a6fd877]::sys::thread::unix::Thread>::new::thread_start
[INFO] [stdout]   19:     0x75b5f059fdfa - <unknown>
[INFO] [stdout]   20:     0x75b5f06333d4 - clone
[INFO] [stdout]   21:                0x0 - <unknown>
[INFO] [stdout] 
[INFO] [stdout] ---- sanitize_customxml_lets_strict_mode_succeed_and_rewrites_the_leaked_blob stdout ----
[INFO] [stdout] 
[INFO] [stdout] thread 'sanitize_customxml_lets_strict_mode_succeed_and_rewrites_the_leaked_blob' (770) panicked at tests/real_fixture.rs:22:51:
[INFO] [stdout] fixture must be readable: Os { code: 2, kind: NotFound, message: "No such file or directory" }
[INFO] [stdout] stack backtrace:
[INFO] [stdout]    0:     0x616a25514241 - <<std[617be2ca0a6fd877]::sys::backtrace::BacktraceLock>::print::DisplayBacktrace as core[a373ad73a504971]::fmt::Display>::fmt
[INFO] [stdout]    1:     0x616a25528cda - core[a373ad73a504971]::fmt::write
[INFO] [stdout]    2:     0x616a2551845c - <alloc[2e1b2a31b91974c5]::vec::Vec<u8> as core[a373ad73a504971]::io::write::Write>::write_fmt
[INFO] [stdout]    3:     0x616a254f0206 - std[617be2ca0a6fd877]::panicking::default_hook::{closure#0}
[INFO] [stdout]    4:     0x616a2550c5c9 - std[617be2ca0a6fd877]::panicking::default_hook
[INFO] [stdout]    5:     0x616a25444ad0 - test[aada8e7e76ba119b]::test_main_inner::{closure#0}
[INFO] [stdout]    6:     0x616a2550c782 - std[617be2ca0a6fd877]::panicking::panic_with_hook
[INFO] [stdout]    7:     0x616a254f02b2 - std[617be2ca0a6fd877]::panicking::panic_handler::{closure#0}
[INFO] [stdout]    8:     0x616a254e8e39 - std[617be2ca0a6fd877]::sys::backtrace::__rust_end_short_backtrace::<std[617be2ca0a6fd877]::panicking::panic_handler::{closure#0}, !>
[INFO] [stdout]    9:     0x616a254f0ebd - __rustc[ea4f61d10b84890b]::rust_begin_unwind
[INFO] [stdout]   10:     0x616a2552940c - core[a373ad73a504971]::panicking::panic_fmt
[INFO] [stdout]   11:     0x616a255291e2 - core[a373ad73a504971]::result::unwrap_failed
[INFO] [stdout]   12:     0x616a2542a402 - real_fixture[9c2e31ff3f6effb6]::unpack_fixture
[INFO] [stdout]   13:     0x616a2542e4bd - <real_fixture[9c2e31ff3f6effb6]::sanitize_customxml_lets_strict_mode_succeed_and_rewrites_the_leaked_blob::{closure#0} as core[a373ad73a504971]::ops::function::FnOnce<()>>::call_once
[INFO] [stdout]   14:     0x616a25437f1b - test[aada8e7e76ba119b]::__rust_begin_short_backtrace::<core[a373ad73a504971]::result::Result<(), alloc[2e1b2a31b91974c5]::string::String>, fn() -> core[a373ad73a504971]::result::Result<(), alloc[2e1b2a31b91974c5]::string::String>>
[INFO] [stdout]   15:     0x616a254450f5 - test[aada8e7e76ba119b]::run_test::{closure#0}
[INFO] [stdout]   16:     0x616a2543e9e4 - std[617be2ca0a6fd877]::sys::backtrace::__rust_begin_short_backtrace::<test[aada8e7e76ba119b]::run_test::{closure#1}, ()>
[INFO] [stdout]   17:     0x616a25448182 - <std[617be2ca0a6fd877]::thread::lifecycle::spawn_unchecked<test[aada8e7e76ba119b]::run_test::{closure#1}, ()>::{closure#1} as core[a373ad73a504971]::ops::function::FnOnce<()>>::call_once::{shim:vtable#0}
[INFO] [stdout]   18:     0x616a2551378f - <std[617be2ca0a6fd877]::sys::thread::unix::Thread>::new::thread_start
[INFO] [stdout]   19:     0x75b5f059fdfa - <unknown>
[INFO] [stdout]   20:     0x75b5f06333d4 - clone
[INFO] [stdout]   21:                0x0 - <unknown>
[INFO] [stdout] 
[INFO] [stdout] ---- remove_track_changes_collapses_real_document_to_accepted_state stdout ----
[INFO] [stdout] 
[INFO] [stdout] thread 'remove_track_changes_collapses_real_document_to_accepted_state' (769) panicked at tests/real_fixture.rs:22:51:
[INFO] [stdout] fixture must be readable: Os { code: 2, kind: NotFound, message: "No such file or directory" }
[INFO] [stdout] stack backtrace:
[INFO] [stdout]    0:     0x616a25514241 - <<std[617be2ca0a6fd877]::sys::backtrace::BacktraceLock>::print::DisplayBacktrace as core[a373ad73a504971]::fmt::Display>::fmt
[INFO] [stdout]    1:     0x616a25528cda - core[a373ad73a504971]::fmt::write
[INFO] [stdout]    2:     0x616a2551845c - <alloc[2e1b2a31b91974c5]::vec::Vec<u8> as core[a373ad73a504971]::io::write::Write>::write_fmt
[INFO] [stdout]    3:     0x616a254f0206 - std[617be2ca0a6fd877]::panicking::default_hook::{closure#0}
[INFO] [stdout]    4:     0x616a2550c5c9 - std[617be2ca0a6fd877]::panicking::default_hook
[INFO] [stdout]    5:     0x616a25444ad0 - test[aada8e7e76ba119b]::test_main_inner::{closure#0}
[INFO] [stdout]    6:     0x616a2550c782 - std[617be2ca0a6fd877]::panicking::panic_with_hook
[INFO] [stdout]    7:     0x616a254f02b2 - std[617be2ca0a6fd877]::panicking::panic_handler::{closure#0}
[INFO] [stdout]    8:     0x616a254e8e39 - std[617be2ca0a6fd877]::sys::backtrace::__rust_end_short_backtrace::<std[617be2ca0a6fd877]::panicking::panic_handler::{closure#0}, !>
[INFO] [stdout]    9:     0x616a254f0ebd - __rustc[ea4f61d10b84890b]::rust_begin_unwind
[INFO] [stdout]   10:     0x616a2552940c - core[a373ad73a504971]::panicking::panic_fmt
[INFO] [stdout]   11:     0x616a255291e2 - core[a373ad73a504971]::result::unwrap_failed
[INFO] [stdout]   12:     0x616a2542a402 - real_fixture[9c2e31ff3f6effb6]::unpack_fixture
[INFO] [stdout]   13:     0x616a2542c51d - <real_fixture[9c2e31ff3f6effb6]::remove_track_changes_collapses_real_document_to_accepted_state::{closure#0} as core[a373ad73a504971]::ops::function::FnOnce<()>>::call_once
[INFO] [stdout]   14:     0x616a25437f1b - test[aada8e7e76ba119b]::__rust_begin_short_backtrace::<core[a373ad73a504971]::result::Result<(), alloc[2e1b2a31b91974c5]::string::String>, fn() -> core[a373ad73a504971]::result::Result<(), alloc[2e1b2a31b91974c5]::string::String>>
[INFO] [stdout]   15:     0x616a254450f5 - test[aada8e7e76ba119b]::run_test::{closure#0}
[INFO] [stdout]   16:     0x616a2543e9e4 - std[617be2ca0a6fd877]::sys::backtrace::__rust_begin_short_backtrace::<test[aada8e7e76ba119b]::run_test::{closure#1}, ()>
[INFO] [stdout]   17:     0x616a25448182 - <std[617be2ca0a6fd877]::thread::lifecycle::spawn_unchecked<test[aada8e7e76ba119b]::run_test::{closure#1}, ()>::{closure#1} as core[a373ad73a504971]::ops::function::FnOnce<()>>::call_once::{shim:vtable#0}
[INFO] [stdout]   18:     0x616a2551378f - <std[617be2ca0a6fd877]::sys::thread::unix::Thread>::new::thread_start
[INFO] [stdout]   19:     0x75b5f059fdfa - <unknown>
[INFO] [stdout]   20:     0x75b5f06333d4 - clone
[INFO] [stdout]   21:                0x0 - <unknown>
[INFO] [stdout] 
[INFO] [stdout] ---- strict_mode_blocks_on_media stdout ----
[INFO] [stdout] 
[INFO] [stdout] thread 'strict_mode_blocks_on_media' (772) panicked at tests/real_fixture.rs:22:51:
[INFO] [stdout] fixture must be readable: Os { code: 2, kind: NotFound, message: "No such file or directory" }
[INFO] [stdout] stack backtrace:
[INFO] [stdout]    0:     0x616a25514241 - <<std[617be2ca0a6fd877]::sys::backtrace::BacktraceLock>::print::DisplayBacktrace as core[a373ad73a504971]::fmt::Display>::fmt
[INFO] [stdout]    1:     0x616a25528cda - core[a373ad73a504971]::fmt::write
[INFO] [stdout]    2:     0x616a2551845c - <alloc[2e1b2a31b91974c5]::vec::Vec<u8> as core[a373ad73a504971]::io::write::Write>::write_fmt
[INFO] [stdout]    3:     0x616a254f0206 - std[617be2ca0a6fd877]::panicking::default_hook::{closure#0}
[INFO] [stdout]    4:     0x616a2550c5c9 - std[617be2ca0a6fd877]::panicking::default_hook
[INFO] [stdout]    5:     0x616a25444ad0 - test[aada8e7e76ba119b]::test_main_inner::{closure#0}
[INFO] [stdout]    6:     0x616a2550c782 - std[617be2ca0a6fd877]::panicking::panic_with_hook
[INFO] [stdout]    7:     0x616a254f02b2 - std[617be2ca0a6fd877]::panicking::panic_handler::{closure#0}
[INFO] [stdout]    8:     0x616a254e8e39 - std[617be2ca0a6fd877]::sys::backtrace::__rust_end_short_backtrace::<std[617be2ca0a6fd877]::panicking::panic_handler::{closure#0}, !>
[INFO] [stdout]    9:     0x616a254f0ebd - __rustc[ea4f61d10b84890b]::rust_begin_unwind
[INFO] [stdout]   10:     0x616a2552940c - core[a373ad73a504971]::panicking::panic_fmt
[INFO] [stdout]   11:     0x616a255291e2 - core[a373ad73a504971]::result::unwrap_failed
[INFO] [stdout]   12:     0x616a2542a402 - real_fixture[9c2e31ff3f6effb6]::unpack_fixture
[INFO] [stdout]   13:     0x616a2542affd - <real_fixture[9c2e31ff3f6effb6]::strict_mode_blocks_on_media::{closure#0} as core[a373ad73a504971]::ops::function::FnOnce<()>>::call_once
[INFO] [stdout]   14:     0x616a25437f1b - test[aada8e7e76ba119b]::__rust_begin_short_backtrace::<core[a373ad73a504971]::result::Result<(), alloc[2e1b2a31b91974c5]::string::String>, fn() -> core[a373ad73a504971]::result::Result<(), alloc[2e1b2a31b91974c5]::string::String>>
[INFO] [stdout]   15:     0x616a254450f5 - test[aada8e7e76ba119b]::run_test::{closure#0}
[INFO] [stdout]   16:     0x616a2543e9e4 - std[617be2ca0a6fd877]::sys::backtrace::__rust_begin_short_backtrace::<test[aada8e7e76ba119b]::run_test::{closure#1}, ()>
[INFO] [stdout]   17:     0x616a25448182 - <std[617be2ca0a6fd877]::thread::lifecycle::spawn_unchecked<test[aada8e7e76ba119b]::run_test::{closure#1}, ()>::{closure#1} as core[a373ad73a504971]::ops::function::FnOnce<()>>::call_once::{shim:vtable#0}
[INFO] [stdout]   18:     0x616a2551378f - <std[617be2ca0a6fd877]::sys::thread::unix::Thread>::new::thread_start
[INFO] [stdout]   19:     0x75b5f059fdfa - <unknown>
[INFO] [stdout]   20:     0x75b5f06333d4 - clone
[INFO] [stdout]   21:                0x0 - <unknown>
[INFO] [stdout] 
[INFO] [stdout] ---- narrow_include_scope_still_blocks_strict_mode_on_customxml stdout ----
[INFO] [stdout] 
[INFO] [stdout] thread 'narrow_include_scope_still_blocks_strict_mode_on_customxml' (768) panicked at tests/real_fixture.rs:22:51:
[INFO] [stdout] fixture must be readable: Os { code: 2, kind: NotFound, message: "No such file or directory" }
[INFO] [stdout] stack backtrace:
[INFO] [stdout]    0:     0x616a25514241 - <<std[617be2ca0a6fd877]::sys::backtrace::BacktraceLock>::print::DisplayBacktrace as core[a373ad73a504971]::fmt::Display>::fmt
[INFO] [stdout]    1:     0x616a25528cda - core[a373ad73a504971]::fmt::write
[INFO] [stdout]    2:     0x616a2551845c - <alloc[2e1b2a31b91974c5]::vec::Vec<u8> as core[a373ad73a504971]::io::write::Write>::write_fmt
[INFO] [stdout]    3:     0x616a254f0206 - std[617be2ca0a6fd877]::panicking::default_hook::{closure#0}
[INFO] [stdout]    4:     0x616a2550c5c9 - std[617be2ca0a6fd877]::panicking::default_hook
[INFO] [stdout]    5:     0x616a25444ad0 - test[aada8e7e76ba119b]::test_main_inner::{closure#0}
[INFO] [stdout]    6:     0x616a2550c782 - std[617be2ca0a6fd877]::panicking::panic_with_hook
[INFO] [stdout]    7:     0x616a254f02b2 - std[617be2ca0a6fd877]::panicking::panic_handler::{closure#0}
[INFO] [stdout]    8:     0x616a254e8e39 - std[617be2ca0a6fd877]::sys::backtrace::__rust_end_short_backtrace::<std[617be2ca0a6fd877]::panicking::panic_handler::{closure#0}, !>
[INFO] [stdout]    9:     0x616a254f0ebd - __rustc[ea4f61d10b84890b]::rust_begin_unwind
[INFO] [stdout]   10:     0x616a2552940c - core[a373ad73a504971]::panicking::panic_fmt
[INFO] [stdout]   11:     0x616a255291e2 - core[a373ad73a504971]::result::unwrap_failed
[INFO] [stdout]   12:     0x616a2542a402 - real_fixture[9c2e31ff3f6effb6]::unpack_fixture
[INFO] [stdout]   13:     0x616a2542c2f4 - <real_fixture[9c2e31ff3f6effb6]::narrow_include_scope_still_blocks_strict_mode_on_customxml::{closure#0} as core[a373ad73a504971]::ops::function::FnOnce<()>>::call_once
[INFO] [stdout]   14:     0x616a25437f1b - test[aada8e7e76ba119b]::__rust_begin_short_backtrace::<core[a373ad73a504971]::result::Result<(), alloc[2e1b2a31b91974c5]::string::String>, fn() -> core[a373ad73a504971]::result::Result<(), alloc[2e1b2a31b91974c5]::string::String>>
[INFO] [stdout]   15:     0x616a254450f5 - test[aada8e7e76ba119b]::run_test::{closure#0}
[INFO] [stdout]   16:     0x616a2543e9e4 - std[617be2ca0a6fd877]::sys::backtrace::__rust_begin_short_backtrace::<test[aada8e7e76ba119b]::run_test::{closure#1}, ()>
[INFO] [stdout]   17:     0x616a25448182 - <std[617be2ca0a6fd877]::thread::lifecycle::spawn_unchecked<test[aada8e7e76ba119b]::run_test::{closure#1}, ()>::{closure#1} as core[a373ad73a504971]::ops::function::FnOnce<()>>::call_once::{shim:vtable#0}
[INFO] [stdout]   18:     0x616a2551378f - <std[617be2ca0a6fd877]::sys::thread::unix::Thread>::new::thread_start
[INFO] [stdout]   19:     0x75b5f059fdfa - <unknown>
[INFO] [stdout]   20:     0x75b5f06333d4 - clone
[INFO] [stdout]   21:                0x0 - <unknown>
[INFO] [stdout] 
[INFO] [stdout] ---- strict_mode_sanitizes_comments_and_tracked_changes_while_preserving_structure stdout ----
[INFO] [stdout] 
[INFO] [stdout] thread 'strict_mode_sanitizes_comments_and_tracked_changes_while_preserving_structure' (773) panicked at tests/real_fixture.rs:22:51:
[INFO] [stdout] fixture must be readable: Os { code: 2, kind: NotFound, message: "No such file or directory" }
[INFO] [stdout] stack backtrace:
[INFO] [stdout]    0:     0x616a25514241 - <<std[617be2ca0a6fd877]::sys::backtrace::BacktraceLock>::print::DisplayBacktrace as core[a373ad73a504971]::fmt::Display>::fmt
[INFO] [stdout]    1:     0x616a25528cda - core[a373ad73a504971]::fmt::write
[INFO] [stdout]    2:     0x616a2551845c - <alloc[2e1b2a31b91974c5]::vec::Vec<u8> as core[a373ad73a504971]::io::write::Write>::write_fmt
[INFO] [stdout]    3:     0x616a254f0206 - std[617be2ca0a6fd877]::panicking::default_hook::{closure#0}
[INFO] [stdout]    4:     0x616a2550c5c9 - std[617be2ca0a6fd877]::panicking::default_hook
[INFO] [stdout]    5:     0x616a25444ad0 - test[aada8e7e76ba119b]::test_main_inner::{closure#0}
[INFO] [stdout]    6:     0x616a2550c782 - std[617be2ca0a6fd877]::panicking::panic_with_hook
[INFO] [stdout]    7:     0x616a254f02b2 - std[617be2ca0a6fd877]::panicking::panic_handler::{closure#0}
[INFO] [stdout]    8:     0x616a254e8e39 - std[617be2ca0a6fd877]::sys::backtrace::__rust_end_short_backtrace::<std[617be2ca0a6fd877]::panicking::panic_handler::{closure#0}, !>
[INFO] [stdout]    9:     0x616a254f0ebd - __rustc[ea4f61d10b84890b]::rust_begin_unwind
[INFO] [stdout]   10:     0x616a2552940c - core[a373ad73a504971]::panicking::panic_fmt
[INFO] [stdout]   11:     0x616a255291e2 - core[a373ad73a504971]::result::unwrap_failed
[INFO] [stdout]   12:     0x616a2542a402 - real_fixture[9c2e31ff3f6effb6]::unpack_fixture
[INFO] [stdout]   13:     0x616a2542efdd - <real_fixture[9c2e31ff3f6effb6]::strict_mode_sanitizes_comments_and_tracked_changes_while_preserving_structure::{closure#0} as core[a373ad73a504971]::ops::function::FnOnce<()>>::call_once
[INFO] [stdout]   14:     0x616a25437f1b - test[aada8e7e76ba119b]::__rust_begin_short_backtrace::<core[a373ad73a504971]::result::Result<(), alloc[2e1b2a31b91974c5]::string::String>, fn() -> core[a373ad73a504971]::result::Result<(), alloc[2e1b2a31b91974c5]::string::String>>
[INFO] [stdout]   15:     0x616a254450f5 - test[aada8e7e76ba119b]::run_test::{closure#0}
[INFO] [stdout]   16:     0x616a2543e9e4 - std[617be2ca0a6fd877]::sys::backtrace::__rust_begin_short_backtrace::<test[aada8e7e76ba119b]::run_test::{closure#1}, ()>
[INFO] [stdout]   17:     0x616a25448182 - <std[617be2ca0a6fd877]::thread::lifecycle::spawn_unchecked<test[aada8e7e76ba119b]::run_test::{closure#1}, ()>::{closure#1} as core[a373ad73a504971]::ops::function::FnOnce<()>>::call_once::{shim:vtable#0}
[INFO] [stdout]   18:     0x616a2551378f - <std[617be2ca0a6fd877]::sys::thread::unix::Thread>::new::thread_start
[INFO] [stdout]   19:     0x75b5f059fdfa - <unknown>
[INFO] [stdout]   20:     0x75b5f06333d4 - clone
[INFO] [stdout]   21:                0x0 - <unknown>
[INFO] [stdout] 
[INFO] [stdout] ---- best_effort_sanitized_part_contents_are_deterministic_across_runs stdout ----
[INFO] [stdout] 
[INFO] [stdout] thread 'best_effort_sanitized_part_contents_are_deterministic_across_runs' (765) panicked at tests/real_fixture.rs:22:51:
[INFO] [stdout] fixture must be readable: Os { code: 2, kind: NotFound, message: "No such file or directory" }
[INFO] [stdout] stack backtrace:
[INFO] [stdout]    0:     0x616a25514241 - <<std[617be2ca0a6fd877]::sys::backtrace::BacktraceLock>::print::DisplayBacktrace as core[a373ad73a504971]::fmt::Display>::fmt
[INFO] [stdout]    1:     0x616a25528cda - core[a373ad73a504971]::fmt::write
[INFO] [stdout]    2:     0x616a2551845c - <alloc[2e1b2a31b91974c5]::vec::Vec<u8> as core[a373ad73a504971]::io::write::Write>::write_fmt
[INFO] [stdout]    3:     0x616a254f0206 - std[617be2ca0a6fd877]::panicking::default_hook::{closure#0}
[INFO] [stdout]    4:     0x616a2550c5c9 - std[617be2ca0a6fd877]::panicking::default_hook
[INFO] [stdout]    5:     0x616a25444ad0 - test[aada8e7e76ba119b]::test_main_inner::{closure#0}
[INFO] [stdout]    6:     0x616a2550c782 - std[617be2ca0a6fd877]::panicking::panic_with_hook
[INFO] [stdout]    7:     0x616a254f02b2 - std[617be2ca0a6fd877]::panicking::panic_handler::{closure#0}
[INFO] [stdout]    8:     0x616a254e8e39 - std[617be2ca0a6fd877]::sys::backtrace::__rust_end_short_backtrace::<std[617be2ca0a6fd877]::panicking::panic_handler::{closure#0}, !>
[INFO] [stdout]    9:     0x616a254f0ebd - __rustc[ea4f61d10b84890b]::rust_begin_unwind
[INFO] [stdout]   10:     0x616a2552940c - core[a373ad73a504971]::panicking::panic_fmt
[INFO] [stdout]   11:     0x616a255291e2 - core[a373ad73a504971]::result::unwrap_failed
[INFO] [stdout]   12:     0x616a2542a402 - real_fixture[9c2e31ff3f6effb6]::unpack_fixture
[INFO] [stdout]   13:     0x616a2542d1b6 - <real_fixture[9c2e31ff3f6effb6]::best_effort_sanitized_part_contents_are_deterministic_across_runs::{closure#0} as core[a373ad73a504971]::ops::function::FnOnce<()>>::call_once
[INFO] [stdout]   14:     0x616a25437f1b - test[aada8e7e76ba119b]::__rust_begin_short_backtrace::<core[a373ad73a504971]::result::Result<(), alloc[2e1b2a31b91974c5]::string::String>, fn() -> core[a373ad73a504971]::result::Result<(), alloc[2e1b2a31b91974c5]::string::String>>
[INFO] [stdout]   15:     0x616a254450f5 - test[aada8e7e76ba119b]::run_test::{closure#0}
[INFO] [stdout]   16:     0x616a2543e9e4 - std[617be2ca0a6fd877]::sys::backtrace::__rust_begin_short_backtrace::<test[aada8e7e76ba119b]::run_test::{closure#1}, ()>
[INFO] [stdout]   17:     0x616a25448182 - <std[617be2ca0a6fd877]::thread::lifecycle::spawn_unchecked<test[aada8e7e76ba119b]::run_test::{closure#1}, ()>::{closure#1} as core[a373ad73a504971]::ops::function::FnOnce<()>>::call_once::{shim:vtable#0}
[INFO] [stdout]   18:     0x616a2551378f - <std[617be2ca0a6fd877]::sys::thread::unix::Thread>::new::thread_start
[INFO] [stdout]   19:     0x75b5f059fdfa - <unknown>
[INFO] [stdout]   20:     0x75b5f06333d4 - clone
[INFO] [stdout]   21:                0x0 - <unknown>
[INFO] [stdout] 
[INFO] [stdout] ---- strict_mode_succeeds_on_a_document_with_only_guaranteed_scope_parts stdout ----
[INFO] [stdout] 
[INFO] [stdout] thread 'strict_mode_succeeds_on_a_document_with_only_guaranteed_scope_parts' (774) panicked at tests/real_fixture.rs:22:51:
[INFO] [stdout] fixture must be readable: Os { code: 2, kind: NotFound, message: "No such file or directory" }
[INFO] [stdout] stack backtrace:
[INFO] [stdout]    0:     0x616a25514241 - <<std[617be2ca0a6fd877]::sys::backtrace::BacktraceLock>::print::DisplayBacktrace as core[a373ad73a504971]::fmt::Display>::fmt
[INFO] [stdout]    1:     0x616a25528cda - core[a373ad73a504971]::fmt::write
[INFO] [stdout]    2:     0x616a2551845c - <alloc[2e1b2a31b91974c5]::vec::Vec<u8> as core[a373ad73a504971]::io::write::Write>::write_fmt
[INFO] [stdout]    3:     0x616a254f0206 - std[617be2ca0a6fd877]::panicking::default_hook::{closure#0}
[INFO] [stdout]    4:     0x616a2550c5c9 - std[617be2ca0a6fd877]::panicking::default_hook
[INFO] [stdout]    5:     0x616a25444ad0 - test[aada8e7e76ba119b]::test_main_inner::{closure#0}
[INFO] [stdout]    6:     0x616a2550c782 - std[617be2ca0a6fd877]::panicking::panic_with_hook
[INFO] [stdout]    7:     0x616a254f02b2 - std[617be2ca0a6fd877]::panicking::panic_handler::{closure#0}
[INFO] [stdout]    8:     0x616a254e8e39 - std[617be2ca0a6fd877]::sys::backtrace::__rust_end_short_backtrace::<std[617be2ca0a6fd877]::panicking::panic_handler::{closure#0}, !>
[INFO] [stdout]    9:     0x616a254f0ebd - __rustc[ea4f61d10b84890b]::rust_begin_unwind
[INFO] [stdout]   10:     0x616a2552940c - core[a373ad73a504971]::panicking::panic_fmt
[INFO] [stdout]   11:     0x616a255291e2 - core[a373ad73a504971]::result::unwrap_failed
[INFO] [stdout]   12:     0x616a2542a402 - real_fixture[9c2e31ff3f6effb6]::unpack_fixture
[INFO] [stdout]   13:     0x616a2542dc5d - <real_fixture[9c2e31ff3f6effb6]::strict_mode_succeeds_on_a_document_with_only_guaranteed_scope_parts::{closure#0} as core[a373ad73a504971]::ops::function::FnOnce<()>>::call_once
[INFO] [stdout]   14:     0x616a25437f1b - test[aada8e7e76ba119b]::__rust_begin_short_backtrace::<core[a373ad73a504971]::result::Result<(), alloc[2e1b2a31b91974c5]::string::String>, fn() -> core[a373ad73a504971]::result::Result<(), alloc[2e1b2a31b91974c5]::string::String>>
[INFO] [stdout]   15:     0x616a254450f5 - test[aada8e7e76ba119b]::run_test::{closure#0}
[INFO] [stdout]   16:     0x616a2543e9e4 - std[617be2ca0a6fd877]::sys::backtrace::__rust_begin_short_backtrace::<test[aada8e7e76ba119b]::run_test::{closure#1}, ()>
[INFO] [stdout]   17:     0x616a25448182 - <std[617be2ca0a6fd877]::thread::lifecycle::spawn_unchecked<test[aada8e7e76ba119b]::run_test::{closure#1}, ()>::{closure#1} as core[a373ad73a504971]::ops::function::FnOnce<()>>::call_once::{shim:vtable#0}
[INFO] [stdout]   18:     0x616a2551378f - <std[617be2ca0a6fd877]::sys::thread::unix::Thread>::new::thread_start
[INFO] [stdout]   19:     0x75b5f059fdfa - <unknown>
[INFO] [stdout]   20:     0x75b5f06333d4 - clone
[INFO] [stdout]   21:                0x0 - <unknown>
[INFO] [stdout] 
[INFO] [stdout] ---- best_effort_sanitizes_metadata_and_passes_media_through_unchanged stdout ----
[INFO] [stdout] 
[INFO] [stdout] thread 'best_effort_sanitizes_metadata_and_passes_media_through_unchanged' (767) panicked at tests/real_fixture.rs:22:51:
[INFO] [stdout] fixture must be readable: Os { code: 2, kind: NotFound, message: "No such file or directory" }
[INFO] [stdout] stack backtrace:
[INFO] [stdout]    0:     0x616a25514241 - <<std[617be2ca0a6fd877]::sys::backtrace::BacktraceLock>::print::DisplayBacktrace as core[a373ad73a504971]::fmt::Display>::fmt
[INFO] [stdout]    1:     0x616a25528cda - core[a373ad73a504971]::fmt::write
[INFO] [stdout]    2:     0x616a2551845c - <alloc[2e1b2a31b91974c5]::vec::Vec<u8> as core[a373ad73a504971]::io::write::Write>::write_fmt
[INFO] [stdout]    3:     0x616a254f0206 - std[617be2ca0a6fd877]::panicking::default_hook::{closure#0}
[INFO] [stdout]    4:     0x616a2550c5c9 - std[617be2ca0a6fd877]::panicking::default_hook
[INFO] [stdout]    5:     0x616a25444ad0 - test[aada8e7e76ba119b]::test_main_inner::{closure#0}
[INFO] [stdout]    6:     0x616a2550c782 - std[617be2ca0a6fd877]::panicking::panic_with_hook
[INFO] [stdout]    7:     0x616a254f02b2 - std[617be2ca0a6fd877]::panicking::panic_handler::{closure#0}
[INFO] [stdout]    8:     0x616a254e8e39 - std[617be2ca0a6fd877]::sys::backtrace::__rust_end_short_backtrace::<std[617be2ca0a6fd877]::panicking::panic_handler::{closure#0}, !>
[INFO] [stdout]    9:     0x616a254f0ebd - __rustc[ea4f61d10b84890b]::rust_begin_unwind
[INFO] [stdout]   10:     0x616a2552940c - core[a373ad73a504971]::panicking::panic_fmt
[INFO] [stdout]   11:     0x616a255291e2 - core[a373ad73a504971]::result::unwrap_failed
[INFO] [stdout]   12:     0x616a2542a402 - real_fixture[9c2e31ff3f6effb6]::unpack_fixture
[INFO] [stdout]   13:     0x616a2542d29d - <real_fixture[9c2e31ff3f6effb6]::best_effort_sanitizes_metadata_and_passes_media_through_unchanged::{closure#0} as core[a373ad73a504971]::ops::function::FnOnce<()>>::call_once
[INFO] [stdout]   14:     0x616a25437f1b - test[aada8e7e76ba119b]::__rust_begin_short_backtrace::<core[a373ad73a504971]::result::Result<(), alloc[2e1b2a31b91974c5]::string::String>, fn() -> core[a373ad73a504971]::result::Result<(), alloc[2e1b2a31b91974c5]::string::String>>
[INFO] [stdout]   15:     0x616a254450f5 - test[aada8e7e76ba119b]::run_test::{closure#0}
[INFO] [stdout]   16:     0x616a2543e9e4 - std[617be2ca0a6fd877]::sys::backtrace::__rust_begin_short_backtrace::<test[aada8e7e76ba119b]::run_test::{closure#1}, ()>
[INFO] [stdout]   17:     0x616a25448182 - <std[617be2ca0a6fd877]::thread::lifecycle::spawn_unchecked<test[aada8e7e76ba119b]::run_test::{closure#1}, ()>::{closure#1} as core[a373ad73a504971]::ops::function::FnOnce<()>>::call_once::{shim:vtable#0}
[INFO] [stdout]   18:     0x616a2551378f - <std[617be2ca0a6fd877]::sys::thread::unix::Thread>::new::thread_start
[INFO] [stdout]   19:     0x75b5f059fdfa - <unknown>
[INFO] [stdout]   20:     0x75b5f06333d4 - clone
[INFO] [stdout]   21:                0x0 - <unknown>
[INFO] [stdout] 
[INFO] [stdout] ---- strip_media_lets_strict_mode_succeed_and_replaces_the_real_image stdout ----
[INFO] [stdout] 
[INFO] [stdout] thread 'strip_media_lets_strict_mode_succeed_and_replaces_the_real_image' (775) panicked at tests/real_fixture.rs:22:51:
[INFO] [stdout] fixture must be readable: Os { code: 2, kind: NotFound, message: "No such file or directory" }
[INFO] [stdout] stack backtrace:
[INFO] [stdout]    0:     0x616a25514241 - <<std[617be2ca0a6fd877]::sys::backtrace::BacktraceLock>::print::DisplayBacktrace as core[a373ad73a504971]::fmt::Display>::fmt
[INFO] [stdout]    1:     0x616a25528cda - core[a373ad73a504971]::fmt::write
[INFO] [stdout]    2:     0x616a2551845c - <alloc[2e1b2a31b91974c5]::vec::Vec<u8> as core[a373ad73a504971]::io::write::Write>::write_fmt
[INFO] [stdout]    3:     0x616a254f0206 - std[617be2ca0a6fd877]::panicking::default_hook::{closure#0}
[INFO] [stdout]    4:     0x616a2550c5c9 - std[617be2ca0a6fd877]::panicking::default_hook
[INFO] [stdout]    5:     0x616a25444ad0 - test[aada8e7e76ba119b]::test_main_inner::{closure#0}
[INFO] [stdout]    6:     0x616a2550c782 - std[617be2ca0a6fd877]::panicking::panic_with_hook
[INFO] [stdout]    7:     0x616a254f02b2 - std[617be2ca0a6fd877]::panicking::panic_handler::{closure#0}
[INFO] [stdout]    8:     0x616a254e8e39 - std[617be2ca0a6fd877]::sys::backtrace::__rust_end_short_backtrace::<std[617be2ca0a6fd877]::panicking::panic_handler::{closure#0}, !>
[INFO] [stdout]    9:     0x616a254f0ebd - __rustc[ea4f61d10b84890b]::rust_begin_unwind
[INFO] [stdout]   10:     0x616a2552940c - core[a373ad73a504971]::panicking::panic_fmt
[INFO] [stdout]   11:     0x616a255291e2 - core[a373ad73a504971]::result::unwrap_failed
[INFO] [stdout]   12:     0x616a2542a402 - real_fixture[9c2e31ff3f6effb6]::unpack_fixture
[INFO] [stdout]   13:     0x616a2542caad - <real_fixture[9c2e31ff3f6effb6]::strip_media_lets_strict_mode_succeed_and_replaces_the_real_image::{closure#0} as core[a373ad73a504971]::ops::function::FnOnce<()>>::call_once
[INFO] [stdout]   14:     0x616a25437f1b - test[aada8e7e76ba119b]::__rust_begin_short_backtrace::<core[a373ad73a504971]::result::Result<(), alloc[2e1b2a31b91974c5]::string::String>, fn() -> core[a373ad73a504971]::result::Result<(), alloc[2e1b2a31b91974c5]::string::String>>
[INFO] [stdout]   15:     0x616a254450f5 - test[aada8e7e76ba119b]::run_test::{closure#0}
[INFO] [stdout]   16:     0x616a2543e9e4 - std[617be2ca0a6fd877]::sys::backtrace::__rust_begin_short_backtrace::<test[aada8e7e76ba119b]::run_test::{closure#1}, ()>
[INFO] [stdout]   17:     0x616a25448182 - <std[617be2ca0a6fd877]::thread::lifecycle::spawn_unchecked<test[aada8e7e76ba119b]::run_test::{closure#1}, ()>::{closure#1} as core[a373ad73a504971]::ops::function::FnOnce<()>>::call_once::{shim:vtable#0}
[INFO] [stdout]   18:     0x616a2551378f - <std[617be2ca0a6fd877]::sys::thread::unix::Thread>::new::thread_start
[INFO] [stdout]   19:     0x75b5f059fdfa - <unknown>
[INFO] [stdout]   20:     0x75b5f06333d4 - clone
[INFO] [stdout]   21:                0x0 - <unknown>
[INFO] [stdout] 
[INFO] [stdout] 
[INFO] [stdout] failures:
[INFO] [stdout]     best_effort_sanitized_part_contents_are_deterministic_across_runs
[INFO] [stdout]     best_effort_sanitizes_known_sensitive_values
[INFO] [stdout]     best_effort_sanitizes_metadata_and_passes_media_through_unchanged
[INFO] [stdout]     narrow_include_scope_still_blocks_strict_mode_on_customxml
[INFO] [stdout]     remove_track_changes_collapses_real_document_to_accepted_state
[INFO] [stdout]     sanitize_customxml_lets_strict_mode_succeed_and_rewrites_the_leaked_blob
[INFO] [stdout]     strict_mode_blocks_on_customxml
[INFO] [stdout]     strict_mode_blocks_on_media
[INFO] [stdout]     strict_mode_sanitizes_comments_and_tracked_changes_while_preserving_structure
[INFO] [stdout]     strict_mode_succeeds_on_a_document_with_only_guaranteed_scope_parts
[INFO] [stdout]     strip_media_lets_strict_mode_succeed_and_replaces_the_real_image
[INFO] [stdout] 
[INFO] [stdout] test result: FAILED. 0 passed; 11 failed; 0 ignored; 0 measured; 0 filtered out; finished in 0.01s
[INFO] [stdout] 
[INFO] running `Command { std: "docker" "inspect" "6255c42b67977499a3359dff51716e274fb6206aecd5d2a77935cdc3ea54e337", kill_on_drop: false }`
[INFO] running `Command { std: "docker" "rm" "-f" "6255c42b67977499a3359dff51716e274fb6206aecd5d2a77935cdc3ea54e337", kill_on_drop: false }`
[INFO] [stdout] 6255c42b67977499a3359dff51716e274fb6206aecd5d2a77935cdc3ea54e337
