[INFO] fetching crate docx-rust 0.1.11...
[INFO] testing docx-rust-0.1.11 against 1.99.0-beta.8+cargoflags=--release for beta-release-1.100-2
[INFO] extracting crate docx-rust 0.1.11 into /workspace/builds/worker-6-tc1/source
[INFO] started tweaking crates.io crate docx-rust 0.1.11
[INFO] removed 0 missing examples
[INFO] removed 0 missing tests
[INFO] finished tweaking crates.io crate docx-rust 0.1.11
[INFO] tweaked toml for crates.io crate docx-rust 0.1.11 written to /workspace/builds/worker-6-tc1/source/Cargo.toml
[INFO] validating manifest of crates.io crate docx-rust 0.1.11 on toolchain 1.99.0-beta.8
[INFO] running `Command { std: CARGO_HOME="/workspace/cargo-home" RUSTUP_HOME="/workspace/rustup-home" "/workspace/cargo-home/bin/cargo" "+1.99.0-beta.8" "metadata" "--manifest-path" "Cargo.toml" "--no-deps", kill_on_drop: false }`
[INFO] crate crates.io crate docx-rust 0.1.11 already has a lockfile, it will not be regenerated
[INFO] running `Command { std: CARGO_HOME="/workspace/cargo-home" RUSTUP_HOME="/workspace/rustup-home" "/workspace/cargo-home/bin/cargo" "+1.99.0-beta.8" "fetch" "--manifest-path" "Cargo.toml", kill_on_drop: false }`
[INFO] [stderr]     Updating crates.io index
[INFO] [stderr]  Downloading crates ...
[INFO] [stderr]   Downloaded zip v4.6.1
[INFO] [stderr]   Downloaded lockfree-object-pool v0.1.6
[INFO] [stderr]   Downloaded zopfli v0.8.1
[INFO] [stderr]   Downloaded log v0.4.21
[INFO] [stderr]   Downloaded crc32fast v1.4.0
[INFO] [stderr]   Downloaded tokio-macros v2.5.0
[INFO] [stderr]   Downloaded windows-targets v0.52.0
[INFO] [stderr]   Downloaded colorchoice v1.0.1
[INFO] [stderr]   Downloaded env_filter v0.1.0
[INFO] [stderr]   Downloaded rustc_version v0.4.0
[INFO] [stderr]   Downloaded hard-xml v1.27.0
[INFO] [stderr]   Downloaded equivalent v1.0.1
[INFO] [stderr]   Downloaded anstyle-wincon v3.0.3
[INFO] [stderr]   Downloaded anstyle v1.0.7
[INFO] [stderr]   Downloaded is_terminal_polyfill v1.70.0
[INFO] [stderr]   Downloaded miniz_oxide v0.7.1
[INFO] [stderr]   Downloaded hard-xml-derive v1.27.0
[INFO] [stderr]   Downloaded anstyle-query v1.0.3
[INFO] [stderr]   Downloaded thiserror v1.0.60
[INFO] [stderr]   Downloaded env_logger v0.11.3
[INFO] [stderr]   Downloaded thiserror-impl v1.0.60
[INFO] [stderr]   Downloaded anstream v0.6.14
[INFO] [stderr]   Downloaded humantime v2.1.0
[INFO] [stderr]   Downloaded rustc-demangle v0.1.24
[INFO] [stderr]   Downloaded semver v1.0.20
[INFO] [stderr]   Downloaded anstyle-parse v0.2.4
[INFO] [stderr]   Downloaded proc-macro2 v1.0.82
[INFO] [stderr]   Downloaded addr2line v0.22.0
[INFO] [stderr]   Downloaded derive_more v0.99.17
[INFO] [stderr]   Downloaded futures-lite v2.6.0
[INFO] [stderr]   Downloaded memchr v2.7.1
[INFO] [stderr]   Downloaded indexmap v2.2.6
[INFO] [stderr]   Downloaded flate2 v1.1.8
[INFO] [stderr]   Downloaded backtrace v0.3.73
[INFO] [stderr]   Downloaded async-compression v0.4.22
[INFO] [stderr]   Downloaded cc v1.2.19
[INFO] [stderr]   Downloaded async_zip v0.0.17
[INFO] [stderr]   Downloaded tokio-util v0.7.14
[INFO] [stderr]   Downloaded aho-corasick v1.1.2
[INFO] [stderr]   Downloaded zlib-rs v0.5.5
[INFO] [stderr]   Downloaded syn v2.0.63
[INFO] [stderr]   Downloaded regex v1.10.2
[INFO] [stderr]   Downloaded gimli v0.29.0
[INFO] [stderr]   Downloaded regex-syntax v0.8.2
[INFO] [stderr]   Downloaded windows_aarch64_gnullvm v0.52.0
[INFO] [stderr]   Downloaded windows_x86_64_gnullvm v0.52.0
[INFO] [stderr]   Downloaded regex-automata v0.4.3
[INFO] [stderr]   Downloaded windows_x86_64_msvc v0.52.0
[INFO] [stderr]   Downloaded windows_aarch64_msvc v0.52.0
[INFO] [stderr]   Downloaded windows_x86_64_gnu v0.52.0
[INFO] [stderr]   Downloaded windows_i686_gnu v0.52.0
[INFO] [stderr]   Downloaded windows_i686_msvc v0.52.0
[INFO] [stderr]   Downloaded tokio v1.44.2
[INFO] running `Command { std: "docker" "create" "-v" "/var/lib/crater-agent-workspace/builds/worker-6-tc1/source:/opt/rustwide/workdir:ro,Z" "-v" "/var/lib/crater-agent-workspace/builds/worker-6-tc1/target:/opt/rustwide/target:rw,Z" "-v" "/var/lib/crater-agent-workspace/cargo-home:/opt/rustwide/cargo-home:ro,Z" "-v" "/var/lib/crater-agent-workspace/rustup-home:/opt/rustwide/rustup-home:ro,Z" "-m" "1610612736" "--network" "none" "ghcr.io/rust-lang/crates-build-env/linux@sha256:77db811e55d90add9212f6832c23229e3de5f1c1f9905e8cb07319ea15df73ac" "sleep" "infinity", kill_on_drop: false }`
[INFO] [stdout] bfe43664996083a13ce59c22ffab8fc81ef4a0600d7939082a328a23b6c9db06
[INFO] running `Command { std: "docker" "start" "bfe43664996083a13ce59c22ffab8fc81ef4a0600d7939082a328a23b6c9db06", kill_on_drop: false }`
[INFO] running `Command { std: "docker" "inspect" "bfe43664996083a13ce59c22ffab8fc81ef4a0600d7939082a328a23b6c9db06", kill_on_drop: false }`
[INFO] running `Command { std: "docker" "exec" "-e" "SOURCE_DIR=/opt/rustwide/workdir" "-e" "CARGO_HOME=/opt/rustwide/cargo-home" "-e" "RUSTUP_HOME=/opt/rustwide/rustup-home" "-e" "CARGO_TARGET_DIR=/opt/rustwide/target" "-w" "/opt/rustwide/workdir" "--user" "0:0" "bfe43664996083a13ce59c22ffab8fc81ef4a0600d7939082a328a23b6c9db06" "/opt/rustwide/cargo-home/bin/cargo" "+1.99.0-beta.8" "metadata" "--no-deps" "--format-version=1", kill_on_drop: false }`
[INFO] running `Command { std: "docker" "inspect" "bfe43664996083a13ce59c22ffab8fc81ef4a0600d7939082a328a23b6c9db06", kill_on_drop: false }`
[INFO] running `Command { std: "docker" "exec" "-e" "SOURCE_DIR=/opt/rustwide/workdir" "-e" "CARGO_HOME=/opt/rustwide/cargo-home" "-e" "RUSTUP_HOME=/opt/rustwide/rustup-home" "-e" "CARGO_TARGET_DIR=/opt/rustwide/target" "-e" "CARGO_INCREMENTAL=0" "-e" "RUST_BACKTRACE=full" "-e" "RUSTFLAGS=--cap-lints=warn" "-e" "RUSTDOCFLAGS=--cap-lints=warn" "-w" "/opt/rustwide/workdir" "--user" "0:0" "bfe43664996083a13ce59c22ffab8fc81ef4a0600d7939082a328a23b6c9db06" "/opt/rustwide/cargo-home/bin/cargo" "+1.99.0-beta.8" "build" "--frozen" "--message-format=json" "--release", kill_on_drop: false }`
[INFO] [stderr]    Compiling proc-macro2 v1.0.82
[INFO] [stderr]    Compiling unicode-ident v1.0.12
[INFO] [stderr]    Compiling crc32fast v1.4.0
[INFO] [stderr]    Compiling syn v1.0.109
[INFO] [stderr]    Compiling cfg-if v1.0.0
[INFO] [stderr]    Compiling jetscii v0.5.3
[INFO] [stderr]    Compiling equivalent v1.0.1
[INFO] [stderr]    Compiling bitflags v1.3.2
[INFO] [stderr]    Compiling lockfree-object-pool v0.1.6
[INFO] [stderr]    Compiling simd-adler32 v0.3.8
[INFO] [stderr]    Compiling zlib-rs v0.5.5
[INFO] [stderr]    Compiling bumpalo v3.19.1
[INFO] [stderr]    Compiling thiserror v1.0.60
[INFO] [stderr]    Compiling log v0.4.21
[INFO] [stderr]    Compiling memchr v2.7.1
[INFO] [stderr]    Compiling convert_case v0.4.0
[INFO] [stderr]    Compiling indexmap v2.2.6
[INFO] [stderr]    Compiling xmlparser v0.13.6
[INFO] [stderr]    Compiling zopfli v0.8.1
[INFO] [stderr]    Compiling quote v1.0.36
[INFO] [stderr]    Compiling syn v2.0.63
[INFO] [stderr]    Compiling thiserror-impl v1.0.60
[INFO] [stderr]    Compiling hard-xml-derive v1.27.0
[INFO] [stderr]    Compiling derive_more v0.99.17
[INFO] [stderr]    Compiling hard-xml v1.27.0
[INFO] [stderr]    Compiling flate2 v1.1.8
[INFO] [stderr]    Compiling zip v4.6.1
[INFO] [stderr]    Compiling docx-rust v0.1.11 (/opt/rustwide/workdir)
[INFO] [stdout] warning: hiding a lifetime that's elided elsewhere is confusing
[INFO] [stdout]    --> src/document/numbering.rs:163:30
[INFO] [stdout]     |
[INFO] [stdout] 163 |     pub fn numbering_details(&self, id: isize) -> Option<AbstractNum> {
[INFO] [stdout]     |                              ^^^^^                       ^^^^^^^^^^^ the same lifetime is hidden here
[INFO] [stdout]     |                              |
[INFO] [stdout]     |                              the lifetime is elided here
[INFO] [stdout]     |
[INFO] [stdout]     = help: the same lifetime is referred to in inconsistent ways, making the signature confusing
[INFO] [stdout]     = note: `#[warn(mismatched_lifetime_syntaxes)]` on by default
[INFO] [stdout] help: use `'_` for type paths
[INFO] [stdout]     |
[INFO] [stdout] 163 |     pub fn numbering_details(&self, id: isize) -> Option<AbstractNum<'_>> {
[INFO] [stdout]     |                                                                     ++++
[INFO] [stdout] 
[INFO] [stdout] 
[INFO] [stderr]     Finished `release` profile [optimized] target(s) in 37.61s
[INFO] running `Command { std: "docker" "inspect" "bfe43664996083a13ce59c22ffab8fc81ef4a0600d7939082a328a23b6c9db06", kill_on_drop: false }`
[INFO] running `Command { std: "docker" "exec" "-e" "SOURCE_DIR=/opt/rustwide/workdir" "-e" "CARGO_HOME=/opt/rustwide/cargo-home" "-e" "RUSTUP_HOME=/opt/rustwide/rustup-home" "-e" "CARGO_TARGET_DIR=/opt/rustwide/target" "-e" "CARGO_INCREMENTAL=0" "-e" "RUST_BACKTRACE=full" "-e" "RUSTFLAGS=--cap-lints=warn" "-e" "RUSTDOCFLAGS=--cap-lints=warn" "-w" "/opt/rustwide/workdir" "--user" "0:0" "bfe43664996083a13ce59c22ffab8fc81ef4a0600d7939082a328a23b6c9db06" "/opt/rustwide/cargo-home/bin/cargo" "+1.99.0-beta.8" "test" "--frozen" "--no-run" "--message-format=json" "--release", kill_on_drop: false }`
[INFO] [stderr]    Compiling log v0.4.21
[INFO] [stderr]    Compiling regex-syntax v0.8.2
[INFO] [stderr]    Compiling utf8parse v0.2.1
[INFO] [stderr]    Compiling aho-corasick v1.1.2
[INFO] [stderr]    Compiling is_terminal_polyfill v1.70.0
[INFO] [stderr]    Compiling colorchoice v1.0.1
[INFO] [stderr]    Compiling anstyle-query v1.0.3
[INFO] [stderr]    Compiling anstyle v1.0.7
[INFO] [stderr]    Compiling bytes v1.10.1
[INFO] [stderr]    Compiling futures-core v0.3.31
[INFO] [stderr]    Compiling futures-sink v0.3.31
[INFO] [stderr]    Compiling syn v2.0.63
[INFO] [stderr]    Compiling futures-io v0.3.31
[INFO] [stderr]    Compiling humantime v2.1.0
[INFO] [stderr]    Compiling anstyle-parse v0.2.4
[INFO] [stderr]    Compiling zopfli v0.8.1
[INFO] [stderr]    Compiling anstream v0.6.14
[INFO] [stderr]    Compiling zip v4.6.1
[INFO] [stderr]    Compiling regex-automata v0.4.3
[INFO] [stderr]    Compiling thiserror-impl v1.0.60
[INFO] [stderr]    Compiling tokio-macros v2.5.0
[INFO] [stderr]    Compiling tokio v1.44.2
[INFO] [stderr]    Compiling thiserror v1.0.60
[INFO] [stderr]    Compiling docx-rust v0.1.11 (/opt/rustwide/workdir)
[INFO] [stderr]    Compiling regex v1.10.2
[INFO] [stderr]    Compiling env_filter v0.1.0
[INFO] [stderr]    Compiling env_logger v0.11.3
[INFO] [stderr]    Compiling tokio-util v0.7.14
[INFO] [stdout] warning: hiding a lifetime that's elided elsewhere is confusing
[INFO] [stdout]    --> src/document/numbering.rs:163:30
[INFO] [stdout]     |
[INFO] [stdout] 163 |     pub fn numbering_details(&self, id: isize) -> Option<AbstractNum> {
[INFO] [stdout]     |                              ^^^^^                       ^^^^^^^^^^^ the same lifetime is hidden here
[INFO] [stdout]     |                              |
[INFO] [stdout]     |                              the lifetime is elided here
[INFO] [stdout]     |
[INFO] [stdout]     = help: the same lifetime is referred to in inconsistent ways, making the signature confusing
[INFO] [stdout]     = note: `#[warn(mismatched_lifetime_syntaxes)]` on by default
[INFO] [stdout] help: use `'_` for type paths
[INFO] [stdout]     |
[INFO] [stdout] 163 |     pub fn numbering_details(&self, id: isize) -> Option<AbstractNum<'_>> {
[INFO] [stdout]     |                                                                     ++++
[INFO] [stdout] 
[INFO] [stdout] 
[INFO] [stdout] warning: hiding a lifetime that's elided elsewhere is confusing
[INFO] [stdout]    --> src/document/numbering.rs:163:30
[INFO] [stdout]     |
[INFO] [stdout] 163 |     pub fn numbering_details(&self, id: isize) -> Option<AbstractNum> {
[INFO] [stdout]     |                              ^^^^^                       ^^^^^^^^^^^ the same lifetime is hidden here
[INFO] [stdout]     |                              |
[INFO] [stdout]     |                              the lifetime is elided here
[INFO] [stdout]     |
[INFO] [stdout]     = help: the same lifetime is referred to in inconsistent ways, making the signature confusing
[INFO] [stdout]     = note: `#[warn(mismatched_lifetime_syntaxes)]` on by default
[INFO] [stdout] help: use `'_` for type paths
[INFO] [stdout]     |
[INFO] [stdout] 163 |     pub fn numbering_details(&self, id: isize) -> Option<AbstractNum<'_>> {
[INFO] [stdout]     |                                                                     ++++
[INFO] [stdout] 
[INFO] [stdout] 
[INFO] [stderr]     Finished `release` profile [optimized] target(s) in 1m 20s
[INFO] running `Command { std: "docker" "inspect" "bfe43664996083a13ce59c22ffab8fc81ef4a0600d7939082a328a23b6c9db06", kill_on_drop: false }`
[INFO] running `Command { std: "docker" "exec" "-e" "SOURCE_DIR=/opt/rustwide/workdir" "-e" "CARGO_HOME=/opt/rustwide/cargo-home" "-e" "RUSTUP_HOME=/opt/rustwide/rustup-home" "-e" "CARGO_TARGET_DIR=/opt/rustwide/target" "-e" "CARGO_INCREMENTAL=0" "-e" "RUST_BACKTRACE=full" "-e" "RUSTFLAGS=--cap-lints=warn" "-e" "RUSTDOCFLAGS=--cap-lints=warn" "-w" "/opt/rustwide/workdir" "--user" "0:0" "bfe43664996083a13ce59c22ffab8fc81ef4a0600d7939082a328a23b6c9db06" "/opt/rustwide/cargo-home/bin/cargo" "+1.99.0-beta.8" "test" "--frozen" "--release", kill_on_drop: false }`
[INFO] [stderr] warning: hiding a lifetime that's elided elsewhere is confusing
[INFO] [stderr]    --> src/document/numbering.rs:163:30
[INFO] [stderr]     |
[INFO] [stderr] 163 |     pub fn numbering_details(&self, id: isize) -> Option<AbstractNum> {
[INFO] [stderr]     |                              ^^^^^                       ^^^^^^^^^^^ the same lifetime is hidden here
[INFO] [stderr]     |                              |
[INFO] [stderr]     |                              the lifetime is elided here
[INFO] [stderr]     |
[INFO] [stderr]     = help: the same lifetime is referred to in inconsistent ways, making the signature confusing
[INFO] [stderr]     = note: `#[warn(mismatched_lifetime_syntaxes)]` on by default
[INFO] [stderr] help: use `'_` for type paths
[INFO] [stderr]     |
[INFO] [stderr] 163 |     pub fn numbering_details(&self, id: isize) -> Option<AbstractNum<'_>> {
[INFO] [stderr]     |                                                                     ++++
[INFO] [stderr] 
[INFO] [stderr] warning: `docx-rust` (lib) generated 1 warning (run `cargo fix --lib -p docx-rust` to apply 1 suggestion)
[INFO] [stderr] warning: `docx-rust` (lib test) generated 1 warning (1 duplicate)
[INFO] [stderr]     Finished `release` profile [optimized] target(s) in 0.09s
[INFO] [stderr]      Running unittests src/lib.rs (/opt/rustwide/target/release/deps/docx_rust-c8516d47d70c01bd)
[INFO] [stdout] 
[INFO] [stdout] running 72 tests
[INFO] [stdout] test document::grid_column::xml_test_suites ... ok
[INFO] [stdout] test document::field_char::xml_test_suites ... ok
[INFO] [stdout] test document::bookmark_start::xml_test_suites ... ok
[INFO] [stdout] test document::hyperlink::xml_test_suites ... ok
[INFO] [stdout] test document::header::xml_test_suites ... ok
[INFO] [stdout] test document::bidir::xml_test_suites ... ok
[INFO] [stdout] test document::document::xml_test_suites ... ok
[INFO] [stdout] test document::header_footer_reference::xml_test_suites ... ok
[INFO] [stdout] test document::r#break::xml_test_suites ... ok
[INFO] [stdout] test document::endnotes::xml_test_suites ... ok
[INFO] [stdout] test document::footnotes::xml_test_suites ... ok
[INFO] [stdout] test document::run::xml_test_suites ... ok
[INFO] [stdout] test document::sdt::xml_test_suites ... ok
[INFO] [stdout] test document::numbering::find_numbering_details ... ok
[INFO] [stdout] test document::numbering::xml_parsing ... ok
[INFO] [stdout] test document::table_row::xml_test_suites ... ok
[INFO] [stdout] test document::instrtext::xml_test_suites ... ok
[INFO] [stdout] test document::theme::xml_test_suites ... ok
[INFO] [stdout] test font_table::xml_test_suites ... ok
[INFO] [stdout] test document::text::xml_test_suites ... ok
[INFO] [stdout] test document::table_cell::xml_test_suites ... ok
[INFO] [stdout] test document::numbering::xml_writing ... ok
[INFO] [stdout] test document::table_grid::xml_test_suites ... ok
[INFO] [stdout] test formatting::bold::xml_test_suites ... ok
[INFO] [stdout] test document::paragraph::xml_test_suites ... ok
[INFO] [stdout] test formatting::border::inside_vertical_border::xml_test_suites ... ok
[INFO] [stdout] test document::table::xml_test_suites ... ok
[INFO] [stdout] test document::footer::xml_test_suites ... ok
[INFO] [stdout] test font_table::font::xml_test_suites ... ok
[INFO] [stdout] test document::bookmark_end::xml_test_suites ... ok
[INFO] [stdout] test formatting::border::bar_border::xml_test_suites ... ok
[INFO] [stdout] test formatting::border::bottom_border::xml_test_suites ... ok
[INFO] [stdout] test formatting::border::between_border::xml_test_suites ... ok
[INFO] [stdout] test formatting::border::left_border::xml_test_suites ... ok
[INFO] [stdout] test formatting::indent::xml_test_suites ... ok
[INFO] [stdout] test document::body::xml_test_suites ... ok
[INFO] [stdout] test formatting::border::inside_horizon_border::xml_test_suites ... ok
[INFO] [stdout] test formatting::fonts::xml_test_suites ... ok
[INFO] [stdout] test formatting::lang::xml_test_suites ... ok
[INFO] [stdout] test formatting::numbering_id::xml_test_suites ... ok
[INFO] [stdout] test formatting::paragraph_property::xml_test_suites ... ok
[INFO] [stdout] test formatting::border::top_border::xml_test_suites ... ok
[INFO] [stdout] test formatting::border::right_border::xml_test_suites ... ok
[INFO] [stdout] test formatting::strike::xml_test_suites ... ok
[INFO] [stdout] test formatting::italics::xml_test_suites ... ok
[INFO] [stdout] test formatting::table_header::xml_test_suites ... ok
[INFO] [stdout] test formatting::table_indent::xml_test_suites ... ok
[INFO] [stdout] test formatting::table_justification::xml_test_suites ... ok
[INFO] [stdout] test formatting::color::xml_test_suites ... ok
[INFO] [stdout] test formatting::table_property::xml_test_suites ... ok
[INFO] [stdout] test formatting::outline::xml_test_suites ... ok
[INFO] [stdout] test formatting::table_row_property::xml_test_suites ... ok
[INFO] [stdout] test formatting::size::xml_test_suites ... ok
[INFO] [stdout] test formatting::table_width::xml_test_suites ... ok
[INFO] [stdout] test formatting::table_borders::xml_test_suites ... ok
[INFO] [stdout] test formatting::underline::xml_test_suites ... ok
[INFO] [stdout] test formatting::table_cell_property::xml_test_suites ... ok
[INFO] [stdout] test settings::xml_test_suites ... ok
[INFO] [stdout] test styles::default_style::xml_test_suites ... ok
[INFO] [stdout] test web_settings::alternative_namespace ... ok
[INFO] [stdout] test web_settings::xml_test_suites ... ok
[INFO] [stdout] test web_settings::regular_namespace ... ok
[INFO] [stdout] test formatting::indent_level::xml_test_suites ... ok
[INFO] [stdout] test formatting::character_property::xml_test_suites ... ok
[INFO] [stdout] test styles::style::xml_test_suites ... ok
[INFO] [stdout] test formatting::widow_control::xml_test_suites ... ok
[INFO] [stdout] test styles::xml_test_suites ... ok
[INFO] [stdout] test formatting::dstrike::xml_test_suites ... ok
[INFO] [stdout] test formatting::justification::xml_test_suites ... ok
[INFO] [stdout] test formatting::spacing::xml_test_suites ... ok
[INFO] [stderr]      Running tests/integration_test.rs (/opt/rustwide/target/release/deps/integration_test-8bb7dcc80dccc3dc)
[INFO] [stdout] test formatting::numbering_property::xml_test_suites ... ok
[INFO] [stdout] test formatting::borders::xml_test_suites ... ok
[INFO] [stdout] 
[INFO] [stdout] test result: ok. 72 passed; 0 failed; 0 ignored; 0 measured; 0 filtered out; finished in 0.01s
[INFO] [stdout] 
[INFO] [stdout] 
[INFO] [stdout] running 6 tests
[INFO] [stdout] test read_list ... ok
[INFO] [stdout] test read_external_links ... ok
[INFO] [stdout] test read_and_replace ... FAILED
[INFO] [stdout] test read_image ... ok
[INFO] [stdout] test replace_text_multiple ... ok
[INFO] [stdout] test read_pandocs ... ok
[INFO] [stdout] 
[INFO] [stdout] failures:
[INFO] [stdout] 
[INFO] [stdout] ---- read_and_replace stdout ----
[INFO] [stdout] 
[INFO] [stdout] thread 'read_and_replace' (1485) panicked at tests/integration_test.rs:20:37:
[INFO] [stdout] called `Result::unwrap()` on an `Err` value: IO(Os { code: 30, kind: ReadOnlyFilesystem, message: "Read-only file system" })
[INFO] [stdout] stack backtrace:
[INFO] [stdout]    0:     0x57ec77352341 - <<std[70759c8f55707aa4]::sys::backtrace::BacktraceLock>::print::DisplayBacktrace as core[df12db4294e9bfd3]::fmt::Display>::fmt
[INFO] [stdout]    1:     0x57ec7736758a - core[df12db4294e9bfd3]::fmt::write
[INFO] [stdout]    2:     0x57ec77356b9c - <alloc[2182bb758b4b3781]::vec::Vec<u8> as core[df12db4294e9bfd3]::io::write::Write>::write_fmt
[INFO] [stdout]    3:     0x57ec7732d996 - std[70759c8f55707aa4]::panicking::default_hook::{closure#0}
[INFO] [stdout]    4:     0x57ec7734a719 - std[70759c8f55707aa4]::panicking::default_hook
[INFO] [stdout]    5:     0x57ec77175930 - test[9d35eded1c95d3be]::test_main_inner::<test[9d35eded1c95d3be]::test_main_static::{closure#0}>::{closure#0}
[INFO] [stdout]    6:     0x57ec7734a8d2 - std[70759c8f55707aa4]::panicking::panic_with_hook
[INFO] [stdout]    7:     0x57ec7732da42 - std[70759c8f55707aa4]::panicking::panic_handler::{closure#0}
[INFO] [stdout]    8:     0x57ec77326609 - std[70759c8f55707aa4]::sys::backtrace::__rust_end_short_backtrace::<std[70759c8f55707aa4]::panicking::panic_handler::{closure#0}, !>
[INFO] [stdout]    9:     0x57ec7732e63d - __rustc[8fa7c3cbc660c2b3]::rust_begin_unwind
[INFO] [stdout]   10:     0x57ec77367cbc - core[df12db4294e9bfd3]::panicking::panic_fmt
[INFO] [stdout]   11:     0x57ec77367a92 - core[df12db4294e9bfd3]::result::unwrap_failed
[INFO] [stdout]   12:     0x57ec7716610d - <integration_test[dc5949d12d883c2]::read_and_replace::{closure#0} as core[df12db4294e9bfd3]::ops::function::FnOnce<()>>::call_once
[INFO] [stdout]   13:     0x57ec77168c1b - test[9d35eded1c95d3be]::__rust_begin_short_backtrace::<core[df12db4294e9bfd3]::result::Result<(), alloc[2182bb758b4b3781]::string::String>, fn() -> core[df12db4294e9bfd3]::result::Result<(), alloc[2182bb758b4b3781]::string::String>>
[INFO] [stdout]   14:     0x57ec77176285 - test[9d35eded1c95d3be]::run_test::{closure#0}
[INFO] [stdout]   15:     0x57ec7716fb44 - std[70759c8f55707aa4]::sys::backtrace::__rust_begin_short_backtrace::<test[9d35eded1c95d3be]::run_test::{closure#1}, ()>
[INFO] [stdout]   16:     0x57ec771793e2 - <std[70759c8f55707aa4]::thread::lifecycle::spawn_unchecked<test[9d35eded1c95d3be]::run_test::{closure#1}, ()>::{closure#1} as core[df12db4294e9bfd3]::ops::function::FnOnce<()>>::call_once::{shim:vtable#0}
[INFO] [stdout]   17:     0x57ec77351be9 - <std[70759c8f55707aa4]::sys::thread::unix::Thread>::new::thread_start
[INFO] [stdout]   18:     0x73da078b2dfa - <unknown>
[INFO] [stdout]   19:     0x73da079463d4 - clone
[INFO] [stdout]   20:                0x0 - <unknown>
[INFO] [stdout] 
[INFO] [stdout] 
[INFO] [stdout] failures:
[INFO] [stdout]     read_and_replace
[INFO] [stdout] 
[INFO] [stdout] test result: FAILED. 5 passed; 1 failed; 0 ignored; 0 measured; 0 filtered out; finished in 0.10s
[INFO] [stdout] 
[INFO] [stderr] error: test failed, to rerun pass `--test integration_test`
[INFO] running `Command { std: "docker" "inspect" "bfe43664996083a13ce59c22ffab8fc81ef4a0600d7939082a328a23b6c9db06", kill_on_drop: false }`
[INFO] running `Command { std: "docker" "rm" "-f" "bfe43664996083a13ce59c22ffab8fc81ef4a0600d7939082a328a23b6c9db06", kill_on_drop: false }`
[INFO] [stdout] bfe43664996083a13ce59c22ffab8fc81ef4a0600d7939082a328a23b6c9db06
