[INFO] fetching crate doctest-file 1.1.1...
[INFO] testing doctest-file-1.1.1 against 1.100.0-beta.1+cargoflags=--release for beta-release-1.100-2
[INFO] extracting crate doctest-file 1.1.1 into /workspace/builds/worker-6-tc2/source
[INFO] started tweaking crates.io crate doctest-file 1.1.1
[INFO] removed 0 missing examples
[INFO] finished tweaking crates.io crate doctest-file 1.1.1
[INFO] tweaked toml for crates.io crate doctest-file 1.1.1 written to /workspace/builds/worker-6-tc2/source/Cargo.toml
[INFO] validating manifest of crates.io crate doctest-file 1.1.1 on toolchain 1.100.0-beta.1
[INFO] running `Command { std: CARGO_HOME="/workspace/cargo-home" RUSTUP_HOME="/workspace/rustup-home" "/workspace/cargo-home/bin/cargo" "+1.100.0-beta.1" "metadata" "--manifest-path" "Cargo.toml" "--no-deps", kill_on_drop: false }`
[INFO] crate crates.io crate doctest-file 1.1.1 already has a lockfile, it will not be regenerated
[INFO] running `Command { std: CARGO_HOME="/workspace/cargo-home" RUSTUP_HOME="/workspace/rustup-home" "/workspace/cargo-home/bin/cargo" "+1.100.0-beta.1" "fetch" "--manifest-path" "Cargo.toml", kill_on_drop: false }`
[INFO] running `Command { std: "docker" "create" "-v" "/var/lib/crater-agent-workspace/builds/worker-6-tc2/source:/opt/rustwide/workdir:ro,Z" "-v" "/var/lib/crater-agent-workspace/builds/worker-6-tc2/target:/opt/rustwide/target:rw,Z" "-v" "/var/lib/crater-agent-workspace/cargo-home:/opt/rustwide/cargo-home:ro,Z" "-v" "/var/lib/crater-agent-workspace/rustup-home:/opt/rustwide/rustup-home:ro,Z" "-m" "1610612736" "--network" "none" "ghcr.io/rust-lang/crates-build-env/linux@sha256:77db811e55d90add9212f6832c23229e3de5f1c1f9905e8cb07319ea15df73ac" "sleep" "infinity", kill_on_drop: false }`
[INFO] [stdout] bbb55ab4e63e6f2b02f5a9e2bcfe09643dac03095718a8af244339a779e4c907
[INFO] running `Command { std: "docker" "start" "bbb55ab4e63e6f2b02f5a9e2bcfe09643dac03095718a8af244339a779e4c907", kill_on_drop: false }`
[INFO] running `Command { std: "docker" "inspect" "bbb55ab4e63e6f2b02f5a9e2bcfe09643dac03095718a8af244339a779e4c907", kill_on_drop: false }`
[INFO] running `Command { std: "docker" "exec" "-e" "SOURCE_DIR=/opt/rustwide/workdir" "-e" "CARGO_HOME=/opt/rustwide/cargo-home" "-e" "RUSTUP_HOME=/opt/rustwide/rustup-home" "-e" "CARGO_TARGET_DIR=/opt/rustwide/target" "-w" "/opt/rustwide/workdir" "--user" "0:0" "bbb55ab4e63e6f2b02f5a9e2bcfe09643dac03095718a8af244339a779e4c907" "/opt/rustwide/cargo-home/bin/cargo" "+1.100.0-beta.1" "metadata" "--no-deps" "--format-version=1", kill_on_drop: false }`
[INFO] running `Command { std: "docker" "inspect" "bbb55ab4e63e6f2b02f5a9e2bcfe09643dac03095718a8af244339a779e4c907", kill_on_drop: false }`
[INFO] running `Command { std: "docker" "exec" "-e" "SOURCE_DIR=/opt/rustwide/workdir" "-e" "CARGO_HOME=/opt/rustwide/cargo-home" "-e" "RUSTUP_HOME=/opt/rustwide/rustup-home" "-e" "CARGO_TARGET_DIR=/opt/rustwide/target" "-e" "CARGO_INCREMENTAL=0" "-e" "RUST_BACKTRACE=full" "-e" "RUSTFLAGS=--cap-lints=warn" "-e" "RUSTDOCFLAGS=--cap-lints=warn" "-w" "/opt/rustwide/workdir" "--user" "0:0" "bbb55ab4e63e6f2b02f5a9e2bcfe09643dac03095718a8af244339a779e4c907" "/opt/rustwide/cargo-home/bin/cargo" "+1.100.0-beta.1" "build" "--frozen" "--message-format=json" "--release", kill_on_drop: false }`
[INFO] [stderr]    Compiling doctest-file v1.1.1 (/opt/rustwide/workdir)
[INFO] [stderr]     Finished `release` profile [optimized] target(s) in 0.74s
[INFO] running `Command { std: "docker" "inspect" "bbb55ab4e63e6f2b02f5a9e2bcfe09643dac03095718a8af244339a779e4c907", kill_on_drop: false }`
[INFO] running `Command { std: "docker" "exec" "-e" "SOURCE_DIR=/opt/rustwide/workdir" "-e" "CARGO_HOME=/opt/rustwide/cargo-home" "-e" "RUSTUP_HOME=/opt/rustwide/rustup-home" "-e" "CARGO_TARGET_DIR=/opt/rustwide/target" "-e" "CARGO_INCREMENTAL=0" "-e" "RUST_BACKTRACE=full" "-e" "RUSTFLAGS=--cap-lints=warn" "-e" "RUSTDOCFLAGS=--cap-lints=warn" "-w" "/opt/rustwide/workdir" "--user" "0:0" "bbb55ab4e63e6f2b02f5a9e2bcfe09643dac03095718a8af244339a779e4c907" "/opt/rustwide/cargo-home/bin/cargo" "+1.100.0-beta.1" "test" "--frozen" "--no-run" "--message-format=json" "--release", kill_on_drop: false }`
[INFO] [stderr]    Compiling doctest-file v1.1.1 (/opt/rustwide/workdir)
[INFO] [stderr]     Finished `release` profile [optimized] target(s) in 0.59s
[INFO] running `Command { std: "docker" "inspect" "bbb55ab4e63e6f2b02f5a9e2bcfe09643dac03095718a8af244339a779e4c907", kill_on_drop: false }`
[INFO] running `Command { std: "docker" "exec" "-e" "SOURCE_DIR=/opt/rustwide/workdir" "-e" "CARGO_HOME=/opt/rustwide/cargo-home" "-e" "RUSTUP_HOME=/opt/rustwide/rustup-home" "-e" "CARGO_TARGET_DIR=/opt/rustwide/target" "-e" "CARGO_INCREMENTAL=0" "-e" "RUST_BACKTRACE=full" "-e" "RUSTFLAGS=--cap-lints=warn" "-e" "RUSTDOCFLAGS=--cap-lints=warn" "-w" "/opt/rustwide/workdir" "--user" "0:0" "bbb55ab4e63e6f2b02f5a9e2bcfe09643dac03095718a8af244339a779e4c907" "/opt/rustwide/cargo-home/bin/cargo" "+1.100.0-beta.1" "test" "--frozen" "--release", kill_on_drop: false }`
[INFO] [stderr]     Finished `release` profile [optimized] target(s) in 0.01s
[INFO] [stderr]      Running unittests src/lib.rs (/opt/rustwide/target/release/build/doctest-file/b9f66353ea3e5696/out/doctest_file-b9f66353ea3e5696)
[INFO] [stdout] 
[INFO] [stdout] running 0 tests
[INFO] [stdout] 
[INFO] [stderr]    Doc-tests doctest_file
[INFO] [stdout] test result: ok. 0 passed; 0 failed; 0 ignored; 0 measured; 0 filtered out; finished in 0.00s
[INFO] [stdout] 
[INFO] [stdout] 
[INFO] [stdout] running 5 tests
[INFO] [stdout] test src/lib.rs - (line 54) ... FAILED
[INFO] [stdout] test src/lib.rs - (line 20) ... FAILED
[INFO] [stdout] test src/lib.rs - (line 27) ... FAILED
[INFO] [stdout] test src/lib.rs - (line 81) ... FAILED
[INFO] [stdout] test src/lib.rs - (line 70) ... ok
[INFO] [stdout] 
[INFO] [stdout] failures:
[INFO] [stdout] 
[INFO] [stdout] ---- src/lib.rs - (line 54) stdout ----
[INFO] [stdout] error: expected item after attributes
[INFO] [stdout]   --> src/lib.rs:55:1
[INFO] [stdout]    |
[INFO] [stdout] 55 | #[doc = doctest_file::include_doctest!("examples/foo.rs", hidden)]
[INFO] [stdout]    | ^^^^^^^^^^^^^^^^^^^^^^^^^^^^^^^^^^^^^^^^^^^^^^^^^^^^^^^^^^^^^^^^^^ expected an item after this
[INFO] [stdout] 
[INFO] [stdout] error: aborting due to 1 previous error
[INFO] [stdout] 
[INFO] [stdout] Couldn't compile the test.
[INFO] [stdout] ---- src/lib.rs - (line 20) stdout ----
[INFO] [stdout] error: expected item after doc comment
[INFO] [stdout]   --> src/lib.rs:23:1
[INFO] [stdout]    |
[INFO] [stdout] 21 | / /// ```rust
[INFO] [stdout] 22 | | #[doc = doctest_file::include_doctest!("examples/foo.rs")]
[INFO] [stdout]    | |__________________________________________________________- other attributes here
[INFO] [stdout] 23 |   /// ```
[INFO] [stdout]    |   ^^^^^^^ this doc comment doesn't document anything
[INFO] [stdout] 
[INFO] [stdout] error: aborting due to 1 previous error
[INFO] [stdout] 
[INFO] [stdout] Couldn't compile the test.
[INFO] [stdout] ---- src/lib.rs - (line 27) stdout ----
[INFO] [stdout] error: expected item after doc comment
[INFO] [stdout]   --> src/lib.rs:30:1
[INFO] [stdout]    |
[INFO] [stdout] 28 | / /// ```rust
[INFO] [stdout] 29 | | #[doc = doctest_file::include_doctest!("examples/foo.rs", region = "bar")]
[INFO] [stdout]    | |__________________________________________________________________________- other attributes here
[INFO] [stdout] 30 |   /// ```
[INFO] [stdout]    |   ^^^^^^^ this doc comment doesn't document anything
[INFO] [stdout] 
[INFO] [stdout] error: aborting due to 1 previous error
[INFO] [stdout] 
[INFO] [stdout] Couldn't compile the test.
[INFO] [stdout] ---- src/lib.rs - (line 81) stdout ----
[INFO] [stdout] error: expected item after doc comment
[INFO] [stdout]   --> src/lib.rs:89:1
[INFO] [stdout]    |
[INFO] [stdout] 82 | / /// First, we do a thing:
[INFO] [stdout] 83 | | /// ```rust
[INFO] [stdout] 84 | | #[doc = doctest_file::include_doctest!("examples/foo.rs", region = "bar")]
[INFO] [stdout] 85 | | /// ```
[INFO] [stdout] 86 | | /// Then, we do the other thing:
[INFO] [stdout] 87 | | /// ```rust
[INFO] [stdout] 88 | | #[doc = doctest_file::include_doctest!("examples/foo.rs", region = "baz")]
[INFO] [stdout]    | |__________________________________________________________________________- other attributes here
[INFO] [stdout] 89 |   /// ```
[INFO] [stdout]    |   ^^^^^^^ this doc comment doesn't document anything
[INFO] [stdout] 
[INFO] [stdout] error: aborting due to 1 previous error
[INFO] [stdout] 
[INFO] [stdout] Couldn't compile the test.
[INFO] [stdout] 
[INFO] [stdout] failures:
[INFO] [stdout]     src/lib.rs - (line 20)
[INFO] [stdout]     src/lib.rs - (line 27)
[INFO] [stdout]     src/lib.rs - (line 54)
[INFO] [stdout]     src/lib.rs - (line 81)
[INFO] [stdout] 
[INFO] [stdout] test result: FAILED. 1 passed; 4 failed; 0 ignored; 0 measured; 0 filtered out; finished in 0.20s
[INFO] [stdout] 
[INFO] [stderr] error: doctest failed, to rerun pass `--doc`
[INFO] running `Command { std: "docker" "inspect" "bbb55ab4e63e6f2b02f5a9e2bcfe09643dac03095718a8af244339a779e4c907", kill_on_drop: false }`
[INFO] running `Command { std: "docker" "rm" "-f" "bbb55ab4e63e6f2b02f5a9e2bcfe09643dac03095718a8af244339a779e4c907", kill_on_drop: false }`
[INFO] [stdout] bbb55ab4e63e6f2b02f5a9e2bcfe09643dac03095718a8af244339a779e4c907
