[INFO] fetching crate dockworker 0.17.0...
[INFO] testing dockworker-0.17.0 against 1.99.0-beta.8+cargoflags=--release for beta-release-1.100-2
[INFO] extracting crate dockworker 0.17.0 into /workspace/builds/worker-3-tc1/source
[INFO] removed /workspace/builds/worker-3-tc1/source/rust-toolchain.toml
[INFO] started tweaking crates.io crate dockworker 0.17.0
[INFO] removed 0 missing examples
[INFO] finished tweaking crates.io crate dockworker 0.17.0
[INFO] tweaked toml for crates.io crate dockworker 0.17.0 written to /workspace/builds/worker-3-tc1/source/Cargo.toml
[INFO] validating manifest of crates.io crate dockworker 0.17.0 on toolchain 1.99.0-beta.8
[INFO] running `Command { std: CARGO_HOME="/workspace/cargo-home" RUSTUP_HOME="/workspace/rustup-home" "/workspace/cargo-home/bin/cargo" "+1.99.0-beta.8" "metadata" "--manifest-path" "Cargo.toml" "--no-deps", kill_on_drop: false }`
[INFO] crate crates.io crate dockworker 0.17.0 already has a lockfile, it will not be regenerated
[INFO] running `Command { std: CARGO_HOME="/workspace/cargo-home" RUSTUP_HOME="/workspace/rustup-home" "/workspace/cargo-home/bin/cargo" "+1.99.0-beta.8" "fetch" "--manifest-path" "Cargo.toml", kill_on_drop: false }`
[INFO] [stderr]  Downloading crates ...
[INFO] [stderr]   Downloaded hyperlocal v0.8.0
[INFO] running `Command { std: "docker" "create" "-v" "/var/lib/crater-agent-workspace/builds/worker-3-tc1/source:/opt/rustwide/workdir:ro,Z" "-v" "/var/lib/crater-agent-workspace/builds/worker-3-tc1/target:/opt/rustwide/target:rw,Z" "-v" "/var/lib/crater-agent-workspace/cargo-home:/opt/rustwide/cargo-home:ro,Z" "-v" "/var/lib/crater-agent-workspace/rustup-home:/opt/rustwide/rustup-home:ro,Z" "-m" "1610612736" "--network" "none" "ghcr.io/rust-lang/crates-build-env/linux@sha256:77db811e55d90add9212f6832c23229e3de5f1c1f9905e8cb07319ea15df73ac" "sleep" "infinity", kill_on_drop: false }`
[INFO] [stdout] 92f81bac502ae19faf242ed14ded8ff28d590b6966e18d72f796972a12bb9c77
[INFO] running `Command { std: "docker" "start" "92f81bac502ae19faf242ed14ded8ff28d590b6966e18d72f796972a12bb9c77", kill_on_drop: false }`
[INFO] running `Command { std: "docker" "inspect" "92f81bac502ae19faf242ed14ded8ff28d590b6966e18d72f796972a12bb9c77", kill_on_drop: false }`
[INFO] running `Command { std: "docker" "exec" "-e" "SOURCE_DIR=/opt/rustwide/workdir" "-e" "CARGO_HOME=/opt/rustwide/cargo-home" "-e" "RUSTUP_HOME=/opt/rustwide/rustup-home" "-e" "CARGO_TARGET_DIR=/opt/rustwide/target" "-w" "/opt/rustwide/workdir" "--user" "0:0" "92f81bac502ae19faf242ed14ded8ff28d590b6966e18d72f796972a12bb9c77" "/opt/rustwide/cargo-home/bin/cargo" "+1.99.0-beta.8" "metadata" "--no-deps" "--format-version=1", kill_on_drop: false }`
[INFO] running `Command { std: "docker" "inspect" "92f81bac502ae19faf242ed14ded8ff28d590b6966e18d72f796972a12bb9c77", kill_on_drop: false }`
[INFO] running `Command { std: "docker" "exec" "-e" "SOURCE_DIR=/opt/rustwide/workdir" "-e" "CARGO_HOME=/opt/rustwide/cargo-home" "-e" "RUSTUP_HOME=/opt/rustwide/rustup-home" "-e" "CARGO_TARGET_DIR=/opt/rustwide/target" "-e" "CARGO_INCREMENTAL=0" "-e" "RUST_BACKTRACE=full" "-e" "RUSTFLAGS=--cap-lints=warn" "-e" "RUSTDOCFLAGS=--cap-lints=warn" "-w" "/opt/rustwide/workdir" "--user" "0:0" "92f81bac502ae19faf242ed14ded8ff28d590b6966e18d72f796972a12bb9c77" "/opt/rustwide/cargo-home/bin/cargo" "+1.99.0-beta.8" "build" "--frozen" "--message-format=json" "--release", kill_on_drop: false }`
[INFO] [stderr]    Compiling libc v0.2.186
[INFO] [stderr]    Compiling rustix v1.1.4
[INFO] [stderr]    Compiling http v0.2.12
[INFO] [stderr]    Compiling cfg_aliases v0.2.1
[INFO] [stderr]    Compiling syn v2.0.117
[INFO] [stderr]    Compiling tracing v0.1.44
[INFO] [stderr]    Compiling percent-encoding v2.3.2
[INFO] [stderr]    Compiling option-ext v0.2.0
[INFO] [stderr]    Compiling chrono v0.4.44
[INFO] [stderr]    Compiling serde_json v1.0.149
[INFO] [stderr]    Compiling log v0.4.29
[INFO] [stderr]    Compiling nix v0.31.3
[INFO] [stderr]    Compiling form_urlencoded v1.2.2
[INFO] [stderr]    Compiling http-body v0.4.6
[INFO] [stderr]    Compiling mio v1.2.0
[INFO] [stderr]    Compiling socket2 v0.6.3
[INFO] [stderr]    Compiling socket2 v0.5.10
[INFO] [stderr]    Compiling filetime v0.2.29
[INFO] [stderr]    Compiling dirs-sys v0.5.0
[INFO] [stderr]    Compiling dirs v6.0.0
[INFO] [stderr]    Compiling xattr v1.6.1
[INFO] [stderr]    Compiling tar v0.4.45
[INFO] [stderr]    Compiling synstructure v0.13.2
[INFO] [stderr]    Compiling zerofrom-derive v0.1.7
[INFO] [stderr]    Compiling yoke-derive v0.8.2
[INFO] [stderr]    Compiling zerovec-derive v0.11.3
[INFO] [stderr]    Compiling displaydoc v0.2.5
[INFO] [stderr]    Compiling tokio-macros v2.7.0
[INFO] [stderr]    Compiling futures-macro v0.3.32
[INFO] [stderr]    Compiling pin-project-internal v1.1.13
[INFO] [stderr]    Compiling serde_derive v1.0.228
[INFO] [stderr]    Compiling async-stream-impl v0.3.6
[INFO] [stderr]    Compiling thiserror-impl v2.0.18
[INFO] [stderr]    Compiling async-trait v0.1.89
[INFO] [stderr]    Compiling futures-util v0.3.32
[INFO] [stderr]    Compiling async-stream v0.3.6
[INFO] [stderr]    Compiling tokio v1.52.3
[INFO] [stderr]    Compiling pin-project v1.1.13
[INFO] [stderr]    Compiling zerofrom v0.1.8
[INFO] [stderr]    Compiling yoke v0.8.2
[INFO] [stderr]    Compiling zerovec v0.11.6
[INFO] [stderr]    Compiling zerotrie v0.2.4
[INFO] [stderr]    Compiling thiserror v2.0.18
[INFO] [stderr]    Compiling tinystr v0.8.3
[INFO] [stderr]    Compiling potential_utf v0.1.5
[INFO] [stderr]    Compiling icu_collections v2.2.0
[INFO] [stderr]    Compiling icu_locale_core v2.2.0
[INFO] [stderr]    Compiling serde v1.0.228
[INFO] [stderr]    Compiling icu_provider v2.2.0
[INFO] [stderr]    Compiling futures v0.3.32
[INFO] [stderr]    Compiling icu_normalizer v2.2.0
[INFO] [stderr]    Compiling icu_properties v2.2.0
[INFO] [stderr]    Compiling idna_adapter v1.2.2
[INFO] [stderr]    Compiling idna v1.1.0
[INFO] [stderr]    Compiling url v2.5.8
[INFO] [stderr]    Compiling hyper v0.14.32
[INFO] [stderr]    Compiling tokio-util v0.7.18
[INFO] [stderr]    Compiling tokio-stream v0.1.18
[INFO] [stderr]    Compiling hyperlocal v0.8.0
[INFO] [stderr]    Compiling dockworker v0.17.0 (/opt/rustwide/workdir)
[INFO] [stderr]     Finished `release` profile [optimized] target(s) in 1m 02s
[INFO] running `Command { std: "docker" "inspect" "92f81bac502ae19faf242ed14ded8ff28d590b6966e18d72f796972a12bb9c77", kill_on_drop: false }`
[INFO] running `Command { std: "docker" "exec" "-e" "SOURCE_DIR=/opt/rustwide/workdir" "-e" "CARGO_HOME=/opt/rustwide/cargo-home" "-e" "RUSTUP_HOME=/opt/rustwide/rustup-home" "-e" "CARGO_TARGET_DIR=/opt/rustwide/target" "-e" "CARGO_INCREMENTAL=0" "-e" "RUST_BACKTRACE=full" "-e" "RUSTFLAGS=--cap-lints=warn" "-e" "RUSTDOCFLAGS=--cap-lints=warn" "-w" "/opt/rustwide/workdir" "--user" "0:0" "92f81bac502ae19faf242ed14ded8ff28d590b6966e18d72f796972a12bb9c77" "/opt/rustwide/cargo-home/bin/cargo" "+1.99.0-beta.8" "test" "--frozen" "--no-run" "--message-format=json" "--release", kill_on_drop: false }`
[INFO] [stderr]    Compiling libc v0.2.186
[INFO] [stderr]    Compiling fs_extra v1.3.0
[INFO] [stderr]    Compiling dunce v1.0.5
[INFO] [stderr]    Compiling futures-util v0.3.32
[INFO] [stderr]    Compiling aws-lc-rs v1.17.0
[INFO] [stderr]    Compiling tokio-util v0.7.18
[INFO] [stderr]    Compiling rustls v0.23.40
[INFO] [stderr]    Compiling icu_normalizer v2.2.0
[INFO] [stderr]    Compiling rustls-native-certs v0.8.3
[INFO] [stderr]    Compiling getrandom v0.4.2
[INFO] [stderr]    Compiling rand v0.10.1
[INFO] [stderr]    Compiling idna_adapter v1.2.2
[INFO] [stderr]    Compiling h2 v0.4.14
[INFO] [stderr]    Compiling idna v1.1.0
[INFO] [stderr]    Compiling jobserver v0.1.34
[INFO] [stderr]    Compiling cc v1.2.62
[INFO] [stderr]    Compiling url v2.5.8
[INFO] [stderr]    Compiling cmake v0.1.58
[INFO] [stderr]    Compiling aws-lc-sys v0.41.0
[INFO] [stderr]    Compiling hyper v0.14.32
[INFO] [stderr]    Compiling tower v0.5.3
[INFO] [stderr]    Compiling futures v0.3.32
[INFO] [stderr]    Compiling tower-http v0.6.10
[INFO] [stderr]    Compiling hyper v1.9.0
[INFO] [stderr]    Compiling hyper-util v0.1.20
[INFO] [stderr]    Compiling hyperlocal v0.8.0
[INFO] [stderr]    Compiling dockworker v0.17.0 (/opt/rustwide/workdir)
[INFO] [stderr]    Compiling rustls-webpki v0.103.13
[INFO] [stderr]    Compiling tokio-rustls v0.26.4
[INFO] [stderr]    Compiling rustls-platform-verifier v0.7.0
[INFO] [stderr]    Compiling hyper-rustls v0.27.9
[INFO] [stderr]    Compiling reqwest v0.13.3
[INFO] [stderr]     Finished `release` profile [optimized] target(s) in 3m 04s
[INFO] running `Command { std: "docker" "inspect" "92f81bac502ae19faf242ed14ded8ff28d590b6966e18d72f796972a12bb9c77", kill_on_drop: false }`
[INFO] running `Command { std: "docker" "exec" "-e" "SOURCE_DIR=/opt/rustwide/workdir" "-e" "CARGO_HOME=/opt/rustwide/cargo-home" "-e" "RUSTUP_HOME=/opt/rustwide/rustup-home" "-e" "CARGO_TARGET_DIR=/opt/rustwide/target" "-e" "CARGO_INCREMENTAL=0" "-e" "RUST_BACKTRACE=full" "-e" "RUSTFLAGS=--cap-lints=warn" "-e" "RUSTDOCFLAGS=--cap-lints=warn" "-w" "/opt/rustwide/workdir" "--user" "0:0" "92f81bac502ae19faf242ed14ded8ff28d590b6966e18d72f796972a12bb9c77" "/opt/rustwide/cargo-home/bin/cargo" "+1.99.0-beta.8" "test" "--frozen" "--release", kill_on_drop: false }`
[INFO] [stderr]     Finished `release` profile [optimized] target(s) in 0.24s
[INFO] [stderr]      Running unittests src/lib.rs (/opt/rustwide/target/release/deps/dockworker-75ae4a7bd5067647)
[INFO] [stdout] 
[INFO] [stdout] running 42 tests
[INFO] [stdout] test docker::tests::attach_container ... ignored
[INFO] [stdout] test docker::tests::exec_container ... ignored
[INFO] [stdout] test docker::tests::inspect_container ... ignored
[INFO] [stdout] test docker::tests::signal_container ... ignored
[INFO] [stdout] test docker::tests::test_prune_containers ... ignored
[INFO] [stdout] test options::test_exposed_ports ... ok
[INFO] [stdout] test options::tests::deser_restart_policy ... ok
[INFO] [stdout] test options::tests::iso_restart_policy ... ok
[INFO] [stdout] test response::tests::status ... ok
[INFO] [stdout] test test::container_prune_filters_empty ... ok
[INFO] [stdout] test test::container_prune_filters_mixed ... ok
[INFO] [stdout] test test::container_prune_filters_serialization ... ok
[INFO] [stdout] test test::container_prune_filters_until ... ok
[INFO] [stdout] test test::get_container_info ... ok
[INFO] [stdout] test options::tests::serde_logconfig_with_opt ... ok
[INFO] [stdout] test test::get_containers ... ok
[INFO] [stdout] test response::tests::progress ... ok
[INFO] [stdout] test response::tests::progress_empty ... ok
[INFO] [stdout] test test::get_filesystem_changes ... ok
[INFO] [stdout] test test::container_prune_filters_empty_serialization ... ok
[INFO] [stdout] test options::tests::serde_logconfig ... ok
[INFO] [stdout] test response::tests::error ... ok
[INFO] [stdout] test options::test_port_bindings ... ok
[INFO] [stdout] test test::container_prune_filters_label ... ok
[INFO] [stdout] test container::test::serde_network ... ok
[INFO] [stdout] test test::get_stats_streaming ... ok
[INFO] [stdout] test test::get_stats_suspended ... ok
[INFO] [stdout] test docker::tests::test_system_info ... FAILED
[INFO] [stdout] test test::get_processes ... ok
[INFO] [stdout] test docker::tests::test_events ... FAILED
[INFO] [stdout] test test::get_healthcheck_info ... ok
[INFO] [stdout] test test::get_image ... ok
[INFO] [stdout] test docker::tests::test_api ... FAILED
[INFO] [stdout] test test::get_networks ... ok
[INFO] [stdout] test test::get_version ... ok
[INFO] [stdout] test docker::tests::test_version ... FAILED
[INFO] [stdout] test test::pruned_containers_deserialization ... ok
[INFO] [stdout] test docker::tests::test_ping ... FAILED
[INFO] [stdout] test test::get_image_history ... ok
[INFO] [stderr] error: test failed, to rerun pass `--lib`
[INFO] [stdout] test test::get_image_list ... ok
[INFO] [stdout] test docker::tests::test_networks ... FAILED
[INFO] [stdout] test test::get_system_info ... ok
[INFO] [stdout] 
[INFO] [stdout] failures:
[INFO] [stdout] 
[INFO] [stdout] ---- docker::tests::test_system_info stdout ----
[INFO] [stdout] 
[INFO] [stdout] thread 'docker::tests::test_system_info' (4333) panicked at src/docker.rs:1647:36:
[INFO] [stdout] called `Result::unwrap()` on an `Err` value: Hyper(hyper::Error(Connect, Os { code: 2, kind: NotFound, message: "No such file or directory" }))
[INFO] [stdout] stack backtrace:
[INFO] [stdout]    0:     0x625f16244cf1 - <<std[70759c8f55707aa4]::sys::backtrace::BacktraceLock>::print::DisplayBacktrace as core[df12db4294e9bfd3]::fmt::Display>::fmt
[INFO] [stdout]    1:     0x625f1625b45a - core[df12db4294e9bfd3]::fmt::write
[INFO] [stdout]    2:     0x625f16249b7c - <alloc[2182bb758b4b3781]::vec::Vec<u8> as core[df12db4294e9bfd3]::io::write::Write>::write_fmt
[INFO] [stdout]    3:     0x625f1621d826 - std[70759c8f55707aa4]::panicking::default_hook::{closure#0}
[INFO] [stdout]    4:     0x625f1623bbe9 - std[70759c8f55707aa4]::panicking::default_hook
[INFO] [stdout]    5:     0x625f16172f10 - test[9d35eded1c95d3be]::test_main_inner::<test[9d35eded1c95d3be]::test_main_static::{closure#0}>::{closure#0}
[INFO] [stdout]    6:     0x625f1623bf12 - std[70759c8f55707aa4]::panicking::panic_with_hook
[INFO] [stdout]    7:     0x625f1621d8d2 - std[70759c8f55707aa4]::panicking::panic_handler::{closure#0}
[INFO] [stdout]    8:     0x625f162161f9 - std[70759c8f55707aa4]::sys::backtrace::__rust_end_short_backtrace::<std[70759c8f55707aa4]::panicking::panic_handler::{closure#0}, !>
[INFO] [stdout]    9:     0x625f1621e95d - __rustc[8fa7c3cbc660c2b3]::rust_begin_unwind
[INFO] [stdout]   10:     0x625f1625bbbc - core[df12db4294e9bfd3]::panicking::panic_fmt
[INFO] [stdout]   11:     0x625f1625b992 - core[df12db4294e9bfd3]::result::unwrap_failed
[INFO] [stdout]   12:     0x625f16099287 - dockworker[595887db8970cacc]::docker::tests::test_system_info::{closure#0}
[INFO] [stdout]   13:     0x625f16139933 - <tokio[3edafeaa9f7ee670]::runtime::scheduler::current_thread::Context>::enter::<core[df12db4294e9bfd3]::task::poll::Poll<()>, <tokio[3edafeaa9f7ee670]::runtime::scheduler::current_thread::CoreGuard>::block_on<core[df12db4294e9bfd3]::pin::Pin<&mut core[df12db4294e9bfd3]::pin::Pin<&mut dyn core[df12db4294e9bfd3]::future::future::Future<Output = ()>>>>::{closure#0}::{closure#0}>
[INFO] [stdout]   14:     0x625f1610566c - <tokio[3edafeaa9f7ee670]::runtime::context::scoped::Scoped<tokio[3edafeaa9f7ee670]::runtime::scheduler::Context>>::set::<<tokio[3edafeaa9f7ee670]::runtime::scheduler::current_thread::CoreGuard>::enter<<tokio[3edafeaa9f7ee670]::runtime::scheduler::current_thread::CoreGuard>::block_on<core[df12db4294e9bfd3]::pin::Pin<&mut core[df12db4294e9bfd3]::pin::Pin<&mut dyn core[df12db4294e9bfd3]::future::future::Future<Output = ()>>>>::{closure#0}, core[df12db4294e9bfd3]::option::Option<()>>::{closure#0}, (alloc[2182bb758b4b3781]::boxed::Box<tokio[3edafeaa9f7ee670]::runtime::scheduler::current_thread::Core>, core[df12db4294e9bfd3]::option::Option<()>)>
[INFO] [stdout]   15:     0x625f1613a587 - <tokio[3edafeaa9f7ee670]::runtime::scheduler::current_thread::CoreGuard>::block_on::<core[df12db4294e9bfd3]::pin::Pin<&mut core[df12db4294e9bfd3]::pin::Pin<&mut dyn core[df12db4294e9bfd3]::future::future::Future<Output = ()>>>>
[INFO] [stdout]   16:     0x625f1614ef23 - tokio[3edafeaa9f7ee670]::runtime::context::runtime::enter_runtime::<<tokio[3edafeaa9f7ee670]::runtime::scheduler::current_thread::CurrentThread>::block_on<core[df12db4294e9bfd3]::pin::Pin<&mut dyn core[df12db4294e9bfd3]::future::future::Future<Output = ()>>>::{closure#0}, ()>
[INFO] [stdout]   17:     0x625f160e2db5 - <tokio[3edafeaa9f7ee670]::runtime::runtime::Runtime>::block_on::<core[df12db4294e9bfd3]::pin::Pin<&mut dyn core[df12db4294e9bfd3]::future::future::Future<Output = ()>>>
[INFO] [stdout]   18:     0x625f160a02bb - dockworker[595887db8970cacc]::docker::tests::test_system_info
[INFO] [stdout]   19:     0x625f16123a59 - <dockworker[595887db8970cacc]::docker::tests::test_system_info::{closure#0} as core[df12db4294e9bfd3]::ops::function::FnOnce<()>>::call_once
[INFO] [stdout]   20:     0x625f161661fb - test[9d35eded1c95d3be]::__rust_begin_short_backtrace::<core[df12db4294e9bfd3]::result::Result<(), alloc[2182bb758b4b3781]::string::String>, fn() -> core[df12db4294e9bfd3]::result::Result<(), alloc[2182bb758b4b3781]::string::String>>
[INFO] [stdout]   21:     0x625f16173865 - test[9d35eded1c95d3be]::run_test::{closure#0}
[INFO] [stdout]   22:     0x625f1616d124 - std[70759c8f55707aa4]::sys::backtrace::__rust_begin_short_backtrace::<test[9d35eded1c95d3be]::run_test::{closure#1}, ()>
[INFO] [stdout]   23:     0x625f161769c2 - <std[70759c8f55707aa4]::thread::lifecycle::spawn_unchecked<test[9d35eded1c95d3be]::run_test::{closure#1}, ()>::{closure#1} as core[df12db4294e9bfd3]::ops::function::FnOnce<()>>::call_once::{shim:vtable#0}
[INFO] [stdout]   24:     0x625f16243999 - <std[70759c8f55707aa4]::sys::thread::unix::Thread>::new::thread_start
[INFO] [stdout]   25:     0x763db5aeadfa - <unknown>
[INFO] [stdout]   26:     0x763db5b7e3d4 - clone
[INFO] [stdout]   27:                0x0 - <unknown>
[INFO] [stdout] 
[INFO] [stdout] ---- docker::tests::test_events stdout ----
[INFO] [stdout] 
[INFO] [stdout] thread 'docker::tests::test_events' (4330) panicked at src/docker.rs:1659:55:
[INFO] [stdout] called `Result::unwrap()` on an `Err` value: Hyper(hyper::Error(Connect, Os { code: 2, kind: NotFound, message: "No such file or directory" }))
[INFO] [stdout] stack backtrace:
[INFO] [stdout]    0:     0x625f16244cf1 - <<std[70759c8f55707aa4]::sys::backtrace::BacktraceLock>::print::DisplayBacktrace as core[df12db4294e9bfd3]::fmt::Display>::fmt
[INFO] [stdout]    1:     0x625f1625b45a - core[df12db4294e9bfd3]::fmt::write
[INFO] [stdout]    2:     0x625f16249b7c - <alloc[2182bb758b4b3781]::vec::Vec<u8> as core[df12db4294e9bfd3]::io::write::Write>::write_fmt
[INFO] [stdout]    3:     0x625f1621d826 - std[70759c8f55707aa4]::panicking::default_hook::{closure#0}
[INFO] [stdout]    4:     0x625f1623bbe9 - std[70759c8f55707aa4]::panicking::default_hook
[INFO] [stdout]    5:     0x625f16172f10 - test[9d35eded1c95d3be]::test_main_inner::<test[9d35eded1c95d3be]::test_main_static::{closure#0}>::{closure#0}
[INFO] [stdout]    6:     0x625f1623bf12 - std[70759c8f55707aa4]::panicking::panic_with_hook
[INFO] [stdout]    7:     0x625f1621d8d2 - std[70759c8f55707aa4]::panicking::panic_handler::{closure#0}
[INFO] [stdout]    8:     0x625f162161f9 - std[70759c8f55707aa4]::sys::backtrace::__rust_end_short_backtrace::<std[70759c8f55707aa4]::panicking::panic_handler::{closure#0}, !>
[INFO] [stdout]    9:     0x625f1621e95d - __rustc[8fa7c3cbc660c2b3]::rust_begin_unwind
[INFO] [stdout]   10:     0x625f1625bbbc - core[df12db4294e9bfd3]::panicking::panic_fmt
[INFO] [stdout]   11:     0x625f1625b992 - core[df12db4294e9bfd3]::result::unwrap_failed
[INFO] [stdout]   12:     0x625f1608ef99 - dockworker[595887db8970cacc]::docker::tests::test_events::{closure#0}
[INFO] [stdout]   13:     0x625f16139933 - <tokio[3edafeaa9f7ee670]::runtime::scheduler::current_thread::Context>::enter::<core[df12db4294e9bfd3]::task::poll::Poll<()>, <tokio[3edafeaa9f7ee670]::runtime::scheduler::current_thread::CoreGuard>::block_on<core[df12db4294e9bfd3]::pin::Pin<&mut core[df12db4294e9bfd3]::pin::Pin<&mut dyn core[df12db4294e9bfd3]::future::future::Future<Output = ()>>>>::{closure#0}::{closure#0}>
[INFO] [stdout]   14:     0x625f1610566c - <tokio[3edafeaa9f7ee670]::runtime::context::scoped::Scoped<tokio[3edafeaa9f7ee670]::runtime::scheduler::Context>>::set::<<tokio[3edafeaa9f7ee670]::runtime::scheduler::current_thread::CoreGuard>::enter<<tokio[3edafeaa9f7ee670]::runtime::scheduler::current_thread::CoreGuard>::block_on<core[df12db4294e9bfd3]::pin::Pin<&mut core[df12db4294e9bfd3]::pin::Pin<&mut dyn core[df12db4294e9bfd3]::future::future::Future<Output = ()>>>>::{closure#0}, core[df12db4294e9bfd3]::option::Option<()>>::{closure#0}, (alloc[2182bb758b4b3781]::boxed::Box<tokio[3edafeaa9f7ee670]::runtime::scheduler::current_thread::Core>, core[df12db4294e9bfd3]::option::Option<()>)>
[INFO] [stdout]   15:     0x625f1613a587 - <tokio[3edafeaa9f7ee670]::runtime::scheduler::current_thread::CoreGuard>::block_on::<core[df12db4294e9bfd3]::pin::Pin<&mut core[df12db4294e9bfd3]::pin::Pin<&mut dyn core[df12db4294e9bfd3]::future::future::Future<Output = ()>>>>
[INFO] [stdout]   16:     0x625f1614ef23 - tokio[3edafeaa9f7ee670]::runtime::context::runtime::enter_runtime::<<tokio[3edafeaa9f7ee670]::runtime::scheduler::current_thread::CurrentThread>::block_on<core[df12db4294e9bfd3]::pin::Pin<&mut dyn core[df12db4294e9bfd3]::future::future::Future<Output = ()>>>::{closure#0}, ()>
[INFO] [stdout]   17:     0x625f160e2db5 - <tokio[3edafeaa9f7ee670]::runtime::runtime::Runtime>::block_on::<core[df12db4294e9bfd3]::pin::Pin<&mut dyn core[df12db4294e9bfd3]::future::future::Future<Output = ()>>>
[INFO] [stdout]   18:     0x625f1609fa6b - dockworker[595887db8970cacc]::docker::tests::test_events
[INFO] [stdout]   19:     0x625f16123999 - <dockworker[595887db8970cacc]::docker::tests::test_events::{closure#0} as core[df12db4294e9bfd3]::ops::function::FnOnce<()>>::call_once
[INFO] [stdout]   20:     0x625f161661fb - test[9d35eded1c95d3be]::__rust_begin_short_backtrace::<core[df12db4294e9bfd3]::result::Result<(), alloc[2182bb758b4b3781]::string::String>, fn() -> core[df12db4294e9bfd3]::result::Result<(), alloc[2182bb758b4b3781]::string::String>>
[INFO] [stdout]   21:     0x625f16173865 - test[9d35eded1c95d3be]::run_test::{closure#0}
[INFO] [stdout]   22:     0x625f1616d124 - std[70759c8f55707aa4]::sys::backtrace::__rust_begin_short_backtrace::<test[9d35eded1c95d3be]::run_test::{closure#1}, ()>
[INFO] [stdout]   23:     0x625f161769c2 - <std[70759c8f55707aa4]::thread::lifecycle::spawn_unchecked<test[9d35eded1c95d3be]::run_test::{closure#1}, ()>::{closure#1} as core[df12db4294e9bfd3]::ops::function::FnOnce<()>>::call_once::{shim:vtable#0}
[INFO] [stdout]   24:     0x625f16243999 - <std[70759c8f55707aa4]::sys::thread::unix::Thread>::new::thread_start
[INFO] [stdout]   25:     0x763db5aeadfa - <unknown>
[INFO] [stdout]   26:     0x763db5b7e3d4 - clone
[INFO] [stdout]   27:                0x0 - <unknown>
[INFO] [stdout] 
[INFO] [stdout] ---- docker::tests::test_api stdout ----
[INFO] [stdout] 
[INFO] [stdout] thread 'docker::tests::test_api' (4329) panicked at src/docker.rs:2066:60:
[INFO] [stdout] called `Result::unwrap()` on an `Err` value: Hyper(hyper::Error(Connect, Os { code: 2, kind: NotFound, message: "No such file or directory" }))
[INFO] [stdout] stack backtrace:
[INFO] [stdout]    0:     0x625f16244cf1 - <<std[70759c8f55707aa4]::sys::backtrace::BacktraceLock>::print::DisplayBacktrace as core[df12db4294e9bfd3]::fmt::Display>::fmt
[INFO] [stdout]    1:     0x625f1625b45a - core[df12db4294e9bfd3]::fmt::write
[INFO] [stdout]    2:     0x625f16249b7c - <alloc[2182bb758b4b3781]::vec::Vec<u8> as core[df12db4294e9bfd3]::io::write::Write>::write_fmt
[INFO] [stdout]    3:     0x625f1621d826 - std[70759c8f55707aa4]::panicking::default_hook::{closure#0}
[INFO] [stdout]    4:     0x625f1623bbe9 - std[70759c8f55707aa4]::panicking::default_hook
[INFO] [stdout]    5:     0x625f16172f10 - test[9d35eded1c95d3be]::test_main_inner::<test[9d35eded1c95d3be]::test_main_static::{closure#0}>::{closure#0}
[INFO] [stdout]    6:     0x625f1623bf12 - std[70759c8f55707aa4]::panicking::panic_with_hook
[INFO] [stdout]    7:     0x625f1621d8d2 - std[70759c8f55707aa4]::panicking::panic_handler::{closure#0}
[INFO] [stdout]    8:     0x625f162161f9 - std[70759c8f55707aa4]::sys::backtrace::__rust_end_short_backtrace::<std[70759c8f55707aa4]::panicking::panic_handler::{closure#0}, !>
[INFO] [stdout]    9:     0x625f1621e95d - __rustc[8fa7c3cbc660c2b3]::rust_begin_unwind
[INFO] [stdout]   10:     0x625f1625bbbc - core[df12db4294e9bfd3]::panicking::panic_fmt
[INFO] [stdout]   11:     0x625f1625b992 - core[df12db4294e9bfd3]::result::unwrap_failed
[INFO] [stdout]   12:     0x625f1609c390 - dockworker[595887db8970cacc]::docker::tests::test_api::{closure#0}
[INFO] [stdout]   13:     0x625f16139933 - <tokio[3edafeaa9f7ee670]::runtime::scheduler::current_thread::Context>::enter::<core[df12db4294e9bfd3]::task::poll::Poll<()>, <tokio[3edafeaa9f7ee670]::runtime::scheduler::current_thread::CoreGuard>::block_on<core[df12db4294e9bfd3]::pin::Pin<&mut core[df12db4294e9bfd3]::pin::Pin<&mut dyn core[df12db4294e9bfd3]::future::future::Future<Output = ()>>>>::{closure#0}::{closure#0}>
[INFO] [stdout]   14:     0x625f1610566c - <tokio[3edafeaa9f7ee670]::runtime::context::scoped::Scoped<tokio[3edafeaa9f7ee670]::runtime::scheduler::Context>>::set::<<tokio[3edafeaa9f7ee670]::runtime::scheduler::current_thread::CoreGuard>::enter<<tokio[3edafeaa9f7ee670]::runtime::scheduler::current_thread::CoreGuard>::block_on<core[df12db4294e9bfd3]::pin::Pin<&mut core[df12db4294e9bfd3]::pin::Pin<&mut dyn core[df12db4294e9bfd3]::future::future::Future<Output = ()>>>>::{closure#0}, core[df12db4294e9bfd3]::option::Option<()>>::{closure#0}, (alloc[2182bb758b4b3781]::boxed::Box<tokio[3edafeaa9f7ee670]::runtime::scheduler::current_thread::Core>, core[df12db4294e9bfd3]::option::Option<()>)>
[INFO] [stdout]   15:     0x625f1613a587 - <tokio[3edafeaa9f7ee670]::runtime::scheduler::current_thread::CoreGuard>::block_on::<core[df12db4294e9bfd3]::pin::Pin<&mut core[df12db4294e9bfd3]::pin::Pin<&mut dyn core[df12db4294e9bfd3]::future::future::Future<Output = ()>>>>
[INFO] [stdout]   16:     0x625f1614ef23 - tokio[3edafeaa9f7ee670]::runtime::context::runtime::enter_runtime::<<tokio[3edafeaa9f7ee670]::runtime::scheduler::current_thread::CurrentThread>::block_on<core[df12db4294e9bfd3]::pin::Pin<&mut dyn core[df12db4294e9bfd3]::future::future::Future<Output = ()>>>::{closure#0}, ()>
[INFO] [stdout]   17:     0x625f160e2db5 - <tokio[3edafeaa9f7ee670]::runtime::runtime::Runtime>::block_on::<core[df12db4294e9bfd3]::pin::Pin<&mut dyn core[df12db4294e9bfd3]::future::future::Future<Output = ()>>>
[INFO] [stdout]   18:     0x625f160a0714 - dockworker[595887db8970cacc]::docker::tests::test_api
[INFO] [stdout]   19:     0x625f16123ab9 - <dockworker[595887db8970cacc]::docker::tests::test_api::{closure#0} as core[df12db4294e9bfd3]::ops::function::FnOnce<()>>::call_once
[INFO] [stdout]   20:     0x625f161661fb - test[9d35eded1c95d3be]::__rust_begin_short_backtrace::<core[df12db4294e9bfd3]::result::Result<(), alloc[2182bb758b4b3781]::string::String>, fn() -> core[df12db4294e9bfd3]::result::Result<(), alloc[2182bb758b4b3781]::string::String>>
[INFO] [stdout]   21:     0x625f16173865 - test[9d35eded1c95d3be]::run_test::{closure#0}
[INFO] [stdout]   22:     0x625f1616d124 - std[70759c8f55707aa4]::sys::backtrace::__rust_begin_short_backtrace::<test[9d35eded1c95d3be]::run_test::{closure#1}, ()>
[INFO] [stdout]   23:     0x625f161769c2 - <std[70759c8f55707aa4]::thread::lifecycle::spawn_unchecked<test[9d35eded1c95d3be]::run_test::{closure#1}, ()>::{closure#1} as core[df12db4294e9bfd3]::ops::function::FnOnce<()>>::call_once::{shim:vtable#0}
[INFO] [stdout]   24:     0x625f16243999 - <std[70759c8f55707aa4]::sys::thread::unix::Thread>::new::thread_start
[INFO] [stdout]   25:     0x763db5aeadfa - <unknown>
[INFO] [stdout]   26:     0x763db5b7e3d4 - clone
[INFO] [stdout]   27:                0x0 - <unknown>
[INFO] [stdout] 
[INFO] [stdout] ---- docker::tests::test_version stdout ----
[INFO] [stdout] 
[INFO] [stdout] thread 'docker::tests::test_version' (4334) panicked at src/docker.rs:1653:32:
[INFO] [stdout] called `Result::unwrap()` on an `Err` value: Hyper(hyper::Error(Connect, Os { code: 2, kind: NotFound, message: "No such file or directory" }))
[INFO] [stdout] stack backtrace:
[INFO] [stdout]    0:     0x625f16244cf1 - <<std[70759c8f55707aa4]::sys::backtrace::BacktraceLock>::print::DisplayBacktrace as core[df12db4294e9bfd3]::fmt::Display>::fmt
[INFO] [stdout]    1:     0x625f1625b45a - core[df12db4294e9bfd3]::fmt::write
[INFO] [stdout]    2:     0x625f16249b7c - <alloc[2182bb758b4b3781]::vec::Vec<u8> as core[df12db4294e9bfd3]::io::write::Write>::write_fmt
[INFO] [stdout]    3:     0x625f1621d826 - std[70759c8f55707aa4]::panicking::default_hook::{closure#0}
[INFO] [stdout]    4:     0x625f1623bbe9 - std[70759c8f55707aa4]::panicking::default_hook
[INFO] [stdout]    5:     0x625f16172f10 - test[9d35eded1c95d3be]::test_main_inner::<test[9d35eded1c95d3be]::test_main_static::{closure#0}>::{closure#0}
[INFO] [stdout]    6:     0x625f1623bf12 - std[70759c8f55707aa4]::panicking::panic_with_hook
[INFO] [stdout]    7:     0x625f1621d8d2 - std[70759c8f55707aa4]::panicking::panic_handler::{closure#0}
[INFO] [stdout]    8:     0x625f162161f9 - std[70759c8f55707aa4]::sys::backtrace::__rust_end_short_backtrace::<std[70759c8f55707aa4]::panicking::panic_handler::{closure#0}, !>
[INFO] [stdout]    9:     0x625f1621e95d - __rustc[8fa7c3cbc660c2b3]::rust_begin_unwind
[INFO] [stdout]   10:     0x625f1625bbbc - core[df12db4294e9bfd3]::panicking::panic_fmt
[INFO] [stdout]   11:     0x625f1625b992 - core[df12db4294e9bfd3]::result::unwrap_failed
[INFO] [stdout]   12:     0x625f1608f859 - dockworker[595887db8970cacc]::docker::tests::test_version::{closure#0}
[INFO] [stdout]   13:     0x625f16139933 - <tokio[3edafeaa9f7ee670]::runtime::scheduler::current_thread::Context>::enter::<core[df12db4294e9bfd3]::task::poll::Poll<()>, <tokio[3edafeaa9f7ee670]::runtime::scheduler::current_thread::CoreGuard>::block_on<core[df12db4294e9bfd3]::pin::Pin<&mut core[df12db4294e9bfd3]::pin::Pin<&mut dyn core[df12db4294e9bfd3]::future::future::Future<Output = ()>>>>::{closure#0}::{closure#0}>
[INFO] [stdout]   14:     0x625f1610566c - <tokio[3edafeaa9f7ee670]::runtime::context::scoped::Scoped<tokio[3edafeaa9f7ee670]::runtime::scheduler::Context>>::set::<<tokio[3edafeaa9f7ee670]::runtime::scheduler::current_thread::CoreGuard>::enter<<tokio[3edafeaa9f7ee670]::runtime::scheduler::current_thread::CoreGuard>::block_on<core[df12db4294e9bfd3]::pin::Pin<&mut core[df12db4294e9bfd3]::pin::Pin<&mut dyn core[df12db4294e9bfd3]::future::future::Future<Output = ()>>>>::{closure#0}, core[df12db4294e9bfd3]::option::Option<()>>::{closure#0}, (alloc[2182bb758b4b3781]::boxed::Box<tokio[3edafeaa9f7ee670]::runtime::scheduler::current_thread::Core>, core[df12db4294e9bfd3]::option::Option<()>)>
[INFO] [stdout]   15:     0x625f1613a587 - <tokio[3edafeaa9f7ee670]::runtime::scheduler::current_thread::CoreGuard>::block_on::<core[df12db4294e9bfd3]::pin::Pin<&mut core[df12db4294e9bfd3]::pin::Pin<&mut dyn core[df12db4294e9bfd3]::future::future::Future<Output = ()>>>>
[INFO] [stdout]   16:     0x625f1614ef23 - tokio[3edafeaa9f7ee670]::runtime::context::runtime::enter_runtime::<<tokio[3edafeaa9f7ee670]::runtime::scheduler::current_thread::CurrentThread>::block_on<core[df12db4294e9bfd3]::pin::Pin<&mut dyn core[df12db4294e9bfd3]::future::future::Future<Output = ()>>>::{closure#0}, ()>
[INFO] [stdout]   17:     0x625f160e2db5 - <tokio[3edafeaa9f7ee670]::runtime::runtime::Runtime>::block_on::<core[df12db4294e9bfd3]::pin::Pin<&mut dyn core[df12db4294e9bfd3]::future::future::Future<Output = ()>>>
[INFO] [stdout]   18:     0x625f1609fbeb - dockworker[595887db8970cacc]::docker::tests::test_version
[INFO] [stdout]   19:     0x625f161239b9 - <dockworker[595887db8970cacc]::docker::tests::test_version::{closure#0} as core[df12db4294e9bfd3]::ops::function::FnOnce<()>>::call_once
[INFO] [stdout]   20:     0x625f161661fb - test[9d35eded1c95d3be]::__rust_begin_short_backtrace::<core[df12db4294e9bfd3]::result::Result<(), alloc[2182bb758b4b3781]::string::String>, fn() -> core[df12db4294e9bfd3]::result::Result<(), alloc[2182bb758b4b3781]::string::String>>
[INFO] [stdout]   21:     0x625f16173865 - test[9d35eded1c95d3be]::run_test::{closure#0}
[INFO] [stdout]   22:     0x625f1616d124 - std[70759c8f55707aa4]::sys::backtrace::__rust_begin_short_backtrace::<test[9d35eded1c95d3be]::run_test::{closure#1}, ()>
[INFO] [stdout]   23:     0x625f161769c2 - <std[70759c8f55707aa4]::thread::lifecycle::spawn_unchecked<test[9d35eded1c95d3be]::run_test::{closure#1}, ()>::{closure#1} as core[df12db4294e9bfd3]::ops::function::FnOnce<()>>::call_once::{shim:vtable#0}
[INFO] [stdout]   24:     0x625f16243999 - <std[70759c8f55707aa4]::sys::thread::unix::Thread>::new::thread_start
[INFO] [stdout]   25:     0x763db5aeadfa - <unknown>
[INFO] [stdout]   26:     0x763db5b7e3d4 - clone
[INFO] [stdout]   27:                0x0 - <unknown>
[INFO] [stdout] 
[INFO] [stdout] ---- docker::tests::test_ping stdout ----
[INFO] [stdout] 
[INFO] [stdout] thread 'docker::tests::test_ping' (4332) panicked at src/docker.rs:1641:29:
[INFO] [stdout] called `Result::unwrap()` on an `Err` value: Hyper(hyper::Error(Connect, Os { code: 2, kind: NotFound, message: "No such file or directory" }))
[INFO] [stdout] stack backtrace:
[INFO] [stdout]    0:     0x625f16244cf1 - <<std[70759c8f55707aa4]::sys::backtrace::BacktraceLock>::print::DisplayBacktrace as core[df12db4294e9bfd3]::fmt::Display>::fmt
[INFO] [stdout]    1:     0x625f1625b45a - core[df12db4294e9bfd3]::fmt::write
[INFO] [stdout]    2:     0x625f16249b7c - <alloc[2182bb758b4b3781]::vec::Vec<u8> as core[df12db4294e9bfd3]::io::write::Write>::write_fmt
[INFO] [stdout]    3:     0x625f1621d826 - std[70759c8f55707aa4]::panicking::default_hook::{closure#0}
[INFO] [stdout]    4:     0x625f1623bbe9 - std[70759c8f55707aa4]::panicking::default_hook
[INFO] [stdout]    5:     0x625f16172f10 - test[9d35eded1c95d3be]::test_main_inner::<test[9d35eded1c95d3be]::test_main_static::{closure#0}>::{closure#0}
[INFO] [stdout]    6:     0x625f1623bf12 - std[70759c8f55707aa4]::panicking::panic_with_hook
[INFO] [stdout]    7:     0x625f1621d8d2 - std[70759c8f55707aa4]::panicking::panic_handler::{closure#0}
[INFO] [stdout]    8:     0x625f162161f9 - std[70759c8f55707aa4]::sys::backtrace::__rust_end_short_backtrace::<std[70759c8f55707aa4]::panicking::panic_handler::{closure#0}, !>
[INFO] [stdout]    9:     0x625f1621e95d - __rustc[8fa7c3cbc660c2b3]::rust_begin_unwind
[INFO] [stdout]   10:     0x625f1625bbbc - core[df12db4294e9bfd3]::panicking::panic_fmt
[INFO] [stdout]   11:     0x625f1625b992 - core[df12db4294e9bfd3]::result::unwrap_failed
[INFO] [stdout]   12:     0x625f1609f73f - dockworker[595887db8970cacc]::docker::tests::test_ping::{closure#0}
[INFO] [stdout]   13:     0x625f16139933 - <tokio[3edafeaa9f7ee670]::runtime::scheduler::current_thread::Context>::enter::<core[df12db4294e9bfd3]::task::poll::Poll<()>, <tokio[3edafeaa9f7ee670]::runtime::scheduler::current_thread::CoreGuard>::block_on<core[df12db4294e9bfd3]::pin::Pin<&mut core[df12db4294e9bfd3]::pin::Pin<&mut dyn core[df12db4294e9bfd3]::future::future::Future<Output = ()>>>>::{closure#0}::{closure#0}>
[INFO] [stdout]   14:     0x625f1610566c - <tokio[3edafeaa9f7ee670]::runtime::context::scoped::Scoped<tokio[3edafeaa9f7ee670]::runtime::scheduler::Context>>::set::<<tokio[3edafeaa9f7ee670]::runtime::scheduler::current_thread::CoreGuard>::enter<<tokio[3edafeaa9f7ee670]::runtime::scheduler::current_thread::CoreGuard>::block_on<core[df12db4294e9bfd3]::pin::Pin<&mut core[df12db4294e9bfd3]::pin::Pin<&mut dyn core[df12db4294e9bfd3]::future::future::Future<Output = ()>>>>::{closure#0}, core[df12db4294e9bfd3]::option::Option<()>>::{closure#0}, (alloc[2182bb758b4b3781]::boxed::Box<tokio[3edafeaa9f7ee670]::runtime::scheduler::current_thread::Core>, core[df12db4294e9bfd3]::option::Option<()>)>
[INFO] [stdout]   15:     0x625f1613a587 - <tokio[3edafeaa9f7ee670]::runtime::scheduler::current_thread::CoreGuard>::block_on::<core[df12db4294e9bfd3]::pin::Pin<&mut core[df12db4294e9bfd3]::pin::Pin<&mut dyn core[df12db4294e9bfd3]::future::future::Future<Output = ()>>>>
[INFO] [stdout]   16:     0x625f1614ef23 - tokio[3edafeaa9f7ee670]::runtime::context::runtime::enter_runtime::<<tokio[3edafeaa9f7ee670]::runtime::scheduler::current_thread::CurrentThread>::block_on<core[df12db4294e9bfd3]::pin::Pin<&mut dyn core[df12db4294e9bfd3]::future::future::Future<Output = ()>>>::{closure#0}, ()>
[INFO] [stdout]   17:     0x625f160e2db5 - <tokio[3edafeaa9f7ee670]::runtime::runtime::Runtime>::block_on::<core[df12db4294e9bfd3]::pin::Pin<&mut dyn core[df12db4294e9bfd3]::future::future::Future<Output = ()>>>
[INFO] [stdout]   18:     0x625f160a088b - dockworker[595887db8970cacc]::docker::tests::test_ping
[INFO] [stdout]   19:     0x625f16123ad9 - <dockworker[595887db8970cacc]::docker::tests::test_ping::{closure#0} as core[df12db4294e9bfd3]::ops::function::FnOnce<()>>::call_once
[INFO] [stdout]   20:     0x625f161661fb - test[9d35eded1c95d3be]::__rust_begin_short_backtrace::<core[df12db4294e9bfd3]::result::Result<(), alloc[2182bb758b4b3781]::string::String>, fn() -> core[df12db4294e9bfd3]::result::Result<(), alloc[2182bb758b4b3781]::string::String>>
[INFO] [stdout]   21:     0x625f16173865 - test[9d35eded1c95d3be]::run_test::{closure#0}
[INFO] [stdout]   22:     0x625f1616d124 - std[70759c8f55707aa4]::sys::backtrace::__rust_begin_short_backtrace::<test[9d35eded1c95d3be]::run_test::{closure#1}, ()>
[INFO] [stdout]   23:     0x625f161769c2 - <std[70759c8f55707aa4]::thread::lifecycle::spawn_unchecked<test[9d35eded1c95d3be]::run_test::{closure#1}, ()>::{closure#1} as core[df12db4294e9bfd3]::ops::function::FnOnce<()>>::call_once::{shim:vtable#0}
[INFO] [stdout]   24:     0x625f16243999 - <std[70759c8f55707aa4]::sys::thread::unix::Thread>::new::thread_start
[INFO] [stdout]   25:     0x763db5aeadfa - <unknown>
[INFO] [stdout]   26:     0x763db5b7e3d4 - clone
[INFO] [stdout]   27:                0x0 - <unknown>
[INFO] [stdout] 
[INFO] [stdout] ---- docker::tests::test_networks stdout ----
[INFO] [stdout] 
[INFO] [stdout] thread 'docker::tests::test_networks' (4331) panicked at src/docker.rs:2201:14:
[INFO] [stdout] called `Result::unwrap()` on an `Err` value: Hyper(hyper::Error(Connect, Os { code: 2, kind: NotFound, message: "No such file or directory" }))
[INFO] [stdout] stack backtrace:
[INFO] [stdout]    0:     0x625f16244cf1 - <<std[70759c8f55707aa4]::sys::backtrace::BacktraceLock>::print::DisplayBacktrace as core[df12db4294e9bfd3]::fmt::Display>::fmt
[INFO] [stdout]    1:     0x625f1625b45a - core[df12db4294e9bfd3]::fmt::write
[INFO] [stdout]    2:     0x625f16249b7c - <alloc[2182bb758b4b3781]::vec::Vec<u8> as core[df12db4294e9bfd3]::io::write::Write>::write_fmt
[INFO] [stdout]    3:     0x625f1621d826 - std[70759c8f55707aa4]::panicking::default_hook::{closure#0}
[INFO] [stdout]    4:     0x625f1623bbe9 - std[70759c8f55707aa4]::panicking::default_hook
[INFO] [stdout]    5:     0x625f16172f10 - test[9d35eded1c95d3be]::test_main_inner::<test[9d35eded1c95d3be]::test_main_static::{closure#0}>::{closure#0}
[INFO] [stdout]    6:     0x625f1623bf12 - std[70759c8f55707aa4]::panicking::panic_with_hook
[INFO] [stdout]    7:     0x625f1621d8d2 - std[70759c8f55707aa4]::panicking::panic_handler::{closure#0}
[INFO] [stdout]    8:     0x625f162161f9 - std[70759c8f55707aa4]::sys::backtrace::__rust_end_short_backtrace::<std[70759c8f55707aa4]::panicking::panic_handler::{closure#0}, !>
[INFO] [stdout]    9:     0x625f1621e95d - __rustc[8fa7c3cbc660c2b3]::rust_begin_unwind
[INFO] [stdout]   10:     0x625f1625bbbc - core[df12db4294e9bfd3]::panicking::panic_fmt
[INFO] [stdout]   11:     0x625f1625b992 - core[df12db4294e9bfd3]::result::unwrap_failed
[INFO] [stdout]   12:     0x625f16090611 - dockworker[595887db8970cacc]::docker::tests::test_networks::{closure#0}
[INFO] [stdout]   13:     0x625f16139933 - <tokio[3edafeaa9f7ee670]::runtime::scheduler::current_thread::Context>::enter::<core[df12db4294e9bfd3]::task::poll::Poll<()>, <tokio[3edafeaa9f7ee670]::runtime::scheduler::current_thread::CoreGuard>::block_on<core[df12db4294e9bfd3]::pin::Pin<&mut core[df12db4294e9bfd3]::pin::Pin<&mut dyn core[df12db4294e9bfd3]::future::future::Future<Output = ()>>>>::{closure#0}::{closure#0}>
[INFO] [stdout]   14:     0x625f1610566c - <tokio[3edafeaa9f7ee670]::runtime::context::scoped::Scoped<tokio[3edafeaa9f7ee670]::runtime::scheduler::Context>>::set::<<tokio[3edafeaa9f7ee670]::runtime::scheduler::current_thread::CoreGuard>::enter<<tokio[3edafeaa9f7ee670]::runtime::scheduler::current_thread::CoreGuard>::block_on<core[df12db4294e9bfd3]::pin::Pin<&mut core[df12db4294e9bfd3]::pin::Pin<&mut dyn core[df12db4294e9bfd3]::future::future::Future<Output = ()>>>>::{closure#0}, core[df12db4294e9bfd3]::option::Option<()>>::{closure#0}, (alloc[2182bb758b4b3781]::boxed::Box<tokio[3edafeaa9f7ee670]::runtime::scheduler::current_thread::Core>, core[df12db4294e9bfd3]::option::Option<()>)>
[INFO] [stdout]   15:     0x625f1613a587 - <tokio[3edafeaa9f7ee670]::runtime::scheduler::current_thread::CoreGuard>::block_on::<core[df12db4294e9bfd3]::pin::Pin<&mut core[df12db4294e9bfd3]::pin::Pin<&mut dyn core[df12db4294e9bfd3]::future::future::Future<Output = ()>>>>
[INFO] [stdout]   16:     0x625f1614ef23 - tokio[3edafeaa9f7ee670]::runtime::context::runtime::enter_runtime::<<tokio[3edafeaa9f7ee670]::runtime::scheduler::current_thread::CurrentThread>::block_on<core[df12db4294e9bfd3]::pin::Pin<&mut dyn core[df12db4294e9bfd3]::future::future::Future<Output = ()>>>::{closure#0}, ()>
[INFO] [stdout]   17:     0x625f160e2db5 - <tokio[3edafeaa9f7ee670]::runtime::runtime::Runtime>::block_on::<core[df12db4294e9bfd3]::pin::Pin<&mut dyn core[df12db4294e9bfd3]::future::future::Future<Output = ()>>>
[INFO] [stdout]   18:     0x625f1609fd3b - dockworker[595887db8970cacc]::docker::tests::test_networks
[INFO] [stdout]   19:     0x625f161239d9 - <dockworker[595887db8970cacc]::docker::tests::test_networks::{closure#0} as core[df12db4294e9bfd3]::ops::function::FnOnce<()>>::call_once
[INFO] [stdout]   20:     0x625f161661fb - test[9d35eded1c95d3be]::__rust_begin_short_backtrace::<core[df12db4294e9bfd3]::result::Result<(), alloc[2182bb758b4b3781]::string::String>, fn() -> core[df12db4294e9bfd3]::result::Result<(), alloc[2182bb758b4b3781]::string::String>>
[INFO] [stdout]   21:     0x625f16173865 - test[9d35eded1c95d3be]::run_test::{closure#0}
[INFO] [stdout]   22:     0x625f1616d124 - std[70759c8f55707aa4]::sys::backtrace::__rust_begin_short_backtrace::<test[9d35eded1c95d3be]::run_test::{closure#1}, ()>
[INFO] [stdout]   23:     0x625f161769c2 - <std[70759c8f55707aa4]::thread::lifecycle::spawn_unchecked<test[9d35eded1c95d3be]::run_test::{closure#1}, ()>::{closure#1} as core[df12db4294e9bfd3]::ops::function::FnOnce<()>>::call_once::{shim:vtable#0}
[INFO] [stdout]   24:     0x625f16243999 - <std[70759c8f55707aa4]::sys::thread::unix::Thread>::new::thread_start
[INFO] [stdout]   25:     0x763db5aeadfa - <unknown>
[INFO] [stdout]   26:     0x763db5b7e3d4 - clone
[INFO] [stdout]   27:                0x0 - <unknown>
[INFO] [stdout] 
[INFO] [stdout] 
[INFO] [stdout] failures:
[INFO] [stdout]     docker::tests::test_api
[INFO] [stdout]     docker::tests::test_events
[INFO] [stdout]     docker::tests::test_networks
[INFO] [stdout]     docker::tests::test_ping
[INFO] [stdout]     docker::tests::test_system_info
[INFO] [stdout]     docker::tests::test_version
[INFO] [stdout] 
[INFO] [stdout] test result: FAILED. 31 passed; 6 failed; 5 ignored; 0 measured; 0 filtered out; finished in 0.01s
[INFO] [stdout] 
[INFO] running `Command { std: "docker" "inspect" "92f81bac502ae19faf242ed14ded8ff28d590b6966e18d72f796972a12bb9c77", kill_on_drop: false }`
[INFO] running `Command { std: "docker" "rm" "-f" "92f81bac502ae19faf242ed14ded8ff28d590b6966e18d72f796972a12bb9c77", kill_on_drop: false }`
[INFO] [stdout] 92f81bac502ae19faf242ed14ded8ff28d590b6966e18d72f796972a12bb9c77
