[INFO] fetching crate docking 0.1.0...
[INFO] testing docking-0.1.0 against 1.100.0-beta.1+cargoflags=--release for beta-release-1.100-2
[INFO] extracting crate docking 0.1.0 into /workspace/builds/worker-5-tc2/source
[INFO] started tweaking crates.io crate docking 0.1.0
[INFO] removed 0 missing tests
[INFO] finished tweaking crates.io crate docking 0.1.0
[INFO] tweaked toml for crates.io crate docking 0.1.0 written to /workspace/builds/worker-5-tc2/source/Cargo.toml
[INFO] validating manifest of crates.io crate docking 0.1.0 on toolchain 1.100.0-beta.1
[INFO] running `Command { std: CARGO_HOME="/workspace/cargo-home" RUSTUP_HOME="/workspace/rustup-home" "/workspace/cargo-home/bin/cargo" "+1.100.0-beta.1" "metadata" "--manifest-path" "Cargo.toml" "--no-deps", kill_on_drop: false }`
[INFO] crate crates.io crate docking 0.1.0 already has a lockfile, it will not be regenerated
[INFO] running `Command { std: CARGO_HOME="/workspace/cargo-home" RUSTUP_HOME="/workspace/rustup-home" "/workspace/cargo-home/bin/cargo" "+1.100.0-beta.1" "fetch" "--manifest-path" "Cargo.toml", kill_on_drop: false }`
[INFO] running `Command { std: "docker" "create" "-v" "/var/lib/crater-agent-workspace/builds/worker-5-tc2/source:/opt/rustwide/workdir:ro,Z" "-v" "/var/lib/crater-agent-workspace/builds/worker-5-tc2/target:/opt/rustwide/target:rw,Z" "-v" "/var/lib/crater-agent-workspace/cargo-home:/opt/rustwide/cargo-home:ro,Z" "-v" "/var/lib/crater-agent-workspace/rustup-home:/opt/rustwide/rustup-home:ro,Z" "-m" "1610612736" "--network" "none" "ghcr.io/rust-lang/crates-build-env/linux@sha256:77db811e55d90add9212f6832c23229e3de5f1c1f9905e8cb07319ea15df73ac" "sleep" "infinity", kill_on_drop: false }`
[INFO] [stdout] 0ef9b672119c0047fc934485252feda4b56c408b15ebaf052f302a299e5c09e7
[INFO] running `Command { std: "docker" "start" "0ef9b672119c0047fc934485252feda4b56c408b15ebaf052f302a299e5c09e7", kill_on_drop: false }`
[INFO] running `Command { std: "docker" "inspect" "0ef9b672119c0047fc934485252feda4b56c408b15ebaf052f302a299e5c09e7", kill_on_drop: false }`
[INFO] running `Command { std: "docker" "exec" "-e" "SOURCE_DIR=/opt/rustwide/workdir" "-e" "CARGO_HOME=/opt/rustwide/cargo-home" "-e" "RUSTUP_HOME=/opt/rustwide/rustup-home" "-e" "CARGO_TARGET_DIR=/opt/rustwide/target" "-w" "/opt/rustwide/workdir" "--user" "0:0" "0ef9b672119c0047fc934485252feda4b56c408b15ebaf052f302a299e5c09e7" "/opt/rustwide/cargo-home/bin/cargo" "+1.100.0-beta.1" "metadata" "--no-deps" "--format-version=1", kill_on_drop: false }`
[INFO] running `Command { std: "docker" "inspect" "0ef9b672119c0047fc934485252feda4b56c408b15ebaf052f302a299e5c09e7", kill_on_drop: false }`
[INFO] running `Command { std: "docker" "exec" "-e" "SOURCE_DIR=/opt/rustwide/workdir" "-e" "CARGO_HOME=/opt/rustwide/cargo-home" "-e" "RUSTUP_HOME=/opt/rustwide/rustup-home" "-e" "CARGO_TARGET_DIR=/opt/rustwide/target" "-e" "CARGO_INCREMENTAL=0" "-e" "RUST_BACKTRACE=full" "-e" "RUSTFLAGS=--cap-lints=warn" "-e" "RUSTDOCFLAGS=--cap-lints=warn" "-w" "/opt/rustwide/workdir" "--user" "0:0" "0ef9b672119c0047fc934485252feda4b56c408b15ebaf052f302a299e5c09e7" "/opt/rustwide/cargo-home/bin/cargo" "+1.100.0-beta.1" "build" "--frozen" "--message-format=json" "--release", kill_on_drop: false }`
[INFO] [stderr]    Compiling docking v0.1.0 (/opt/rustwide/workdir)
[INFO] [stderr]     Finished `release` profile [optimized] target(s) in 2.00s
[INFO] running `Command { std: "docker" "inspect" "0ef9b672119c0047fc934485252feda4b56c408b15ebaf052f302a299e5c09e7", kill_on_drop: false }`
[INFO] running `Command { std: "docker" "exec" "-e" "SOURCE_DIR=/opt/rustwide/workdir" "-e" "CARGO_HOME=/opt/rustwide/cargo-home" "-e" "RUSTUP_HOME=/opt/rustwide/rustup-home" "-e" "CARGO_TARGET_DIR=/opt/rustwide/target" "-e" "CARGO_INCREMENTAL=0" "-e" "RUST_BACKTRACE=full" "-e" "RUSTFLAGS=--cap-lints=warn" "-e" "RUSTDOCFLAGS=--cap-lints=warn" "-w" "/opt/rustwide/workdir" "--user" "0:0" "0ef9b672119c0047fc934485252feda4b56c408b15ebaf052f302a299e5c09e7" "/opt/rustwide/cargo-home/bin/cargo" "+1.100.0-beta.1" "test" "--frozen" "--no-run" "--message-format=json" "--release", kill_on_drop: false }`
[INFO] [stderr]    Compiling docking v0.1.0 (/opt/rustwide/workdir)
[INFO] [stderr]     Finished `release` profile [optimized] target(s) in 1m 50s
[INFO] running `Command { std: "docker" "inspect" "0ef9b672119c0047fc934485252feda4b56c408b15ebaf052f302a299e5c09e7", kill_on_drop: false }`
[INFO] running `Command { std: "docker" "exec" "-e" "SOURCE_DIR=/opt/rustwide/workdir" "-e" "CARGO_HOME=/opt/rustwide/cargo-home" "-e" "RUSTUP_HOME=/opt/rustwide/rustup-home" "-e" "CARGO_TARGET_DIR=/opt/rustwide/target" "-e" "CARGO_INCREMENTAL=0" "-e" "RUST_BACKTRACE=full" "-e" "RUSTFLAGS=--cap-lints=warn" "-e" "RUSTDOCFLAGS=--cap-lints=warn" "-w" "/opt/rustwide/workdir" "--user" "0:0" "0ef9b672119c0047fc934485252feda4b56c408b15ebaf052f302a299e5c09e7" "/opt/rustwide/cargo-home/bin/cargo" "+1.100.0-beta.1" "test" "--frozen" "--release", kill_on_drop: false }`
[INFO] [stderr]     Finished `release` profile [optimized] target(s) in 0.03s
[INFO] [stderr]      Running unittests src/lib.rs (/opt/rustwide/target/release/build/docking/cdabb39e83851d25/out/docking-cdabb39e83851d25)
[INFO] [stdout] 
[INFO] [stdout] running 51 tests
[INFO] [stdout] test atom::constants::tests::el_mapping ... ok
[INFO] [stdout] test atom::constants::tests::max_covalent_radius_is_calcium ... ok
[INFO] [stdout] test atom::tests::covalent_bond_length ... ok
[INFO] [stdout] test atom::constants::tests::ad_table_has_31_entries_indexed_correctly ... ok
[INFO] [stdout] test atom::constants::tests::predicates ... ok
[INFO] [stdout] test atom::constants::tests::string_to_ad_type_lookups ... ok
[INFO] [stdout] test atom::constants::tests::xs_radii_table_size_matches ... ok
[INFO] [stdout] test atom::tests::assign_el_from_ad ... ok
[INFO] [stdout] test atom::tests::default_type_is_unassigned ... ok
[INFO] [stdout] test math::mat3::tests::column_major_layout ... ok
[INFO] [stdout] test math::quaternion::tests::angle_axis_composition_adds_angles ... ok
[INFO] [stdout] test math::quaternion::tests::rotation_matrix_is_orthonormal_and_preserves_length ... ok
[INFO] [stdout] test math::quaternion::tests::normalize_approx_rescales_when_far ... ok
[INFO] [stdout] test math::quaternion::tests::rotation_about_z_90_degrees ... ok
[INFO] [stdout] test math::tests::pi_is_the_ieee754_nearest_double_to_pi ... ok
[INFO] [stdout] test math::vec3::tests::cross_is_right_handed ... ok
[INFO] [stdout] test math::mat3::tests::identity_times_vec ... ok
[INFO] [stdout] test math::vec3::tests::ops_and_distance ... ok
[INFO] [stdout] test math::mat3::tests::mul_vec_matches_formula ... ok
[INFO] [stdout] test math::quaternion::tests::identity_multiplication ... ok
[INFO] [stdout] test math::vec3::tests::dot_and_norm ... ok
[INFO] [stdout] test math::quaternion::tests::identity_rotation_matrix ... ok
[INFO] [stdout] test math::quaternion::tests::normalize_approx_leaves_near_unit_untouched ... ok
[INFO] [stdout] test model::conf::tests::conf_new_sizes_torsions ... ok
[INFO] [stdout] test model::conf::tests::dof_count ... ok
[INFO] [stdout] test model::tests::coord_substitution_overwrites_only_coordinate_columns ... ok
[INFO] [stdout] test pdbqt::tests::invalid_coordinate_reports_which_field ... ok
[INFO] [stdout] test pdbqt::tests::parses_a_wellformed_atom_line ... ok
[INFO] [stdout] test model::matrix::tests::triangular_matrix_roundtrips ... ok
[INFO] [stdout] test pdbqt::tests::too_short_line_errors_instead_of_truncating ... ok
[INFO] [stdout] test pdbqt::tests::blank_charge_field_defaults_to_zero ... ok
[INFO] [stdout] test random::tests::deterministic_for_same_seed ... ok
[INFO] [stdout] test random::tests::random_int_covers_endpoints ... ok
[INFO] [stdout] test model::matrix::tests::strictly_triangular_mobility ... ok
[INFO] [stdout] test model::matrix::tests::triangular_indices_are_packed ... ok
[INFO] [stdout] test random::tests::mt19937_known_vector ... ok
[INFO] [stdout] test math::tests::normalize_angle_wraps_into_range ... ok
[INFO] [stdout] test random::tests::orientation_is_unit ... ok
[INFO] [stdout] test random::tests::random_fl_in_range_and_roughly_uniform ... ok
[INFO] [stdout] test scoring::eval::tests::box_quantizes_like_vina ... ok
[INFO] [stdout] test scoring::terms::tests::gaussian_peaks_at_optimal ... ok
[INFO] [stdout] test scoring::eval::tests::force_even_voxels_rounds_up_odd ... ok
[INFO] [stdout] test scoring::terms::tests::h_bond_requires_donor_acceptor ... ok
[INFO] [stdout] test scoring::terms::tests::repulsion_only_when_closer_than_optimal ... ok
[INFO] [stdout] test scoring::terms::tests::slope_step_ramps ... ok
[INFO] [stdout] test scoring::tests::curl_leaves_attractive_unchanged_and_softens_repulsive ... ok
[INFO] [stdout] test scoring::tests::conf_independent_matches_known_1iep_relation ... ok
[INFO] [stdout] test scoring::tests::conf_independent_weight_is_1_923 ... ok
[INFO] [stdout] test scoring::terms::tests::hydrophobic_requires_two_hydrophobic_atoms ... ok
[INFO] [stdout] test scoring::terms::tests::optimal_distance_is_sum_of_radii ... ok
[INFO] [stderr]      Running tests/api.rs (/opt/rustwide/target/release/build/docking/01abb61ff4b1ef0b/out/api-01abb61ff4b1ef0b)
[INFO] [stdout] test random::tests::random_normal_stats ... ok
[INFO] [stdout] 
[INFO] [stdout] test result: ok. 51 passed; 0 failed; 0 ignored; 0 measured; 0 filtered out; finished in 0.02s
[INFO] [stdout] 
[INFO] [stdout] 
[INFO] [stdout] running 2 tests
[INFO] [stdout] test api_dock_returns_ranked_poses ... FAILED
[INFO] [stdout] test api_score_only_matches_golden ... FAILED
[INFO] [stdout] 
[INFO] [stdout] failures:
[INFO] [stdout] 
[INFO] [stdout] ---- api_dock_returns_ranked_poses stdout ----
[INFO] [stdout] 
[INFO] [stdout] thread 'api_dock_returns_ranked_poses' (600) panicked at tests/api.rs:10:52:
[INFO] [stdout] /opt/rustwide/workdir/tests/golden/1iep/receptor.pdbqt: No such file or directory (os error 2)
[INFO] [stdout] stack backtrace:
[INFO] [stdout]    0:     0x5ac84b056ac6 - <<std[617be2ca0a6fd877]::sys::backtrace::BacktraceLock>::print::DisplayBacktrace as core[a373ad73a504971]::fmt::Display>::fmt
[INFO] [stdout]    1:     0x5ac84afe5e2a - core[a373ad73a504971]::fmt::write
[INFO] [stdout]    2:     0x5ac84b05bfec - <alloc[2e1b2a31b91974c5]::vec::Vec<u8> as core[a373ad73a504971]::io::write::Write>::write_fmt
[INFO] [stdout]    3:     0x5ac84b033962 - std[617be2ca0a6fd877]::panicking::default_hook::{closure#0}
[INFO] [stdout]    4:     0x5ac84b04f061 - std[617be2ca0a6fd877]::panicking::default_hook
[INFO] [stdout]    5:     0x5ac84b04f242 - std[617be2ca0a6fd877]::panicking::panic_with_hook
[INFO] [stdout]    6:     0x5ac84b033a12 - std[617be2ca0a6fd877]::panicking::panic_handler::{closure#0}
[INFO] [stdout]    7:     0x5ac84b02c6e9 - std[617be2ca0a6fd877]::sys::backtrace::__rust_end_short_backtrace::<std[617be2ca0a6fd877]::panicking::panic_handler::{closure#0}, !>
[INFO] [stdout]    8:     0x5ac84b03462d - __rustc[ea4f61d10b84890b]::rust_begin_unwind
[INFO] [stdout]    9:     0x5ac84afe651c - core[a373ad73a504971]::panicking::panic_fmt
[INFO] [stdout]   10:     0x5ac84afe0179 - api[3f8e811a5009ff97]::read::{closure#0}
[INFO] [stdout]   11:     0x5ac84afe0e4a - <api[3f8e811a5009ff97]::api_dock_returns_ranked_poses::{closure#0} as core[a373ad73a504971]::ops::function::FnOnce<()>>::call_once
[INFO] [stdout]   12:     0x5ac84b05d56b - test[aada8e7e76ba119b]::__rust_begin_short_backtrace::<core[a373ad73a504971]::result::Result<(), alloc[2e1b2a31b91974c5]::string::String>, fn() -> core[a373ad73a504971]::result::Result<(), alloc[2e1b2a31b91974c5]::string::String>>
[INFO] [stdout]   13:     0x5ac84b06b414 - test[aada8e7e76ba119b]::run_test::{closure#0}
[INFO] [stdout]   14:     0x5ac84b064b44 - std[617be2ca0a6fd877]::sys::backtrace::__rust_begin_short_backtrace::<test[aada8e7e76ba119b]::run_test::{closure#1}, ()>
[INFO] [stdout]   15:     0x5ac84b06f1d2 - <std[617be2ca0a6fd877]::thread::lifecycle::spawn_unchecked<test[aada8e7e76ba119b]::run_test::{closure#1}, ()>::{closure#1} as core[a373ad73a504971]::ops::function::FnOnce<()>>::call_once::{shim:vtable#0}
[INFO] [stdout]   16:     0x5ac84b055c24 - <std[617be2ca0a6fd877]::sys::thread::unix::Thread>::new::thread_start
[INFO] [stdout]   17:     0x7cb3723aedfa - <unknown>
[INFO] [stdout]   18:     0x7cb3724423d4 - clone
[INFO] [stdout]   19:                0x0 - <unknown>
[INFO] [stdout] 
[INFO] [stdout] ---- api_score_only_matches_golden stdout ----
[INFO] [stdout] 
[INFO] [stdout] thread 'api_score_only_matches_golden' (601) panicked at tests/api.rs:10:52:
[INFO] [stdout] /opt/rustwide/workdir/tests/golden/1iep/receptor.pdbqt: No such file or directory (os error 2)
[INFO] [stdout] stack backtrace:
[INFO] [stdout]    0:     0x5ac84b056ac6 - <<std[617be2ca0a6fd877]::sys::backtrace::BacktraceLock>::print::DisplayBacktrace as core[a373ad73a504971]::fmt::Display>::fmt
[INFO] [stdout]    1:     0x5ac84afe5e2a - core[a373ad73a504971]::fmt::write
[INFO] [stdout]    2:     0x5ac84b05bfec - <alloc[2e1b2a31b91974c5]::vec::Vec<u8> as core[a373ad73a504971]::io::write::Write>::write_fmt
[INFO] [stdout]    3:     0x5ac84b033962 - std[617be2ca0a6fd877]::panicking::default_hook::{closure#0}
[INFO] [stdout]    4:     0x5ac84b04f061 - std[617be2ca0a6fd877]::panicking::default_hook
[INFO] [stdout]    5:     0x5ac84b04f242 - std[617be2ca0a6fd877]::panicking::panic_with_hook
[INFO] [stdout]    6:     0x5ac84b033a12 - std[617be2ca0a6fd877]::panicking::panic_handler::{closure#0}
[INFO] [stdout]    7:     0x5ac84b02c6e9 - std[617be2ca0a6fd877]::sys::backtrace::__rust_end_short_backtrace::<std[617be2ca0a6fd877]::panicking::panic_handler::{closure#0}, !>
[INFO] [stdout]    8:     0x5ac84b03462d - __rustc[ea4f61d10b84890b]::rust_begin_unwind
[INFO] [stdout]    9:     0x5ac84afe651c - core[a373ad73a504971]::panicking::panic_fmt
[INFO] [stdout]   10:     0x5ac84afe0179 - api[3f8e811a5009ff97]::read::{closure#0}
[INFO] [stdout]   11:     0x5ac84afe1310 - <api[3f8e811a5009ff97]::api_score_only_matches_golden::{closure#0} as core[a373ad73a504971]::ops::function::FnOnce<()>>::call_once
[INFO] [stdout]   12:     0x5ac84b05d56b - test[aada8e7e76ba119b]::__rust_begin_short_backtrace::<core[a373ad73a504971]::result::Result<(), alloc[2e1b2a31b91974c5]::string::String>, fn() -> core[a373ad73a504971]::result::Result<(), alloc[2e1b2a31b91974c5]::string::String>>
[INFO] [stdout]   13:     0x5ac84b06b414 - test[aada8e7e76ba119b]::run_test::{closure#0}
[INFO] [stdout]   14:     0x5ac84b064b44 - std[617be2ca0a6fd877]::sys::backtrace::__rust_begin_short_backtrace::<test[aada8e7e76ba119b]::run_test::{closure#1}, ()>
[INFO] [stdout]   15:     0x5ac84b06f1d2 - <std[617be2ca0a6fd877]::thread::lifecycle::spawn_unchecked<test[aada8e7e76ba119b]::run_test::{closure#1}, ()>::{closure#1} as core[a373ad73a504971]::ops::function::FnOnce<()>>::call_once::{shim:vtable#0}
[INFO] [stdout]   16:     0x5ac84b055c24 - <std[617be2ca0a6fd877]::sys::thread::unix::Thread>::new::thread_start
[INFO] [stdout]   17:     0x7cb3723aedfa - <unknown>
[INFO] [stdout]   18:     0x7cb3724423d4 - clone
[INFO] [stdout]   19:                0x0 - <unknown>
[INFO] [stdout] 
[INFO] [stdout] 
[INFO] [stdout] failures:
[INFO] [stdout]     api_dock_returns_ranked_poses
[INFO] [stdout]     api_score_only_matches_golden
[INFO] [stdout] 
[INFO] [stdout] test result: FAILED. 0 passed; 2 failed; 0 ignored; 0 measured; 0 filtered out; finished in 0.00s
[INFO] [stdout] 
[INFO] [stderr] error: test failed, to rerun pass `--test api`
[INFO] running `Command { std: "docker" "inspect" "0ef9b672119c0047fc934485252feda4b56c408b15ebaf052f302a299e5c09e7", kill_on_drop: false }`
[INFO] running `Command { std: "docker" "rm" "-f" "0ef9b672119c0047fc934485252feda4b56c408b15ebaf052f302a299e5c09e7", kill_on_drop: false }`
[INFO] [stdout] 0ef9b672119c0047fc934485252feda4b56c408b15ebaf052f302a299e5c09e7
