[INFO] fetching crate dockguard 0.1.6...
[INFO] testing dockguard-0.1.6 against 1.99.0-beta.8+cargoflags=--release for beta-release-1.100-2
[INFO] extracting crate dockguard 0.1.6 into /workspace/builds/worker-5-tc1/source
[INFO] started tweaking crates.io crate dockguard 0.1.6
[INFO] finished tweaking crates.io crate dockguard 0.1.6
[INFO] tweaked toml for crates.io crate dockguard 0.1.6 written to /workspace/builds/worker-5-tc1/source/Cargo.toml
[INFO] validating manifest of crates.io crate dockguard 0.1.6 on toolchain 1.99.0-beta.8
[INFO] running `Command { std: CARGO_HOME="/workspace/cargo-home" RUSTUP_HOME="/workspace/rustup-home" "/workspace/cargo-home/bin/cargo" "+1.99.0-beta.8" "metadata" "--manifest-path" "Cargo.toml" "--no-deps", kill_on_drop: false }`
[INFO] crate crates.io crate dockguard 0.1.6 already has a lockfile, it will not be regenerated
[INFO] running `Command { std: CARGO_HOME="/workspace/cargo-home" RUSTUP_HOME="/workspace/rustup-home" "/workspace/cargo-home/bin/cargo" "+1.99.0-beta.8" "fetch" "--manifest-path" "Cargo.toml", kill_on_drop: false }`
[INFO] [stderr]     Updating crates.io index
[INFO] [stderr]  Downloading crates ...
[INFO] [stderr]   Downloaded clap_derive v4.6.0
[INFO] [stderr]   Downloaded serde_repr v0.1.20
[INFO] [stderr]   Downloaded hyperlocal v0.9.1
[INFO] [stderr]   Downloaded hyper-named-pipe v0.1.0
[INFO] [stderr]   Downloaded cron v0.15.0
[INFO] [stderr]   Downloaded rustls-native-certs v0.8.3
[INFO] [stderr]   Downloaded tokio-util v0.7.18
[INFO] [stderr]   Downloaded cc v1.2.57
[INFO] [stderr]   Downloaded rustls-pki-types v1.14.0
[INFO] [stderr]   Downloaded hyper-rustls v0.27.7
[INFO] [stderr]   Downloaded clap v4.6.0
[INFO] [stderr]   Downloaded tokio-rustls v0.26.4
[INFO] [stderr]   Downloaded rustls-webpki v0.103.9
[INFO] [stderr]   Downloaded bollard-stubs v1.52.1-rc.29.1.3
[INFO] [stderr]   Downloaded hyper-util v0.1.20
[INFO] [stderr]   Downloaded bollard v0.20.2
[INFO] [stderr]   Downloaded clap_builder v4.6.0
[INFO] [stderr]   Downloaded hyper v1.8.1
[INFO] [stderr]   Downloaded rustls v0.23.37
[INFO] running `Command { std: "docker" "create" "-v" "/var/lib/crater-agent-workspace/builds/worker-5-tc1/source:/opt/rustwide/workdir:ro,Z" "-v" "/var/lib/crater-agent-workspace/builds/worker-5-tc1/target:/opt/rustwide/target:rw,Z" "-v" "/var/lib/crater-agent-workspace/cargo-home:/opt/rustwide/cargo-home:ro,Z" "-v" "/var/lib/crater-agent-workspace/rustup-home:/opt/rustwide/rustup-home:ro,Z" "-m" "1610612736" "--network" "none" "ghcr.io/rust-lang/crates-build-env/linux@sha256:77db811e55d90add9212f6832c23229e3de5f1c1f9905e8cb07319ea15df73ac" "sleep" "infinity", kill_on_drop: false }`
[INFO] [stdout] 53bd321c34ede3603044793c3665f8a953f145ad3f6bd44ab96326bae57dacc4
[INFO] running `Command { std: "docker" "start" "53bd321c34ede3603044793c3665f8a953f145ad3f6bd44ab96326bae57dacc4", kill_on_drop: false }`
[INFO] running `Command { std: "docker" "inspect" "53bd321c34ede3603044793c3665f8a953f145ad3f6bd44ab96326bae57dacc4", kill_on_drop: false }`
[INFO] running `Command { std: "docker" "exec" "-e" "SOURCE_DIR=/opt/rustwide/workdir" "-e" "CARGO_HOME=/opt/rustwide/cargo-home" "-e" "RUSTUP_HOME=/opt/rustwide/rustup-home" "-e" "CARGO_TARGET_DIR=/opt/rustwide/target" "-w" "/opt/rustwide/workdir" "--user" "0:0" "53bd321c34ede3603044793c3665f8a953f145ad3f6bd44ab96326bae57dacc4" "/opt/rustwide/cargo-home/bin/cargo" "+1.99.0-beta.8" "metadata" "--no-deps" "--format-version=1", kill_on_drop: false }`
[INFO] running `Command { std: "docker" "inspect" "53bd321c34ede3603044793c3665f8a953f145ad3f6bd44ab96326bae57dacc4", kill_on_drop: false }`
[INFO] running `Command { std: "docker" "exec" "-e" "SOURCE_DIR=/opt/rustwide/workdir" "-e" "CARGO_HOME=/opt/rustwide/cargo-home" "-e" "RUSTUP_HOME=/opt/rustwide/rustup-home" "-e" "CARGO_TARGET_DIR=/opt/rustwide/target" "-e" "CARGO_INCREMENTAL=0" "-e" "RUST_BACKTRACE=full" "-e" "RUSTFLAGS=--cap-lints=warn" "-e" "RUSTDOCFLAGS=--cap-lints=warn" "-w" "/opt/rustwide/workdir" "--user" "0:0" "53bd321c34ede3603044793c3665f8a953f145ad3f6bd44ab96326bae57dacc4" "/opt/rustwide/cargo-home/bin/cargo" "+1.99.0-beta.8" "build" "--frozen" "--message-format=json" "--release", kill_on_drop: false }`
[INFO] [stderr]    Compiling proc-macro2 v1.0.106
[INFO] [stderr]    Compiling quote v1.0.45
[INFO] [stderr]    Compiling libc v0.2.183
[INFO] [stderr]    Compiling smallvec v1.15.1
[INFO] [stderr]    Compiling itoa v1.0.17
[INFO] [stderr]    Compiling bytes v1.11.1
[INFO] [stderr]    Compiling find-msvc-tools v0.1.9
[INFO] [stderr]    Compiling futures-core v0.3.32
[INFO] [stderr]    Compiling litemap v0.8.1
[INFO] [stderr]    Compiling writeable v0.6.2
[INFO] [stderr]    Compiling zeroize v1.8.2
[INFO] [stderr]    Compiling icu_normalizer_data v2.1.1
[INFO] [stderr]    Compiling icu_properties_data v2.1.2
[INFO] [stderr]    Compiling serde_core v1.0.228
[INFO] [stderr]    Compiling autocfg v1.5.0
[INFO] [stderr]    Compiling futures-task v0.3.32
[INFO] [stderr]    Compiling futures-channel v0.3.32
[INFO] [stderr]    Compiling serde v1.0.228
[INFO] [stderr]    Compiling zmij v1.0.21
[INFO] [stderr]    Compiling rustls v0.23.37
[INFO] [stderr]    Compiling utf8parse v0.2.2
[INFO] [stderr]    Compiling cc v1.2.57
[INFO] [stderr]    Compiling rustls-pki-types v1.14.0
[INFO] [stderr]    Compiling serde_json v1.0.149
[INFO] [stderr]    Compiling subtle v2.6.1
[INFO] [stderr]    Compiling num-traits v0.2.19
[INFO] [stderr]    Compiling form_urlencoded v1.2.2
[INFO] [stderr]    Compiling anstyle-parse v1.0.0
[INFO] [stderr]    Compiling anstyle v1.0.14
[INFO] [stderr]    Compiling memchr v2.8.0
[INFO] [stderr]    Compiling is_terminal_polyfill v1.70.2
[INFO] [stderr]    Compiling iana-time-zone v0.1.65
[INFO] [stderr]    Compiling thiserror v2.0.18
[INFO] [stderr]    Compiling colorchoice v1.0.5
[INFO] [stderr]    Compiling anstyle-query v1.1.5
[INFO] [stderr]    Compiling log v0.4.29
[INFO] [stderr]    Compiling regex-syntax v0.8.10
[INFO] [stderr]    Compiling anstream v1.0.0
[INFO] [stderr]    Compiling openssl-probe v0.2.1
[INFO] [stderr]    Compiling futures-sink v0.3.32
[INFO] [stderr]    Compiling strsim v0.11.1
[INFO] [stderr]    Compiling clap_lex v1.1.0
[INFO] [stderr]    Compiling anyhow v1.0.102
[INFO] [stderr]    Compiling rustls-native-certs v0.8.3
[INFO] [stderr]    Compiling tracing-log v0.2.0
[INFO] [stderr]    Compiling thread_local v1.1.9
[INFO] [stderr]    Compiling home v0.5.12
[INFO] [stderr]    Compiling http v1.4.0
[INFO] [stderr]    Compiling clap_builder v4.6.0
[INFO] [stderr]    Compiling winnow v0.6.26
[INFO] [stderr]    Compiling syn v2.0.117
[INFO] [stderr]    Compiling chrono v0.4.44
[INFO] [stderr]    Compiling ring v0.17.14
[INFO] [stderr]    Compiling parking_lot_core v0.9.12
[INFO] [stderr]    Compiling errno v0.3.14
[INFO] [stderr]    Compiling mio v1.1.1
[INFO] [stderr]    Compiling socket2 v0.6.3
[INFO] [stderr]    Compiling getrandom v0.2.17
[INFO] [stderr]    Compiling signal-hook-registry v1.4.8
[INFO] [stderr]    Compiling parking_lot v0.12.5
[INFO] [stderr]    Compiling http-body v1.0.1
[INFO] [stderr]    Compiling http-body-util v0.1.3
[INFO] [stderr]    Compiling cron v0.15.0
[INFO] [stderr]    Compiling regex-automata v0.4.14
[INFO] [stderr]    Compiling synstructure v0.13.2
[INFO] [stderr]    Compiling zerofrom-derive v0.1.6
[INFO] [stderr]    Compiling yoke-derive v0.8.1
[INFO] [stderr]    Compiling zerovec-derive v0.11.2
[INFO] [stderr]    Compiling displaydoc v0.2.5
[INFO] [stderr]    Compiling tokio-macros v2.6.1
[INFO] [stderr]    Compiling futures-macro v0.3.32
[INFO] [stderr]    Compiling tracing-attributes v0.1.31
[INFO] [stderr]    Compiling serde_derive v1.0.228
[INFO] [stderr]    Compiling thiserror-impl v2.0.18
[INFO] [stderr]    Compiling serde_repr v0.1.20
[INFO] [stderr]    Compiling clap_derive v4.6.0
[INFO] [stderr]    Compiling tokio v1.50.0
[INFO] [stderr]    Compiling futures-util v0.3.32
[INFO] [stderr]    Compiling matchers v0.2.0
[INFO] [stderr]    Compiling zerofrom v0.1.6
[INFO] [stderr]    Compiling yoke v0.8.1
[INFO] [stderr]    Compiling zerotrie v0.2.3
[INFO] [stderr]    Compiling zerovec v0.11.5
[INFO] [stderr]    Compiling tracing v0.1.44
[INFO] [stderr]    Compiling tracing-subscriber v0.3.23
[INFO] [stderr]    Compiling clap v4.6.0
[INFO] [stderr]    Compiling tinystr v0.8.2
[INFO] [stderr]    Compiling potential_utf v0.1.4
[INFO] [stderr]    Compiling icu_collections v2.1.1
[INFO] [stderr]    Compiling icu_locale_core v2.1.1
[INFO] [stderr]    Compiling icu_provider v2.1.1
[INFO] [stderr]    Compiling icu_normalizer v2.1.1
[INFO] [stderr]    Compiling icu_properties v2.1.2
[INFO] [stderr]    Compiling serde_urlencoded v0.7.1
[INFO] [stderr]    Compiling bollard-stubs v1.52.1-rc.29.1.3
[INFO] [stderr]    Compiling idna_adapter v1.2.1
[INFO] [stderr]    Compiling idna v1.1.0
[INFO] [stderr]    Compiling url v2.5.8
[INFO] [stderr]    Compiling hyper v1.8.1
[INFO] [stderr]    Compiling tokio-util v0.7.18
[INFO] [stderr]    Compiling rustls-webpki v0.103.9
[INFO] [stderr]    Compiling hyper-util v0.1.20
[INFO] [stderr]    Compiling hyperlocal v0.9.1
[INFO] [stderr]    Compiling tokio-rustls v0.26.4
[INFO] [stderr]    Compiling hyper-rustls v0.27.7
[INFO] [stderr]    Compiling bollard v0.20.2
[INFO] [stderr]    Compiling dockguard v0.1.6 (/opt/rustwide/workdir)
[INFO] [stderr]     Finished `release` profile [optimized] target(s) in 2m 05s
[INFO] running `Command { std: "docker" "inspect" "53bd321c34ede3603044793c3665f8a953f145ad3f6bd44ab96326bae57dacc4", kill_on_drop: false }`
[INFO] running `Command { std: "docker" "exec" "-e" "SOURCE_DIR=/opt/rustwide/workdir" "-e" "CARGO_HOME=/opt/rustwide/cargo-home" "-e" "RUSTUP_HOME=/opt/rustwide/rustup-home" "-e" "CARGO_TARGET_DIR=/opt/rustwide/target" "-e" "CARGO_INCREMENTAL=0" "-e" "RUST_BACKTRACE=full" "-e" "RUSTFLAGS=--cap-lints=warn" "-e" "RUSTDOCFLAGS=--cap-lints=warn" "-w" "/opt/rustwide/workdir" "--user" "0:0" "53bd321c34ede3603044793c3665f8a953f145ad3f6bd44ab96326bae57dacc4" "/opt/rustwide/cargo-home/bin/cargo" "+1.99.0-beta.8" "test" "--frozen" "--no-run" "--message-format=json" "--release", kill_on_drop: false }`
[INFO] [stderr]    Compiling tokio v1.50.0
[INFO] [stderr]    Compiling hyper v1.8.1
[INFO] [stderr]    Compiling tokio-rustls v0.26.4
[INFO] [stderr]    Compiling tokio-util v0.7.18
[INFO] [stderr]    Compiling hyper-util v0.1.20
[INFO] [stderr]    Compiling hyperlocal v0.9.1
[INFO] [stderr]    Compiling hyper-rustls v0.27.7
[INFO] [stderr]    Compiling bollard v0.20.2
[INFO] [stderr]    Compiling dockguard v0.1.6 (/opt/rustwide/workdir)
[INFO] [stderr]     Finished `release` profile [optimized] target(s) in 41.21s
[INFO] running `Command { std: "docker" "inspect" "53bd321c34ede3603044793c3665f8a953f145ad3f6bd44ab96326bae57dacc4", kill_on_drop: false }`
[INFO] running `Command { std: "docker" "exec" "-e" "SOURCE_DIR=/opt/rustwide/workdir" "-e" "CARGO_HOME=/opt/rustwide/cargo-home" "-e" "RUSTUP_HOME=/opt/rustwide/rustup-home" "-e" "CARGO_TARGET_DIR=/opt/rustwide/target" "-e" "CARGO_INCREMENTAL=0" "-e" "RUST_BACKTRACE=full" "-e" "RUSTFLAGS=--cap-lints=warn" "-e" "RUSTDOCFLAGS=--cap-lints=warn" "-w" "/opt/rustwide/workdir" "--user" "0:0" "53bd321c34ede3603044793c3665f8a953f145ad3f6bd44ab96326bae57dacc4" "/opt/rustwide/cargo-home/bin/cargo" "+1.99.0-beta.8" "test" "--frozen" "--release", kill_on_drop: false }`
[INFO] [stderr]     Finished `release` profile [optimized] target(s) in 0.30s
[INFO] [stderr]      Running unittests src/main.rs (/opt/rustwide/target/release/deps/dockguard-dfda14001aad564b)
[INFO] [stdout] 
[INFO] [stdout] running 82 tests
[INFO] [stdout] test config::tests::invalid_host_scheme_returns_error ... ok
[INFO] [stdout] test labels::tests::empty_map_gives_all_none ... ok
[INFO] [stdout] test labels::tests::explicit_enable_overrides_opt_in ... ok
[INFO] [stdout] test labels::tests::interval_label_is_used ... ok
[INFO] [stdout] test config::tests::opt_in_mode_is_preserved ... ok
[INFO] [stdout] test labels::tests::invalid_cron_returns_error ... ok
[INFO] [stdout] test labels::tests::opt_in_no_label_defaults_to_disabled ... ok
[INFO] [stdout] test labels::tests::opt_out_no_label_defaults_to_enabled ... ok
[INFO] [stdout] test labels::tests::parses_all_labels ... ok
[INFO] [stdout] test config::tests::zero_pull_timeout_returns_error ... ok
[INFO] [stdout] test config::tests::opt_out_mode_is_preserved ... ok
[INFO] [stdout] test config::tests::valid_host_scheme_passes ... ok
[INFO] [stdout] test labels::tests::bool_accepts_variants ... ok
[INFO] [stdout] test labels::tests::both_schedule_and_interval_returns_error ... ok
[INFO] [stdout] test labels::tests::default_stop_timeout_is_10 ... ok
[INFO] [stdout] test labels::tests::default_trigger_is_interval_86400 ... ok
[INFO] [stdout] test config::tests::default_config_validates_successfully ... ok
[INFO] [stdout] test labels::tests::unknown_dockguard_labels_are_collected ... ok
[INFO] [stdout] test labels::tests::watch_label_is_used ... ok
[INFO] [stdout] test labels::tests::zero_interval_returns_error ... ok
[INFO] [stdout] test scheduler::tests::trigger_wait_invalid_cron_falls_back_to_1h ... ok
[INFO] [stdout] test labels::tests::custom_stop_timeout_is_used ... ok
[INFO] [stdout] test scheduler::tests::trigger_wait_valid_schedule_completes ... ok
[INFO] [stdout] test labels::tests::explicit_disable_overrides_opt_out ... ok
[INFO] [stdout] test labels::tests::invalid_bool_returns_error ... ok
[INFO] [stdout] test scheduler::tests::update_status_up_to_date_variant ... ok
[INFO] [stdout] test scheduler::tests::update_status_update_available_carries_digests ... ok
[INFO] [stdout] test labels::tests::schedule_label_is_used ... ok
[INFO] [stdout] test labels::tests::invalid_stop_timeout_returns_error ... ok
[INFO] [stdout] test self_container::tests::cgroup_v1_full_id ... ok
[INFO] [stdout] test self_container::tests::cgroup_v1_with_subpath ... ok
[INFO] [stdout] test self_container::tests::cgroup_v2_scope ... ok
[INFO] [stdout] test scheduler::tests::trigger_wait_interval_completes_after_advance ... ok
[INFO] [stdout] test labels::tests::default_watch_is_false ... ok
[INFO] [stdout] test labels::tests::known_labels_are_not_in_unknown ... ok
[INFO] [stdout] test self_container::tests::empty_cgroup_returns_none ... ok
[INFO] [stdout] test scheduler::tests::run_exits_when_self_update_pending ... FAILED
[INFO] [stdout] test labels::tests::invalid_interval_returns_error ... ok
[INFO] [stdout] test scheduler::tests::run_exits_when_token_pre_cancelled ... FAILED
[INFO] [stdout] test self_container::tests::extracts_from_cgroup_v1_content ... ok
[INFO] [stdout] test scheduler::tests::run_exits_when_token_cancelled_after_spawn ... FAILED
[INFO] [stdout] test self_container::tests::extracts_from_cgroup_v2_content ... ok
[INFO] [stdout] test updater::tests::exited_with_healthy_status_is_still_failed ... ok
[INFO] [stdout] test self_container::tests::non_docker_cgroup_returns_none ... ok
[INFO] [stdout] test self_container::tests::non_docker_path_returns_none ... ok
[INFO] [stdout] test self_container::tests::non_hex_id_returns_none ... ok
[INFO] [stdout] test self_container::tests::too_short_id_returns_none ... ok
[INFO] [stdout] test updater::tests::created_without_health_field_is_pending ... ok
[INFO] [stdout] test updater::tests::dead_without_health_is_failed ... ok
[INFO] [stdout] test updater::tests::host_platform_has_non_empty_arch ... ok
[INFO] [stdout] test updater::tests::platform_from_inspect_os_and_arch ... ok
[INFO] [stdout] test updater::tests::running_with_health_healthy_is_healthy ... ok
[INFO] [stdout] test updater::tests::platform_from_inspect_with_variant ... ok
[INFO] [stderr] error: test failed, to rerun pass `--bin dockguard`
[INFO] [stdout] test updater::tests::host_platform_known_arch_is_mapped ... ok
[INFO] [stdout] test updater::tests::restarting_with_health_starting_is_pending ... ok
[INFO] [stdout] test updater::tests::running_with_health_starting_is_pending ... ok
[INFO] [stdout] test updater::tests::restarting_without_health_field_is_pending ... ok
[INFO] [stdout] test updater::tests::platform_from_inspect_x86_image_on_any_host ... ok
[INFO] [stdout] test updater::tests::running_with_health_unhealthy_is_failed ... ok
[INFO] [stdout] test updater::tests::running_without_health_field_is_healthy ... ok
[INFO] [stdout] test watcher::tests::default_trigger_is_interval_86400 ... ok
[INFO] [stdout] test watcher::tests::cancel_token_is_not_cancelled_initially ... ok
[INFO] [stdout] test updater::tests::platform_from_inspect_empty_variant_is_ignored ... ok
[INFO] [stdout] test updater::tests::platform_from_inspect_missing_arch_falls_back_to_host ... ok
[INFO] [stdout] test updater::tests::platform_from_inspect_missing_os_falls_back_to_host ... ok
[INFO] [stdout] test updater::tests::wait_healthy_returns_failed_for_nonexistent_container ... FAILED
[INFO] [stdout] test updater::tests::host_platform_starts_with_linux ... ok
[INFO] [stdout] test watcher::tests::opt_in_with_enable_true_is_managed ... ok
[INFO] [stdout] test watcher::tests::opt_in_without_label_is_not_managed ... ok
[INFO] [stdout] test watcher::tests::stop_timeout_is_preserved ... ok
[INFO] [stdout] test updater::tests::running_with_health_none_is_healthy ... ok
[INFO] [stdout] test updater::tests::exited_without_health_is_failed ... ok
[INFO] [stdout] test watcher::tests::force_enable_overrides_explicit_enable_false ... ok
[INFO] [stdout] test watcher::tests::opt_out_without_label_is_managed ... ok
[INFO] [stdout] test watcher::tests::force_enable_overrides_opt_in_without_label ... ok
[INFO] [stdout] test watcher::tests::watch_mode_is_preserved ... ok
[INFO] [stdout] test watcher::tests::interval_trigger_is_preserved ... ok
[INFO] [stdout] test watcher::tests::invalid_enable_label_returns_none ... ok
[INFO] [stdout] test watcher::tests::mutually_exclusive_schedule_and_interval_returns_none ... ok
[INFO] [stdout] test watcher::tests::opt_in_with_enable_false_is_not_managed ... ok
[INFO] [stdout] test watcher::tests::schedule_trigger_is_preserved ... ok
[INFO] [stdout] test watcher::tests::opt_out_with_enable_false_is_not_managed ... ok
[INFO] [stdout] 
[INFO] [stdout] failures:
[INFO] [stdout] 
[INFO] [stdout] ---- scheduler::tests::run_exits_when_self_update_pending stdout ----
[INFO] [stdout] 
[INFO] [stdout] thread 'scheduler::tests::run_exits_when_self_update_pending' (2620) panicked at src/scheduler/tests.rs:149:65:
[INFO] [stdout] called `Result::unwrap()` on an `Err` value: SocketNotFoundError("/var/run/docker.sock")
[INFO] [stdout] stack backtrace:
[INFO] [stdout]    0:     0x64f1c82f5611 - <<std[70759c8f55707aa4]::sys::backtrace::BacktraceLock>::print::DisplayBacktrace as core[df12db4294e9bfd3]::fmt::Display>::fmt
[INFO] [stdout]    1:     0x64f1c830c31a - core[df12db4294e9bfd3]::fmt::write
[INFO] [stdout]    2:     0x64f1c82fa5ec - <alloc[2182bb758b4b3781]::vec::Vec<u8> as core[df12db4294e9bfd3]::io::write::Write>::write_fmt
[INFO] [stdout]    3:     0x64f1c82d03a6 - std[70759c8f55707aa4]::panicking::default_hook::{closure#0}
[INFO] [stdout]    4:     0x64f1c82ed519 - std[70759c8f55707aa4]::panicking::default_hook
[INFO] [stdout]    5:     0x64f1c819a170 - test[9d35eded1c95d3be]::test_main_inner::<test[9d35eded1c95d3be]::test_main_static::{closure#0}>::{closure#0}
[INFO] [stdout]    6:     0x64f1c82ed842 - std[70759c8f55707aa4]::panicking::panic_with_hook
[INFO] [stdout]    7:     0x64f1c82d0452 - std[70759c8f55707aa4]::panicking::panic_handler::{closure#0}
[INFO] [stdout]    8:     0x64f1c82c8b69 - std[70759c8f55707aa4]::sys::backtrace::__rust_end_short_backtrace::<std[70759c8f55707aa4]::panicking::panic_handler::{closure#0}, !>
[INFO] [stdout]    9:     0x64f1c82d134d - __rustc[8fa7c3cbc660c2b3]::rust_begin_unwind
[INFO] [stdout]   10:     0x64f1c830ca7c - core[df12db4294e9bfd3]::panicking::panic_fmt
[INFO] [stdout]   11:     0x64f1c830c852 - core[df12db4294e9bfd3]::result::unwrap_failed
[INFO] [stdout]   12:     0x64f1c80fb8c6 - dockguard[bac2db4b7de0d03]::scheduler::tests::run_exits_when_self_update_pending::{closure#0}
[INFO] [stdout]   13:     0x64f1c8160233 - <tokio[521fe8f449762428]::runtime::scheduler::current_thread::Context>::enter::<core[df12db4294e9bfd3]::task::poll::Poll<()>, <tokio[521fe8f449762428]::runtime::scheduler::current_thread::CoreGuard>::block_on<core[df12db4294e9bfd3]::pin::Pin<&mut core[df12db4294e9bfd3]::pin::Pin<&mut dyn core[df12db4294e9bfd3]::future::future::Future<Output = ()>>>>::{closure#0}::{closure#0}>
[INFO] [stdout]   14:     0x64f1c817663c - <tokio[521fe8f449762428]::runtime::context::scoped::Scoped<tokio[521fe8f449762428]::runtime::scheduler::Context>>::set::<<tokio[521fe8f449762428]::runtime::scheduler::current_thread::CoreGuard>::enter<<tokio[521fe8f449762428]::runtime::scheduler::current_thread::CoreGuard>::block_on<core[df12db4294e9bfd3]::pin::Pin<&mut core[df12db4294e9bfd3]::pin::Pin<&mut dyn core[df12db4294e9bfd3]::future::future::Future<Output = ()>>>>::{closure#0}, core[df12db4294e9bfd3]::option::Option<()>>::{closure#0}, (alloc[2182bb758b4b3781]::boxed::Box<tokio[521fe8f449762428]::runtime::scheduler::current_thread::Core>, core[df12db4294e9bfd3]::option::Option<()>)>
[INFO] [stdout]   15:     0x64f1c815f98d - <tokio[521fe8f449762428]::runtime::runtime::Runtime>::block_on::<core[df12db4294e9bfd3]::pin::Pin<&mut dyn core[df12db4294e9bfd3]::future::future::Future<Output = ()>>>
[INFO] [stdout]   16:     0x64f1c8100e96 - dockguard[bac2db4b7de0d03]::scheduler::tests::run_exits_when_self_update_pending
[INFO] [stdout]   17:     0x64f1c8151cc9 - <dockguard[bac2db4b7de0d03]::scheduler::tests::run_exits_when_self_update_pending::{closure#0} as core[df12db4294e9bfd3]::ops::function::FnOnce<()>>::call_once
[INFO] [stdout]   18:     0x64f1c818d45b - test[9d35eded1c95d3be]::__rust_begin_short_backtrace::<core[df12db4294e9bfd3]::result::Result<(), alloc[2182bb758b4b3781]::string::String>, fn() -> core[df12db4294e9bfd3]::result::Result<(), alloc[2182bb758b4b3781]::string::String>>
[INFO] [stdout]   19:     0x64f1c819aac5 - test[9d35eded1c95d3be]::run_test::{closure#0}
[INFO] [stdout]   20:     0x64f1c8194384 - std[70759c8f55707aa4]::sys::backtrace::__rust_begin_short_backtrace::<test[9d35eded1c95d3be]::run_test::{closure#1}, ()>
[INFO] [stdout]   21:     0x64f1c819dc22 - <std[70759c8f55707aa4]::thread::lifecycle::spawn_unchecked<test[9d35eded1c95d3be]::run_test::{closure#1}, ()>::{closure#1} as core[df12db4294e9bfd3]::ops::function::FnOnce<()>>::call_once::{shim:vtable#0}
[INFO] [stdout]   22:     0x64f1c82f4b39 - <std[70759c8f55707aa4]::sys::thread::unix::Thread>::new::thread_start
[INFO] [stdout]   23:     0x70daeb55bdfa - <unknown>
[INFO] [stdout]   24:     0x70daeb5ef3d4 - clone
[INFO] [stdout]   25:                0x0 - <unknown>
[INFO] [stdout] 
[INFO] [stdout] ---- scheduler::tests::run_exits_when_token_pre_cancelled stdout ----
[INFO] [stdout] 
[INFO] [stdout] thread 'scheduler::tests::run_exits_when_token_pre_cancelled' (2622) panicked at src/scheduler/tests.rs:110:65:
[INFO] [stdout] called `Result::unwrap()` on an `Err` value: SocketNotFoundError("/var/run/docker.sock")
[INFO] [stdout] stack backtrace:
[INFO] [stdout]    0:     0x64f1c82f5611 - <<std[70759c8f55707aa4]::sys::backtrace::BacktraceLock>::print::DisplayBacktrace as core[df12db4294e9bfd3]::fmt::Display>::fmt
[INFO] [stdout]    1:     0x64f1c830c31a - core[df12db4294e9bfd3]::fmt::write
[INFO] [stdout]    2:     0x64f1c82fa5ec - <alloc[2182bb758b4b3781]::vec::Vec<u8> as core[df12db4294e9bfd3]::io::write::Write>::write_fmt
[INFO] [stdout]    3:     0x64f1c82d03a6 - std[70759c8f55707aa4]::panicking::default_hook::{closure#0}
[INFO] [stdout]    4:     0x64f1c82ed519 - std[70759c8f55707aa4]::panicking::default_hook
[INFO] [stdout]    5:     0x64f1c819a170 - test[9d35eded1c95d3be]::test_main_inner::<test[9d35eded1c95d3be]::test_main_static::{closure#0}>::{closure#0}
[INFO] [stdout]    6:     0x64f1c82ed842 - std[70759c8f55707aa4]::panicking::panic_with_hook
[INFO] [stdout]    7:     0x64f1c82d0452 - std[70759c8f55707aa4]::panicking::panic_handler::{closure#0}
[INFO] [stdout]    8:     0x64f1c82c8b69 - std[70759c8f55707aa4]::sys::backtrace::__rust_end_short_backtrace::<std[70759c8f55707aa4]::panicking::panic_handler::{closure#0}, !>
[INFO] [stdout]    9:     0x64f1c82d134d - __rustc[8fa7c3cbc660c2b3]::rust_begin_unwind
[INFO] [stdout]   10:     0x64f1c830ca7c - core[df12db4294e9bfd3]::panicking::panic_fmt
[INFO] [stdout]   11:     0x64f1c830c852 - core[df12db4294e9bfd3]::result::unwrap_failed
[INFO] [stdout]   12:     0x64f1c80fc16b - dockguard[bac2db4b7de0d03]::scheduler::tests::run_exits_when_token_pre_cancelled::{closure#0}
[INFO] [stdout]   13:     0x64f1c8160233 - <tokio[521fe8f449762428]::runtime::scheduler::current_thread::Context>::enter::<core[df12db4294e9bfd3]::task::poll::Poll<()>, <tokio[521fe8f449762428]::runtime::scheduler::current_thread::CoreGuard>::block_on<core[df12db4294e9bfd3]::pin::Pin<&mut core[df12db4294e9bfd3]::pin::Pin<&mut dyn core[df12db4294e9bfd3]::future::future::Future<Output = ()>>>>::{closure#0}::{closure#0}>
[INFO] [stdout]   14:     0x64f1c817663c - <tokio[521fe8f449762428]::runtime::context::scoped::Scoped<tokio[521fe8f449762428]::runtime::scheduler::Context>>::set::<<tokio[521fe8f449762428]::runtime::scheduler::current_thread::CoreGuard>::enter<<tokio[521fe8f449762428]::runtime::scheduler::current_thread::CoreGuard>::block_on<core[df12db4294e9bfd3]::pin::Pin<&mut core[df12db4294e9bfd3]::pin::Pin<&mut dyn core[df12db4294e9bfd3]::future::future::Future<Output = ()>>>>::{closure#0}, core[df12db4294e9bfd3]::option::Option<()>>::{closure#0}, (alloc[2182bb758b4b3781]::boxed::Box<tokio[521fe8f449762428]::runtime::scheduler::current_thread::Core>, core[df12db4294e9bfd3]::option::Option<()>)>
[INFO] [stdout]   15:     0x64f1c815f98d - <tokio[521fe8f449762428]::runtime::runtime::Runtime>::block_on::<core[df12db4294e9bfd3]::pin::Pin<&mut dyn core[df12db4294e9bfd3]::future::future::Future<Output = ()>>>
[INFO] [stdout]   16:     0x64f1c810104b - dockguard[bac2db4b7de0d03]::scheduler::tests::run_exits_when_token_pre_cancelled
[INFO] [stdout]   17:     0x64f1c8151ce9 - <dockguard[bac2db4b7de0d03]::scheduler::tests::run_exits_when_token_pre_cancelled::{closure#0} as core[df12db4294e9bfd3]::ops::function::FnOnce<()>>::call_once
[INFO] [stdout]   18:     0x64f1c818d45b - test[9d35eded1c95d3be]::__rust_begin_short_backtrace::<core[df12db4294e9bfd3]::result::Result<(), alloc[2182bb758b4b3781]::string::String>, fn() -> core[df12db4294e9bfd3]::result::Result<(), alloc[2182bb758b4b3781]::string::String>>
[INFO] [stdout]   19:     0x64f1c819aac5 - test[9d35eded1c95d3be]::run_test::{closure#0}
[INFO] [stdout]   20:     0x64f1c8194384 - std[70759c8f55707aa4]::sys::backtrace::__rust_begin_short_backtrace::<test[9d35eded1c95d3be]::run_test::{closure#1}, ()>
[INFO] [stdout]   21:     0x64f1c819dc22 - <std[70759c8f55707aa4]::thread::lifecycle::spawn_unchecked<test[9d35eded1c95d3be]::run_test::{closure#1}, ()>::{closure#1} as core[df12db4294e9bfd3]::ops::function::FnOnce<()>>::call_once::{shim:vtable#0}
[INFO] [stdout]   22:     0x64f1c82f4b39 - <std[70759c8f55707aa4]::sys::thread::unix::Thread>::new::thread_start
[INFO] [stdout]   23:     0x70daeb55bdfa - <unknown>
[INFO] [stdout]   24:     0x70daeb5ef3d4 - clone
[INFO] [stdout]   25:                0x0 - <unknown>
[INFO] [stdout] 
[INFO] [stdout] ---- scheduler::tests::run_exits_when_token_cancelled_after_spawn stdout ----
[INFO] [stdout] 
[INFO] [stdout] thread 'scheduler::tests::run_exits_when_token_cancelled_after_spawn' (2621) panicked at src/scheduler/tests.rs:128:65:
[INFO] [stdout] called `Result::unwrap()` on an `Err` value: SocketNotFoundError("/var/run/docker.sock")
[INFO] [stdout] stack backtrace:
[INFO] [stdout]    0:     0x64f1c82f5611 - <<std[70759c8f55707aa4]::sys::backtrace::BacktraceLock>::print::DisplayBacktrace as core[df12db4294e9bfd3]::fmt::Display>::fmt
[INFO] [stdout]    1:     0x64f1c830c31a - core[df12db4294e9bfd3]::fmt::write
[INFO] [stdout]    2:     0x64f1c82fa5ec - <alloc[2182bb758b4b3781]::vec::Vec<u8> as core[df12db4294e9bfd3]::io::write::Write>::write_fmt
[INFO] [stdout]    3:     0x64f1c82d03a6 - std[70759c8f55707aa4]::panicking::default_hook::{closure#0}
[INFO] [stdout]    4:     0x64f1c82ed519 - std[70759c8f55707aa4]::panicking::default_hook
[INFO] [stdout]    5:     0x64f1c819a170 - test[9d35eded1c95d3be]::test_main_inner::<test[9d35eded1c95d3be]::test_main_static::{closure#0}>::{closure#0}
[INFO] [stdout]    6:     0x64f1c82ed842 - std[70759c8f55707aa4]::panicking::panic_with_hook
[INFO] [stdout]    7:     0x64f1c82d0452 - std[70759c8f55707aa4]::panicking::panic_handler::{closure#0}
[INFO] [stdout]    8:     0x64f1c82c8b69 - std[70759c8f55707aa4]::sys::backtrace::__rust_end_short_backtrace::<std[70759c8f55707aa4]::panicking::panic_handler::{closure#0}, !>
[INFO] [stdout]    9:     0x64f1c82d134d - __rustc[8fa7c3cbc660c2b3]::rust_begin_unwind
[INFO] [stdout]   10:     0x64f1c830ca7c - core[df12db4294e9bfd3]::panicking::panic_fmt
[INFO] [stdout]   11:     0x64f1c830c852 - core[df12db4294e9bfd3]::result::unwrap_failed
[INFO] [stdout]   12:     0x64f1c80fd9c6 - dockguard[bac2db4b7de0d03]::scheduler::tests::run_exits_when_token_cancelled_after_spawn::{closure#0}
[INFO] [stdout]   13:     0x64f1c8160233 - <tokio[521fe8f449762428]::runtime::scheduler::current_thread::Context>::enter::<core[df12db4294e9bfd3]::task::poll::Poll<()>, <tokio[521fe8f449762428]::runtime::scheduler::current_thread::CoreGuard>::block_on<core[df12db4294e9bfd3]::pin::Pin<&mut core[df12db4294e9bfd3]::pin::Pin<&mut dyn core[df12db4294e9bfd3]::future::future::Future<Output = ()>>>>::{closure#0}::{closure#0}>
[INFO] [stdout]   14:     0x64f1c817663c - <tokio[521fe8f449762428]::runtime::context::scoped::Scoped<tokio[521fe8f449762428]::runtime::scheduler::Context>>::set::<<tokio[521fe8f449762428]::runtime::scheduler::current_thread::CoreGuard>::enter<<tokio[521fe8f449762428]::runtime::scheduler::current_thread::CoreGuard>::block_on<core[df12db4294e9bfd3]::pin::Pin<&mut core[df12db4294e9bfd3]::pin::Pin<&mut dyn core[df12db4294e9bfd3]::future::future::Future<Output = ()>>>>::{closure#0}, core[df12db4294e9bfd3]::option::Option<()>>::{closure#0}, (alloc[2182bb758b4b3781]::boxed::Box<tokio[521fe8f449762428]::runtime::scheduler::current_thread::Core>, core[df12db4294e9bfd3]::option::Option<()>)>
[INFO] [stdout]   15:     0x64f1c815f98d - <tokio[521fe8f449762428]::runtime::runtime::Runtime>::block_on::<core[df12db4294e9bfd3]::pin::Pin<&mut dyn core[df12db4294e9bfd3]::future::future::Future<Output = ()>>>
[INFO] [stdout]   16:     0x64f1c810135b - dockguard[bac2db4b7de0d03]::scheduler::tests::run_exits_when_token_cancelled_after_spawn
[INFO] [stdout]   17:     0x64f1c8151d29 - <dockguard[bac2db4b7de0d03]::scheduler::tests::run_exits_when_token_cancelled_after_spawn::{closure#0} as core[df12db4294e9bfd3]::ops::function::FnOnce<()>>::call_once
[INFO] [stdout]   18:     0x64f1c818d45b - test[9d35eded1c95d3be]::__rust_begin_short_backtrace::<core[df12db4294e9bfd3]::result::Result<(), alloc[2182bb758b4b3781]::string::String>, fn() -> core[df12db4294e9bfd3]::result::Result<(), alloc[2182bb758b4b3781]::string::String>>
[INFO] [stdout]   19:     0x64f1c819aac5 - test[9d35eded1c95d3be]::run_test::{closure#0}
[INFO] [stdout]   20:     0x64f1c8194384 - std[70759c8f55707aa4]::sys::backtrace::__rust_begin_short_backtrace::<test[9d35eded1c95d3be]::run_test::{closure#1}, ()>
[INFO] [stdout]   21:     0x64f1c819dc22 - <std[70759c8f55707aa4]::thread::lifecycle::spawn_unchecked<test[9d35eded1c95d3be]::run_test::{closure#1}, ()>::{closure#1} as core[df12db4294e9bfd3]::ops::function::FnOnce<()>>::call_once::{shim:vtable#0}
[INFO] [stdout]   22:     0x64f1c82f4b39 - <std[70759c8f55707aa4]::sys::thread::unix::Thread>::new::thread_start
[INFO] [stdout]   23:     0x70daeb55bdfa - <unknown>
[INFO] [stdout]   24:     0x70daeb5ef3d4 - clone
[INFO] [stdout]   25:                0x0 - <unknown>
[INFO] [stdout] 
[INFO] [stdout] ---- updater::tests::wait_healthy_returns_failed_for_nonexistent_container stdout ----
[INFO] [stdout] 
[INFO] [stdout] thread 'updater::tests::wait_healthy_returns_failed_for_nonexistent_container' (2658) panicked at src/updater/tests.rs:185:65:
[INFO] [stdout] called `Result::unwrap()` on an `Err` value: SocketNotFoundError("/var/run/docker.sock")
[INFO] [stdout] stack backtrace:
[INFO] [stdout]    0:     0x64f1c82f5611 - <<std[70759c8f55707aa4]::sys::backtrace::BacktraceLock>::print::DisplayBacktrace as core[df12db4294e9bfd3]::fmt::Display>::fmt
[INFO] [stdout]    1:     0x64f1c830c31a - core[df12db4294e9bfd3]::fmt::write
[INFO] [stdout]    2:     0x64f1c82fa5ec - <alloc[2182bb758b4b3781]::vec::Vec<u8> as core[df12db4294e9bfd3]::io::write::Write>::write_fmt
[INFO] [stdout]    3:     0x64f1c82d03a6 - std[70759c8f55707aa4]::panicking::default_hook::{closure#0}
[INFO] [stdout]    4:     0x64f1c82ed519 - std[70759c8f55707aa4]::panicking::default_hook
[INFO] [stdout]    5:     0x64f1c819a170 - test[9d35eded1c95d3be]::test_main_inner::<test[9d35eded1c95d3be]::test_main_static::{closure#0}>::{closure#0}
[INFO] [stdout]    6:     0x64f1c82ed842 - std[70759c8f55707aa4]::panicking::panic_with_hook
[INFO] [stdout]    7:     0x64f1c82d0452 - std[70759c8f55707aa4]::panicking::panic_handler::{closure#0}
[INFO] [stdout]    8:     0x64f1c82c8b69 - std[70759c8f55707aa4]::sys::backtrace::__rust_end_short_backtrace::<std[70759c8f55707aa4]::panicking::panic_handler::{closure#0}, !>
[INFO] [stdout]    9:     0x64f1c82d134d - __rustc[8fa7c3cbc660c2b3]::rust_begin_unwind
[INFO] [stdout]   10:     0x64f1c830ca7c - core[df12db4294e9bfd3]::panicking::panic_fmt
[INFO] [stdout]   11:     0x64f1c830c852 - core[df12db4294e9bfd3]::result::unwrap_failed
[INFO] [stdout]   12:     0x64f1c816ea9e - dockguard[bac2db4b7de0d03]::updater::tests::wait_healthy_returns_failed_for_nonexistent_container::{closure#0}
[INFO] [stdout]   13:     0x64f1c8160233 - <tokio[521fe8f449762428]::runtime::scheduler::current_thread::Context>::enter::<core[df12db4294e9bfd3]::task::poll::Poll<()>, <tokio[521fe8f449762428]::runtime::scheduler::current_thread::CoreGuard>::block_on<core[df12db4294e9bfd3]::pin::Pin<&mut core[df12db4294e9bfd3]::pin::Pin<&mut dyn core[df12db4294e9bfd3]::future::future::Future<Output = ()>>>>::{closure#0}::{closure#0}>
[INFO] [stdout]   14:     0x64f1c817663c - <tokio[521fe8f449762428]::runtime::context::scoped::Scoped<tokio[521fe8f449762428]::runtime::scheduler::Context>>::set::<<tokio[521fe8f449762428]::runtime::scheduler::current_thread::CoreGuard>::enter<<tokio[521fe8f449762428]::runtime::scheduler::current_thread::CoreGuard>::block_on<core[df12db4294e9bfd3]::pin::Pin<&mut core[df12db4294e9bfd3]::pin::Pin<&mut dyn core[df12db4294e9bfd3]::future::future::Future<Output = ()>>>>::{closure#0}, core[df12db4294e9bfd3]::option::Option<()>>::{closure#0}, (alloc[2182bb758b4b3781]::boxed::Box<tokio[521fe8f449762428]::runtime::scheduler::current_thread::Core>, core[df12db4294e9bfd3]::option::Option<()>)>
[INFO] [stdout]   15:     0x64f1c815f98d - <tokio[521fe8f449762428]::runtime::runtime::Runtime>::block_on::<core[df12db4294e9bfd3]::pin::Pin<&mut dyn core[df12db4294e9bfd3]::future::future::Future<Output = ()>>>
[INFO] [stdout]   16:     0x64f1c817310b - dockguard[bac2db4b7de0d03]::updater::tests::wait_healthy_returns_failed_for_nonexistent_container
[INFO] [stdout]   17:     0x64f1c8151ab9 - <dockguard[bac2db4b7de0d03]::updater::tests::wait_healthy_returns_failed_for_nonexistent_container::{closure#0} as core[df12db4294e9bfd3]::ops::function::FnOnce<()>>::call_once
[INFO] [stdout]   18:     0x64f1c818d45b - test[9d35eded1c95d3be]::__rust_begin_short_backtrace::<core[df12db4294e9bfd3]::result::Result<(), alloc[2182bb758b4b3781]::string::String>, fn() -> core[df12db4294e9bfd3]::result::Result<(), alloc[2182bb758b4b3781]::string::String>>
[INFO] [stdout]   19:     0x64f1c819aac5 - test[9d35eded1c95d3be]::run_test::{closure#0}
[INFO] [stdout]   20:     0x64f1c8194384 - std[70759c8f55707aa4]::sys::backtrace::__rust_begin_short_backtrace::<test[9d35eded1c95d3be]::run_test::{closure#1}, ()>
[INFO] [stdout]   21:     0x64f1c819dc22 - <std[70759c8f55707aa4]::thread::lifecycle::spawn_unchecked<test[9d35eded1c95d3be]::run_test::{closure#1}, ()>::{closure#1} as core[df12db4294e9bfd3]::ops::function::FnOnce<()>>::call_once::{shim:vtable#0}
[INFO] [stdout]   22:     0x64f1c82f4b39 - <std[70759c8f55707aa4]::sys::thread::unix::Thread>::new::thread_start
[INFO] [stdout]   23:     0x70daeb55bdfa - <unknown>
[INFO] [stdout]   24:     0x70daeb5ef3d4 - clone
[INFO] [stdout]   25:                0x0 - <unknown>
[INFO] [stdout] 
[INFO] [stdout] 
[INFO] [stdout] failures:
[INFO] [stdout]     scheduler::tests::run_exits_when_self_update_pending
[INFO] [stdout]     scheduler::tests::run_exits_when_token_cancelled_after_spawn
[INFO] [stdout]     scheduler::tests::run_exits_when_token_pre_cancelled
[INFO] [stdout]     updater::tests::wait_healthy_returns_failed_for_nonexistent_container
[INFO] [stdout] 
[INFO] [stdout] test result: FAILED. 78 passed; 4 failed; 0 ignored; 0 measured; 0 filtered out; finished in 0.01s
[INFO] [stdout] 
[INFO] running `Command { std: "docker" "inspect" "53bd321c34ede3603044793c3665f8a953f145ad3f6bd44ab96326bae57dacc4", kill_on_drop: false }`
[INFO] running `Command { std: "docker" "rm" "-f" "53bd321c34ede3603044793c3665f8a953f145ad3f6bd44ab96326bae57dacc4", kill_on_drop: false }`
[INFO] [stdout] 53bd321c34ede3603044793c3665f8a953f145ad3f6bd44ab96326bae57dacc4
