[INFO] fetching crate dockertags 0.2.4...
[INFO] testing dockertags-0.2.4 against 1.99.0-beta.8+cargoflags=--release for beta-release-1.100-2
[INFO] extracting crate dockertags 0.2.4 into /workspace/builds/worker-7-tc1/source
[INFO] started tweaking crates.io crate dockertags 0.2.4
[INFO] finished tweaking crates.io crate dockertags 0.2.4
[INFO] tweaked toml for crates.io crate dockertags 0.2.4 written to /workspace/builds/worker-7-tc1/source/Cargo.toml
[INFO] validating manifest of crates.io crate dockertags 0.2.4 on toolchain 1.99.0-beta.8
[INFO] running `Command { std: CARGO_HOME="/workspace/cargo-home" RUSTUP_HOME="/workspace/rustup-home" "/workspace/cargo-home/bin/cargo" "+1.99.0-beta.8" "metadata" "--manifest-path" "Cargo.toml" "--no-deps", kill_on_drop: false }`
[INFO] crate crates.io crate dockertags 0.2.4 already has a lockfile, it will not be regenerated
[INFO] running `Command { std: CARGO_HOME="/workspace/cargo-home" RUSTUP_HOME="/workspace/rustup-home" "/workspace/cargo-home/bin/cargo" "+1.99.0-beta.8" "fetch" "--manifest-path" "Cargo.toml", kill_on_drop: false }`
[INFO] [stderr]     Blocking waiting for file lock on package cache
[INFO] running `Command { std: "docker" "create" "-v" "/var/lib/crater-agent-workspace/builds/worker-7-tc1/source:/opt/rustwide/workdir:ro,Z" "-v" "/var/lib/crater-agent-workspace/builds/worker-7-tc1/target:/opt/rustwide/target:rw,Z" "-v" "/var/lib/crater-agent-workspace/cargo-home:/opt/rustwide/cargo-home:ro,Z" "-v" "/var/lib/crater-agent-workspace/rustup-home:/opt/rustwide/rustup-home:ro,Z" "-m" "1610612736" "--network" "none" "ghcr.io/rust-lang/crates-build-env/linux@sha256:77db811e55d90add9212f6832c23229e3de5f1c1f9905e8cb07319ea15df73ac" "sleep" "infinity", kill_on_drop: false }`
[INFO] [stdout] 79f2e776002c970fae27a02c1b061cfbb0550cac65a03351f62b600d60ff5ba8
[INFO] running `Command { std: "docker" "start" "79f2e776002c970fae27a02c1b061cfbb0550cac65a03351f62b600d60ff5ba8", kill_on_drop: false }`
[INFO] running `Command { std: "docker" "inspect" "79f2e776002c970fae27a02c1b061cfbb0550cac65a03351f62b600d60ff5ba8", kill_on_drop: false }`
[INFO] running `Command { std: "docker" "exec" "-e" "SOURCE_DIR=/opt/rustwide/workdir" "-e" "CARGO_HOME=/opt/rustwide/cargo-home" "-e" "RUSTUP_HOME=/opt/rustwide/rustup-home" "-e" "CARGO_TARGET_DIR=/opt/rustwide/target" "-w" "/opt/rustwide/workdir" "--user" "0:0" "79f2e776002c970fae27a02c1b061cfbb0550cac65a03351f62b600d60ff5ba8" "/opt/rustwide/cargo-home/bin/cargo" "+1.99.0-beta.8" "metadata" "--no-deps" "--format-version=1", kill_on_drop: false }`
[INFO] running `Command { std: "docker" "inspect" "79f2e776002c970fae27a02c1b061cfbb0550cac65a03351f62b600d60ff5ba8", kill_on_drop: false }`
[INFO] running `Command { std: "docker" "exec" "-e" "SOURCE_DIR=/opt/rustwide/workdir" "-e" "CARGO_HOME=/opt/rustwide/cargo-home" "-e" "RUSTUP_HOME=/opt/rustwide/rustup-home" "-e" "CARGO_TARGET_DIR=/opt/rustwide/target" "-e" "CARGO_INCREMENTAL=0" "-e" "RUST_BACKTRACE=full" "-e" "RUSTFLAGS=--cap-lints=warn" "-e" "RUSTDOCFLAGS=--cap-lints=warn" "-w" "/opt/rustwide/workdir" "--user" "0:0" "79f2e776002c970fae27a02c1b061cfbb0550cac65a03351f62b600d60ff5ba8" "/opt/rustwide/cargo-home/bin/cargo" "+1.99.0-beta.8" "build" "--frozen" "--message-format=json" "--release", kill_on_drop: false }`
[INFO] [stderr]    Compiling proc-macro2 v1.0.103
[INFO] [stderr]    Compiling unicode-ident v1.0.22
[INFO] [stderr]    Compiling quote v1.0.42
[INFO] [stderr]    Compiling libc v0.2.178
[INFO] [stderr]    Compiling stable_deref_trait v1.2.1
[INFO] [stderr]    Compiling pin-project-lite v0.2.16
[INFO] [stderr]    Compiling futures-core v0.3.31
[INFO] [stderr]    Compiling bytes v1.11.0
[INFO] [stderr]    Compiling find-msvc-tools v0.1.5
[INFO] [stderr]    Compiling serde_core v1.0.228
[INFO] [stderr]    Compiling itoa v1.0.15
[INFO] [stderr]    Compiling futures-sink v0.3.31
[INFO] [stderr]    Compiling futures-channel v0.3.31
[INFO] [stderr]    Compiling pin-utils v0.1.0
[INFO] [stderr]    Compiling memchr v2.7.6
[INFO] [stderr]    Compiling cc v1.2.49
[INFO] [stderr]    Compiling smallvec v1.15.1
[INFO] [stderr]    Compiling futures-task v0.3.31
[INFO] [stderr]    Compiling litemap v0.8.1
[INFO] [stderr]    Compiling slab v0.4.11
[INFO] [stderr]    Compiling writeable v0.6.2
[INFO] [stderr]    Compiling futures-io v0.3.31
[INFO] [stderr]    Compiling http v1.4.0
[INFO] [stderr]    Compiling icu_normalizer_data v2.1.1
[INFO] [stderr]    Compiling cfg-if v1.0.4
[INFO] [stderr]    Compiling zeroize v1.8.2
[INFO] [stderr]    Compiling icu_properties_data v2.1.1
[INFO] [stderr]    Compiling syn v2.0.111
[INFO] [stderr]    Compiling once_cell v1.21.3
[INFO] [stderr]    Compiling rustls-pki-types v1.13.1
[INFO] [stderr]    Compiling untrusted v0.9.0
[INFO] [stderr]    Compiling percent-encoding v2.3.2
[INFO] [stderr]    Compiling httparse v1.10.1
[INFO] [stderr]    Compiling tower-service v0.3.3
[INFO] [stderr]    Compiling try-lock v0.2.5
[INFO] [stderr]    Compiling rustls v0.23.35
[INFO] [stderr]    Compiling serde v1.0.228
[INFO] [stderr]    Compiling want v0.3.1
[INFO] [stderr]    Compiling tracing-core v0.1.35
[INFO] [stderr]    Compiling socket2 v0.6.1
[INFO] [stderr]    Compiling mio v1.1.1
[INFO] [stderr]    Compiling ring v0.17.14
[INFO] [stderr]    Compiling http-body v1.0.1
[INFO] [stderr]    Compiling getrandom v0.2.16
[INFO] [stderr]    Compiling atomic-waker v1.1.2
[INFO] [stderr]    Compiling subtle v2.6.1
[INFO] [stderr]    Compiling utf8parse v0.2.2
[INFO] [stderr]    Compiling anstyle-parse v0.2.7
[INFO] [stderr]    Compiling tracing v0.1.43
[INFO] [stderr]    Compiling form_urlencoded v1.2.2
[INFO] [stderr]    Compiling sync_wrapper v1.0.2
[INFO] [stderr]    Compiling colorchoice v1.0.4
[INFO] [stderr]    Compiling anstyle v1.0.13
[INFO] [stderr]    Compiling tower-layer v0.3.3
[INFO] [stderr]    Compiling utf8_iter v1.0.4
[INFO] [stderr]    Compiling base64 v0.22.1
[INFO] [stderr]    Compiling ryu v1.0.20
[INFO] [stderr]    Compiling ipnet v2.11.0
[INFO] [stderr]    Compiling is_terminal_polyfill v1.70.2
[INFO] [stderr]    Compiling anstyle-query v1.1.5
[INFO] [stderr]    Compiling serde_json v1.0.145
[INFO] [stderr]    Compiling anstream v0.6.21
[INFO] [stderr]    Compiling webpki-roots v1.0.4
[INFO] [stderr]    Compiling bitflags v2.10.0
[INFO] [stderr]    Compiling option-ext v0.2.0
[INFO] [stderr]    Compiling anyhow v1.0.100
[INFO] [stderr]    Compiling clap_lex v0.7.6
[INFO] [stderr]    Compiling winnow v0.7.14
[INFO] [stderr]    Compiling iri-string v0.7.9
[INFO] [stderr]    Compiling strsim v0.11.1
[INFO] [stderr]    Compiling dirs-sys v0.5.0
[INFO] [stderr]    Compiling serde_spanned v1.0.3
[INFO] [stderr]    Compiling toml_datetime v0.7.3
[INFO] [stderr]    Compiling clap_builder v4.5.53
[INFO] [stderr]    Compiling http-body-util v0.1.3
[INFO] [stderr]    Compiling log v0.4.29
[INFO] [stderr]    Compiling toml_writer v1.0.4
[INFO] [stderr]    Compiling directories v6.0.0
[INFO] [stderr]    Compiling toml_parser v1.0.4
[INFO] [stderr]    Compiling toml v0.9.8
[INFO] [stderr]    Compiling synstructure v0.13.2
[INFO] [stderr]    Compiling zerofrom-derive v0.1.6
[INFO] [stderr]    Compiling yoke-derive v0.8.1
[INFO] [stderr]    Compiling zerovec-derive v0.11.2
[INFO] [stderr]    Compiling displaydoc v0.2.5
[INFO] [stderr]    Compiling tokio-macros v2.6.0
[INFO] [stderr]    Compiling futures-macro v0.3.31
[INFO] [stderr]    Compiling tokio v1.48.0
[INFO] [stderr]    Compiling serde_derive v1.0.228
[INFO] [stderr]    Compiling clap_derive v4.5.49
[INFO] [stderr]    Compiling futures-util v0.3.31
[INFO] [stderr]    Compiling zerofrom v0.1.6
[INFO] [stderr]    Compiling yoke v0.8.1
[INFO] [stderr]    Compiling zerovec v0.11.5
[INFO] [stderr]    Compiling zerotrie v0.2.3
[INFO] [stderr]    Compiling rustls-webpki v0.103.8
[INFO] [stderr]    Compiling tinystr v0.8.2
[INFO] [stderr]    Compiling potential_utf v0.1.4
[INFO] [stderr]    Compiling icu_locale_core v2.1.1
[INFO] [stderr]    Compiling icu_collections v2.1.1
[INFO] [stderr]    Compiling clap v4.5.53
[INFO] [stderr]    Compiling icu_provider v2.1.1
[INFO] [stderr]    Compiling icu_normalizer v2.1.1
[INFO] [stderr]    Compiling icu_properties v2.1.1
[INFO] [stderr]    Compiling futures-executor v0.3.31
[INFO] [stderr]    Compiling futures v0.3.31
[INFO] [stderr]    Compiling serde_urlencoded v0.7.1
[INFO] [stderr]    Compiling idna_adapter v1.2.1
[INFO] [stderr]    Compiling idna v1.1.0
[INFO] [stderr]    Compiling hyper v1.8.1
[INFO] [stderr]    Compiling tower v0.5.2
[INFO] [stderr]    Compiling url v2.5.7
[INFO] [stderr]    Compiling tower-http v0.6.7
[INFO] [stderr]    Compiling hyper-util v0.1.19
[INFO] [stderr]    Compiling tokio-rustls v0.26.4
[INFO] [stderr]    Compiling hyper-rustls v0.27.7
[INFO] [stderr]    Compiling reqwest v0.12.24
[INFO] [stderr]    Compiling dockertags v0.2.4 (/opt/rustwide/workdir)
[INFO] [stderr]     Finished `release` profile [optimized] target(s) in 2m 06s
[INFO] running `Command { std: "docker" "inspect" "79f2e776002c970fae27a02c1b061cfbb0550cac65a03351f62b600d60ff5ba8", kill_on_drop: false }`
[INFO] running `Command { std: "docker" "exec" "-e" "SOURCE_DIR=/opt/rustwide/workdir" "-e" "CARGO_HOME=/opt/rustwide/cargo-home" "-e" "RUSTUP_HOME=/opt/rustwide/rustup-home" "-e" "CARGO_TARGET_DIR=/opt/rustwide/target" "-e" "CARGO_INCREMENTAL=0" "-e" "RUST_BACKTRACE=full" "-e" "RUSTFLAGS=--cap-lints=warn" "-e" "RUSTDOCFLAGS=--cap-lints=warn" "-w" "/opt/rustwide/workdir" "--user" "0:0" "79f2e776002c970fae27a02c1b061cfbb0550cac65a03351f62b600d60ff5ba8" "/opt/rustwide/cargo-home/bin/cargo" "+1.99.0-beta.8" "test" "--frozen" "--no-run" "--message-format=json" "--release", kill_on_drop: false }`
[INFO] [stderr]    Compiling stable_deref_trait v1.2.1
[INFO] [stderr]    Compiling pin-project-lite v0.2.16
[INFO] [stderr]    Compiling futures-core v0.3.31
[INFO] [stderr]    Compiling bytes v1.11.0
[INFO] [stderr]    Compiling libc v0.2.178
[INFO] [stderr]    Compiling zerofrom v0.1.6
[INFO] [stderr]    Compiling itoa v1.0.15
[INFO] [stderr]    Compiling futures-sink v0.3.31
[INFO] [stderr]    Compiling pin-utils v0.1.0
[INFO] [stderr]    Compiling memchr v2.7.6
[INFO] [stderr]    Compiling futures-channel v0.3.31
[INFO] [stderr]    Compiling serde_core v1.0.228
[INFO] [stderr]    Compiling futures-io v0.3.31
[INFO] [stderr]    Compiling smallvec v1.15.1
[INFO] [stderr]    Compiling yoke v0.8.1
[INFO] [stderr]    Compiling litemap v0.8.1
[INFO] [stderr]    Compiling writeable v0.6.2
[INFO] [stderr]    Compiling zerovec v0.11.5
[INFO] [stderr]    Compiling futures-task v0.3.31
[INFO] [stderr]    Compiling slab v0.4.11
[INFO] [stderr]    Compiling zerotrie v0.2.3
[INFO] [stderr]    Compiling once_cell v1.21.3
[INFO] [stderr]    Compiling cfg-if v1.0.4
[INFO] [stderr]    Compiling zeroize v1.8.2
[INFO] [stderr]    Compiling http v1.4.0
[INFO] [stderr]    Compiling futures-util v0.3.31
[INFO] [stderr]    Compiling rustls-pki-types v1.13.1
[INFO] [stderr]    Compiling untrusted v0.9.0
[INFO] [stderr]    Compiling percent-encoding v2.3.2
[INFO] [stderr]    Compiling tinystr v0.8.2
[INFO] [stderr]    Compiling potential_utf v0.1.4
[INFO] [stderr]    Compiling icu_collections v2.1.1
[INFO] [stderr]    Compiling socket2 v0.6.1
[INFO] [stderr]    Compiling mio v1.1.1
[INFO] [stderr]    Compiling icu_locale_core v2.1.1
[INFO] [stderr]    Compiling getrandom v0.2.16
[INFO] [stderr]    Compiling ring v0.17.14
[INFO] [stderr]    Compiling tokio v1.48.0
[INFO] [stderr]    Compiling http-body v1.0.1
[INFO] [stderr]    Compiling icu_normalizer_data v2.1.1
[INFO] [stderr]    Compiling icu_properties_data v2.1.1
[INFO] [stderr]    Compiling tower-service v0.3.3
[INFO] [stderr]    Compiling try-lock v0.2.5
[INFO] [stderr]    Compiling want v0.3.1
[INFO] [stderr]    Compiling httparse v1.10.1
[INFO] [stderr]    Compiling tracing-core v0.1.35
[INFO] [stderr]    Compiling utf8parse v0.2.2
[INFO] [stderr]    Compiling icu_provider v2.1.1
[INFO] [stderr]    Compiling atomic-waker v1.1.2
[INFO] [stderr]    Compiling subtle v2.6.1
[INFO] [stderr]    Compiling anstyle-parse v0.2.7
[INFO] [stderr]    Compiling icu_normalizer v2.1.1
[INFO] [stderr]    Compiling icu_properties v2.1.1
[INFO] [stderr]    Compiling tracing v0.1.43
[INFO] [stderr]    Compiling form_urlencoded v1.2.2
[INFO] [stderr]    Compiling sync_wrapper v1.0.2
[INFO] [stderr]    Compiling anstyle-query v1.1.5
[INFO] [stderr]    Compiling tower-layer v0.3.3
[INFO] [stderr]    Compiling utf8_iter v1.0.4
[INFO] [stderr]    Compiling ryu v1.0.20
[INFO] [stderr]    Compiling colorchoice v1.0.4
[INFO] [stderr]    Compiling anstyle v1.0.13
[INFO] [stderr]    Compiling ipnet v2.11.0
[INFO] [stderr]    Compiling serde v1.0.228
[INFO] [stderr]    Compiling base64 v0.22.1
[INFO] [stderr]    Compiling rustls-webpki v0.103.8
[INFO] [stderr]    Compiling is_terminal_polyfill v1.70.2
[INFO] [stderr]    Compiling anstream v0.6.21
[INFO] [stderr]    Compiling webpki-roots v1.0.4
[INFO] [stderr]    Compiling idna_adapter v1.2.1
[INFO] [stderr]    Compiling option-ext v0.2.0
[INFO] [stderr]    Compiling idna v1.1.0
[INFO] [stderr]    Compiling strsim v0.11.1
[INFO] [stderr]    Compiling winnow v0.7.14
[INFO] [stderr]    Compiling rustls v0.23.35
[INFO] [stderr]    Compiling iri-string v0.7.9
[INFO] [stderr]    Compiling bitflags v2.10.0
[INFO] [stderr]    Compiling clap_lex v0.7.6
[INFO] [stderr]    Compiling clap_builder v4.5.53
[INFO] [stderr]    Compiling url v2.5.7
[INFO] [stderr]    Compiling futures-executor v0.3.31
[INFO] [stderr]    Compiling dirs-sys v0.5.0
[INFO] [stderr]    Compiling serde_urlencoded v0.7.1
[INFO] [stderr]    Compiling serde_json v1.0.145
[INFO] [stderr]    Compiling serde_spanned v1.0.3
[INFO] [stderr]    Compiling toml_datetime v0.7.3
[INFO] [stderr]    Compiling http-body-util v0.1.3
[INFO] [stderr]    Compiling log v0.4.29
[INFO] [stderr]    Compiling toml_parser v1.0.4
[INFO] [stderr]    Compiling toml_writer v1.0.4
[INFO] [stderr]    Compiling directories v6.0.0
[INFO] [stderr]    Compiling futures v0.3.31
[INFO] [stderr]    Compiling anyhow v1.0.100
[INFO] [stderr]    Compiling hyper v1.8.1
[INFO] [stderr]    Compiling tower v0.5.2
[INFO] [stderr]    Compiling toml v0.9.8
[INFO] [stderr]    Compiling clap v4.5.53
[INFO] [stderr]    Compiling tower-http v0.6.7
[INFO] [stderr]    Compiling hyper-util v0.1.19
[INFO] [stderr]    Compiling tokio-rustls v0.26.4
[INFO] [stderr]    Compiling hyper-rustls v0.27.7
[INFO] [stderr]    Compiling reqwest v0.12.24
[INFO] [stderr]    Compiling dockertags v0.2.4 (/opt/rustwide/workdir)
[INFO] [stderr]     Finished `release` profile [optimized] target(s) in 1m 51s
[INFO] running `Command { std: "docker" "inspect" "79f2e776002c970fae27a02c1b061cfbb0550cac65a03351f62b600d60ff5ba8", kill_on_drop: false }`
[INFO] running `Command { std: "docker" "exec" "-e" "SOURCE_DIR=/opt/rustwide/workdir" "-e" "CARGO_HOME=/opt/rustwide/cargo-home" "-e" "RUSTUP_HOME=/opt/rustwide/rustup-home" "-e" "CARGO_TARGET_DIR=/opt/rustwide/target" "-e" "CARGO_INCREMENTAL=0" "-e" "RUST_BACKTRACE=full" "-e" "RUSTFLAGS=--cap-lints=warn" "-e" "RUSTDOCFLAGS=--cap-lints=warn" "-w" "/opt/rustwide/workdir" "--user" "0:0" "79f2e776002c970fae27a02c1b061cfbb0550cac65a03351f62b600d60ff5ba8" "/opt/rustwide/cargo-home/bin/cargo" "+1.99.0-beta.8" "test" "--frozen" "--release", kill_on_drop: false }`
[INFO] [stderr]     Finished `release` profile [optimized] target(s) in 0.15s
[INFO] [stderr]      Running unittests src/main.rs (/opt/rustwide/target/release/deps/dockertags-a3f7827141130c24)
[INFO] [stdout] 
[INFO] [stdout] running 16 tests
[INFO] [stdout] test config::tests::test_read_write_registry_config ... ok
[INFO] [stdout] test fetcher::docker_registry_fetcher::docker_auth::tests::test_parse_realm ... ok
[INFO] [stdout] test fetcher::docker_registry_fetcher::docker_config::tests::test_parse_auth ... ok
[INFO] [stdout] test fetcher::tests::test_full_path ... ok
[INFO] [stdout] test fetcher::tests::test_implicit_path ... ok
[INFO] [stdout] test fetcher::tests::test_multi_path ... ok
[INFO] [stdout] test fetcher::tests::test_multi_path_port_and_tag ... ok
[INFO] [stdout] test fetcher::tests::test_no_namespace ... ok
[INFO] [stdout] test fetcher::tests::test_path_with_tag2 ... ok
[INFO] [stdout] test fetcher::tests::test_short_path ... ok
[INFO] [stdout] test fetcher::docker_registry_fetcher::docker_auth::tests::test_get_token_with_auth ... ok
[INFO] [stdout] test fetcher::docker_registry_fetcher::docker_auth::tests::test_get_token_no_auth ... FAILED
[INFO] [stdout] test fetcher::docker_registry_fetcher::tests::test_ghcr_get_tags ... FAILED
[INFO] [stdout] test fetcher::docker_hub_fetcher::tests::test_docker_hub_get_tags ... FAILED
[INFO] [stdout] test fetcher::tests::test_path_with_tag1 ... ok
[INFO] [stdout] test fetcher::docker_registry_fetcher::tests::test_docker_get_tags ... FAILED
[INFO] [stdout] 
[INFO] [stdout] failures:
[INFO] [stdout] 
[INFO] [stdout] ---- fetcher::docker_registry_fetcher::docker_auth::tests::test_get_token_no_auth stdout ----
[INFO] [stdout] 
[INFO] [stdout] thread 'fetcher::docker_registry_fetcher::docker_auth::tests::test_get_token_no_auth' (2189) panicked at src/fetcher/docker_registry_fetcher/docker_auth.rs:100:9:
[INFO] [stdout] assertion failed: token_result.is_ok()
[INFO] [stdout] stack backtrace:
[INFO] [stdout]    0:     0x614af42dd835 - <unknown>
[INFO] [stdout]    1:     0x614af420e1e4 - <unknown>
[INFO] [stdout]    2:     0x614af42dcedb - <unknown>
[INFO] [stdout]    3:     0x614af42dcad9 - <unknown>
[INFO] [stdout]    4:     0x614af42dc75a - <unknown>
[INFO] [stdout]    5:     0x614af42dc293 - <unknown>
[INFO] [stdout]    6:     0x614af4302682 - <unknown>
[INFO] [stdout]    7:     0x614af4302609 - <unknown>
[INFO] [stdout]    8:     0x614af4302b0c - <unknown>
[INFO] [stdout]    9:     0x614af420e07b - <unknown>
[INFO] [stdout]   10:     0x614af420fcc1 - <unknown>
[INFO] [stdout]   11:     0x614af41f9a33 - <unknown>
[INFO] [stdout]   12:     0x614af41e89ad - <unknown>
[INFO] [stdout]   13:     0x614af42090ab - <unknown>
[INFO] [stdout]   14:     0x614af431cbeb - <unknown>
[INFO] [stdout]   15:     0x614af4318af2 - <unknown>
[INFO] [stdout]   16:     0x614af431859c - <unknown>
[INFO] [stdout]   17:     0x614af433163c - <unknown>
[INFO] [stdout]   18:     0x614af43041aa - <unknown>
[INFO] [stdout]   19:     0x78cc91a6cdfa - <unknown>
[INFO] [stdout]   20:     0x78cc91b003d4 - clone
[INFO] [stdout]   21:                0x0 - <unknown>
[INFO] [stdout] 
[INFO] [stdout] ---- fetcher::docker_registry_fetcher::tests::test_ghcr_get_tags stdout ----
[INFO] [stdout] 
[INFO] [stdout] thread 'fetcher::docker_registry_fetcher::tests::test_ghcr_get_tags' (2194) panicked at src/fetcher/docker_registry_fetcher.rs:120:50:
[INFO] [stdout] called `Result::unwrap()` on an `Err` value: error sending request for url (https://ghcr.io/v2/langfuse/langfuse/tags/list)
[INFO] [stdout] 
[INFO] [stdout] Caused by:
[INFO] [stdout]     0: client error (Connect)
[INFO] [stdout]     1: dns error
[INFO] [stdout]     2: failed to lookup address information: Temporary failure in name resolution
[INFO] [stdout] 
[INFO] [stdout] Stack backtrace:
[INFO] [stdout]    0: <unknown>
[INFO] [stdout]    1: <unknown>
[INFO] [stdout]    2: <unknown>
[INFO] [stdout]    3: <unknown>
[INFO] [stdout]    4: <unknown>
[INFO] [stdout]    5: <unknown>
[INFO] [stdout]    6: <unknown>
[INFO] [stdout]    7: <unknown>
[INFO] [stdout]    8: <unknown>
[INFO] [stdout]    9: <unknown>
[INFO] [stdout]   10: <unknown>
[INFO] [stdout]   11: clone
[INFO] [stdout] stack backtrace:
[INFO] [stdout]    0:     0x614af42dd835 - <unknown>
[INFO] [stdout]    1:     0x614af420e1e4 - <unknown>
[INFO] [stdout]    2:     0x614af42dcedb - <unknown>
[INFO] [stdout]    3:     0x614af42dcad9 - <unknown>
[INFO] [stdout]    4:     0x614af42dc75a - <unknown>
[INFO] [stdout]    5:     0x614af42dc293 - <unknown>
[INFO] [stdout]    6:     0x614af4302651 - <unknown>
[INFO] [stdout]    7:     0x614af4302609 - <unknown>
[INFO] [stdout]    8:     0x614af4302b0c - <unknown>
[INFO] [stdout]    9:     0x614af420e07b - <unknown>
[INFO] [stdout]   10:     0x614af4212cf1 - <unknown>
[INFO] [stdout]   11:     0x614af41f9679 - <unknown>
[INFO] [stdout]   12:     0x614af41e89ad - <unknown>
[INFO] [stdout]   13:     0x614af4208d94 - <unknown>
[INFO] [stdout]   14:     0x614af431cbeb - <unknown>
[INFO] [stdout]   15:     0x614af4318af2 - <unknown>
[INFO] [stdout]   16:     0x614af431859c - <unknown>
[INFO] [stdout]   17:     0x614af433163c - <unknown>
[INFO] [stdout]   18:     0x614af43041aa - <unknown>
[INFO] [stdout]   19:     0x78cc91a6cdfa - <unknown>
[INFO] [stdout]   20:     0x78cc91b003d4 - clone
[INFO] [stdout]   21:                0x0 - <unknown>
[INFO] [stdout] 
[INFO] [stdout] ---- fetcher::docker_hub_fetcher::tests::test_docker_hub_get_tags stdout ----
[INFO] [stdout] 
[INFO] [stdout] thread 'fetcher::docker_hub_fetcher::tests::test_docker_hub_get_tags' (2188) panicked at src/fetcher/docker_hub_fetcher.rs:140:50:
[INFO] [stdout] called `Result::unwrap()` on an `Err` value: error sending request for url (https://hub.docker.com/v2/namespaces/library/repositories/nginx/tags?page=1&page_size=100)
[INFO] [stdout] 
[INFO] [stdout] Caused by:
[INFO] [stdout]     0: client error (Connect)
[INFO] [stdout]     1: dns error
[INFO] [stdout]     2: failed to lookup address information: Temporary failure in name resolution
[INFO] [stdout] 
[INFO] [stdout] Stack backtrace:
[INFO] [stdout]    0: <unknown>
[INFO] [stdout]    1: <unknown>
[INFO] [stdout]    2: <unknown>
[INFO] [stdout]    3: <unknown>
[INFO] [stdout]    4: <unknown>
[INFO] [stdout]    5: <unknown>
[INFO] [stdout]    6: <unknown>
[INFO] [stdout]    7: <unknown>
[INFO] [stdout]    8: <unknown>
[INFO] [stdout]    9: <unknown>
[INFO] [stdout]   10: clone
[INFO] [stdout] stack backtrace:
[INFO] [stdout]    0:     0x614af42dd835 - <unknown>
[INFO] [stdout]    1:     0x614af420e1e4 - <unknown>
[INFO] [stdout]    2:     0x614af42dcedb - <unknown>
[INFO] [stdout]    3:     0x614af42dcad9 - <unknown>
[INFO] [stdout]    4:     0x614af42dc75a - <unknown>
[INFO] [stdout]    5:     0x614af42dc293 - <unknown>
[INFO] [stdout]    6:     0x614af4302651 - <unknown>
[INFO] [stdout]    7:     0x614af4302609 - <unknown>
[INFO] [stdout]    8:     0x614af4302b0c - <unknown>
[INFO] [stdout]    9:     0x614af420e07b - <unknown>
[INFO] [stdout]   10:     0x614af4212cf1 - <unknown>
[INFO] [stdout]   11:     0x614af41f787c - <unknown>
[INFO] [stdout]   12:     0x614af41e89ad - <unknown>
[INFO] [stdout]   13:     0x614af4208cb9 - <unknown>
[INFO] [stdout]   14:     0x614af431cbeb - <unknown>
[INFO] [stdout]   15:     0x614af4318af2 - <unknown>
[INFO] [stdout]   16:     0x614af431859c - <unknown>
[INFO] [stdout]   17:     0x614af433163c - <unknown>
[INFO] [stdout]   18:     0x614af43041aa - <unknown>
[INFO] [stdout]   19:     0x78cc91a6cdfa - <unknown>
[INFO] [stdout]   20:     0x78cc91b003d4 - clone
[INFO] [stdout]   21:                0x0 - <unknown>
[INFO] [stdout] 
[INFO] [stdout] ---- fetcher::docker_registry_fetcher::tests::test_docker_get_tags stdout ----
[INFO] [stdout] 
[INFO] [stdout] thread 'fetcher::docker_registry_fetcher::tests::test_docker_get_tags' (2193) panicked at src/fetcher/docker_registry_fetcher.rs:112:50:
[INFO] [stdout] called `Result::unwrap()` on an `Err` value: error sending request for url (https://registry-1.docker.io/v2/library/nginx/tags/list)
[INFO] [stdout] 
[INFO] [stdout] Caused by:
[INFO] [stdout]     0: client error (Connect)
[INFO] [stdout]     1: dns error
[INFO] [stdout]     2: failed to lookup address information: Temporary failure in name resolution
[INFO] [stdout] 
[INFO] [stdout] Stack backtrace:
[INFO] [stdout]    0: <unknown>
[INFO] [stdout]    1: <unknown>
[INFO] [stdout]    2: <unknown>
[INFO] [stdout]    3: <unknown>
[INFO] [stdout]    4: <unknown>
[INFO] [stdout]    5: <unknown>
[INFO] [stdout]    6: <unknown>
[INFO] [stdout]    7: <unknown>
[INFO] [stdout]    8: <unknown>
[INFO] [stdout]    9: <unknown>
[INFO] [stdout]   10: <unknown>
[INFO] [stdout]   11: clone
[INFO] [stdout] stack backtrace:
[INFO] [stdout]    0:     0x614af42dd835 - <unknown>
[INFO] [stdout]    1:     0x614af420e1e4 - <unknown>
[INFO] [stdout]    2:     0x614af42dcedb - <unknown>
[INFO] [stdout]    3:     0x614af42dcad9 - <unknown>
[INFO] [stdout]    4:     0x614af42dc75a - <unknown>
[INFO] [stdout]    5:     0x614af42dc293 - <unknown>
[INFO] [stdout]    6:     0x614af4302651 - <unknown>
[INFO] [stdout]    7:     0x614af4302609 - <unknown>
[INFO] [stdout]    8:     0x614af4302b0c - <unknown>
[INFO] [stdout]    9:     0x614af420e07b - <unknown>
[INFO] [stdout]   10:     0x614af4212cf1 - <unknown>
[INFO] [stdout]   11:     0x614af41f9841 - <unknown>
[INFO] [stdout]   12:     0x614af41e89ad - <unknown>
[INFO] [stdout]   13:     0x614af4208e6f - <unknown>
[INFO] [stdout]   14:     0x614af431cbeb - <unknown>
[INFO] [stdout]   15:     0x614af4318af2 - <unknown>
[INFO] [stdout]   16:     0x614af431859c - <unknown>
[INFO] [stdout]   17:     0x614af433163c - <unknown>
[INFO] [stdout]   18:     0x614af43041aa - <unknown>
[INFO] [stdout]   19:     0x78cc91a6cdfa - <unknown>
[INFO] [stdout]   20:     0x78cc91b003d4 - clone
[INFO] [stdout]   21:                0x0 - <unknown>
[INFO] [stdout] 
[INFO] [stdout] 
[INFO] [stdout] failures:
[INFO] [stdout]     fetcher::docker_hub_fetcher::tests::test_docker_hub_get_tags
[INFO] [stdout]     fetcher::docker_registry_fetcher::docker_auth::tests::test_get_token_no_auth
[INFO] [stdout]     fetcher::docker_registry_fetcher::tests::test_docker_get_tags
[INFO] [stdout]     fetcher::docker_registry_fetcher::tests::test_ghcr_get_tags
[INFO] [stdout] 
[INFO] [stdout] test result: FAILED. 12 passed; 4 failed; 0 ignored; 0 measured; 0 filtered out; finished in 0.02s
[INFO] [stdout] 
[INFO] [stderr] error: test failed, to rerun pass `--bin dockertags`
[INFO] running `Command { std: "docker" "inspect" "79f2e776002c970fae27a02c1b061cfbb0550cac65a03351f62b600d60ff5ba8", kill_on_drop: false }`
[INFO] running `Command { std: "docker" "rm" "-f" "79f2e776002c970fae27a02c1b061cfbb0550cac65a03351f62b600d60ff5ba8", kill_on_drop: false }`
[INFO] [stdout] 79f2e776002c970fae27a02c1b061cfbb0550cac65a03351f62b600d60ff5ba8
