[INFO] fetching crate docker-registry-client 0.5.0...
[INFO] testing docker-registry-client-0.5.0 against 1.100.0-beta.1+cargoflags=--release for beta-release-1.100-2
[INFO] extracting crate docker-registry-client 0.5.0 into /workspace/builds/worker-6-tc2/source
[INFO] started tweaking crates.io crate docker-registry-client 0.5.0
[INFO] removed 0 missing examples
[INFO] finished tweaking crates.io crate docker-registry-client 0.5.0
[INFO] tweaked toml for crates.io crate docker-registry-client 0.5.0 written to /workspace/builds/worker-6-tc2/source/Cargo.toml
[INFO] validating manifest of crates.io crate docker-registry-client 0.5.0 on toolchain 1.100.0-beta.1
[INFO] running `Command { std: CARGO_HOME="/workspace/cargo-home" RUSTUP_HOME="/workspace/rustup-home" "/workspace/cargo-home/bin/cargo" "+1.100.0-beta.1" "metadata" "--manifest-path" "Cargo.toml" "--no-deps", kill_on_drop: false }`
[INFO] crate crates.io crate docker-registry-client 0.5.0 already has a lockfile, it will not be regenerated
[INFO] running `Command { std: CARGO_HOME="/workspace/cargo-home" RUSTUP_HOME="/workspace/rustup-home" "/workspace/cargo-home/bin/cargo" "+1.100.0-beta.1" "fetch" "--manifest-path" "Cargo.toml", kill_on_drop: false }`
[INFO] [stderr] warning: Cargo.toml: `lints.clippy.allow-attributes` is deprecated in favor of `lints.clippy.allow_attributes` and will not work in a future edition
[INFO] [stderr] warning: Cargo.toml: `lints.clippy.allow-attributes-without-reason` is deprecated in favor of `lints.clippy.allow_attributes_without_reason` and will not work in a future edition
[INFO] [stderr] warning: Cargo.toml: `lints.clippy.dbg-macro` is deprecated in favor of `lints.clippy.dbg_macro` and will not work in a future edition
[INFO] [stderr] warning: Cargo.toml: `lints.clippy.unwrap-used` is deprecated in favor of `lints.clippy.unwrap_used` and will not work in a future edition
[INFO] [stderr] warning: Cargo.toml: `lints.rust.missing-debug-implementations` is deprecated in favor of `lints.rust.missing_debug_implementations` and will not work in a future edition
[INFO] [stderr] warning: Cargo.toml: `lints.rust.rust-2018-idioms` is deprecated in favor of `lints.rust.rust_2018_idioms` and will not work in a future edition
[INFO] [stderr] warning: Cargo.toml: `lints.rust.unsafe-code` is deprecated in favor of `lints.rust.unsafe_code` and will not work in a future edition
[INFO] [stderr] warning: Cargo.toml: `lints.rust.unused-lifetimes` is deprecated in favor of `lints.rust.unused_lifetimes` and will not work in a future edition
[INFO] [stderr] warning: `package.homepage` is redundant with `package.repository`
[INFO] [stderr]   --> Cargo.toml:90:12
[INFO] [stderr]    |
[INFO] [stderr] 90 | homepage = "https://github.com/AlexanderThaller/docker-registry-client"
[INFO] [stderr]    |            ^^^^^^^^^^^^^^^^^^^^^^^^^^^^^^^^^^^^^^^^^^^^^^^^^^^^^^^^^^^^
[INFO] [stderr] ...
[INFO] [stderr] 95 | repository = "https://github.com/AlexanderThaller/docker-registry-client"
[INFO] [stderr]    |              ------------------------------------------------------------
[INFO] [stderr]    |
[INFO] [stderr]    = note: `cargo::redundant_homepage` is set to `warn` by default
[INFO] [stderr] help: consider removing `package.homepage`
[INFO] [stderr] warning: `docker-registry-client` (manifest) generated 9 warnings
[INFO] running `Command { std: "docker" "create" "-v" "/var/lib/crater-agent-workspace/builds/worker-6-tc2/source:/opt/rustwide/workdir:ro,Z" "-v" "/var/lib/crater-agent-workspace/builds/worker-6-tc2/target:/opt/rustwide/target:rw,Z" "-v" "/var/lib/crater-agent-workspace/cargo-home:/opt/rustwide/cargo-home:ro,Z" "-v" "/var/lib/crater-agent-workspace/rustup-home:/opt/rustwide/rustup-home:ro,Z" "-m" "1610612736" "--network" "none" "ghcr.io/rust-lang/crates-build-env/linux@sha256:77db811e55d90add9212f6832c23229e3de5f1c1f9905e8cb07319ea15df73ac" "sleep" "infinity", kill_on_drop: false }`
[INFO] [stdout] f0c2f0023889720d1fa3e6ad6cadf7b63f830b6fb82e88ac5c9da485c79be4e3
[INFO] running `Command { std: "docker" "start" "f0c2f0023889720d1fa3e6ad6cadf7b63f830b6fb82e88ac5c9da485c79be4e3", kill_on_drop: false }`
[INFO] running `Command { std: "docker" "inspect" "f0c2f0023889720d1fa3e6ad6cadf7b63f830b6fb82e88ac5c9da485c79be4e3", kill_on_drop: false }`
[INFO] running `Command { std: "docker" "exec" "-e" "SOURCE_DIR=/opt/rustwide/workdir" "-e" "CARGO_HOME=/opt/rustwide/cargo-home" "-e" "RUSTUP_HOME=/opt/rustwide/rustup-home" "-e" "CARGO_TARGET_DIR=/opt/rustwide/target" "-w" "/opt/rustwide/workdir" "--user" "0:0" "f0c2f0023889720d1fa3e6ad6cadf7b63f830b6fb82e88ac5c9da485c79be4e3" "/opt/rustwide/cargo-home/bin/cargo" "+1.100.0-beta.1" "metadata" "--no-deps" "--format-version=1", kill_on_drop: false }`
[INFO] running `Command { std: "docker" "inspect" "f0c2f0023889720d1fa3e6ad6cadf7b63f830b6fb82e88ac5c9da485c79be4e3", kill_on_drop: false }`
[INFO] running `Command { std: "docker" "exec" "-e" "SOURCE_DIR=/opt/rustwide/workdir" "-e" "CARGO_HOME=/opt/rustwide/cargo-home" "-e" "RUSTUP_HOME=/opt/rustwide/rustup-home" "-e" "CARGO_TARGET_DIR=/opt/rustwide/target" "-e" "CARGO_INCREMENTAL=0" "-e" "RUST_BACKTRACE=full" "-e" "RUSTFLAGS=--cap-lints=warn" "-e" "RUSTDOCFLAGS=--cap-lints=warn" "-w" "/opt/rustwide/workdir" "--user" "0:0" "f0c2f0023889720d1fa3e6ad6cadf7b63f830b6fb82e88ac5c9da485c79be4e3" "/opt/rustwide/cargo-home/bin/cargo" "+1.100.0-beta.1" "build" "--frozen" "--message-format=json" "--release", kill_on_drop: false }`
[INFO] [stderr] warning: Cargo.toml: `lints.clippy.allow-attributes` is deprecated in favor of `lints.clippy.allow_attributes` and will not work in a future edition
[INFO] [stderr] warning: Cargo.toml: `lints.clippy.allow-attributes-without-reason` is deprecated in favor of `lints.clippy.allow_attributes_without_reason` and will not work in a future edition
[INFO] [stderr] warning: Cargo.toml: `lints.clippy.dbg-macro` is deprecated in favor of `lints.clippy.dbg_macro` and will not work in a future edition
[INFO] [stderr] warning: Cargo.toml: `lints.clippy.unwrap-used` is deprecated in favor of `lints.clippy.unwrap_used` and will not work in a future edition
[INFO] [stderr] warning: Cargo.toml: `lints.rust.missing-debug-implementations` is deprecated in favor of `lints.rust.missing_debug_implementations` and will not work in a future edition
[INFO] [stderr] warning: Cargo.toml: `lints.rust.rust-2018-idioms` is deprecated in favor of `lints.rust.rust_2018_idioms` and will not work in a future edition
[INFO] [stderr] warning: Cargo.toml: `lints.rust.unsafe-code` is deprecated in favor of `lints.rust.unsafe_code` and will not work in a future edition
[INFO] [stderr] warning: Cargo.toml: `lints.rust.unused-lifetimes` is deprecated in favor of `lints.rust.unused_lifetimes` and will not work in a future edition
[INFO] [stderr] warning: `package.homepage` is redundant with `package.repository`
[INFO] [stderr]   --> Cargo.toml:90:12
[INFO] [stderr]    |
[INFO] [stderr] 90 | homepage = "https://github.com/AlexanderThaller/docker-registry-client"
[INFO] [stderr]    |            ^^^^^^^^^^^^^^^^^^^^^^^^^^^^^^^^^^^^^^^^^^^^^^^^^^^^^^^^^^^^
[INFO] [stderr] ...
[INFO] [stderr] 95 | repository = "https://github.com/AlexanderThaller/docker-registry-client"
[INFO] [stderr]    |              ------------------------------------------------------------
[INFO] [stderr]    |
[INFO] [stderr]    = note: `cargo::redundant_homepage` is set to `warn` by default
[INFO] [stderr] help: consider removing `package.homepage`
[INFO] [stderr] warning: `docker-registry-client` (manifest) generated 9 warnings
[INFO] [stderr]    Compiling smallvec v1.16.0
[INFO] [stderr]    Compiling stable_deref_trait v1.2.1
[INFO] [stderr]    Compiling bytes v1.12.1
[INFO] [stderr]    Compiling find-msvc-tools v0.1.12
[INFO] [stderr]    Compiling futures-sink v0.3.34
[INFO] [stderr]    Compiling pkg-config v0.3.34
[INFO] [stderr]    Compiling libc v0.2.189
[INFO] [stderr]    Compiling memchr v2.8.3
[INFO] [stderr]    Compiling litemap v0.8.3
[INFO] [stderr]    Compiling writeable v0.6.4
[INFO] [stderr]    Compiling futures-task v0.3.34
[INFO] [stderr]    Compiling icu_normalizer_data v2.3.0
[INFO] [stderr]    Compiling aws-lc-rs v1.18.1
[INFO] [stderr]    Compiling syn v3.0.5
[INFO] [stderr]    Compiling syn v2.0.119
[INFO] [stderr]    Compiling serde_core v1.0.229
[INFO] [stderr]    Compiling futures-channel v0.3.34
[INFO] [stderr]    Compiling icu_properties_data v2.3.0
[INFO] [stderr]    Compiling futures-io v0.3.34
[INFO] [stderr]    Compiling rustls-pki-types v1.15.1
[INFO] [stderr]    Compiling serde v1.0.229
[INFO] [stderr]    Compiling percent-encoding v2.3.2
[INFO] [stderr]    Compiling httparse v1.10.1
[INFO] [stderr]    Compiling rustls v0.23.44
[INFO] [stderr]    Compiling zerocopy v0.8.57
[INFO] [stderr]    Compiling num-traits v0.2.19
[INFO] [stderr]    Compiling tracing-core v0.1.36
[INFO] [stderr]    Compiling rustversion v1.0.23
[INFO] [stderr]    Compiling form_urlencoded v1.2.2
[INFO] [stderr]    Compiling log v0.4.34
[INFO] [stderr]    Compiling crc16 v0.4.0
[INFO] [stderr]    Compiling sync_wrapper v1.0.2
[INFO] [stderr]    Compiling ipnet v2.12.2
[INFO] [stderr]    Compiling minimal-lexical v0.2.1
[INFO] [stderr]    Compiling openssl-probe v0.2.1
[INFO] [stderr]    Compiling either v1.18.0
[INFO] [stderr]    Compiling http v1.5.0
[INFO] [stderr]    Compiling rustls-native-certs v0.8.4
[INFO] [stderr]    Compiling nom v7.1.3
[INFO] [stderr]    Compiling bytes-utils v0.1.4
[INFO] [stderr]    Compiling bitflags v2.13.2
[INFO] [stderr]    Compiling cookie-factory v0.3.2
[INFO] [stderr]    Compiling errno v0.3.14
[INFO] [stderr]    Compiling parking_lot_core v0.9.12
[INFO] [stderr]    Compiling signal-hook-registry v1.4.8
[INFO] [stderr]    Compiling mio v1.2.3
[INFO] [stderr]    Compiling socket2 v0.6.5
[INFO] [stderr]    Compiling jobserver v0.1.35
[INFO] [stderr]    Compiling parking_lot v0.12.5
[INFO] [stderr]    Compiling getrandom v0.2.17
[INFO] [stderr]    Compiling socket2 v0.5.10
[INFO] [stderr]    Compiling arc-swap v1.9.2
[INFO] [stderr]    Compiling float-cmp v0.10.0
[INFO] [stderr]    Compiling rand_core v0.6.4
[INFO] [stderr]    Compiling urlencoding v2.1.3
[INFO] [stderr]    Compiling cc v1.4.5
[INFO] [stderr]    Compiling semver v1.0.28
[INFO] [stderr]    Compiling base64 v0.23.1
[INFO] [stderr]    Compiling http-body v1.1.0
[INFO] [stderr]    Compiling iana-time-zone v0.1.65
[INFO] [stderr]    Compiling http-body-util v0.1.5
[INFO] [stderr]    Compiling dyn-clone v1.0.20
[INFO] [stderr]    Compiling cmake v0.1.58
[INFO] [stderr]    Compiling redis-protocol v6.0.0
[INFO] [stderr]    Compiling aws-lc-sys v0.45.0
[INFO] [stderr]    Compiling zerovec-derive v0.11.6
[INFO] [stderr]    Compiling displaydoc v0.2.7
[INFO] [stderr]    Compiling tokio-macros v2.7.2
[INFO] [stderr]    Compiling futures-macro v0.3.34
[INFO] [stderr]    Compiling serde_derive v1.0.229
[INFO] [stderr]    Compiling async-trait v0.1.92
[INFO] [stderr]    Compiling serde_json v1.0.151
[INFO] [stderr]    Compiling tokio v1.53.1
[INFO] [stderr]    Compiling synstructure v0.13.2
[INFO] [stderr]    Compiling futures-util v0.3.34
[INFO] [stderr]    Compiling zerofrom-derive v0.1.7
[INFO] [stderr]    Compiling yoke-derive v0.8.2
[INFO] [stderr]    Compiling tracing-attributes v0.1.31
[INFO] [stderr]    Compiling fred-macros v0.1.0
[INFO] [stderr]    Compiling ppv-lite86 v0.2.21
[INFO] [stderr]    Compiling tracing v0.1.44
[INFO] [stderr]    Compiling zerofrom v0.1.8
[INFO] [stderr]    Compiling yoke v0.8.3
[INFO] [stderr]    Compiling zerovec v0.11.8
[INFO] [stderr]    Compiling zerotrie v0.2.5
[INFO] [stderr]    Compiling rand_chacha v0.3.1
[INFO] [stderr]    Compiling rand v0.8.8
[INFO] [stderr]    Compiling tinystr v0.8.4
[INFO] [stderr]    Compiling potential_utf v0.1.6
[INFO] [stderr]    Compiling icu_collections v2.3.0
[INFO] [stderr]    Compiling icu_locale_core v2.3.0
[INFO] [stderr]    Compiling chrono v0.4.45
[INFO] [stderr]    Compiling icu_provider v2.3.1
[INFO] [stderr]    Compiling futures-executor v0.3.34
[INFO] [stderr]    Compiling icu_properties v2.3.0
[INFO] [stderr]    Compiling icu_normalizer v2.3.0
[INFO] [stderr]    Compiling futures v0.3.34
[INFO] [stderr]    Compiling idna_adapter v1.2.2
[INFO] [stderr]    Compiling idna v1.1.0
[INFO] [stderr]    Compiling url v2.5.8
[INFO] [stderr]    Compiling hyper v1.11.1
[INFO] [stderr]    Compiling tower v0.5.3
[INFO] [stderr]    Compiling tokio-util v0.7.19
[INFO] [stderr]    Compiling tokio-stream v0.1.19
[INFO] [stderr]    Compiling tower-http v0.6.11
[INFO] [stderr]    Compiling fred v10.1.0
[INFO] [stderr]    Compiling hyper-util v0.1.20
[INFO] [stderr]    Compiling rustls-webpki v0.103.15
[INFO] [stderr]    Compiling tokio-rustls v0.26.5
[INFO] [stderr]    Compiling rustls-platform-verifier v0.7.0
[INFO] [stderr]    Compiling hyper-rustls v0.27.9
[INFO] [stderr]    Compiling reqwest v0.13.5
[INFO] [stderr]    Compiling docker-registry-client v0.5.0 (/opt/rustwide/workdir)
[INFO] [stderr]     Finished `release` profile [optimized] target(s) in 2m 33s
[INFO] running `Command { std: "docker" "inspect" "f0c2f0023889720d1fa3e6ad6cadf7b63f830b6fb82e88ac5c9da485c79be4e3", kill_on_drop: false }`
[INFO] running `Command { std: "docker" "exec" "-e" "SOURCE_DIR=/opt/rustwide/workdir" "-e" "CARGO_HOME=/opt/rustwide/cargo-home" "-e" "RUSTUP_HOME=/opt/rustwide/rustup-home" "-e" "CARGO_TARGET_DIR=/opt/rustwide/target" "-e" "CARGO_INCREMENTAL=0" "-e" "RUST_BACKTRACE=full" "-e" "RUSTFLAGS=--cap-lints=warn" "-e" "RUSTDOCFLAGS=--cap-lints=warn" "-w" "/opt/rustwide/workdir" "--user" "0:0" "f0c2f0023889720d1fa3e6ad6cadf7b63f830b6fb82e88ac5c9da485c79be4e3" "/opt/rustwide/cargo-home/bin/cargo" "+1.100.0-beta.1" "test" "--frozen" "--no-run" "--message-format=json" "--release", kill_on_drop: false }`
[INFO] [stderr] warning: Cargo.toml: `lints.clippy.allow-attributes` is deprecated in favor of `lints.clippy.allow_attributes` and will not work in a future edition
[INFO] [stderr] warning: Cargo.toml: `lints.clippy.allow-attributes-without-reason` is deprecated in favor of `lints.clippy.allow_attributes_without_reason` and will not work in a future edition
[INFO] [stderr] warning: Cargo.toml: `lints.clippy.dbg-macro` is deprecated in favor of `lints.clippy.dbg_macro` and will not work in a future edition
[INFO] [stderr] warning: Cargo.toml: `lints.clippy.unwrap-used` is deprecated in favor of `lints.clippy.unwrap_used` and will not work in a future edition
[INFO] [stderr] warning: Cargo.toml: `lints.rust.missing-debug-implementations` is deprecated in favor of `lints.rust.missing_debug_implementations` and will not work in a future edition
[INFO] [stderr] warning: Cargo.toml: `lints.rust.rust-2018-idioms` is deprecated in favor of `lints.rust.rust_2018_idioms` and will not work in a future edition
[INFO] [stderr] warning: Cargo.toml: `lints.rust.unsafe-code` is deprecated in favor of `lints.rust.unsafe_code` and will not work in a future edition
[INFO] [stderr] warning: Cargo.toml: `lints.rust.unused-lifetimes` is deprecated in favor of `lints.rust.unused_lifetimes` and will not work in a future edition
[INFO] [stderr] warning: `package.homepage` is redundant with `package.repository`
[INFO] [stderr]   --> Cargo.toml:90:12
[INFO] [stderr]    |
[INFO] [stderr] 90 | homepage = "https://github.com/AlexanderThaller/docker-registry-client"
[INFO] [stderr]    |            ^^^^^^^^^^^^^^^^^^^^^^^^^^^^^^^^^^^^^^^^^^^^^^^^^^^^^^^^^^^^
[INFO] [stderr] ...
[INFO] [stderr] 95 | repository = "https://github.com/AlexanderThaller/docker-registry-client"
[INFO] [stderr]    |              ------------------------------------------------------------
[INFO] [stderr]    |
[INFO] [stderr]    = note: `cargo::redundant_homepage` is set to `warn` by default
[INFO] [stderr] help: consider removing `package.homepage`
[INFO] [stderr] warning: `docker-registry-client` (manifest) generated 9 warnings
[INFO] [stderr]    Compiling bitflags v2.13.2
[INFO] [stderr]    Compiling rustix v1.1.4
[INFO] [stderr]    Compiling linux-raw-sys v0.12.1
[INFO] [stderr]    Compiling getrandom v0.4.3
[INFO] [stderr]    Compiling eyre v0.6.14
[INFO] [stderr]    Compiling console v0.16.6
[INFO] [stderr]    Compiling diff v0.1.13
[INFO] [stderr]    Compiling yansi v1.0.1
[INFO] [stderr]    Compiling similar v2.7.0
[INFO] [stderr]    Compiling indenter v0.3.4
[INFO] [stderr]    Compiling tower-http v0.6.11
[INFO] [stderr]    Compiling pretty_assertions v1.4.1
[INFO] [stderr]    Compiling reqwest v0.13.5
[INFO] [stderr]    Compiling docker-registry-client v0.5.0 (/opt/rustwide/workdir)
[INFO] [stderr]    Compiling tempfile v3.27.0
[INFO] [stderr]    Compiling insta v1.48.0
[INFO] [stderr]     Finished `release` profile [optimized] target(s) in 36.88s
[INFO] running `Command { std: "docker" "inspect" "f0c2f0023889720d1fa3e6ad6cadf7b63f830b6fb82e88ac5c9da485c79be4e3", kill_on_drop: false }`
[INFO] running `Command { std: "docker" "exec" "-e" "SOURCE_DIR=/opt/rustwide/workdir" "-e" "CARGO_HOME=/opt/rustwide/cargo-home" "-e" "RUSTUP_HOME=/opt/rustwide/rustup-home" "-e" "CARGO_TARGET_DIR=/opt/rustwide/target" "-e" "CARGO_INCREMENTAL=0" "-e" "RUST_BACKTRACE=full" "-e" "RUSTFLAGS=--cap-lints=warn" "-e" "RUSTDOCFLAGS=--cap-lints=warn" "-w" "/opt/rustwide/workdir" "--user" "0:0" "f0c2f0023889720d1fa3e6ad6cadf7b63f830b6fb82e88ac5c9da485c79be4e3" "/opt/rustwide/cargo-home/bin/cargo" "+1.100.0-beta.1" "test" "--frozen" "--release", kill_on_drop: false }`
[INFO] [stderr] warning: Cargo.toml: `lints.clippy.allow-attributes` is deprecated in favor of `lints.clippy.allow_attributes` and will not work in a future edition
[INFO] [stderr] warning: Cargo.toml: `lints.clippy.allow-attributes-without-reason` is deprecated in favor of `lints.clippy.allow_attributes_without_reason` and will not work in a future edition
[INFO] [stderr] warning: Cargo.toml: `lints.clippy.dbg-macro` is deprecated in favor of `lints.clippy.dbg_macro` and will not work in a future edition
[INFO] [stderr] warning: Cargo.toml: `lints.clippy.unwrap-used` is deprecated in favor of `lints.clippy.unwrap_used` and will not work in a future edition
[INFO] [stderr] warning: Cargo.toml: `lints.rust.missing-debug-implementations` is deprecated in favor of `lints.rust.missing_debug_implementations` and will not work in a future edition
[INFO] [stderr] warning: Cargo.toml: `lints.rust.rust-2018-idioms` is deprecated in favor of `lints.rust.rust_2018_idioms` and will not work in a future edition
[INFO] [stderr] warning: Cargo.toml: `lints.rust.unsafe-code` is deprecated in favor of `lints.rust.unsafe_code` and will not work in a future edition
[INFO] [stderr] warning: Cargo.toml: `lints.rust.unused-lifetimes` is deprecated in favor of `lints.rust.unused_lifetimes` and will not work in a future edition
[INFO] [stderr] warning: `package.homepage` is redundant with `package.repository`
[INFO] [stderr]   --> Cargo.toml:90:12
[INFO] [stderr]    |
[INFO] [stderr] 90 | homepage = "https://github.com/AlexanderThaller/docker-registry-client"
[INFO] [stderr]    |            ^^^^^^^^^^^^^^^^^^^^^^^^^^^^^^^^^^^^^^^^^^^^^^^^^^^^^^^^^^^^
[INFO] [stderr] ...
[INFO] [stderr] 95 | repository = "https://github.com/AlexanderThaller/docker-registry-client"
[INFO] [stderr]    |              ------------------------------------------------------------
[INFO] [stderr]    |
[INFO] [stderr]    = note: `cargo::redundant_homepage` is set to `warn` by default
[INFO] [stderr] help: consider removing `package.homepage`
[INFO] [stderr] warning: `docker-registry-client` (manifest) generated 9 warnings
[INFO] [stderr]     Finished `release` profile [optimized] target(s) in 0.24s
[INFO] [stderr]      Running unittests src/lib.rs (/opt/rustwide/target/release/build/docker-registry-client/388cbaff220dd934/out/docker_registry_client-388cbaff220dd934)
[INFO] [stdout] 
[INFO] [stdout] running 43 tests
[INFO] [stdout] test docker::auth::tests::token_url::realm_with_query ... ok
[INFO] [stdout] test docker::auth::tests::from_www_authenticate::codeberg ... ok
[INFO] [stdout] test docker::auth::tests::is_basic::anything_else ... ok
[INFO] [stdout] test docker::tests::credentials::debug_redacts_the_password ... ok
[INFO] [stdout] test docker::auth::tests::token_url::dockerhub ... ok
[INFO] [stdout] test docker::auth::tests::is_basic::basic_challenges ... ok
[INFO] [stdout] test docker::auth::tests::from_www_authenticate::not_a_bearer_challenge ... ok
[INFO] [stdout] test docker::auth::tests::from_www_authenticate::without_service ... ok
[INFO] [stdout] test docker::auth::tests::from_www_authenticate::quoted_comma ... ok
[INFO] [stdout] test docker::auth::tests::token_url::invalid_realm ... ok
[INFO] [stdout] test image::registry::tests::from_str::known ... ok
[INFO] [stdout] test image::registry::tests::from_str::not_a_domain ... ok
[INFO] [stdout] test image::registry::tests::from_str::unknown ... ok
[INFO] [stdout] test image::registry::tests::from_str::roundtrip ... ok
[INFO] [stdout] test image::tests::from_str::digest ... ok
[INFO] [stdout] test image::tests::from_str::digest_round_trip ... ok
[INFO] [stdout] test image::tests::from_str::dockerhub::prometheus ... ok
[INFO] [stdout] test image::tests::from_str::codeberg::forgejo ... ok
[INFO] [stdout] test image::tests::from_str::just_name ... ok
[INFO] [stdout] test image::tests::from_str::full_tag ... ok
[INFO] [stdout] test image::tests::from_str::k8s::vpa ... ok
[INFO] [stdout] test image::tests::from_str::unknown_registry::public_ecr ... ok
[INFO] [stdout] test image::tests::from_str::redhat::ubi8 ... ok
[INFO] [stdout] test image::tests::from_str::unknown_registry::localhost ... ok
[INFO] [stdout] test image::tests::from_str::github::cosign ... ok
[INFO] [stdout] test image::tests::from_str::unknown_registry::repository_is_not_a_registry ... ok
[INFO] [stdout] test manifest::tests::image::deserialize::example ... ok
[INFO] [stdout] test manifest::tests::list::deserialize::trivy ... ok
[INFO] [stdout] test manifest::tests::list::deserialize::example ... ok
[INFO] [stdout] test docker::token::tests::token::deserialize::github ... ok
[INFO] [stdout] test manifest::tests::list::deserialize::vaultwarden ... ok
[INFO] [stdout] test docker::token::tests::token::deserialize::dockerhub ... ok
[INFO] [stdout] test manifest::tests::single::deserialize::example ... ok
[INFO] [stdout] test manifest::tests::v1_compatibility::deserialize::example ... ok
[INFO] [stdout] test docker::tests::credentials::a_client_with_credentials_says_so ... ok
[INFO] [stdout] test docker::tests::credentials::a_client_with_credentials_has_a_token_cache_of_its_own ... ok
[INFO] [stdout] test docker::tests::codeberg::forgejo ... FAILED
[INFO] [stdout] test docker::tests::unknown_registry::public_ecr ... FAILED
[INFO] [stdout] test docker::tests::dockerhub::alpine ... FAILED
[INFO] [stdout] test docker::tests::redhat::cosign_sbom_blob ... FAILED
[INFO] [stdout] test docker::tests::redhat::cosign ... FAILED
[INFO] [stdout] test docker::tests::redhat::playwright ... FAILED
[INFO] [stdout] test docker::tests::redhat::ubi8 ... FAILED
[INFO] [stdout] 
[INFO] [stdout] failures:
[INFO] [stdout] 
[INFO] [stdout] ---- docker::tests::codeberg::forgejo stdout ----
[INFO] [stdout] 
[INFO] [stdout] thread 'docker::tests::codeberg::forgejo' (3841) panicked at src/docker.rs:695:62:
[INFO] [stdout] called `Result::unwrap()` on an `Err` value: GetToken(reqwest::Error { kind: Request, url: "https://codeberg.org/v2/token?scope=repository%3Aforgejo%2Fforgejo%3Apull&service=container_registry", source: hyper_util::client::legacy::Error(Connect, ConnectError("dns error", DnsError { inner: Custom { kind: Uncategorized, error: "failed to lookup address information: Temporary failure in name resolution" } })) })
[INFO] [stdout] stack backtrace:
[INFO] [stdout]    0:     0x56c478063ce1 - <<std[617be2ca0a6fd877]::sys::backtrace::BacktraceLock>::print::DisplayBacktrace as core[a373ad73a504971]::fmt::Display>::fmt
[INFO] [stdout]    1:     0x56c47807c76a - core[a373ad73a504971]::fmt::write
[INFO] [stdout]    2:     0x56c478068c0c - <alloc[2e1b2a31b91974c5]::vec::Vec<u8> as core[a373ad73a504971]::io::write::Write>::write_fmt
[INFO] [stdout]    3:     0x56c47803b946 - std[617be2ca0a6fd877]::panicking::default_hook::{closure#0}
[INFO] [stdout]    4:     0x56c47805a289 - std[617be2ca0a6fd877]::panicking::default_hook
[INFO] [stdout]    5:     0x56c477c4a2c0 - test[aada8e7e76ba119b]::test_main_inner::{closure#0}
[INFO] [stdout]    6:     0x56c47805a5b2 - std[617be2ca0a6fd877]::panicking::panic_with_hook
[INFO] [stdout]    7:     0x56c47803b9f2 - std[617be2ca0a6fd877]::panicking::panic_handler::{closure#0}
[INFO] [stdout]    8:     0x56c478034149 - std[617be2ca0a6fd877]::sys::backtrace::__rust_end_short_backtrace::<std[617be2ca0a6fd877]::panicking::panic_handler::{closure#0}, !>
[INFO] [stdout]    9:     0x56c47803c88d - __rustc[ea4f61d10b84890b]::rust_begin_unwind
[INFO] [stdout]   10:     0x56c47807cecc - core[a373ad73a504971]::panicking::panic_fmt
[INFO] [stdout]   11:     0x56c47807cca2 - core[a373ad73a504971]::result::unwrap_failed
[INFO] [stdout]   12:     0x56c477bb68e8 - docker_registry_client[daf50687435bd811]::docker::tests::codeberg::forgejo::{closure#0}
[INFO] [stdout]   13:     0x56c477bb7d23 - <tokio[20d5623f13bc2c9b]::runtime::scheduler::current_thread::Context>::enter::<core[a373ad73a504971]::task::poll::Poll<()>, <tokio[20d5623f13bc2c9b]::runtime::scheduler::current_thread::CoreGuard>::block_on<core[a373ad73a504971]::pin::Pin<&mut core[a373ad73a504971]::pin::Pin<&mut dyn core[a373ad73a504971]::future::future::Future<Output = ()>>>>::{closure#0}::{closure#0}>
[INFO] [stdout]   14:     0x56c477b7bb8c - <tokio[20d5623f13bc2c9b]::runtime::context::scoped::Scoped<tokio[20d5623f13bc2c9b]::runtime::scheduler::Context>>::set::<<tokio[20d5623f13bc2c9b]::runtime::scheduler::current_thread::CoreGuard>::enter<<tokio[20d5623f13bc2c9b]::runtime::scheduler::current_thread::CoreGuard>::block_on<core[a373ad73a504971]::pin::Pin<&mut core[a373ad73a504971]::pin::Pin<&mut dyn core[a373ad73a504971]::future::future::Future<Output = ()>>>>::{closure#0}, core[a373ad73a504971]::option::Option<()>>::{closure#0}, (alloc[2e1b2a31b91974c5]::boxed::Box<tokio[20d5623f13bc2c9b]::runtime::scheduler::current_thread::Core>, core[a373ad73a504971]::option::Option<()>)>
[INFO] [stdout]   15:     0x56c477bb7ec7 - <tokio[20d5623f13bc2c9b]::runtime::scheduler::current_thread::CoreGuard>::block_on::<core[a373ad73a504971]::pin::Pin<&mut core[a373ad73a504971]::pin::Pin<&mut dyn core[a373ad73a504971]::future::future::Future<Output = ()>>>>
[INFO] [stdout]   16:     0x56c477b7cebb - tokio[20d5623f13bc2c9b]::runtime::context::runtime::enter_runtime::<<tokio[20d5623f13bc2c9b]::runtime::scheduler::current_thread::CurrentThread>::block_on<core[a373ad73a504971]::pin::Pin<&mut dyn core[a373ad73a504971]::future::future::Future<Output = ()>>>::{closure#0}, ()>
[INFO] [stdout]   17:     0x56c477b7b91b - <tokio[20d5623f13bc2c9b]::runtime::runtime::Runtime>::block_on::<core[a373ad73a504971]::pin::Pin<&mut dyn core[a373ad73a504971]::future::future::Future<Output = ()>>>
[INFO] [stdout]   18:     0x56c477bb7a2e - <docker_registry_client[daf50687435bd811]::docker::tests::codeberg::forgejo::{closure#0} as core[a373ad73a504971]::ops::function::FnOnce<()>>::call_once
[INFO] [stdout]   19:     0x56c477c3d70b - test[aada8e7e76ba119b]::__rust_begin_short_backtrace::<core[a373ad73a504971]::result::Result<(), alloc[2e1b2a31b91974c5]::string::String>, fn() -> core[a373ad73a504971]::result::Result<(), alloc[2e1b2a31b91974c5]::string::String>>
[INFO] [stdout]   20:     0x56c477c4a8e5 - test[aada8e7e76ba119b]::run_test::{closure#0}
[INFO] [stdout]   21:     0x56c477c441d4 - std[617be2ca0a6fd877]::sys::backtrace::__rust_begin_short_backtrace::<test[aada8e7e76ba119b]::run_test::{closure#1}, ()>
[INFO] [stdout]   22:     0x56c477c4d972 - <std[617be2ca0a6fd877]::thread::lifecycle::spawn_unchecked<test[aada8e7e76ba119b]::run_test::{closure#1}, ()>::{closure#1} as core[a373ad73a504971]::ops::function::FnOnce<()>>::call_once::{shim:vtable#0}
[INFO] [stdout]   23:     0x56c47806293f - <std[617be2ca0a6fd877]::sys::thread::unix::Thread>::new::thread_start
[INFO] [stdout]   24:     0x78449c5aadfa - <unknown>
[INFO] [stdout]   25:     0x78449c63e3d4 - clone
[INFO] [stdout]   26:                0x0 - <unknown>
[INFO] [stdout] 
[INFO] [stdout] ---- docker::tests::unknown_registry::public_ecr stdout ----
[INFO] [stdout] 
[INFO] [stdout] thread 'docker::tests::unknown_registry::public_ecr' (3850) panicked at src/docker.rs:712:62:
[INFO] [stdout] called `Result::unwrap()` on an `Err` value: GetManifest(reqwest::Error { kind: Request, url: "https://public.ecr.aws/v2/docker/library/alpine/manifests/3.20", source: hyper_util::client::legacy::Error(Connect, ConnectError("dns error", DnsError { inner: Custom { kind: Uncategorized, error: "failed to lookup address information: Temporary failure in name resolution" } })) })
[INFO] [stdout] stack backtrace:
[INFO] [stdout]    0:     0x56c478063ce1 - <<std[617be2ca0a6fd877]::sys::backtrace::BacktraceLock>::print::DisplayBacktrace as core[a373ad73a504971]::fmt::Display>::fmt
[INFO] [stdout]    1:     0x56c47807c76a - core[a373ad73a504971]::fmt::write
[INFO] [stdout]    2:     0x56c478068c0c - <alloc[2e1b2a31b91974c5]::vec::Vec<u8> as core[a373ad73a504971]::io::write::Write>::write_fmt
[INFO] [stdout]    3:     0x56c47803b946 - std[617be2ca0a6fd877]::panicking::default_hook::{closure#0}
[INFO] [stdout]    4:     0x56c47805a289 - std[617be2ca0a6fd877]::panicking::default_hook
[INFO] [stdout]    5:     0x56c477c4a2c0 - test[aada8e7e76ba119b]::test_main_inner::{closure#0}
[INFO] [stdout]    6:     0x56c47805a5b2 - std[617be2ca0a6fd877]::panicking::panic_with_hook
[INFO] [stdout]    7:     0x56c47803b9f2 - std[617be2ca0a6fd877]::panicking::panic_handler::{closure#0}
[INFO] [stdout]    8:     0x56c478034149 - std[617be2ca0a6fd877]::sys::backtrace::__rust_end_short_backtrace::<std[617be2ca0a6fd877]::panicking::panic_handler::{closure#0}, !>
[INFO] [stdout]    9:     0x56c47803c88d - __rustc[ea4f61d10b84890b]::rust_begin_unwind
[INFO] [stdout]   10:     0x56c47807cecc - core[a373ad73a504971]::panicking::panic_fmt
[INFO] [stdout]   11:     0x56c47807cca2 - core[a373ad73a504971]::result::unwrap_failed
[INFO] [stdout]   12:     0x56c477ba8bd8 - docker_registry_client[daf50687435bd811]::docker::tests::unknown_registry::public_ecr::{closure#0}
[INFO] [stdout]   13:     0x56c477bb7d23 - <tokio[20d5623f13bc2c9b]::runtime::scheduler::current_thread::Context>::enter::<core[a373ad73a504971]::task::poll::Poll<()>, <tokio[20d5623f13bc2c9b]::runtime::scheduler::current_thread::CoreGuard>::block_on<core[a373ad73a504971]::pin::Pin<&mut core[a373ad73a504971]::pin::Pin<&mut dyn core[a373ad73a504971]::future::future::Future<Output = ()>>>>::{closure#0}::{closure#0}>
[INFO] [stdout]   14:     0x56c477b7bb8c - <tokio[20d5623f13bc2c9b]::runtime::context::scoped::Scoped<tokio[20d5623f13bc2c9b]::runtime::scheduler::Context>>::set::<<tokio[20d5623f13bc2c9b]::runtime::scheduler::current_thread::CoreGuard>::enter<<tokio[20d5623f13bc2c9b]::runtime::scheduler::current_thread::CoreGuard>::block_on<core[a373ad73a504971]::pin::Pin<&mut core[a373ad73a504971]::pin::Pin<&mut dyn core[a373ad73a504971]::future::future::Future<Output = ()>>>>::{closure#0}, core[a373ad73a504971]::option::Option<()>>::{closure#0}, (alloc[2e1b2a31b91974c5]::boxed::Box<tokio[20d5623f13bc2c9b]::runtime::scheduler::current_thread::Core>, core[a373ad73a504971]::option::Option<()>)>
[INFO] [stdout]   15:     0x56c477bb7ec7 - <tokio[20d5623f13bc2c9b]::runtime::scheduler::current_thread::CoreGuard>::block_on::<core[a373ad73a504971]::pin::Pin<&mut core[a373ad73a504971]::pin::Pin<&mut dyn core[a373ad73a504971]::future::future::Future<Output = ()>>>>
[INFO] [stdout]   16:     0x56c477b7cebb - tokio[20d5623f13bc2c9b]::runtime::context::runtime::enter_runtime::<<tokio[20d5623f13bc2c9b]::runtime::scheduler::current_thread::CurrentThread>::block_on<core[a373ad73a504971]::pin::Pin<&mut dyn core[a373ad73a504971]::future::future::Future<Output = ()>>>::{closure#0}, ()>
[INFO] [stdout]   17:     0x56c477b7b91b - <tokio[20d5623f13bc2c9b]::runtime::runtime::Runtime>::block_on::<core[a373ad73a504971]::pin::Pin<&mut dyn core[a373ad73a504971]::future::future::Future<Output = ()>>>
[INFO] [stdout]   18:     0x56c477ba9d8e - <docker_registry_client[daf50687435bd811]::docker::tests::unknown_registry::public_ecr::{closure#0} as core[a373ad73a504971]::ops::function::FnOnce<()>>::call_once
[INFO] [stdout]   19:     0x56c477c3d70b - test[aada8e7e76ba119b]::__rust_begin_short_backtrace::<core[a373ad73a504971]::result::Result<(), alloc[2e1b2a31b91974c5]::string::String>, fn() -> core[a373ad73a504971]::result::Result<(), alloc[2e1b2a31b91974c5]::string::String>>
[INFO] [stdout]   20:     0x56c477c4a8e5 - test[aada8e7e76ba119b]::run_test::{closure#0}
[INFO] [stdout]   21:     0x56c477c441d4 - std[617be2ca0a6fd877]::sys::backtrace::__rust_begin_short_backtrace::<test[aada8e7e76ba119b]::run_test::{closure#1}, ()>
[INFO] [stdout]   22:     0x56c477c4d972 - <std[617be2ca0a6fd877]::thread::lifecycle::spawn_unchecked<test[aada8e7e76ba119b]::run_test::{closure#1}, ()>::{closure#1} as core[a373ad73a504971]::ops::function::FnOnce<()>>::call_once::{shim:vtable#0}
[INFO] [stdout]   23:     0x56c47806293f - <std[617be2ca0a6fd877]::sys::thread::unix::Thread>::new::thread_start
[INFO] [stdout]   24:     0x78449c5aadfa - <unknown>
[INFO] [stdout]   25:     0x78449c63e3d4 - clone
[INFO] [stdout]   26:                0x0 - <unknown>
[INFO] [stdout] 
[INFO] [stdout] ---- docker::tests::dockerhub::alpine stdout ----
[INFO] [stdout] 
[INFO] [stdout] thread 'docker::tests::dockerhub::alpine' (3845) panicked at src/docker.rs:581:67:
[INFO] [stdout] called `Result::unwrap()` on an `Err` value: GetToken(reqwest::Error { kind: Request, url: "https://auth.docker.io/token?scope=repository%3Alibrary%2Falpine%3Apull&service=registry.docker.io", source: hyper_util::client::legacy::Error(Connect, ConnectError("dns error", DnsError { inner: Custom { kind: Uncategorized, error: "failed to lookup address information: Temporary failure in name resolution" } })) })
[INFO] [stdout] stack backtrace:
[INFO] [stdout]    0:     0x56c478063ce1 - <<std[617be2ca0a6fd877]::sys::backtrace::BacktraceLock>::print::DisplayBacktrace as core[a373ad73a504971]::fmt::Display>::fmt
[INFO] [stdout]    1:     0x56c47807c76a - core[a373ad73a504971]::fmt::write
[INFO] [stdout]    2:     0x56c478068c0c - <alloc[2e1b2a31b91974c5]::vec::Vec<u8> as core[a373ad73a504971]::io::write::Write>::write_fmt
[INFO] [stdout]    3:     0x56c47803b946 - std[617be2ca0a6fd877]::panicking::default_hook::{closure#0}
[INFO] [stdout]    4:     0x56c47805a289 - std[617be2ca0a6fd877]::panicking::default_hook
[INFO] [stdout]    5:     0x56c477c4a2c0 - test[aada8e7e76ba119b]::test_main_inner::{closure#0}
[INFO] [stdout]    6:     0x56c47805a5b2 - std[617be2ca0a6fd877]::panicking::panic_with_hook
[INFO] [stdout]    7:     0x56c47803b9f2 - std[617be2ca0a6fd877]::panicking::panic_handler::{closure#0}
[INFO] [stdout]    8:     0x56c478034149 - std[617be2ca0a6fd877]::sys::backtrace::__rust_end_short_backtrace::<std[617be2ca0a6fd877]::panicking::panic_handler::{closure#0}, !>
[INFO] [stdout]    9:     0x56c47803c88d - __rustc[ea4f61d10b84890b]::rust_begin_unwind
[INFO] [stdout]   10:     0x56c47807cecc - core[a373ad73a504971]::panicking::panic_fmt
[INFO] [stdout]   11:     0x56c47807cca2 - core[a373ad73a504971]::result::unwrap_failed
[INFO] [stdout]   12:     0x56c477bc490e - docker_registry_client[daf50687435bd811]::docker::tests::dockerhub::alpine::{closure#0}
[INFO] [stdout]   13:     0x56c477bb7d23 - <tokio[20d5623f13bc2c9b]::runtime::scheduler::current_thread::Context>::enter::<core[a373ad73a504971]::task::poll::Poll<()>, <tokio[20d5623f13bc2c9b]::runtime::scheduler::current_thread::CoreGuard>::block_on<core[a373ad73a504971]::pin::Pin<&mut core[a373ad73a504971]::pin::Pin<&mut dyn core[a373ad73a504971]::future::future::Future<Output = ()>>>>::{closure#0}::{closure#0}>
[INFO] [stdout]   14:     0x56c477b7bb8c - <tokio[20d5623f13bc2c9b]::runtime::context::scoped::Scoped<tokio[20d5623f13bc2c9b]::runtime::scheduler::Context>>::set::<<tokio[20d5623f13bc2c9b]::runtime::scheduler::current_thread::CoreGuard>::enter<<tokio[20d5623f13bc2c9b]::runtime::scheduler::current_thread::CoreGuard>::block_on<core[a373ad73a504971]::pin::Pin<&mut core[a373ad73a504971]::pin::Pin<&mut dyn core[a373ad73a504971]::future::future::Future<Output = ()>>>>::{closure#0}, core[a373ad73a504971]::option::Option<()>>::{closure#0}, (alloc[2e1b2a31b91974c5]::boxed::Box<tokio[20d5623f13bc2c9b]::runtime::scheduler::current_thread::Core>, core[a373ad73a504971]::option::Option<()>)>
[INFO] [stdout]   15:     0x56c477bb7ec7 - <tokio[20d5623f13bc2c9b]::runtime::scheduler::current_thread::CoreGuard>::block_on::<core[a373ad73a504971]::pin::Pin<&mut core[a373ad73a504971]::pin::Pin<&mut dyn core[a373ad73a504971]::future::future::Future<Output = ()>>>>
[INFO] [stdout]   16:     0x56c477b7cebb - tokio[20d5623f13bc2c9b]::runtime::context::runtime::enter_runtime::<<tokio[20d5623f13bc2c9b]::runtime::scheduler::current_thread::CurrentThread>::block_on<core[a373ad73a504971]::pin::Pin<&mut dyn core[a373ad73a504971]::future::future::Future<Output = ()>>>::{closure#0}, ()>
[INFO] [stdout]   17:     0x56c477b7b91b - <tokio[20d5623f13bc2c9b]::runtime::runtime::Runtime>::block_on::<core[a373ad73a504971]::pin::Pin<&mut dyn core[a373ad73a504971]::future::future::Future<Output = ()>>>
[INFO] [stdout]   18:     0x56c477bc5c0e - <docker_registry_client[daf50687435bd811]::docker::tests::dockerhub::alpine::{closure#0} as core[a373ad73a504971]::ops::function::FnOnce<()>>::call_once
[INFO] [stdout]   19:     0x56c477c3d70b - test[aada8e7e76ba119b]::__rust_begin_short_backtrace::<core[a373ad73a504971]::result::Result<(), alloc[2e1b2a31b91974c5]::string::String>, fn() -> core[a373ad73a504971]::result::Result<(), alloc[2e1b2a31b91974c5]::string::String>>
[INFO] [stdout]   20:     0x56c477c4a8e5 - test[aada8e7e76ba119b]::run_test::{closure#0}
[INFO] [stdout]   21:     0x56c477c441d4 - std[617be2ca0a6fd877]::sys::backtrace::__rust_begin_short_backtrace::<test[aada8e7e76ba119b]::run_test::{closure#1}, ()>
[INFO] [stdout]   22:     0x56c477c4d972 - <std[617be2ca0a6fd877]::thread::lifecycle::spawn_unchecked<test[aada8e7e76ba119b]::run_test::{closure#1}, ()>::{closure#1} as core[a373ad73a504971]::ops::function::FnOnce<()>>::call_once::{shim:vtable#0}
[INFO] [stdout]   23:     0x56c47806293f - <std[617be2ca0a6fd877]::sys::thread::unix::Thread>::new::thread_start
[INFO] [stdout]   24:     0x78449c5aadfa - <unknown>
[INFO] [stdout]   25:     0x78449c63e3d4 - clone
[INFO] [stdout]   26:                0x0 - <unknown>
[INFO] [stdout] 
[INFO] [stdout] ---- docker::tests::redhat::cosign_sbom_blob stdout ----
[INFO] [stdout] 
[INFO] [stdout] thread 'docker::tests::redhat::cosign_sbom_blob' (3847) panicked at src/docker.rs:639:71:
[INFO] [stdout] called `Result::unwrap()` on an `Err` value: GetToken(reqwest::Error { kind: Request, url: "https://ghcr.io/token?scope=repository%3Asigstore%2Fcosign%2Fcosign%3Apull&service=ghcr.io", source: hyper_util::client::legacy::Error(Connect, ConnectError("dns error", DnsError { inner: Custom { kind: Uncategorized, error: "failed to lookup address information: Temporary failure in name resolution" } })) })
[INFO] [stdout] stack backtrace:
[INFO] [stdout]    0:     0x56c478063ce1 - <<std[617be2ca0a6fd877]::sys::backtrace::BacktraceLock>::print::DisplayBacktrace as core[a373ad73a504971]::fmt::Display>::fmt
[INFO] [stdout]    1:     0x56c47807c76a - core[a373ad73a504971]::fmt::write
[INFO] [stdout]    2:     0x56c478068c0c - <alloc[2e1b2a31b91974c5]::vec::Vec<u8> as core[a373ad73a504971]::io::write::Write>::write_fmt
[INFO] [stdout]    3:     0x56c47803b946 - std[617be2ca0a6fd877]::panicking::default_hook::{closure#0}
[INFO] [stdout]    4:     0x56c47805a289 - std[617be2ca0a6fd877]::panicking::default_hook
[INFO] [stdout]    5:     0x56c477c4a2c0 - test[aada8e7e76ba119b]::test_main_inner::{closure#0}
[INFO] [stdout]    6:     0x56c47805a5b2 - std[617be2ca0a6fd877]::panicking::panic_with_hook
[INFO] [stdout]    7:     0x56c47803b9f2 - std[617be2ca0a6fd877]::panicking::panic_handler::{closure#0}
[INFO] [stdout]    8:     0x56c478034149 - std[617be2ca0a6fd877]::sys::backtrace::__rust_end_short_backtrace::<std[617be2ca0a6fd877]::panicking::panic_handler::{closure#0}, !>
[INFO] [stdout]    9:     0x56c47803c88d - __rustc[ea4f61d10b84890b]::rust_begin_unwind
[INFO] [stdout]   10:     0x56c47807cecc - core[a373ad73a504971]::panicking::panic_fmt
[INFO] [stdout]   11:     0x56c47807cca2 - core[a373ad73a504971]::result::unwrap_failed
[INFO] [stdout]   12:     0x56c477b6ca9a - docker_registry_client[daf50687435bd811]::docker::tests::redhat::cosign_sbom_blob::{closure#0}
[INFO] [stdout]   13:     0x56c477bb7d23 - <tokio[20d5623f13bc2c9b]::runtime::scheduler::current_thread::Context>::enter::<core[a373ad73a504971]::task::poll::Poll<()>, <tokio[20d5623f13bc2c9b]::runtime::scheduler::current_thread::CoreGuard>::block_on<core[a373ad73a504971]::pin::Pin<&mut core[a373ad73a504971]::pin::Pin<&mut dyn core[a373ad73a504971]::future::future::Future<Output = ()>>>>::{closure#0}::{closure#0}>
[INFO] [stdout]   14:     0x56c477b7bb8c - <tokio[20d5623f13bc2c9b]::runtime::context::scoped::Scoped<tokio[20d5623f13bc2c9b]::runtime::scheduler::Context>>::set::<<tokio[20d5623f13bc2c9b]::runtime::scheduler::current_thread::CoreGuard>::enter<<tokio[20d5623f13bc2c9b]::runtime::scheduler::current_thread::CoreGuard>::block_on<core[a373ad73a504971]::pin::Pin<&mut core[a373ad73a504971]::pin::Pin<&mut dyn core[a373ad73a504971]::future::future::Future<Output = ()>>>>::{closure#0}, core[a373ad73a504971]::option::Option<()>>::{closure#0}, (alloc[2e1b2a31b91974c5]::boxed::Box<tokio[20d5623f13bc2c9b]::runtime::scheduler::current_thread::Core>, core[a373ad73a504971]::option::Option<()>)>
[INFO] [stdout]   15:     0x56c477bb7ec7 - <tokio[20d5623f13bc2c9b]::runtime::scheduler::current_thread::CoreGuard>::block_on::<core[a373ad73a504971]::pin::Pin<&mut core[a373ad73a504971]::pin::Pin<&mut dyn core[a373ad73a504971]::future::future::Future<Output = ()>>>>
[INFO] [stdout]   16:     0x56c477b7cebb - tokio[20d5623f13bc2c9b]::runtime::context::runtime::enter_runtime::<<tokio[20d5623f13bc2c9b]::runtime::scheduler::current_thread::CurrentThread>::block_on<core[a373ad73a504971]::pin::Pin<&mut dyn core[a373ad73a504971]::future::future::Future<Output = ()>>>::{closure#0}, ()>
[INFO] [stdout]   17:     0x56c477b7b91b - <tokio[20d5623f13bc2c9b]::runtime::runtime::Runtime>::block_on::<core[a373ad73a504971]::pin::Pin<&mut dyn core[a373ad73a504971]::future::future::Future<Output = ()>>>
[INFO] [stdout]   18:     0x56c477b6f49e - <docker_registry_client[daf50687435bd811]::docker::tests::redhat::cosign_sbom_blob::{closure#0} as core[a373ad73a504971]::ops::function::FnOnce<()>>::call_once
[INFO] [stdout]   19:     0x56c477c3d70b - test[aada8e7e76ba119b]::__rust_begin_short_backtrace::<core[a373ad73a504971]::result::Result<(), alloc[2e1b2a31b91974c5]::string::String>, fn() -> core[a373ad73a504971]::result::Result<(), alloc[2e1b2a31b91974c5]::string::String>>
[INFO] [stdout]   20:     0x56c477c4a8e5 - test[aada8e7e76ba119b]::run_test::{closure#0}
[INFO] [stdout]   21:     0x56c477c441d4 - std[617be2ca0a6fd877]::sys::backtrace::__rust_begin_short_backtrace::<test[aada8e7e76ba119b]::run_test::{closure#1}, ()>
[INFO] [stdout]   22:     0x56c477c4d972 - <std[617be2ca0a6fd877]::thread::lifecycle::spawn_unchecked<test[aada8e7e76ba119b]::run_test::{closure#1}, ()>::{closure#1} as core[a373ad73a504971]::ops::function::FnOnce<()>>::call_once::{shim:vtable#0}
[INFO] [stdout]   23:     0x56c47806293f - <std[617be2ca0a6fd877]::sys::thread::unix::Thread>::new::thread_start
[INFO] [stdout]   24:     0x78449c5aadfa - <unknown>
[INFO] [stdout]   25:     0x78449c63e3d4 - clone
[INFO] [stdout]   26:                0x0 - <unknown>
[INFO] [stdout] 
[INFO] [stdout] ---- docker::tests::redhat::cosign stdout ----
[INFO] [stdout] 
[INFO] [stdout] thread 'docker::tests::redhat::cosign' (3846) panicked at src/docker.rs:623:62:
[INFO] [stdout] called `Result::unwrap()` on an `Err` value: GetToken(reqwest::Error { kind: Request, url: "https://ghcr.io/token?scope=repository%3Asigstore%2Fcosign%2Fcosign%3Apull&service=ghcr.io", source: hyper_util::client::legacy::Error(Connect, ConnectError("dns error", DnsError { inner: Custom { kind: Uncategorized, error: "failed to lookup address information: Temporary failure in name resolution" } })) })
[INFO] [stdout] stack backtrace:
[INFO] [stdout]    0:     0x56c478063ce1 - <<std[617be2ca0a6fd877]::sys::backtrace::BacktraceLock>::print::DisplayBacktrace as core[a373ad73a504971]::fmt::Display>::fmt
[INFO] [stdout]    1:     0x56c47807c76a - core[a373ad73a504971]::fmt::write
[INFO] [stdout]    2:     0x56c478068c0c - <alloc[2e1b2a31b91974c5]::vec::Vec<u8> as core[a373ad73a504971]::io::write::Write>::write_fmt
[INFO] [stdout]    3:     0x56c47803b946 - std[617be2ca0a6fd877]::panicking::default_hook::{closure#0}
[INFO] [stdout]    4:     0x56c47805a289 - std[617be2ca0a6fd877]::panicking::default_hook
[INFO] [stdout]    5:     0x56c477c4a2c0 - test[aada8e7e76ba119b]::test_main_inner::{closure#0}
[INFO] [stdout]    6:     0x56c47805a5b2 - std[617be2ca0a6fd877]::panicking::panic_with_hook
[INFO] [stdout]    7:     0x56c47803b9f2 - std[617be2ca0a6fd877]::panicking::panic_handler::{closure#0}
[INFO] [stdout]    8:     0x56c478034149 - std[617be2ca0a6fd877]::sys::backtrace::__rust_end_short_backtrace::<std[617be2ca0a6fd877]::panicking::panic_handler::{closure#0}, !>
[INFO] [stdout]    9:     0x56c47803c88d - __rustc[ea4f61d10b84890b]::rust_begin_unwind
[INFO] [stdout]   10:     0x56c47807cecc - core[a373ad73a504971]::panicking::panic_fmt
[INFO] [stdout]   11:     0x56c47807cca2 - core[a373ad73a504971]::result::unwrap_failed
[INFO] [stdout]   12:     0x56c477b6ea8f - docker_registry_client[daf50687435bd811]::docker::tests::redhat::cosign::{closure#0}
[INFO] [stdout]   13:     0x56c477bb7d23 - <tokio[20d5623f13bc2c9b]::runtime::scheduler::current_thread::Context>::enter::<core[a373ad73a504971]::task::poll::Poll<()>, <tokio[20d5623f13bc2c9b]::runtime::scheduler::current_thread::CoreGuard>::block_on<core[a373ad73a504971]::pin::Pin<&mut core[a373ad73a504971]::pin::Pin<&mut dyn core[a373ad73a504971]::future::future::Future<Output = ()>>>>::{closure#0}::{closure#0}>
[INFO] [stdout]   14:     0x56c477b7bb8c - <tokio[20d5623f13bc2c9b]::runtime::context::scoped::Scoped<tokio[20d5623f13bc2c9b]::runtime::scheduler::Context>>::set::<<tokio[20d5623f13bc2c9b]::runtime::scheduler::current_thread::CoreGuard>::enter<<tokio[20d5623f13bc2c9b]::runtime::scheduler::current_thread::CoreGuard>::block_on<core[a373ad73a504971]::pin::Pin<&mut core[a373ad73a504971]::pin::Pin<&mut dyn core[a373ad73a504971]::future::future::Future<Output = ()>>>>::{closure#0}, core[a373ad73a504971]::option::Option<()>>::{closure#0}, (alloc[2e1b2a31b91974c5]::boxed::Box<tokio[20d5623f13bc2c9b]::runtime::scheduler::current_thread::Core>, core[a373ad73a504971]::option::Option<()>)>
[INFO] [stdout]   15:     0x56c477bb7ec7 - <tokio[20d5623f13bc2c9b]::runtime::scheduler::current_thread::CoreGuard>::block_on::<core[a373ad73a504971]::pin::Pin<&mut core[a373ad73a504971]::pin::Pin<&mut dyn core[a373ad73a504971]::future::future::Future<Output = ()>>>>
[INFO] [stdout]   16:     0x56c477b7cebb - tokio[20d5623f13bc2c9b]::runtime::context::runtime::enter_runtime::<<tokio[20d5623f13bc2c9b]::runtime::scheduler::current_thread::CurrentThread>::block_on<core[a373ad73a504971]::pin::Pin<&mut dyn core[a373ad73a504971]::future::future::Future<Output = ()>>>::{closure#0}, ()>
[INFO] [stdout]   17:     0x56c477b7b91b - <tokio[20d5623f13bc2c9b]::runtime::runtime::Runtime>::block_on::<core[a373ad73a504971]::pin::Pin<&mut dyn core[a373ad73a504971]::future::future::Future<Output = ()>>>
[INFO] [stdout]   18:     0x56c477b6f79e - <docker_registry_client[daf50687435bd811]::docker::tests::redhat::cosign::{closure#0} as core[a373ad73a504971]::ops::function::FnOnce<()>>::call_once
[INFO] [stdout]   19:     0x56c477c3d70b - test[aada8e7e76ba119b]::__rust_begin_short_backtrace::<core[a373ad73a504971]::result::Result<(), alloc[2e1b2a31b91974c5]::string::String>, fn() -> core[a373ad73a504971]::result::Result<(), alloc[2e1b2a31b91974c5]::string::String>>
[INFO] [stdout]   20:     0x56c477c4a8e5 - test[aada8e7e76ba119b]::run_test::{closure#0}
[INFO] [stdout]   21:     0x56c477c441d4 - std[617be2ca0a6fd877]::sys::backtrace::__rust_begin_short_backtrace::<test[aada8e7e76ba119b]::run_test::{closure#1}, ()>
[INFO] [stdout]   22:     0x56c477c4d972 - <std[617be2ca0a6fd877]::thread::lifecycle::spawn_unchecked<test[aada8e7e76ba119b]::run_test::{closure#1}, ()>::{closure#1} as core[a373ad73a504971]::ops::function::FnOnce<()>>::call_once::{shim:vtable#0}
[INFO] [stdout]   23:     0x56c47806293f - <std[617be2ca0a6fd877]::sys::thread::unix::Thread>::new::thread_start
[INFO] [stdout]   24:     0x78449c5aadfa - <unknown>
[INFO] [stdout]   25:     0x78449c63e3d4 - clone
[INFO] [stdout]   26:                0x0 - <unknown>
[INFO] [stdout] 
[INFO] [stdout] ---- docker::tests::redhat::playwright stdout ----
[INFO] [stdout] 
[INFO] [stdout] thread 'docker::tests::redhat::playwright' (3848) panicked at src/docker.rs:680:62:
[INFO] [stdout] called `Result::unwrap()` on an `Err` value: GetManifest(reqwest::Error { kind: Request, url: "https://mcr.microsoft.com/v2/playwright/manifests/v1.48.2-noble", source: hyper_util::client::legacy::Error(Connect, ConnectError("dns error", DnsError { inner: Custom { kind: Uncategorized, error: "failed to lookup address information: Temporary failure in name resolution" } })) })
[INFO] [stdout] stack backtrace:
[INFO] [stdout]    0:     0x56c478063ce1 - <<std[617be2ca0a6fd877]::sys::backtrace::BacktraceLock>::print::DisplayBacktrace as core[a373ad73a504971]::fmt::Display>::fmt
[INFO] [stdout]    1:     0x56c47807c76a - core[a373ad73a504971]::fmt::write
[INFO] [stdout]    2:     0x56c478068c0c - <alloc[2e1b2a31b91974c5]::vec::Vec<u8> as core[a373ad73a504971]::io::write::Write>::write_fmt
[INFO] [stdout]    3:     0x56c47803b946 - std[617be2ca0a6fd877]::panicking::default_hook::{closure#0}
[INFO] [stdout]    4:     0x56c47805a289 - std[617be2ca0a6fd877]::panicking::default_hook
[INFO] [stdout]    5:     0x56c477c4a2c0 - test[aada8e7e76ba119b]::test_main_inner::{closure#0}
[INFO] [stdout]    6:     0x56c47805a5b2 - std[617be2ca0a6fd877]::panicking::panic_with_hook
[INFO] [stdout]    7:     0x56c47803b9f2 - std[617be2ca0a6fd877]::panicking::panic_handler::{closure#0}
[INFO] [stdout]    8:     0x56c478034149 - std[617be2ca0a6fd877]::sys::backtrace::__rust_end_short_backtrace::<std[617be2ca0a6fd877]::panicking::panic_handler::{closure#0}, !>
[INFO] [stdout]    9:     0x56c47803c88d - __rustc[ea4f61d10b84890b]::rust_begin_unwind
[INFO] [stdout]   10:     0x56c47807cecc - core[a373ad73a504971]::panicking::panic_fmt
[INFO] [stdout]   11:     0x56c47807cca2 - core[a373ad73a504971]::result::unwrap_failed
[INFO] [stdout]   12:     0x56c477b6ab1f - docker_registry_client[daf50687435bd811]::docker::tests::redhat::playwright::{closure#0}
[INFO] [stdout]   13:     0x56c477bb7d23 - <tokio[20d5623f13bc2c9b]::runtime::scheduler::current_thread::Context>::enter::<core[a373ad73a504971]::task::poll::Poll<()>, <tokio[20d5623f13bc2c9b]::runtime::scheduler::current_thread::CoreGuard>::block_on<core[a373ad73a504971]::pin::Pin<&mut core[a373ad73a504971]::pin::Pin<&mut dyn core[a373ad73a504971]::future::future::Future<Output = ()>>>>::{closure#0}::{closure#0}>
[INFO] [stdout]   14:     0x56c477b7bb8c - <tokio[20d5623f13bc2c9b]::runtime::context::scoped::Scoped<tokio[20d5623f13bc2c9b]::runtime::scheduler::Context>>::set::<<tokio[20d5623f13bc2c9b]::runtime::scheduler::current_thread::CoreGuard>::enter<<tokio[20d5623f13bc2c9b]::runtime::scheduler::current_thread::CoreGuard>::block_on<core[a373ad73a504971]::pin::Pin<&mut core[a373ad73a504971]::pin::Pin<&mut dyn core[a373ad73a504971]::future::future::Future<Output = ()>>>>::{closure#0}, core[a373ad73a504971]::option::Option<()>>::{closure#0}, (alloc[2e1b2a31b91974c5]::boxed::Box<tokio[20d5623f13bc2c9b]::runtime::scheduler::current_thread::Core>, core[a373ad73a504971]::option::Option<()>)>
[INFO] [stdout]   15:     0x56c477bb7ec7 - <tokio[20d5623f13bc2c9b]::runtime::scheduler::current_thread::CoreGuard>::block_on::<core[a373ad73a504971]::pin::Pin<&mut core[a373ad73a504971]::pin::Pin<&mut dyn core[a373ad73a504971]::future::future::Future<Output = ()>>>>
[INFO] [stdout]   16:     0x56c477b7cebb - tokio[20d5623f13bc2c9b]::runtime::context::runtime::enter_runtime::<<tokio[20d5623f13bc2c9b]::runtime::scheduler::current_thread::CurrentThread>::block_on<core[a373ad73a504971]::pin::Pin<&mut dyn core[a373ad73a504971]::future::future::Future<Output = ()>>>::{closure#0}, ()>
[INFO] [stdout]   17:     0x56c477b7b91b - <tokio[20d5623f13bc2c9b]::runtime::runtime::Runtime>::block_on::<core[a373ad73a504971]::pin::Pin<&mut dyn core[a373ad73a504971]::future::future::Future<Output = ()>>>
[INFO] [stdout]   18:     0x56c477b6f2fe - <docker_registry_client[daf50687435bd811]::docker::tests::redhat::playwright::{closure#0} as core[a373ad73a504971]::ops::function::FnOnce<()>>::call_once
[INFO] [stdout]   19:     0x56c477c3d70b - test[aada8e7e76ba119b]::__rust_begin_short_backtrace::<core[a373ad73a504971]::result::Result<(), alloc[2e1b2a31b91974c5]::string::String>, fn() -> core[a373ad73a504971]::result::Result<(), alloc[2e1b2a31b91974c5]::string::String>>
[INFO] [stdout]   20:     0x56c477c4a8e5 - test[aada8e7e76ba119b]::run_test::{closure#0}
[INFO] [stdout]   21:     0x56c477c441d4 - std[617be2ca0a6fd877]::sys::backtrace::__rust_begin_short_backtrace::<test[aada8e7e76ba119b]::run_test::{closure#1}, ()>
[INFO] [stdout]   22:     0x56c477c4d972 - <std[617be2ca0a6fd877]::thread::lifecycle::spawn_unchecked<test[aada8e7e76ba119b]::run_test::{closure#1}, ()>::{closure#1} as core[a373ad73a504971]::ops::function::FnOnce<()>>::call_once::{shim:vtable#0}
[INFO] [stdout]   23:     0x56c47806293f - <std[617be2ca0a6fd877]::sys::thread::unix::Thread>::new::thread_start
[INFO] [stdout]   24:     0x78449c5aadfa - <unknown>
[INFO] [stdout]   25:     0x78449c63e3d4 - clone
[INFO] [stdout]   26:                0x0 - <unknown>
[INFO] [stdout] 
[INFO] [stdout] ---- docker::tests::redhat::ubi8 stdout ----
[INFO] [stdout] 
[INFO] [stdout] thread 'docker::tests::redhat::ubi8' (3849) panicked at src/docker.rs:612:62:
[INFO] [stdout] called `Result::unwrap()` on an `Err` value: GetManifest(reqwest::Error { kind: Request, url: "https://registry.access.redhat.com/v2/ubi8/manifests/8.9", source: hyper_util::client::legacy::Error(Connect, ConnectError("dns error", DnsError { inner: Custom { kind: Uncategorized, error: "failed to lookup address information: Temporary failure in name resolution" } })) })
[INFO] [stdout] stack backtrace:
[INFO] [stdout]    0:     0x56c478063ce1 - <<std[617be2ca0a6fd877]::sys::backtrace::BacktraceLock>::print::DisplayBacktrace as core[a373ad73a504971]::fmt::Display>::fmt
[INFO] [stdout]    1:     0x56c47807c76a - core[a373ad73a504971]::fmt::write
[INFO] [stdout]    2:     0x56c478068c0c - <alloc[2e1b2a31b91974c5]::vec::Vec<u8> as core[a373ad73a504971]::io::write::Write>::write_fmt
[INFO] [stdout]    3:     0x56c47803b946 - std[617be2ca0a6fd877]::panicking::default_hook::{closure#0}
[INFO] [stdout]    4:     0x56c47805a289 - std[617be2ca0a6fd877]::panicking::default_hook
[INFO] [stdout]    5:     0x56c477c4a2c0 - test[aada8e7e76ba119b]::test_main_inner::{closure#0}
[INFO] [stdout]    6:     0x56c47805a5b2 - std[617be2ca0a6fd877]::panicking::panic_with_hook
[INFO] [stdout]    7:     0x56c47803b9f2 - std[617be2ca0a6fd877]::panicking::panic_handler::{closure#0}
[INFO] [stdout]    8:     0x56c478034149 - std[617be2ca0a6fd877]::sys::backtrace::__rust_end_short_backtrace::<std[617be2ca0a6fd877]::panicking::panic_handler::{closure#0}, !>
[INFO] [stdout]    9:     0x56c47803c88d - __rustc[ea4f61d10b84890b]::rust_begin_unwind
[INFO] [stdout]   10:     0x56c47807cecc - core[a373ad73a504971]::panicking::panic_fmt
[INFO] [stdout]   11:     0x56c47807cca2 - core[a373ad73a504971]::result::unwrap_failed
[INFO] [stdout]   12:     0x56c477b6e472 - docker_registry_client[daf50687435bd811]::docker::tests::redhat::ubi8::{closure#0}
[INFO] [stdout]   13:     0x56c477bb7d23 - <tokio[20d5623f13bc2c9b]::runtime::scheduler::current_thread::Context>::enter::<core[a373ad73a504971]::task::poll::Poll<()>, <tokio[20d5623f13bc2c9b]::runtime::scheduler::current_thread::CoreGuard>::block_on<core[a373ad73a504971]::pin::Pin<&mut core[a373ad73a504971]::pin::Pin<&mut dyn core[a373ad73a504971]::future::future::Future<Output = ()>>>>::{closure#0}::{closure#0}>
[INFO] [stdout]   14:     0x56c477b7bb8c - <tokio[20d5623f13bc2c9b]::runtime::context::scoped::Scoped<tokio[20d5623f13bc2c9b]::runtime::scheduler::Context>>::set::<<tokio[20d5623f13bc2c9b]::runtime::scheduler::current_thread::CoreGuard>::enter<<tokio[20d5623f13bc2c9b]::runtime::scheduler::current_thread::CoreGuard>::block_on<core[a373ad73a504971]::pin::Pin<&mut core[a373ad73a504971]::pin::Pin<&mut dyn core[a373ad73a504971]::future::future::Future<Output = ()>>>>::{closure#0}, core[a373ad73a504971]::option::Option<()>>::{closure#0}, (alloc[2e1b2a31b91974c5]::boxed::Box<tokio[20d5623f13bc2c9b]::runtime::scheduler::current_thread::Core>, core[a373ad73a504971]::option::Option<()>)>
[INFO] [stdout]   15:     0x56c477bb7ec7 - <tokio[20d5623f13bc2c9b]::runtime::scheduler::current_thread::CoreGuard>::block_on::<core[a373ad73a504971]::pin::Pin<&mut core[a373ad73a504971]::pin::Pin<&mut dyn core[a373ad73a504971]::future::future::Future<Output = ()>>>>
[INFO] [stdout]   16:     0x56c477b7cebb - tokio[20d5623f13bc2c9b]::runtime::context::runtime::enter_runtime::<<tokio[20d5623f13bc2c9b]::runtime::scheduler::current_thread::CurrentThread>::block_on<core[a373ad73a504971]::pin::Pin<&mut dyn core[a373ad73a504971]::future::future::Future<Output = ()>>>::{closure#0}, ()>
[INFO] [stdout]   17:     0x56c477b7b91b - <tokio[20d5623f13bc2c9b]::runtime::runtime::Runtime>::block_on::<core[a373ad73a504971]::pin::Pin<&mut dyn core[a373ad73a504971]::future::future::Future<Output = ()>>>
[INFO] [stdout]   18:     0x56c477b6f5fe - <docker_registry_client[daf50687435bd811]::docker::tests::redhat::ubi8::{closure#0} as core[a373ad73a504971]::ops::function::FnOnce<()>>::call_once
[INFO] [stdout]   19:     0x56c477c3d70b - test[aada8e7e76ba119b]::__rust_begin_short_backtrace::<core[a373ad73a504971]::result::Result<(), alloc[2e1b2a31b91974c5]::string::String>, fn() -> core[a373ad73a504971]::result::Result<(), alloc[2e1b2a31b91974c5]::string::String>>
[INFO] [stdout]   20:     0x56c477c4a8e5 - test[aada8e7e76ba119b]::run_test::{closure#0}
[INFO] [stdout]   21:     0x56c477c441d4 - std[617be2ca0a6fd877]::sys::backtrace::__rust_begin_short_backtrace::<test[aada8e7e76ba119b]::run_test::{closure#1}, ()>
[INFO] [stdout]   22:     0x56c477c4d972 - <std[617be2ca0a6fd877]::thread::lifecycle::spawn_unchecked<test[aada8e7e76ba119b]::run_test::{closure#1}, ()>::{closure#1} as core[a373ad73a504971]::ops::function::FnOnce<()>>::call_once::{shim:vtable#0}
[INFO] [stdout]   23:     0x56c47806293f - <std[617be2ca0a6fd877]::sys::thread::unix::Thread>::new::thread_start
[INFO] [stdout]   24:     0x78449c5aadfa - <unknown>
[INFO] [stdout]   25:     0x78449c63e3d4 - clone
[INFO] [stdout]   26:                0x0 - <unknown>
[INFO] [stdout] 
[INFO] [stdout] 
[INFO] [stdout] failures:
[INFO] [stdout]     docker::tests::codeberg::forgejo
[INFO] [stdout]     docker::tests::dockerhub::alpine
[INFO] [stdout]     docker::tests::redhat::cosign
[INFO] [stdout]     docker::tests::redhat::cosign_sbom_blob
[INFO] [stdout]     docker::tests::redhat::playwright
[INFO] [stdout]     docker::tests::redhat::ubi8
[INFO] [stdout]     docker::tests::unknown_registry::public_ecr
[INFO] [stdout] 
[INFO] [stdout] test result: FAILED. 36 passed; 7 failed; 0 ignored; 0 measured; 0 filtered out; finished in 0.18s
[INFO] [stdout] 
[INFO] [stderr] error: test failed, to rerun pass `--lib`
[INFO] running `Command { std: "docker" "inspect" "f0c2f0023889720d1fa3e6ad6cadf7b63f830b6fb82e88ac5c9da485c79be4e3", kill_on_drop: false }`
[INFO] running `Command { std: "docker" "rm" "-f" "f0c2f0023889720d1fa3e6ad6cadf7b63f830b6fb82e88ac5c9da485c79be4e3", kill_on_drop: false }`
[INFO] [stdout] f0c2f0023889720d1fa3e6ad6cadf7b63f830b6fb82e88ac5c9da485c79be4e3
