[INFO] fetching crate docgen-bases 0.9.1...
[INFO] testing docgen-bases-0.9.1 against 1.99.0-beta.8+cargoflags=--release for beta-release-1.100-2
[INFO] extracting crate docgen-bases 0.9.1 into /workspace/builds/worker-7-tc1/source
[INFO] started tweaking crates.io crate docgen-bases 0.9.1
[INFO] removed 0 missing tests
[INFO] finished tweaking crates.io crate docgen-bases 0.9.1
[INFO] tweaked toml for crates.io crate docgen-bases 0.9.1 written to /workspace/builds/worker-7-tc1/source/Cargo.toml
[INFO] validating manifest of crates.io crate docgen-bases 0.9.1 on toolchain 1.99.0-beta.8
[INFO] running `Command { std: CARGO_HOME="/workspace/cargo-home" RUSTUP_HOME="/workspace/rustup-home" "/workspace/cargo-home/bin/cargo" "+1.99.0-beta.8" "metadata" "--manifest-path" "Cargo.toml" "--no-deps", kill_on_drop: false }`
[INFO] crate crates.io crate docgen-bases 0.9.1 already has a lockfile, it will not be regenerated
[INFO] running `Command { std: CARGO_HOME="/workspace/cargo-home" RUSTUP_HOME="/workspace/rustup-home" "/workspace/cargo-home/bin/cargo" "+1.99.0-beta.8" "fetch" "--manifest-path" "Cargo.toml", kill_on_drop: false }`
[INFO] [stderr]     Updating crates.io index
[INFO] [stderr]  Downloading crates ...
[INFO] [stderr]   Downloaded serde_yml v0.0.13
[INFO] [stderr]   Downloaded noyalib v0.0.5
[INFO] running `Command { std: "docker" "create" "-v" "/var/lib/crater-agent-workspace/builds/worker-7-tc1/source:/opt/rustwide/workdir:ro,Z" "-v" "/var/lib/crater-agent-workspace/builds/worker-7-tc1/target:/opt/rustwide/target:rw,Z" "-v" "/var/lib/crater-agent-workspace/cargo-home:/opt/rustwide/cargo-home:ro,Z" "-v" "/var/lib/crater-agent-workspace/rustup-home:/opt/rustwide/rustup-home:ro,Z" "-m" "1610612736" "--network" "none" "ghcr.io/rust-lang/crates-build-env/linux@sha256:77db811e55d90add9212f6832c23229e3de5f1c1f9905e8cb07319ea15df73ac" "sleep" "infinity", kill_on_drop: false }`
[INFO] [stdout] c916b9ae662e3a214e635843383731e0ba43c6d0e42a8452f2367b9000d9c54c
[INFO] running `Command { std: "docker" "start" "c916b9ae662e3a214e635843383731e0ba43c6d0e42a8452f2367b9000d9c54c", kill_on_drop: false }`
[INFO] running `Command { std: "docker" "inspect" "c916b9ae662e3a214e635843383731e0ba43c6d0e42a8452f2367b9000d9c54c", kill_on_drop: false }`
[INFO] running `Command { std: "docker" "exec" "-e" "SOURCE_DIR=/opt/rustwide/workdir" "-e" "CARGO_HOME=/opt/rustwide/cargo-home" "-e" "RUSTUP_HOME=/opt/rustwide/rustup-home" "-e" "CARGO_TARGET_DIR=/opt/rustwide/target" "-w" "/opt/rustwide/workdir" "--user" "0:0" "c916b9ae662e3a214e635843383731e0ba43c6d0e42a8452f2367b9000d9c54c" "/opt/rustwide/cargo-home/bin/cargo" "+1.99.0-beta.8" "metadata" "--no-deps" "--format-version=1", kill_on_drop: false }`
[INFO] running `Command { std: "docker" "inspect" "c916b9ae662e3a214e635843383731e0ba43c6d0e42a8452f2367b9000d9c54c", kill_on_drop: false }`
[INFO] running `Command { std: "docker" "exec" "-e" "SOURCE_DIR=/opt/rustwide/workdir" "-e" "CARGO_HOME=/opt/rustwide/cargo-home" "-e" "RUSTUP_HOME=/opt/rustwide/rustup-home" "-e" "CARGO_TARGET_DIR=/opt/rustwide/target" "-e" "CARGO_INCREMENTAL=0" "-e" "RUST_BACKTRACE=full" "-e" "RUSTFLAGS=--cap-lints=warn" "-e" "RUSTDOCFLAGS=--cap-lints=warn" "-w" "/opt/rustwide/workdir" "--user" "0:0" "c916b9ae662e3a214e635843383731e0ba43c6d0e42a8452f2367b9000d9c54c" "/opt/rustwide/cargo-home/bin/cargo" "+1.99.0-beta.8" "build" "--frozen" "--message-format=json" "--release", kill_on_drop: false }`
[INFO] [stderr]    Compiling proc-macro2 v1.0.106
[INFO] [stderr]    Compiling quote v1.0.45
[INFO] [stderr]    Compiling serde_core v1.0.228
[INFO] [stderr]    Compiling serde v1.0.228
[INFO] [stderr]    Compiling zmij v1.0.21
[INFO] [stderr]    Compiling noyalib v0.0.5
[INFO] [stderr]    Compiling memchr v2.8.1
[INFO] [stderr]    Compiling rustc-hash v2.1.2
[INFO] [stderr]    Compiling smallvec v1.15.1
[INFO] [stderr]    Compiling thiserror v2.0.18
[INFO] [stderr]    Compiling serde_json v1.0.150
[INFO] [stderr]    Compiling syn v2.0.117
[INFO] [stderr]    Compiling serde_derive v1.0.228
[INFO] [stderr]    Compiling thiserror-impl v2.0.18
[INFO] [stderr]    Compiling indexmap v2.14.0
[INFO] [stderr]    Compiling serde_yml v0.0.13
[INFO] [stderr]    Compiling docgen-bases v0.9.1 (/opt/rustwide/workdir)
[INFO] [stderr]     Finished `release` profile [optimized] target(s) in 28.85s
[INFO] running `Command { std: "docker" "inspect" "c916b9ae662e3a214e635843383731e0ba43c6d0e42a8452f2367b9000d9c54c", kill_on_drop: false }`
[INFO] running `Command { std: "docker" "exec" "-e" "SOURCE_DIR=/opt/rustwide/workdir" "-e" "CARGO_HOME=/opt/rustwide/cargo-home" "-e" "RUSTUP_HOME=/opt/rustwide/rustup-home" "-e" "CARGO_TARGET_DIR=/opt/rustwide/target" "-e" "CARGO_INCREMENTAL=0" "-e" "RUST_BACKTRACE=full" "-e" "RUSTFLAGS=--cap-lints=warn" "-e" "RUSTDOCFLAGS=--cap-lints=warn" "-w" "/opt/rustwide/workdir" "--user" "0:0" "c916b9ae662e3a214e635843383731e0ba43c6d0e42a8452f2367b9000d9c54c" "/opt/rustwide/cargo-home/bin/cargo" "+1.99.0-beta.8" "test" "--frozen" "--no-run" "--message-format=json" "--release", kill_on_drop: false }`
[INFO] [stderr]    Compiling docgen-bases v0.9.1 (/opt/rustwide/workdir)
[INFO] [stderr]     Finished `release` profile [optimized] target(s) in 14.43s
[INFO] running `Command { std: "docker" "inspect" "c916b9ae662e3a214e635843383731e0ba43c6d0e42a8452f2367b9000d9c54c", kill_on_drop: false }`
[INFO] running `Command { std: "docker" "exec" "-e" "SOURCE_DIR=/opt/rustwide/workdir" "-e" "CARGO_HOME=/opt/rustwide/cargo-home" "-e" "RUSTUP_HOME=/opt/rustwide/rustup-home" "-e" "CARGO_TARGET_DIR=/opt/rustwide/target" "-e" "CARGO_INCREMENTAL=0" "-e" "RUST_BACKTRACE=full" "-e" "RUSTFLAGS=--cap-lints=warn" "-e" "RUSTDOCFLAGS=--cap-lints=warn" "-w" "/opt/rustwide/workdir" "--user" "0:0" "c916b9ae662e3a214e635843383731e0ba43c6d0e42a8452f2367b9000d9c54c" "/opt/rustwide/cargo-home/bin/cargo" "+1.99.0-beta.8" "test" "--frozen" "--release", kill_on_drop: false }`
[INFO] [stderr]     Finished `release` profile [optimized] target(s) in 0.07s
[INFO] [stdout] 
[INFO] [stderr]      Running unittests src/lib.rs (/opt/rustwide/target/release/deps/docgen_bases-a72112a7cdbacc01)
[INFO] [stdout] running 131 tests
[INFO] [stdout] test eval::tests::arithmetic_and_precedence ... ok
[INFO] [stdout] test eval::tests::fractional_and_nan_index_are_null ... ok
[INFO] [stdout] test eval::tests::string_concat_and_number_coercion ... ok
[INFO] [stdout] test eval::tests::date_minus_date_is_duration ... ok
[INFO] [stdout] test eval::tests::date_field_access ... ok
[INFO] [stdout] test eval::tests::formula_evaluation_with_cache ... ok
[INFO] [stdout] test filter::tests::and_with_negation ... ok
[INFO] [stdout] test eval::tests::list_index_and_length ... ok
[INFO] [stdout] test eval::tests::round_trip_epoch_conversion ... ok
[INFO] [stdout] test eval::tests::string_negative_index_counts_from_end ... ok
[INFO] [stdout] test filter::tests::or_combinator ... ok
[INFO] [stdout] test format::tests::bracketed_literal ... ok
[INFO] [stdout] test eval::tests::deep_member_chain_eval_does_not_overflow ... ok
[INFO] [stdout] test eval::tests::formula_cycle_yields_null ... ok
[INFO] [stdout] test filter::tests::combine_global_and_view ... ok
[INFO] [stdout] test eval::tests::unknown_symbols_are_null_not_panic ... ok
[INFO] [stdout] test filter::tests::invalid_expression_excludes_and_reports ... ok
[INFO] [stdout] test eval::tests::bare_and_note_property ... ok
[INFO] [stdout] test eval::tests::file_properties ... ok
[INFO] [stdout] test eval::tests::link_contains_via_method ... ok
[INFO] [stdout] test functions::tests::if_function ... ok
[INFO] [stdout] test functions::tests::list_map_and_filter ... ok
[INFO] [stdout] test functions::tests::string_split ... ok
[INFO] [stdout] test functions::tests::string_split_negative_limit_means_no_limit ... ok
[INFO] [stdout] test functions::tests::list_methods ... ok
[INFO] [stdout] test functions::tests::any_methods ... ok
[INFO] [stdout] test functions::tests::number_methods ... ok
[INFO] [stdout] test format::tests::default_bare_vs_time ... ok
[INFO] [stdout] test format::tests::month_names_and_ordinal ... ok
[INFO] [stdout] test format::tests::twelve_hour_and_meridiem ... ok
[INFO] [stdout] test functions::tests::date_format_method ... ok
[INFO] [stdout] test functions::tests::duration_parsing ... ok
[INFO] [stdout] test lexer::tests::escapes_in_string ... ok
[INFO] [stdout] test functions::tests::string_methods ... ok
[INFO] [stdout] test lexer::tests::keywords ... ok
[INFO] [stdout] test functions::tests::link_and_list_functions ... ok
[INFO] [stdout] test lexer::tests::numbers_strings_idents ... ok
[INFO] [stdout] test lexer::tests::regex_literal_vs_division ... ok
[INFO] [stdout] test functions::tests::unknown_method_is_null ... ok
[INFO] [stdout] test eval::tests::comparisons_and_logic ... ok
[INFO] [stdout] test format::tests::date_time ... ok
[INFO] [stdout] test model::tests::tolerates_unknown_keys ... ok
[INFO] [stdout] test model::tests::parses_docgen_interactive_overrides ... ok
[INFO] [stdout] test model::tests::empty_base_is_valid ... ok
[INFO] [stdout] test note::tests::has_tag_matches_parents ... ok
[INFO] [stdout] test lexer::tests::regex_with_char_class_containing_slash ... ok
[INFO] [stdout] test model::tests::shorthand_sort_and_group ... ok
[INFO] [stdout] test note::tests::in_folder_matches_subfolders ... ok
[INFO] [stdout] test note::tests::date_parsing ... ok
[INFO] [stdout] test model::tests::base_without_interactive_keys_still_parses ... ok
[INFO] [stdout] test lexer::tests::single_quoted_string ... ok
[INFO] [stdout] test lexer::tests::two_char_operators ... ok
[INFO] [stdout] test format::tests::iso_date ... ok
[INFO] [stdout] test lexer::tests::member_and_call ... ok
[INFO] [stdout] test format::tests::weekday_token ... ok
[INFO] [stdout] test note::tests::parse_date_handles_timezones_and_fractions ... ok
[INFO] [stdout] test note::tests::wikilink_parsing ... ok
[INFO] [stdout] test model::tests::parses_formulas_and_summaries ... ok
[INFO] [stdout] test model::tests::parses_real_vault_shape ... ok
[INFO] [stdout] test note::tests::yaml_to_values_infers_types ... ok
[INFO] [stdout] test note::tests::parse_date_rejects_impossible_calendar_dates ... ok
[INFO] [stdout] test parser::tests::grouping ... ok
[INFO] [stdout] test parser::tests::and_below_or_binding ... ok
[INFO] [stdout] test parser::tests::comparison_below_arithmetic ... ok
[INFO] [stdout] test parser::tests::index_access ... ok
[INFO] [stdout] test parser::tests::method_on_call_result ... ok
[INFO] [stdout] test parser::tests::member_call_chain ... ok
[INFO] [stdout] test parser::tests::list_literal_becomes_list_call ... ok
[INFO] [stdout] test parser::tests::negation_of_call ... ok
[INFO] [stdout] test parser::tests::normal_expressions_stay_under_the_budget ... ok
[INFO] [stdout] test parser::tests::not_and_neg ... ok
[INFO] [stdout] test parser::tests::precedence_mul_over_add ... ok
[INFO] [stdout] test parser::tests::trailing_token_is_error ... ok
[INFO] [stdout] test render::tests::base_url_prefix_applied ... ok
[INFO] [stdout] test render::tests::cards_view ... ok
[INFO] [stdout] test render::tests::cards_view_honors_display_name ... ok
[INFO] [stdout] test render::tests::cards_view_renders_note_body_as_block_and_single_column ... ok
[INFO] [stdout] test render::tests::cards_view_without_body_stays_a_grid ... ok
[INFO] [stdout] test render::tests::group_by_orders_numerically_not_lexically ... ok
[INFO] [stdout] test render::tests::cell_projection_shapes ... ok
[INFO] [stdout] test render::tests::grouped_limit_emits_no_orphan_group_header ... ok
[INFO] [stdout] test render::tests::docgen_interactive_false_opts_out_end_to_end ... ok
[INFO] [stdout] test render::tests::empty_results_message ... ok
[INFO] [stdout] test render::tests::group_by_is_not_emitted_for_non_table_views ... ok
[INFO] [stdout] test render::tests::interactive_false_is_pure_static ... ok
[INFO] [stdout] test render::tests::interactive_true_adds_hooks ... ok
[INFO] [stdout] test render::tests::group_by_renders_group_rows ... ok
[INFO] [stdout] test render::tests::override_precedence_and_enabled_helper ... ok
[INFO] [stdout] test render::tests::mixed_column_falls_back_to_text ... ok
[INFO] [stdout] test render::tests::known_docgen_interactive_keys_do_not_warn ... ok
[INFO] [stdout] test render::tests::limit_truncates_every_view_type ... ok
[INFO] [stdout] test render::tests::list_column_facet_cardinality_capped ... ok
[INFO] [stdout] test render::tests::malformed_yaml_yields_error_block ... ok
[INFO] [stdout] test render::tests::payload_escapes_all_angle_brackets ... ok
[INFO] [stdout] test render::tests::payload_ssr_sort_is_empty_when_the_view_does_not_sort ... ok
[INFO] [stdout] test render::tests::resolves_wikilink_cells_to_pages ... ok
[INFO] [stdout] test render::tests::renders_table_with_filter_and_columns ... ok
[INFO] [stdout] test render::tests::payload_parses_and_limit_is_applied ... ok
[INFO] [stdout] test render::tests::payload_reports_the_ssr_sort_not_the_default_sort_override ... ok
[INFO] [stdout] test render::tests::sort_as_semver_forces_detection_and_sorts_junk_last ... ok
[INFO] [stdout] test render::tests::sort_descending_and_limit ... ok
[INFO] [stdout] test render::tests::summary_footer ... ok
[INFO] [stdout] test render::tests::type_inference_dates_enum_text ... ok
[INFO] [stdout] test render::tests::unknown_docgen_interactive_key_warns_but_still_renders ... ok
[INFO] [stdout] test render::tests::sort_as_text_opts_out_of_semver ... ok
[INFO] [stdout] test semver::tests::column_detection_requires_all_non_empty_to_parse ... ok
[INFO] [stdout] test semver::tests::lenient_forms_normalise ... ok
[INFO] [stdout] test summary::tests::custom_summary_uses_values ... ok
[INFO] [stdout] test semver::tests::numbers_are_not_versions ... ok
[INFO] [stdout] test semver::tests::prerelease_sorts_before_its_release ... ok
[INFO] [stdout] test summary::tests::date_summaries ... ok
[INFO] [stdout] test summary::tests::boolean_summaries ... ok
[INFO] [stdout] test semver::tests::semver_spec_precedence_example ... ok
[INFO] [stdout] test value::tests::date_ordering ... ok
[INFO] [stdout] test value::tests::epoch_millis_reference_dates ... ok
[INFO] [stdout] test value::tests::number_formatting_drops_integer_decimal ... ok
[INFO] [stdout] test value::tests::truthiness_matches_obsidian ... ok
[INFO] [stdout] test semver::tests::orders_core_numerically_not_lexically ... ok
[INFO] [stdout] test semver::tests::numeric_prerelease_ids_compare_numerically ... ok
[INFO] [stdout] test render::tests::version_column_sorts_as_semver_not_text ... ok
[INFO] [stdout] test semver::tests::keys_are_ascii ... ok
[INFO] [stdout] test render::tests::view_ids_are_namespaced_by_block ... ok
[INFO] [stdout] test semver::tests::rejects_non_versions ... ok
[INFO] [stdout] test value::tests::numeric_string_cross_equality ... ok
[INFO] [stdout] test summary::tests::numeric_summaries ... ok
[INFO] [stdout] test summary::tests::universal_summaries ... ok
[INFO] [stdout] test value::tests::null_sorts_last ... ok
[INFO] [stdout] test value::tests::link_string_loose_equality_by_basename ... ok
[INFO] [stdout] test value::tests::link_basename_and_same_target ... ok
[INFO] [stdout] test parser::tests::deeply_nested_input_errors_instead_of_overflowing ... ok
[INFO] [stdout] test parser::tests::long_postfix_chain_errors_on_node_budget ... ok
[INFO] [stdout] 
[INFO] [stdout] test result: ok. 131 passed; 0 failed; 0 ignored; 0 measured; 0 filtered out; finished in 0.10s
[INFO] [stdout] 
[INFO] [stderr]      Running tests/sort_parity.rs (/opt/rustwide/target/release/deps/sort_parity-f3a868e3ddbe3711)
[INFO] [stdout] 
[INFO] [stdout] running 1 test
[INFO] [stdout] test sort_parity_fixtures ... FAILED
[INFO] [stdout] 
[INFO] [stdout] failures:
[INFO] [stdout] 
[INFO] [stdout] ---- sort_parity_fixtures stdout ----
[INFO] [stdout] 
[INFO] [stdout] thread 'sort_parity_fixtures' (886) panicked at tests/sort_parity.rs:551:13:
[INFO] [stdout] missing fixture /opt/rustwide/workdir/../docgen-assets/js-tests/fixtures/sort-0.json — run `BLESS=1 cargo test -p docgen-bases --test sort_parity` to create it
[INFO] [stdout] stack backtrace:
[INFO] [stderr] error: test failed, to rerun pass `--test sort_parity`
[INFO] [stdout]    0:     0x616c651f0011 - <<std[70759c8f55707aa4]::sys::backtrace::BacktraceLock>::print::DisplayBacktrace as core[df12db4294e9bfd3]::fmt::Display>::fmt
[INFO] [stdout]    1:     0x616c6520722a - core[df12db4294e9bfd3]::fmt::write
[INFO] [stdout]    2:     0x616c651f479c - <alloc[2182bb758b4b3781]::vec::Vec<u8> as core[df12db4294e9bfd3]::io::write::Write>::write_fmt
[INFO] [stdout]    3:     0x616c651cb336 - std[70759c8f55707aa4]::panicking::default_hook::{closure#0}
[INFO] [stdout]    4:     0x616c651e8009 - std[70759c8f55707aa4]::panicking::default_hook
[INFO] [stdout]    5:     0x616c6512cf90 - test[9d35eded1c95d3be]::test_main_inner::<test[9d35eded1c95d3be]::test_main_static::{closure#0}>::{closure#0}
[INFO] [stdout]    6:     0x616c651e81c2 - std[70759c8f55707aa4]::panicking::panic_with_hook
[INFO] [stdout]    7:     0x616c651cb3e2 - std[70759c8f55707aa4]::panicking::panic_handler::{closure#0}
[INFO] [stdout]    8:     0x616c651c3e19 - std[70759c8f55707aa4]::sys::backtrace::__rust_end_short_backtrace::<std[70759c8f55707aa4]::panicking::panic_handler::{closure#0}, !>
[INFO] [stdout]    9:     0x616c651cbfdd - __rustc[8fa7c3cbc660c2b3]::rust_begin_unwind
[INFO] [stdout]   10:     0x616c6520798c - core[df12db4294e9bfd3]::panicking::panic_fmt
[INFO] [stdout]   11:     0x616c65109b9e - sort_parity[de8264b03cdea1c6]::sort_parity_fixtures::{closure#2}
[INFO] [stdout]   12:     0x616c651129aa - sort_parity[de8264b03cdea1c6]::sort_parity_fixtures
[INFO] [stdout]   13:     0x616c65113969 - <sort_parity[de8264b03cdea1c6]::sort_parity_fixtures::{closure#0} as core[df12db4294e9bfd3]::ops::function::FnOnce<()>>::call_once
[INFO] [stdout]   14:     0x616c6512027b - test[9d35eded1c95d3be]::__rust_begin_short_backtrace::<core[df12db4294e9bfd3]::result::Result<(), alloc[2182bb758b4b3781]::string::String>, fn() -> core[df12db4294e9bfd3]::result::Result<(), alloc[2182bb758b4b3781]::string::String>>
[INFO] [stdout]   15:     0x616c6512d8e5 - test[9d35eded1c95d3be]::run_test::{closure#0}
[INFO] [stdout]   16:     0x616c651271a4 - std[70759c8f55707aa4]::sys::backtrace::__rust_begin_short_backtrace::<test[9d35eded1c95d3be]::run_test::{closure#1}, ()>
[INFO] [stdout]   17:     0x616c65130a42 - <std[70759c8f55707aa4]::thread::lifecycle::spawn_unchecked<test[9d35eded1c95d3be]::run_test::{closure#1}, ()>::{closure#1} as core[df12db4294e9bfd3]::ops::function::FnOnce<()>>::call_once::{shim:vtable#0}
[INFO] [stdout]   18:     0x616c651ef389 - <std[70759c8f55707aa4]::sys::thread::unix::Thread>::new::thread_start
[INFO] [stdout]   19:     0x6ffc2e117dfa - <unknown>
[INFO] [stdout]   20:     0x6ffc2e1ab3d4 - clone
[INFO] [stdout]   21:                0x0 - <unknown>
[INFO] [stdout] 
[INFO] [stdout] 
[INFO] [stdout] failures:
[INFO] [stdout]     sort_parity_fixtures
[INFO] [stdout] 
[INFO] [stdout] test result: FAILED. 0 passed; 1 failed; 0 ignored; 0 measured; 0 filtered out; finished in 0.00s
[INFO] [stdout] 
[INFO] running `Command { std: "docker" "inspect" "c916b9ae662e3a214e635843383731e0ba43c6d0e42a8452f2367b9000d9c54c", kill_on_drop: false }`
[INFO] running `Command { std: "docker" "rm" "-f" "c916b9ae662e3a214e635843383731e0ba43c6d0e42a8452f2367b9000d9c54c", kill_on_drop: false }`
[INFO] [stdout] c916b9ae662e3a214e635843383731e0ba43c6d0e42a8452f2367b9000d9c54c
