[INFO] fetching crate dnx-cli 0.1.3...
[INFO] testing dnx-cli-0.1.3 against 1.100.0-beta.1+cargoflags=--release for beta-release-1.100-2
[INFO] extracting crate dnx-cli 0.1.3 into /workspace/builds/worker-3-tc2/source
[INFO] started tweaking crates.io crate dnx-cli 0.1.3
[INFO] removed 0 missing tests
[INFO] finished tweaking crates.io crate dnx-cli 0.1.3
[INFO] tweaked toml for crates.io crate dnx-cli 0.1.3 written to /workspace/builds/worker-3-tc2/source/Cargo.toml
[INFO] validating manifest of crates.io crate dnx-cli 0.1.3 on toolchain 1.100.0-beta.1
[INFO] running `Command { std: CARGO_HOME="/workspace/cargo-home" RUSTUP_HOME="/workspace/rustup-home" "/workspace/cargo-home/bin/cargo" "+1.100.0-beta.1" "metadata" "--manifest-path" "Cargo.toml" "--no-deps", kill_on_drop: false }`
[INFO] crate crates.io crate dnx-cli 0.1.3 already has a lockfile, it will not be regenerated
[INFO] running `Command { std: CARGO_HOME="/workspace/cargo-home" RUSTUP_HOME="/workspace/rustup-home" "/workspace/cargo-home/bin/cargo" "+1.100.0-beta.1" "fetch" "--manifest-path" "Cargo.toml", kill_on_drop: false }`
[INFO] [stderr] warning: `package.homepage` is redundant with `package.repository`
[INFO] [stderr]   --> Cargo.toml:69:12
[INFO] [stderr]    |
[INFO] [stderr] 69 | homepage = "https://github.com/arshad-shah/dnx"
[INFO] [stderr]    |            ^^^^^^^^^^^^^^^^^^^^^^^^^^^^^^^^^^^^
[INFO] [stderr] ...
[INFO] [stderr] 73 | repository = "https://github.com/arshad-shah/dnx"
[INFO] [stderr]    |              ------------------------------------
[INFO] [stderr]    |
[INFO] [stderr]    = note: `cargo::redundant_homepage` is set to `warn` by default
[INFO] [stderr] help: consider removing `package.homepage`
[INFO] [stderr] warning: `dnx-cli` (manifest) generated 1 warning
[INFO] running `Command { std: "docker" "create" "-v" "/var/lib/crater-agent-workspace/builds/worker-3-tc2/source:/opt/rustwide/workdir:ro,Z" "-v" "/var/lib/crater-agent-workspace/builds/worker-3-tc2/target:/opt/rustwide/target:rw,Z" "-v" "/var/lib/crater-agent-workspace/cargo-home:/opt/rustwide/cargo-home:ro,Z" "-v" "/var/lib/crater-agent-workspace/rustup-home:/opt/rustwide/rustup-home:ro,Z" "-m" "1610612736" "--network" "none" "ghcr.io/rust-lang/crates-build-env/linux@sha256:77db811e55d90add9212f6832c23229e3de5f1c1f9905e8cb07319ea15df73ac" "sleep" "infinity", kill_on_drop: false }`
[INFO] [stdout] 4982678b3e229055aa9dddfb17fedf8fe7be7cee86418fbb696e55807bdfe986
[INFO] running `Command { std: "docker" "start" "4982678b3e229055aa9dddfb17fedf8fe7be7cee86418fbb696e55807bdfe986", kill_on_drop: false }`
[INFO] running `Command { std: "docker" "inspect" "4982678b3e229055aa9dddfb17fedf8fe7be7cee86418fbb696e55807bdfe986", kill_on_drop: false }`
[INFO] running `Command { std: "docker" "exec" "-e" "SOURCE_DIR=/opt/rustwide/workdir" "-e" "CARGO_HOME=/opt/rustwide/cargo-home" "-e" "RUSTUP_HOME=/opt/rustwide/rustup-home" "-e" "CARGO_TARGET_DIR=/opt/rustwide/target" "-w" "/opt/rustwide/workdir" "--user" "0:0" "4982678b3e229055aa9dddfb17fedf8fe7be7cee86418fbb696e55807bdfe986" "/opt/rustwide/cargo-home/bin/cargo" "+1.100.0-beta.1" "metadata" "--no-deps" "--format-version=1", kill_on_drop: false }`
[INFO] running `Command { std: "docker" "inspect" "4982678b3e229055aa9dddfb17fedf8fe7be7cee86418fbb696e55807bdfe986", kill_on_drop: false }`
[INFO] running `Command { std: "docker" "exec" "-e" "SOURCE_DIR=/opt/rustwide/workdir" "-e" "CARGO_HOME=/opt/rustwide/cargo-home" "-e" "RUSTUP_HOME=/opt/rustwide/rustup-home" "-e" "CARGO_TARGET_DIR=/opt/rustwide/target" "-e" "CARGO_INCREMENTAL=0" "-e" "RUST_BACKTRACE=full" "-e" "RUSTFLAGS=--cap-lints=warn" "-e" "RUSTDOCFLAGS=--cap-lints=warn" "-w" "/opt/rustwide/workdir" "--user" "0:0" "4982678b3e229055aa9dddfb17fedf8fe7be7cee86418fbb696e55807bdfe986" "/opt/rustwide/cargo-home/bin/cargo" "+1.100.0-beta.1" "build" "--frozen" "--message-format=json" "--release", kill_on_drop: false }`
[INFO] [stderr] warning: `package.homepage` is redundant with `package.repository`
[INFO] [stderr]   --> Cargo.toml:69:12
[INFO] [stderr]    |
[INFO] [stderr] 69 | homepage = "https://github.com/arshad-shah/dnx"
[INFO] [stderr]    |            ^^^^^^^^^^^^^^^^^^^^^^^^^^^^^^^^^^^^
[INFO] [stderr] ...
[INFO] [stderr] 73 | repository = "https://github.com/arshad-shah/dnx"
[INFO] [stderr]    |              ------------------------------------
[INFO] [stderr]    |
[INFO] [stderr]    = note: `cargo::redundant_homepage` is set to `warn` by default
[INFO] [stderr] help: consider removing `package.homepage`
[INFO] [stderr] warning: `dnx-cli` (manifest) generated 1 warning
[INFO] [stderr]    Compiling libc v0.2.182
[INFO] [stderr]    Compiling syn v2.0.116
[INFO] [stderr]    Compiling cc v1.2.56
[INFO] [stderr]    Compiling tracing-core v0.1.36
[INFO] [stderr]    Compiling http v1.4.0
[INFO] [stderr]    Compiling indexmap v2.13.0
[INFO] [stderr]    Compiling rustls v0.23.36
[INFO] [stderr]    Compiling native-tls v0.2.16
[INFO] [stderr]    Compiling nix v0.30.1
[INFO] [stderr]    Compiling webpki-roots v1.0.6
[INFO] [stderr]    Compiling toml_write v0.1.2
[INFO] [stderr]    Compiling winnow v0.7.14
[INFO] [stderr]    Compiling regex-syntax v0.8.9
[INFO] [stderr]    Compiling portable-atomic v1.13.1
[INFO] [stderr]    Compiling iri-string v0.7.10
[INFO] [stderr]    Compiling simd-adler32 v0.3.8
[INFO] [stderr]    Compiling clap_builder v4.5.58
[INFO] [stderr]    Compiling miniz_oxide v0.8.9
[INFO] [stderr]    Compiling nom v7.1.3
[INFO] [stderr]    Compiling serde_json v1.0.149
[INFO] [stderr]    Compiling xattr v1.6.1
[INFO] [stderr]    Compiling bytecount v0.6.9
[INFO] [stderr]    Compiling rayon v1.11.0
[INFO] [stderr]    Compiling tracing-log v0.2.0
[INFO] [stderr]    Compiling flate2 v1.1.9
[INFO] [stderr]    Compiling fd-lock v4.0.4
[INFO] [stderr]    Compiling glob v0.3.3
[INFO] [stderr]    Compiling http-body v1.0.1
[INFO] [stderr]    Compiling openssl-sys v0.9.111
[INFO] [stderr]    Compiling ring v0.17.14
[INFO] [stderr]    Compiling http-body-util v0.1.3
[INFO] [stderr]    Compiling regex-automata v0.4.14
[INFO] [stderr]    Compiling openssl v0.10.75
[INFO] [stderr]    Compiling parking_lot_core v0.9.12
[INFO] [stderr]    Compiling errno v0.3.14
[INFO] [stderr]    Compiling mio v1.1.1
[INFO] [stderr]    Compiling socket2 v0.6.2
[INFO] [stderr]    Compiling signal-hook-registry v1.4.8
[INFO] [stderr]    Compiling getrandom v0.2.17
[INFO] [stderr]    Compiling parking_lot v0.12.5
[INFO] [stderr]    Compiling filetime v0.2.27
[INFO] [stderr]    Compiling dirs-sys v0.4.1
[INFO] [stderr]    Compiling getrandom v0.4.1
[INFO] [stderr]    Compiling tempfile v3.25.0
[INFO] [stderr]    Compiling dirs v5.0.1
[INFO] [stderr]    Compiling tar v0.4.44
[INFO] [stderr]    Compiling console v0.15.11
[INFO] [stderr]    Compiling reflink-copy v0.1.28
[INFO] [stderr]    Compiling indicatif v0.17.11
[INFO] [stderr]    Compiling ctrlc v3.5.1
[INFO] [stderr]    Compiling synstructure v0.13.2
[INFO] [stderr]    Compiling matchers v0.2.0
[INFO] [stderr]    Compiling zerofrom-derive v0.1.6
[INFO] [stderr]    Compiling yoke-derive v0.8.1
[INFO] [stderr]    Compiling zerovec-derive v0.11.2
[INFO] [stderr]    Compiling tokio-macros v2.6.0
[INFO] [stderr]    Compiling displaydoc v0.2.5
[INFO] [stderr]    Compiling futures-macro v0.3.32
[INFO] [stderr]    Compiling tracing-attributes v0.1.31
[INFO] [stderr]    Compiling serde_derive v1.0.228
[INFO] [stderr]    Compiling openssl-macros v0.1.1
[INFO] [stderr]    Compiling miette-derive v7.6.0
[INFO] [stderr]    Compiling thiserror-impl v1.0.69
[INFO] [stderr]    Compiling clap_derive v4.5.55
[INFO] [stderr]    Compiling thiserror-impl v2.0.18
[INFO] [stderr]    Compiling zerofrom v0.1.6
[INFO] [stderr]    Compiling yoke v0.8.1
[INFO] [stderr]    Compiling tokio v1.49.0
[INFO] [stderr]    Compiling futures-util v0.3.32
[INFO] [stderr]    Compiling zerotrie v0.2.3
[INFO] [stderr]    Compiling tracing v0.1.44
[INFO] [stderr]    Compiling zerovec v0.11.5
[INFO] [stderr]    Compiling miette v7.6.0
[INFO] [stderr]    Compiling thiserror v1.0.69
[INFO] [stderr]    Compiling thiserror v2.0.18
[INFO] [stderr]    Compiling tracing-subscriber v0.3.22
[INFO] [stderr]    Compiling clap v4.5.58
[INFO] [stderr]    Compiling clap_complete v4.5.66
[INFO] [stderr]    Compiling tinystr v0.8.2
[INFO] [stderr]    Compiling potential_utf v0.1.4
[INFO] [stderr]    Compiling icu_collections v2.1.1
[INFO] [stderr]    Compiling icu_locale_core v2.1.1
[INFO] [stderr]    Compiling serde v1.0.228
[INFO] [stderr]    Compiling icu_provider v2.1.1
[INFO] [stderr]    Compiling icu_properties v2.1.2
[INFO] [stderr]    Compiling icu_normalizer v2.1.1
[INFO] [stderr]    Compiling toml_datetime v0.6.11
[INFO] [stderr]    Compiling serde_spanned v0.6.9
[INFO] [stderr]    Compiling serde_urlencoded v0.7.1
[INFO] [stderr]    Compiling node-semver v2.2.0
[INFO] [stderr]    Compiling toml_edit v0.22.27
[INFO] [stderr]    Compiling idna_adapter v1.2.1
[INFO] [stderr]    Compiling idna v1.1.0
[INFO] [stderr]    Compiling url v2.5.8
[INFO] [stderr]    Compiling futures-executor v0.3.32
[INFO] [stderr]    Compiling futures v0.3.32
[INFO] [stderr]    Compiling toml v0.8.23
[INFO] [stderr]    Compiling tokio-util v0.7.18
[INFO] [stderr]    Compiling tower v0.5.3
[INFO] [stderr]    Compiling tokio-native-tls v0.3.1
[INFO] [stderr]    Compiling rustls-webpki v0.103.9
[INFO] [stderr]    Compiling h2 v0.4.13
[INFO] [stderr]    Compiling tower-http v0.6.8
[INFO] [stderr]    Compiling hyper v1.8.1
[INFO] [stderr]    Compiling hyper-util v0.1.20
[INFO] [stderr]    Compiling tokio-rustls v0.26.4
[INFO] [stderr]    Compiling hyper-rustls v0.27.7
[INFO] [stderr]    Compiling hyper-tls v0.6.0
[INFO] [stderr]    Compiling reqwest v0.12.28
[INFO] [stderr]    Compiling dnx-core v0.1.2
[INFO] [stderr]    Compiling dnx-cli v0.1.3 (/opt/rustwide/workdir)
[INFO] [stderr]     Finished `release` profile [optimized] target(s) in 2m 32s
[INFO] [stderr] warning: the following packages contain code that will be rejected by a future version of Rust: nix v0.30.1
[INFO] [stderr] note: to see what the problems were, use the option `--future-incompat-report`, or run `cargo report future-incompatibilities --id 3`
[INFO] running `Command { std: "docker" "inspect" "4982678b3e229055aa9dddfb17fedf8fe7be7cee86418fbb696e55807bdfe986", kill_on_drop: false }`
[INFO] running `Command { std: "docker" "exec" "-e" "SOURCE_DIR=/opt/rustwide/workdir" "-e" "CARGO_HOME=/opt/rustwide/cargo-home" "-e" "RUSTUP_HOME=/opt/rustwide/rustup-home" "-e" "CARGO_TARGET_DIR=/opt/rustwide/target" "-e" "CARGO_INCREMENTAL=0" "-e" "RUST_BACKTRACE=full" "-e" "RUSTFLAGS=--cap-lints=warn" "-e" "RUSTDOCFLAGS=--cap-lints=warn" "-w" "/opt/rustwide/workdir" "--user" "0:0" "4982678b3e229055aa9dddfb17fedf8fe7be7cee86418fbb696e55807bdfe986" "/opt/rustwide/cargo-home/bin/cargo" "+1.100.0-beta.1" "test" "--frozen" "--no-run" "--message-format=json" "--release", kill_on_drop: false }`
[INFO] [stderr] warning: `package.homepage` is redundant with `package.repository`
[INFO] [stderr]   --> Cargo.toml:69:12
[INFO] [stderr]    |
[INFO] [stderr] 69 | homepage = "https://github.com/arshad-shah/dnx"
[INFO] [stderr]    |            ^^^^^^^^^^^^^^^^^^^^^^^^^^^^^^^^^^^^
[INFO] [stderr] ...
[INFO] [stderr] 73 | repository = "https://github.com/arshad-shah/dnx"
[INFO] [stderr]    |              ------------------------------------
[INFO] [stderr]    |
[INFO] [stderr]    = note: `cargo::redundant_homepage` is set to `warn` by default
[INFO] [stderr] help: consider removing `package.homepage`
[INFO] [stderr] warning: `dnx-cli` (manifest) generated 1 warning
[INFO] [stderr]    Compiling wait-timeout v0.2.1
[INFO] [stderr]    Compiling dnx-cli v0.1.3 (/opt/rustwide/workdir)
[INFO] [stderr]     Finished `release` profile [optimized] target(s) in 3.82s
[INFO] [stderr] warning: the following packages contain code that will be rejected by a future version of Rust: nix v0.30.1
[INFO] [stderr] note: to see what the problems were, use the option `--future-incompat-report`, or run `cargo report future-incompatibilities --id 3`
[INFO] running `Command { std: "docker" "inspect" "4982678b3e229055aa9dddfb17fedf8fe7be7cee86418fbb696e55807bdfe986", kill_on_drop: false }`
[INFO] running `Command { std: "docker" "exec" "-e" "SOURCE_DIR=/opt/rustwide/workdir" "-e" "CARGO_HOME=/opt/rustwide/cargo-home" "-e" "RUSTUP_HOME=/opt/rustwide/rustup-home" "-e" "CARGO_TARGET_DIR=/opt/rustwide/target" "-e" "CARGO_INCREMENTAL=0" "-e" "RUST_BACKTRACE=full" "-e" "RUSTFLAGS=--cap-lints=warn" "-e" "RUSTDOCFLAGS=--cap-lints=warn" "-w" "/opt/rustwide/workdir" "--user" "0:0" "4982678b3e229055aa9dddfb17fedf8fe7be7cee86418fbb696e55807bdfe986" "/opt/rustwide/cargo-home/bin/cargo" "+1.100.0-beta.1" "test" "--frozen" "--release", kill_on_drop: false }`
[INFO] [stderr] warning: `package.homepage` is redundant with `package.repository`
[INFO] [stderr]   --> Cargo.toml:69:12
[INFO] [stderr]    |
[INFO] [stderr] 69 | homepage = "https://github.com/arshad-shah/dnx"
[INFO] [stderr]    |            ^^^^^^^^^^^^^^^^^^^^^^^^^^^^^^^^^^^^
[INFO] [stderr] ...
[INFO] [stderr] 73 | repository = "https://github.com/arshad-shah/dnx"
[INFO] [stderr]    |              ------------------------------------
[INFO] [stderr]    |
[INFO] [stderr]    = note: `cargo::redundant_homepage` is set to `warn` by default
[INFO] [stderr] help: consider removing `package.homepage`
[INFO] [stderr] warning: `dnx-cli` (manifest) generated 1 warning
[INFO] [stderr]     Finished `release` profile [optimized] target(s) in 0.26s
[INFO] [stderr] warning: the following packages contain code that will be rejected by a future version of Rust: nix v0.30.1
[INFO] [stderr] note: to see what the problems were, use the option `--future-incompat-report`, or run `cargo report future-incompatibilities --id 3`
[INFO] [stderr]      Running unittests src/main.rs (/opt/rustwide/target/release/build/dnx-cli/30da26eaadc9c70b/out/dnx-30da26eaadc9c70b)
[INFO] [stdout] 
[INFO] [stdout] running 0 tests
[INFO] [stdout] 
[INFO] [stdout] test result: ok. 0 passed; 0 failed; 0 ignored; 0 measured; 0 filtered out; finished in 0.00s
[INFO] [stdout] 
[INFO] [stderr]      Running tests/e2e.rs (/opt/rustwide/target/release/build/dnx-cli/fdfa56a0e55180fe/out/e2e-fdfa56a0e55180fe)
[INFO] [stdout] 
[INFO] [stdout] running 73 tests
[INFO] [stdout] test test_add_peer_dependency ... FAILED
[INFO] [stdout] test test_audit ... FAILED
[INFO] [stdout] test test_add_dev_dependency ... FAILED
[INFO] [stdout] test test_completions_bash ... FAILED
[INFO] [stdout] test test_add_multiple_packages ... FAILED
[INFO] [stdout] test test_debug_flag ... FAILED
[INFO] [stdout] test test_cache_verify ... FAILED
[INFO] [stdout] test test_exec ... FAILED
[INFO] [stdout] test test_doctor ... FAILED
[INFO] [stdout] test test_install_alias ... FAILED
[INFO] [stdout] test test_install_help ... FAILED
[INFO] [stdout] test test_help_shows_global_flags ... FAILED
[INFO] [stdout] test test_install_frozen_valid_lockfile ... FAILED
[INFO] [stdout] test test_help ... FAILED
[INFO] [stdout] test test_add_package ... FAILED
[INFO] [stdout] test test_init ... FAILED
[INFO] [stdout] test test_completions_powershell ... FAILED
[INFO] [stdout] test test_dedupe ... FAILED
[INFO] [stdout] test test_install_basic ... FAILED
[INFO] [stdout] test test_cache_dir ... FAILED
[INFO] [stdout] test test_add_specific_version ... FAILED
[INFO] [stdout] test test_install_shorthand ... FAILED
[INFO] [stdout] test test_install_no_lockfile_flag ... FAILED
[INFO] [stdout] test test_install_shows_progress ... FAILED
[INFO] [stdout] test test_licenses ... FAILED
[INFO] [stdout] test test_init_already_exists ... FAILED
[INFO] [stdout] test test_cache_list ... FAILED
[INFO] [stdout] test test_install_frozen_no_lockfile ... FAILED
[INFO] [stdout] test test_list ... FAILED
[INFO] [stdout] test test_install_warm_fast ... FAILED
[INFO] [stdout] test test_link_and_unlink ... FAILED
[INFO] [stdout] test test_install_idempotent ... FAILED
[INFO] [stdout] test test_invalid_log_level ... FAILED
[INFO] [stdout] test test_licenses_json ... FAILED
[INFO] [stdout] test test_install_no_deps ... FAILED
[INFO] [stdout] test test_install_multiple_deps ... FAILED
[INFO] [stdout] test test_list_depth_zero ... FAILED
[INFO] [stdout] test test_list_alias ... FAILED
[INFO] [stdout] test test_log_level_flag ... FAILED
[INFO] [stdout] test test_log_level_quiet ... FAILED
[INFO] [stdout] test test_install_with_dev_deps ... FAILED
[INFO] [stdout] test test_patch_missing_version ... FAILED
[INFO] [stdout] test test_prune ... FAILED
[INFO] [stdout] test test_quiet_flag ... FAILED
[INFO] [stdout] test test_rebuild ... FAILED
[INFO] [stdout] test test_shortcut_dev ... FAILED
[INFO] [stdout] test test_run_nonexistent_script ... FAILED
[INFO] [stdout] test test_no_package_json ... FAILED
[INFO] [stdout] test test_store_status ... FAILED
[INFO] [stdout] test test_outdated ... FAILED
[INFO] [stdout] test test_remove_alias ... FAILED
[INFO] [stdout] test test_remove_package ... FAILED
[INFO] [stdout] test test_pack ... FAILED
[INFO] [stdout] test test_update ... FAILED
[INFO] [stdout] test test_publish_dry_run ... FAILED
[INFO] [stdout] test test_run_pre_post_hooks ... FAILED
[INFO] [stdout] test test_store_path ... FAILED
[INFO] [stdout] test test_shortcut_start ... FAILED
[INFO] [stdout] test test_run_no_package_json ... FAILED
[INFO] [stdout] test test_shortcut_test ... FAILED
[INFO] [stdout] test test_run_script ... FAILED
[INFO] [stdout] test test_shortcut_build ... FAILED
[INFO] [stdout] test test_update_alias ... FAILED
[INFO] [stdout] test test_update_latest ... FAILED
[INFO] [stdout] test test_warm_install_shows_up_to_date ... FAILED
[INFO] [stdout] test test_why_not_installed ... FAILED
[INFO] [stdout] test test_verbose_flag ... FAILED
[INFO] [stdout] test test_why_transitive ... FAILED
[INFO] [stdout] test test_why ... FAILED
[INFO] [stdout] test test_version ... FAILED
[INFO] [stdout] test test_update_specific ... FAILED
[INFO] [stdout] test test_workspace_filter ... FAILED
[INFO] [stdout] test test_workspace_install ... FAILED
[INFO] [stdout] 
[INFO] [stdout] failures:
[INFO] [stdout] 
[INFO] [stdout] ---- test_add_peer_dependency stdout ----
[INFO] [stdout] 
[INFO] [stdout] thread 'test_add_peer_dependency' (2506) panicked at tests/e2e.rs:22:5:
[INFO] [stdout] dnx binary not found at /opt/rustwide/target/release/build/dnx-cli/fdfa56a0e55180fe/dnx. Run `cargo build` first.
[INFO] [stdout] stack backtrace:
[INFO] [stdout]    0:     0x572973fd4591 - <<std[617be2ca0a6fd877]::sys::backtrace::BacktraceLock>::print::DisplayBacktrace as core[a373ad73a504971]::fmt::Display>::fmt
[INFO] [stdout]    1:     0x572973fe914a - core[a373ad73a504971]::fmt::write
[INFO] [stdout]    2:     0x572973fd8b1c - <alloc[2e1b2a31b91974c5]::vec::Vec<u8> as core[a373ad73a504971]::io::write::Write>::write_fmt
[INFO] [stdout]    3:     0x572973faeb26 - std[617be2ca0a6fd877]::panicking::default_hook::{closure#0}
[INFO] [stdout]    4:     0x572973fcbe49 - std[617be2ca0a6fd877]::panicking::default_hook
[INFO] [stdout]    5:     0x572973f5fa40 - test[aada8e7e76ba119b]::test_main_inner::{closure#0}
[INFO] [stdout]    6:     0x572973fcc002 - std[617be2ca0a6fd877]::panicking::panic_with_hook
[INFO] [stdout]    7:     0x572973faebd2 - std[617be2ca0a6fd877]::panicking::panic_handler::{closure#0}
[INFO] [stdout]    8:     0x572973fa7639 - std[617be2ca0a6fd877]::sys::backtrace::__rust_end_short_backtrace::<std[617be2ca0a6fd877]::panicking::panic_handler::{closure#0}, !>
[INFO] [stdout]    9:     0x572973faf7dd - __rustc[ea4f61d10b84890b]::rust_begin_unwind
[INFO] [stdout]   10:     0x572973fe987c - core[a373ad73a504971]::panicking::panic_fmt
[INFO] [stdout]   11:     0x572973f35c0f - e2e[9c05bd5cede49022]::dnx
[INFO] [stdout]   12:     0x572973f36454 - e2e[9c05bd5cede49022]::dnx_ok
[INFO] [stdout]   13:     0x572973f3fc3b - <e2e[9c05bd5cede49022]::test_add_peer_dependency::{closure#0} as core[a373ad73a504971]::ops::function::FnOnce<()>>::call_once
[INFO] [stdout]   14:     0x572973f52e8b - test[aada8e7e76ba119b]::__rust_begin_short_backtrace::<core[a373ad73a504971]::result::Result<(), alloc[2e1b2a31b91974c5]::string::String>, fn() -> core[a373ad73a504971]::result::Result<(), alloc[2e1b2a31b91974c5]::string::String>>
[INFO] [stdout]   15:     0x572973f60065 - test[aada8e7e76ba119b]::run_test::{closure#0}
[INFO] [stdout]   16:     0x572973f59954 - std[617be2ca0a6fd877]::sys::backtrace::__rust_begin_short_backtrace::<test[aada8e7e76ba119b]::run_test::{closure#1}, ()>
[INFO] [stdout]   17:     0x572973f630f2 - <std[617be2ca0a6fd877]::thread::lifecycle::spawn_unchecked<test[aada8e7e76ba119b]::run_test::{closure#1}, ()>::{closure#1} as core[a373ad73a504971]::ops::function::FnOnce<()>>::call_once::{shim:vtable#0}
[INFO] [stdout]   18:     0x572973fd38af - <std[617be2ca0a6fd877]::sys::thread::unix::Thread>::new::thread_start
[INFO] [stdout]   19:     0x708dddb66dfa - <unknown>
[INFO] [stdout]   20:     0x708dddbfa3d4 - clone
[INFO] [stdout]   21:                0x0 - <unknown>
[INFO] [stdout] 
[INFO] [stdout] ---- test_audit stdout ----
[INFO] [stdout] 
[INFO] [stdout] thread 'test_audit' (2508) panicked at tests/e2e.rs:22:5:
[INFO] [stdout] dnx binary not found at /opt/rustwide/target/release/build/dnx-cli/fdfa56a0e55180fe/dnx. Run `cargo build` first.
[INFO] [stdout] stack backtrace:
[INFO] [stdout]    0:     0x572973fd4591 - <<std[617be2ca0a6fd877]::sys::backtrace::BacktraceLock>::print::DisplayBacktrace as core[a373ad73a504971]::fmt::Display>::fmt
[INFO] [stdout]    1:     0x572973fe914a - core[a373ad73a504971]::fmt::write
[INFO] [stdout]    2:     0x572973fd8b1c - <alloc[2e1b2a31b91974c5]::vec::Vec<u8> as core[a373ad73a504971]::io::write::Write>::write_fmt
[INFO] [stdout]    3:     0x572973faeb26 - std[617be2ca0a6fd877]::panicking::default_hook::{closure#0}
[INFO] [stdout]    4:     0x572973fcbe49 - std[617be2ca0a6fd877]::panicking::default_hook
[INFO] [stdout]    5:     0x572973f5fa40 - test[aada8e7e76ba119b]::test_main_inner::{closure#0}
[INFO] [stdout]    6:     0x572973fcc002 - std[617be2ca0a6fd877]::panicking::panic_with_hook
[INFO] [stdout]    7:     0x572973faebd2 - std[617be2ca0a6fd877]::panicking::panic_handler::{closure#0}
[INFO] [stdout]    8:     0x572973fa7639 - std[617be2ca0a6fd877]::sys::backtrace::__rust_end_short_backtrace::<std[617be2ca0a6fd877]::panicking::panic_handler::{closure#0}, !>
[INFO] [stdout]    9:     0x572973faf7dd - __rustc[ea4f61d10b84890b]::rust_begin_unwind
[INFO] [stdout]   10:     0x572973fe987c - core[a373ad73a504971]::panicking::panic_fmt
[INFO] [stdout]   11:     0x572973f35c0f - e2e[9c05bd5cede49022]::dnx
[INFO] [stdout]   12:     0x572973f36454 - e2e[9c05bd5cede49022]::dnx_ok
[INFO] [stdout]   13:     0x572973f37188 - <e2e[9c05bd5cede49022]::test_audit::{closure#0} as core[a373ad73a504971]::ops::function::FnOnce<()>>::call_once
[INFO] [stdout]   14:     0x572973f52e8b - test[aada8e7e76ba119b]::__rust_begin_short_backtrace::<core[a373ad73a504971]::result::Result<(), alloc[2e1b2a31b91974c5]::string::String>, fn() -> core[a373ad73a504971]::result::Result<(), alloc[2e1b2a31b91974c5]::string::String>>
[INFO] [stdout]   15:     0x572973f60065 - test[aada8e7e76ba119b]::run_test::{closure#0}
[INFO] [stdout]   16:     0x572973f59954 - std[617be2ca0a6fd877]::sys::backtrace::__rust_begin_short_backtrace::<test[aada8e7e76ba119b]::run_test::{closure#1}, ()>
[INFO] [stdout]   17:     0x572973f630f2 - <std[617be2ca0a6fd877]::thread::lifecycle::spawn_unchecked<test[aada8e7e76ba119b]::run_test::{closure#1}, ()>::{closure#1} as core[a373ad73a504971]::ops::function::FnOnce<()>>::call_once::{shim:vtable#0}
[INFO] [stdout]   18:     0x572973fd38af - <std[617be2ca0a6fd877]::sys::thread::unix::Thread>::new::thread_start
[INFO] [stdout]   19:     0x708dddb66dfa - <unknown>
[INFO] [stdout]   20:     0x708dddbfa3d4 - clone
[INFO] [stdout]   21:                0x0 - <unknown>
[INFO] [stdout] 
[INFO] [stdout] ---- test_add_dev_dependency stdout ----
[INFO] [stdout] 
[INFO] [stdout] thread 'test_add_dev_dependency' (2503) panicked at tests/e2e.rs:22:5:
[INFO] [stdout] dnx binary not found at /opt/rustwide/target/release/build/dnx-cli/fdfa56a0e55180fe/dnx. Run `cargo build` first.
[INFO] [stdout] stack backtrace:
[INFO] [stdout]    0:     0x572973fd4591 - <<std[617be2ca0a6fd877]::sys::backtrace::BacktraceLock>::print::DisplayBacktrace as core[a373ad73a504971]::fmt::Display>::fmt
[INFO] [stdout]    1:     0x572973fe914a - core[a373ad73a504971]::fmt::write
[INFO] [stdout]    2:     0x572973fd8b1c - <alloc[2e1b2a31b91974c5]::vec::Vec<u8> as core[a373ad73a504971]::io::write::Write>::write_fmt
[INFO] [stdout]    3:     0x572973faeb26 - std[617be2ca0a6fd877]::panicking::default_hook::{closure#0}
[INFO] [stdout]    4:     0x572973fcbe49 - std[617be2ca0a6fd877]::panicking::default_hook
[INFO] [stdout]    5:     0x572973f5fa40 - test[aada8e7e76ba119b]::test_main_inner::{closure#0}
[INFO] [stdout]    6:     0x572973fcc002 - std[617be2ca0a6fd877]::panicking::panic_with_hook
[INFO] [stdout]    7:     0x572973faebd2 - std[617be2ca0a6fd877]::panicking::panic_handler::{closure#0}
[INFO] [stdout]    8:     0x572973fa7639 - std[617be2ca0a6fd877]::sys::backtrace::__rust_end_short_backtrace::<std[617be2ca0a6fd877]::panicking::panic_handler::{closure#0}, !>
[INFO] [stdout]    9:     0x572973faf7dd - __rustc[ea4f61d10b84890b]::rust_begin_unwind
[INFO] [stdout]   10:     0x572973fe987c - core[a373ad73a504971]::panicking::panic_fmt
[INFO] [stdout]   11:     0x572973f35c0f - e2e[9c05bd5cede49022]::dnx
[INFO] [stdout]   12:     0x572973f36454 - e2e[9c05bd5cede49022]::dnx_ok
[INFO] [stdout]   13:     0x572973f3f47b - <e2e[9c05bd5cede49022]::test_add_dev_dependency::{closure#0} as core[a373ad73a504971]::ops::function::FnOnce<()>>::call_once
[INFO] [stdout]   14:     0x572973f52e8b - test[aada8e7e76ba119b]::__rust_begin_short_backtrace::<core[a373ad73a504971]::result::Result<(), alloc[2e1b2a31b91974c5]::string::String>, fn() -> core[a373ad73a504971]::result::Result<(), alloc[2e1b2a31b91974c5]::string::String>>
[INFO] [stdout]   15:     0x572973f60065 - test[aada8e7e76ba119b]::run_test::{closure#0}
[INFO] [stdout]   16:     0x572973f59954 - std[617be2ca0a6fd877]::sys::backtrace::__rust_begin_short_backtrace::<test[aada8e7e76ba119b]::run_test::{closure#1}, ()>
[INFO] [stdout]   17:     0x572973f630f2 - <std[617be2ca0a6fd877]::thread::lifecycle::spawn_unchecked<test[aada8e7e76ba119b]::run_test::{closure#1}, ()>::{closure#1} as core[a373ad73a504971]::ops::function::FnOnce<()>>::call_once::{shim:vtable#0}
[INFO] [stdout]   18:     0x572973fd38af - <std[617be2ca0a6fd877]::sys::thread::unix::Thread>::new::thread_start
[INFO] [stdout]   19:     0x708dddb66dfa - <unknown>
[INFO] [stdout]   20:     0x708dddbfa3d4 - clone
[INFO] [stdout]   21:                0x0 - <unknown>
[INFO] [stdout] 
[INFO] [stdout] ---- test_completions_bash stdout ----
[INFO] [stdout] 
[INFO] [stdout] thread 'test_completions_bash' (2512) panicked at tests/e2e.rs:22:5:
[INFO] [stdout] dnx binary not found at /opt/rustwide/target/release/build/dnx-cli/fdfa56a0e55180fe/dnx. Run `cargo build` first.
[INFO] [stdout] stack backtrace:
[INFO] [stdout]    0:     0x572973fd4591 - <<std[617be2ca0a6fd877]::sys::backtrace::BacktraceLock>::print::DisplayBacktrace as core[a373ad73a504971]::fmt::Display>::fmt
[INFO] [stdout]    1:     0x572973fe914a - core[a373ad73a504971]::fmt::write
[INFO] [stdout]    2:     0x572973fd8b1c - <alloc[2e1b2a31b91974c5]::vec::Vec<u8> as core[a373ad73a504971]::io::write::Write>::write_fmt
[INFO] [stdout]    3:     0x572973faeb26 - std[617be2ca0a6fd877]::panicking::default_hook::{closure#0}
[INFO] [stdout]    4:     0x572973fcbe49 - std[617be2ca0a6fd877]::panicking::default_hook
[INFO] [stdout]    5:     0x572973f5fa40 - test[aada8e7e76ba119b]::test_main_inner::{closure#0}
[INFO] [stdout]    6:     0x572973fcc002 - std[617be2ca0a6fd877]::panicking::panic_with_hook
[INFO] [stdout]    7:     0x572973faebd2 - std[617be2ca0a6fd877]::panicking::panic_handler::{closure#0}
[INFO] [stdout]    8:     0x572973fa7639 - std[617be2ca0a6fd877]::sys::backtrace::__rust_end_short_backtrace::<std[617be2ca0a6fd877]::panicking::panic_handler::{closure#0}, !>
[INFO] [stdout]    9:     0x572973faf7dd - __rustc[ea4f61d10b84890b]::rust_begin_unwind
[INFO] [stdout]   10:     0x572973fe987c - core[a373ad73a504971]::panicking::panic_fmt
[INFO] [stdout]   11:     0x572973f35c0f - e2e[9c05bd5cede49022]::dnx
[INFO] [stdout]   12:     0x572973f36454 - e2e[9c05bd5cede49022]::dnx_ok
[INFO] [stdout]   13:     0x572973f3cc27 - <e2e[9c05bd5cede49022]::test_completions_bash::{closure#0} as core[a373ad73a504971]::ops::function::FnOnce<()>>::call_once
[INFO] [stdout]   14:     0x572973f52e8b - test[aada8e7e76ba119b]::__rust_begin_short_backtrace::<core[a373ad73a504971]::result::Result<(), alloc[2e1b2a31b91974c5]::string::String>, fn() -> core[a373ad73a504971]::result::Result<(), alloc[2e1b2a31b91974c5]::string::String>>
[INFO] [stdout]   15:     0x572973f60065 - test[aada8e7e76ba119b]::run_test::{closure#0}
[INFO] [stdout]   16:     0x572973f59954 - std[617be2ca0a6fd877]::sys::backtrace::__rust_begin_short_backtrace::<test[aada8e7e76ba119b]::run_test::{closure#1}, ()>
[INFO] [stdout]   17:     0x572973f630f2 - <std[617be2ca0a6fd877]::thread::lifecycle::spawn_unchecked<test[aada8e7e76ba119b]::run_test::{closure#1}, ()>::{closure#1} as core[a373ad73a504971]::ops::function::FnOnce<()>>::call_once::{shim:vtable#0}
[INFO] [stdout]   18:     0x572973fd38af - <std[617be2ca0a6fd877]::sys::thread::unix::Thread>::new::thread_start
[INFO] [stdout]   19:     0x708dddb66dfa - <unknown>
[INFO] [stdout]   20:     0x708dddbfa3d4 - clone
[INFO] [stdout]   21:                0x0 - <unknown>
[INFO] [stdout] 
[INFO] [stdout] ---- test_add_multiple_packages stdout ----
[INFO] [stdout] 
[INFO] [stdout] thread 'test_add_multiple_packages' (2504) panicked at tests/e2e.rs:22:5:
[INFO] [stdout] dnx binary not found at /opt/rustwide/target/release/build/dnx-cli/fdfa56a0e55180fe/dnx. Run `cargo build` first.
[INFO] [stdout] stack backtrace:
[INFO] [stdout]    0:     0x572973fd4591 - <<std[617be2ca0a6fd877]::sys::backtrace::BacktraceLock>::print::DisplayBacktrace as core[a373ad73a504971]::fmt::Display>::fmt
[INFO] [stdout]    1:     0x572973fe914a - core[a373ad73a504971]::fmt::write
[INFO] [stdout]    2:     0x572973fd8b1c - <alloc[2e1b2a31b91974c5]::vec::Vec<u8> as core[a373ad73a504971]::io::write::Write>::write_fmt
[INFO] [stdout]    3:     0x572973faeb26 - std[617be2ca0a6fd877]::panicking::default_hook::{closure#0}
[INFO] [stdout]    4:     0x572973fcbe49 - std[617be2ca0a6fd877]::panicking::default_hook
[INFO] [stdout]    5:     0x572973f5fa40 - test[aada8e7e76ba119b]::test_main_inner::{closure#0}
[INFO] [stdout]    6:     0x572973fcc002 - std[617be2ca0a6fd877]::panicking::panic_with_hook
[INFO] [stdout]    7:     0x572973faebd2 - std[617be2ca0a6fd877]::panicking::panic_handler::{closure#0}
[INFO] [stdout]    8:     0x572973fa7639 - std[617be2ca0a6fd877]::sys::backtrace::__rust_end_short_backtrace::<std[617be2ca0a6fd877]::panicking::panic_handler::{closure#0}, !>
[INFO] [stdout]    9:     0x572973faf7dd - __rustc[ea4f61d10b84890b]::rust_begin_unwind
[INFO] [stdout]   10:     0x572973fe987c - core[a373ad73a504971]::panicking::panic_fmt
[INFO] [stdout]   11:     0x572973f35c0f - e2e[9c05bd5cede49022]::dnx
[INFO] [stdout]   12:     0x572973f36454 - e2e[9c05bd5cede49022]::dnx_ok
[INFO] [stdout]   13:     0x572973f4043a - <e2e[9c05bd5cede49022]::test_add_multiple_packages::{closure#0} as core[a373ad73a504971]::ops::function::FnOnce<()>>::call_once
[INFO] [stdout]   14:     0x572973f52e8b - test[aada8e7e76ba119b]::__rust_begin_short_backtrace::<core[a373ad73a504971]::result::Result<(), alloc[2e1b2a31b91974c5]::string::String>, fn() -> core[a373ad73a504971]::result::Result<(), alloc[2e1b2a31b91974c5]::string::String>>
[INFO] [stdout]   15:     0x572973f60065 - test[aada8e7e76ba119b]::run_test::{closure#0}
[INFO] [stdout]   16:     0x572973f59954 - std[617be2ca0a6fd877]::sys::backtrace::__rust_begin_short_backtrace::<test[aada8e7e76ba119b]::run_test::{closure#1}, ()>
[INFO] [stdout]   17:     0x572973f630f2 - <std[617be2ca0a6fd877]::thread::lifecycle::spawn_unchecked<test[aada8e7e76ba119b]::run_test::{closure#1}, ()>::{closure#1} as core[a373ad73a504971]::ops::function::FnOnce<()>>::call_once::{shim:vtable#0}
[INFO] [stdout]   18:     0x572973fd38af - <std[617be2ca0a6fd877]::sys::thread::unix::Thread>::new::thread_start
[INFO] [stdout]   19:     0x708dddb66dfa - <unknown>
[INFO] [stdout]   20:     0x708dddbfa3d4 - clone
[INFO] [stdout]   21:                0x0 - <unknown>
[INFO] [stdout] 
[INFO] [stdout] ---- test_debug_flag stdout ----
[INFO] [stdout] 
[INFO] [stdout] thread 'test_debug_flag' (2514) panicked at tests/e2e.rs:22:5:
[INFO] [stdout] dnx binary not found at /opt/rustwide/target/release/build/dnx-cli/fdfa56a0e55180fe/dnx. Run `cargo build` first.
[INFO] [stdout] stack backtrace:
[INFO] [stdout]    0:     0x572973fd4591 - <<std[617be2ca0a6fd877]::sys::backtrace::BacktraceLock>::print::DisplayBacktrace as core[a373ad73a504971]::fmt::Display>::fmt
[INFO] [stdout]    1:     0x572973fe914a - core[a373ad73a504971]::fmt::write
[INFO] [stdout]    2:     0x572973fd8b1c - <alloc[2e1b2a31b91974c5]::vec::Vec<u8> as core[a373ad73a504971]::io::write::Write>::write_fmt
[INFO] [stdout]    3:     0x572973faeb26 - std[617be2ca0a6fd877]::panicking::default_hook::{closure#0}
[INFO] [stdout]    4:     0x572973fcbe49 - std[617be2ca0a6fd877]::panicking::default_hook
[INFO] [stdout]    5:     0x572973f5fa40 - test[aada8e7e76ba119b]::test_main_inner::{closure#0}
[INFO] [stdout]    6:     0x572973fcc002 - std[617be2ca0a6fd877]::panicking::panic_with_hook
[INFO] [stdout]    7:     0x572973faebd2 - std[617be2ca0a6fd877]::panicking::panic_handler::{closure#0}
[INFO] [stdout]    8:     0x572973fa7639 - std[617be2ca0a6fd877]::sys::backtrace::__rust_end_short_backtrace::<std[617be2ca0a6fd877]::panicking::panic_handler::{closure#0}, !>
[INFO] [stdout]    9:     0x572973faf7dd - __rustc[ea4f61d10b84890b]::rust_begin_unwind
[INFO] [stdout]   10:     0x572973fe987c - core[a373ad73a504971]::panicking::panic_fmt
[INFO] [stdout]   11:     0x572973f35c0f - e2e[9c05bd5cede49022]::dnx
[INFO] [stdout]   12:     0x572973f36454 - e2e[9c05bd5cede49022]::dnx_ok
[INFO] [stdout]   13:     0x572973f38a67 - <e2e[9c05bd5cede49022]::test_debug_flag::{closure#0} as core[a373ad73a504971]::ops::function::FnOnce<()>>::call_once
[INFO] [stdout]   14:     0x572973f52e8b - test[aada8e7e76ba119b]::__rust_begin_short_backtrace::<core[a373ad73a504971]::result::Result<(), alloc[2e1b2a31b91974c5]::string::String>, fn() -> core[a373ad73a504971]::result::Result<(), alloc[2e1b2a31b91974c5]::string::String>>
[INFO] [stdout]   15:     0x572973f60065 - test[aada8e7e76ba119b]::run_test::{closure#0}
[INFO] [stdout]   16:     0x572973f59954 - std[617be2ca0a6fd877]::sys::backtrace::__rust_begin_short_backtrace::<test[aada8e7e76ba119b]::run_test::{closure#1}, ()>
[INFO] [stdout]   17:     0x572973f630f2 - <std[617be2ca0a6fd877]::thread::lifecycle::spawn_unchecked<test[aada8e7e76ba119b]::run_test::{closure#1}, ()>::{closure#1} as core[a373ad73a504971]::ops::function::FnOnce<()>>::call_once::{shim:vtable#0}
[INFO] [stdout]   18:     0x572973fd38af - <std[617be2ca0a6fd877]::sys::thread::unix::Thread>::new::thread_start
[INFO] [stdout]   19:     0x708dddb66dfa - <unknown>
[INFO] [stdout]   20:     0x708dddbfa3d4 - clone
[INFO] [stdout]   21:                0x0 - <unknown>
[INFO] [stdout] 
[INFO] [stdout] ---- test_cache_verify stdout ----
[INFO] [stdout] 
[INFO] [stdout] thread 'test_cache_verify' (2511) panicked at tests/e2e.rs:22:5:
[INFO] [stdout] dnx binary not found at /opt/rustwide/target/release/build/dnx-cli/fdfa56a0e55180fe/dnx. Run `cargo build` first.
[INFO] [stdout] stack backtrace:
[INFO] [stdout]    0:     0x572973fd4591 - <<std[617be2ca0a6fd877]::sys::backtrace::BacktraceLock>::print::DisplayBacktrace as core[a373ad73a504971]::fmt::Display>::fmt
[INFO] [stdout]    1:     0x572973fe914a - core[a373ad73a504971]::fmt::write
[INFO] [stdout]    2:     0x572973fd8b1c - <alloc[2e1b2a31b91974c5]::vec::Vec<u8> as core[a373ad73a504971]::io::write::Write>::write_fmt
[INFO] [stdout]    3:     0x572973faeb26 - std[617be2ca0a6fd877]::panicking::default_hook::{closure#0}
[INFO] [stdout]    4:     0x572973fcbe49 - std[617be2ca0a6fd877]::panicking::default_hook
[INFO] [stdout]    5:     0x572973f5fa40 - test[aada8e7e76ba119b]::test_main_inner::{closure#0}
[INFO] [stdout]    6:     0x572973fcc002 - std[617be2ca0a6fd877]::panicking::panic_with_hook
[INFO] [stdout]    7:     0x572973faebd2 - std[617be2ca0a6fd877]::panicking::panic_handler::{closure#0}
[INFO] [stdout]    8:     0x572973fa7639 - std[617be2ca0a6fd877]::sys::backtrace::__rust_end_short_backtrace::<std[617be2ca0a6fd877]::panicking::panic_handler::{closure#0}, !>
[INFO] [stdout]    9:     0x572973faf7dd - __rustc[ea4f61d10b84890b]::rust_begin_unwind
[INFO] [stdout]   10:     0x572973fe987c - core[a373ad73a504971]::panicking::panic_fmt
[INFO] [stdout]   11:     0x572973f35c0f - e2e[9c05bd5cede49022]::dnx
[INFO] [stdout]   12:     0x572973f36454 - e2e[9c05bd5cede49022]::dnx_ok
[INFO] [stdout]   13:     0x572973f39637 - <e2e[9c05bd5cede49022]::test_cache_verify::{closure#0} as core[a373ad73a504971]::ops::function::FnOnce<()>>::call_once
[INFO] [stdout]   14:     0x572973f52e8b - test[aada8e7e76ba119b]::__rust_begin_short_backtrace::<core[a373ad73a504971]::result::Result<(), alloc[2e1b2a31b91974c5]::string::String>, fn() -> core[a373ad73a504971]::result::Result<(), alloc[2e1b2a31b91974c5]::string::String>>
[INFO] [stdout]   15:     0x572973f60065 - test[aada8e7e76ba119b]::run_test::{closure#0}
[INFO] [stdout]   16:     0x572973f59954 - std[617be2ca0a6fd877]::sys::backtrace::__rust_begin_short_backtrace::<test[aada8e7e76ba119b]::run_test::{closure#1}, ()>
[INFO] [stdout]   17:     0x572973f630f2 - <std[617be2ca0a6fd877]::thread::lifecycle::spawn_unchecked<test[aada8e7e76ba119b]::run_test::{closure#1}, ()>::{closure#1} as core[a373ad73a504971]::ops::function::FnOnce<()>>::call_once::{shim:vtable#0}
[INFO] [stdout]   18:     0x572973fd38af - <std[617be2ca0a6fd877]::sys::thread::unix::Thread>::new::thread_start
[INFO] [stdout]   19:     0x708dddb66dfa - <unknown>
[INFO] [stdout]   20:     0x708dddbfa3d4 - clone
[INFO] [stdout]   21:                0x0 - <unknown>
[INFO] [stdout] 
[INFO] [stdout] ---- test_exec stdout ----
[INFO] [stdout] 
[INFO] [stdout] thread 'test_exec' (2517) panicked at tests/e2e.rs:22:5:
[INFO] [stdout] dnx binary not found at /opt/rustwide/target/release/build/dnx-cli/fdfa56a0e55180fe/dnx. Run `cargo build` first.
[INFO] [stdout] stack backtrace:
[INFO] [stdout]    0:     0x572973fd4591 - <<std[617be2ca0a6fd877]::sys::backtrace::BacktraceLock>::print::DisplayBacktrace as core[a373ad73a504971]::fmt::Display>::fmt
[INFO] [stdout]    1:     0x572973fe914a - core[a373ad73a504971]::fmt::write
[INFO] [stdout]    2:     0x572973fd8b1c - <alloc[2e1b2a31b91974c5]::vec::Vec<u8> as core[a373ad73a504971]::io::write::Write>::write_fmt
[INFO] [stdout]    3:     0x572973faeb26 - std[617be2ca0a6fd877]::panicking::default_hook::{closure#0}
[INFO] [stdout]    4:     0x572973fcbe49 - std[617be2ca0a6fd877]::panicking::default_hook
[INFO] [stdout]    5:     0x572973f5fa40 - test[aada8e7e76ba119b]::test_main_inner::{closure#0}
[INFO] [stdout]    6:     0x572973fcc002 - std[617be2ca0a6fd877]::panicking::panic_with_hook
[INFO] [stdout]    7:     0x572973faebd2 - std[617be2ca0a6fd877]::panicking::panic_handler::{closure#0}
[INFO] [stdout]    8:     0x572973fa7639 - std[617be2ca0a6fd877]::sys::backtrace::__rust_end_short_backtrace::<std[617be2ca0a6fd877]::panicking::panic_handler::{closure#0}, !>
[INFO] [stdout]    9:     0x572973faf7dd - __rustc[ea4f61d10b84890b]::rust_begin_unwind
[INFO] [stdout]   10:     0x572973fe987c - core[a373ad73a504971]::panicking::panic_fmt
[INFO] [stdout]   11:     0x572973f35c0f - e2e[9c05bd5cede49022]::dnx
[INFO] [stdout]   12:     0x572973f42824 - <e2e[9c05bd5cede49022]::test_exec::{closure#0} as core[a373ad73a504971]::ops::function::FnOnce<()>>::call_once
[INFO] [stdout]   13:     0x572973f52e8b - test[aada8e7e76ba119b]::__rust_begin_short_backtrace::<core[a373ad73a504971]::result::Result<(), alloc[2e1b2a31b91974c5]::string::String>, fn() -> core[a373ad73a504971]::result::Result<(), alloc[2e1b2a31b91974c5]::string::String>>
[INFO] [stdout]   14:     0x572973f60065 - test[aada8e7e76ba119b]::run_test::{closure#0}
[INFO] [stdout]   15:     0x572973f59954 - std[617be2ca0a6fd877]::sys::backtrace::__rust_begin_short_backtrace::<test[aada8e7e76ba119b]::run_test::{closure#1}, ()>
[INFO] [stdout]   16:     0x572973f630f2 - <std[617be2ca0a6fd877]::thread::lifecycle::spawn_unchecked<test[aada8e7e76ba119b]::run_test::{closure#1}, ()>::{closure#1} as core[a373ad73a504971]::ops::function::FnOnce<()>>::call_once::{shim:vtable#0}
[INFO] [stdout]   17:     0x572973fd38af - <std[617be2ca0a6fd877]::sys::thread::unix::Thread>::new::thread_start
[INFO] [stdout]   18:     0x708dddb66dfa - <unknown>
[INFO] [stdout]   19:     0x708dddbfa3d4 - clone
[INFO] [stdout]   20:                0x0 - <unknown>
[INFO] [stdout] 
[INFO] [stdout] ---- test_doctor stdout ----
[INFO] [stdout] 
[INFO] [stdout] thread 'test_doctor' (2516) panicked at tests/e2e.rs:22:5:
[INFO] [stdout] dnx binary not found at /opt/rustwide/target/release/build/dnx-cli/fdfa56a0e55180fe/dnx. Run `cargo build` first.
[INFO] [stdout] stack backtrace:
[INFO] [stdout]    0:     0x572973fd4591 - <<std[617be2ca0a6fd877]::sys::backtrace::BacktraceLock>::print::DisplayBacktrace as core[a373ad73a504971]::fmt::Display>::fmt
[INFO] [stdout]    1:     0x572973fe914a - core[a373ad73a504971]::fmt::write
[INFO] [stdout]    2:     0x572973fd8b1c - <alloc[2e1b2a31b91974c5]::vec::Vec<u8> as core[a373ad73a504971]::io::write::Write>::write_fmt
[INFO] [stdout]    3:     0x572973faeb26 - std[617be2ca0a6fd877]::panicking::default_hook::{closure#0}
[INFO] [stdout]    4:     0x572973fcbe49 - std[617be2ca0a6fd877]::panicking::default_hook
[INFO] [stdout]    5:     0x572973f5fa40 - test[aada8e7e76ba119b]::test_main_inner::{closure#0}
[INFO] [stdout]    6:     0x572973fcc002 - std[617be2ca0a6fd877]::panicking::panic_with_hook
[INFO] [stdout]    7:     0x572973faebd2 - std[617be2ca0a6fd877]::panicking::panic_handler::{closure#0}
[INFO] [stdout]    8:     0x572973fa7639 - std[617be2ca0a6fd877]::sys::backtrace::__rust_end_short_backtrace::<std[617be2ca0a6fd877]::panicking::panic_handler::{closure#0}, !>
[INFO] [stdout]    9:     0x572973faf7dd - __rustc[ea4f61d10b84890b]::rust_begin_unwind
[INFO] [stdout]   10:     0x572973fe987c - core[a373ad73a504971]::panicking::panic_fmt
[INFO] [stdout]   11:     0x572973f35c0f - e2e[9c05bd5cede49022]::dnx
[INFO] [stdout]   12:     0x572973f36454 - e2e[9c05bd5cede49022]::dnx_ok
[INFO] [stdout]   13:     0x572973f378fb - <e2e[9c05bd5cede49022]::test_doctor::{closure#0} as core[a373ad73a504971]::ops::function::FnOnce<()>>::call_once
[INFO] [stdout]   14:     0x572973f52e8b - test[aada8e7e76ba119b]::__rust_begin_short_backtrace::<core[a373ad73a504971]::result::Result<(), alloc[2e1b2a31b91974c5]::string::String>, fn() -> core[a373ad73a504971]::result::Result<(), alloc[2e1b2a31b91974c5]::string::String>>
[INFO] [stdout]   15:     0x572973f60065 - test[aada8e7e76ba119b]::run_test::{closure#0}
[INFO] [stdout]   16:     0x572973f59954 - std[617be2ca0a6fd877]::sys::backtrace::__rust_begin_short_backtrace::<test[aada8e7e76ba119b]::run_test::{closure#1}, ()>
[INFO] [stdout]   17:     0x572973f630f2 - <std[617be2ca0a6fd877]::thread::lifecycle::spawn_unchecked<test[aada8e7e76ba119b]::run_test::{closure#1}, ()>::{closure#1} as core[a373ad73a504971]::ops::function::FnOnce<()>>::call_once::{shim:vtable#0}
[INFO] [stdout]   18:     0x572973fd38af - <std[617be2ca0a6fd877]::sys::thread::unix::Thread>::new::thread_start
[INFO] [stdout]   19:     0x708dddb66dfa - <unknown>
[INFO] [stdout]   20:     0x708dddbfa3d4 - clone
[INFO] [stdout]   21:                0x0 - <unknown>
[INFO] [stdout] 
[INFO] [stdout] ---- test_install_alias stdout ----
[INFO] [stdout] 
[INFO] [stdout] thread 'test_install_alias' (2522) panicked at tests/e2e.rs:22:5:
[INFO] [stdout] dnx binary not found at /opt/rustwide/target/release/build/dnx-cli/fdfa56a0e55180fe/dnx. Run `cargo build` first.
[INFO] [stdout] stack backtrace:
[INFO] [stdout]    0:     0x572973fd4591 - <<std[617be2ca0a6fd877]::sys::backtrace::BacktraceLock>::print::DisplayBacktrace as core[a373ad73a504971]::fmt::Display>::fmt
[INFO] [stdout]    1:     0x572973fe914a - core[a373ad73a504971]::fmt::write
[INFO] [stdout]    2:     0x572973fd8b1c - <alloc[2e1b2a31b91974c5]::vec::Vec<u8> as core[a373ad73a504971]::io::write::Write>::write_fmt
[INFO] [stdout]    3:     0x572973faeb26 - std[617be2ca0a6fd877]::panicking::default_hook::{closure#0}
[INFO] [stdout]    4:     0x572973fcbe49 - std[617be2ca0a6fd877]::panicking::default_hook
[INFO] [stdout]    5:     0x572973f5fa40 - test[aada8e7e76ba119b]::test_main_inner::{closure#0}
[INFO] [stdout]    6:     0x572973fcc002 - std[617be2ca0a6fd877]::panicking::panic_with_hook
[INFO] [stdout]    7:     0x572973faebd2 - std[617be2ca0a6fd877]::panicking::panic_handler::{closure#0}
[INFO] [stdout]    8:     0x572973fa7639 - std[617be2ca0a6fd877]::sys::backtrace::__rust_end_short_backtrace::<std[617be2ca0a6fd877]::panicking::panic_handler::{closure#0}, !>
[INFO] [stdout]    9:     0x572973faf7dd - __rustc[ea4f61d10b84890b]::rust_begin_unwind
[INFO] [stdout]   10:     0x572973fe987c - core[a373ad73a504971]::panicking::panic_fmt
[INFO] [stdout]   11:     0x572973f35c0f - e2e[9c05bd5cede49022]::dnx
[INFO] [stdout]   12:     0x572973f36454 - e2e[9c05bd5cede49022]::dnx_ok
[INFO] [stdout]   13:     0x572973f3a386 - <e2e[9c05bd5cede49022]::test_install_alias::{closure#0} as core[a373ad73a504971]::ops::function::FnOnce<()>>::call_once
[INFO] [stdout]   14:     0x572973f52e8b - test[aada8e7e76ba119b]::__rust_begin_short_backtrace::<core[a373ad73a504971]::result::Result<(), alloc[2e1b2a31b91974c5]::string::String>, fn() -> core[a373ad73a504971]::result::Result<(), alloc[2e1b2a31b91974c5]::string::String>>
[INFO] [stdout]   15:     0x572973f60065 - test[aada8e7e76ba119b]::run_test::{closure#0}
[INFO] [stdout]   16:     0x572973f59954 - std[617be2ca0a6fd877]::sys::backtrace::__rust_begin_short_backtrace::<test[aada8e7e76ba119b]::run_test::{closure#1}, ()>
[INFO] [stdout]   17:     0x572973f630f2 - <std[617be2ca0a6fd877]::thread::lifecycle::spawn_unchecked<test[aada8e7e76ba119b]::run_test::{closure#1}, ()>::{closure#1} as core[a373ad73a504971]::ops::function::FnOnce<()>>::call_once::{shim:vtable#0}
[INFO] [stdout]   18:     0x572973fd38af - <std[617be2ca0a6fd877]::sys::thread::unix::Thread>::new::thread_start
[INFO] [stdout]   19:     0x708dddb66dfa - <unknown>
[INFO] [stdout]   20:     0x708dddbfa3d4 - clone
[INFO] [stdout]   21:                0x0 - <unknown>
[INFO] [stdout] 
[INFO] [stdout] ---- test_install_help stdout ----
[INFO] [stdout] 
[INFO] [stdout] thread 'test_install_help' (2526) panicked at tests/e2e.rs:22:5:
[INFO] [stdout] dnx binary not found at /opt/rustwide/target/release/build/dnx-cli/fdfa56a0e55180fe/dnx. Run `cargo build` first.
[INFO] [stdout] stack backtrace:
[INFO] [stdout]    0:     0x572973fd4591 - <<std[617be2ca0a6fd877]::sys::backtrace::BacktraceLock>::print::DisplayBacktrace as core[a373ad73a504971]::fmt::Display>::fmt
[INFO] [stdout]    1:     0x572973fe914a - core[a373ad73a504971]::fmt::write
[INFO] [stdout]    2:     0x572973fd8b1c - <alloc[2e1b2a31b91974c5]::vec::Vec<u8> as core[a373ad73a504971]::io::write::Write>::write_fmt
[INFO] [stdout]    3:     0x572973faeb26 - std[617be2ca0a6fd877]::panicking::default_hook::{closure#0}
[INFO] [stdout]    4:     0x572973fcbe49 - std[617be2ca0a6fd877]::panicking::default_hook
[INFO] [stdout]    5:     0x572973f5fa40 - test[aada8e7e76ba119b]::test_main_inner::{closure#0}
[INFO] [stdout]    6:     0x572973fcc002 - std[617be2ca0a6fd877]::panicking::panic_with_hook
[INFO] [stdout]    7:     0x572973faebd2 - std[617be2ca0a6fd877]::panicking::panic_handler::{closure#0}
[INFO] [stdout]    8:     0x572973fa7639 - std[617be2ca0a6fd877]::sys::backtrace::__rust_end_short_backtrace::<std[617be2ca0a6fd877]::panicking::panic_handler::{closure#0}, !>
[INFO] [stdout]    9:     0x572973faf7dd - __rustc[ea4f61d10b84890b]::rust_begin_unwind
[INFO] [stdout]   10:     0x572973fe987c - core[a373ad73a504971]::panicking::panic_fmt
[INFO] [stdout]   11:     0x572973f35c0f - e2e[9c05bd5cede49022]::dnx
[INFO] [stdout]   12:     0x572973f36454 - e2e[9c05bd5cede49022]::dnx_ok
[INFO] [stdout]   13:     0x572973f39837 - <e2e[9c05bd5cede49022]::test_install_help::{closure#0} as core[a373ad73a504971]::ops::function::FnOnce<()>>::call_once
[INFO] [stdout]   14:     0x572973f52e8b - test[aada8e7e76ba119b]::__rust_begin_short_backtrace::<core[a373ad73a504971]::result::Result<(), alloc[2e1b2a31b91974c5]::string::String>, fn() -> core[a373ad73a504971]::result::Result<(), alloc[2e1b2a31b91974c5]::string::String>>
[INFO] [stdout]   15:     0x572973f60065 - test[aada8e7e76ba119b]::run_test::{closure#0}
[INFO] [stdout]   16:     0x572973f59954 - std[617be2ca0a6fd877]::sys::backtrace::__rust_begin_short_backtrace::<test[aada8e7e76ba119b]::run_test::{closure#1}, ()>
[INFO] [stdout]   17:     0x572973f630f2 - <std[617be2ca0a6fd877]::thread::lifecycle::spawn_unchecked<test[aada8e7e76ba119b]::run_test::{closure#1}, ()>::{closure#1} as core[a373ad73a504971]::ops::function::FnOnce<()>>::call_once::{shim:vtable#0}
[INFO] [stdout]   18:     0x572973fd38af - <std[617be2ca0a6fd877]::sys::thread::unix::Thread>::new::thread_start
[INFO] [stdout]   19:     0x708dddb66dfa - <unknown>
[INFO] [stdout]   20:     0x708dddbfa3d4 - clone
[INFO] [stdout]   21:                0x0 - <unknown>
[INFO] [stdout] 
[INFO] [stdout] ---- test_help_shows_global_flags stdout ----
[INFO] [stdout] 
[INFO] [stdout] thread 'test_help_shows_global_flags' (2519) panicked at tests/e2e.rs:22:5:
[INFO] [stdout] dnx binary not found at /opt/rustwide/target/release/build/dnx-cli/fdfa56a0e55180fe/dnx. Run `cargo build` first.
[INFO] [stdout] stack backtrace:
[INFO] [stdout]    0:     0x572973fd4591 - <<std[617be2ca0a6fd877]::sys::backtrace::BacktraceLock>::print::DisplayBacktrace as core[a373ad73a504971]::fmt::Display>::fmt
[INFO] [stdout]    1:     0x572973fe914a - core[a373ad73a504971]::fmt::write
[INFO] [stdout]    2:     0x572973fd8b1c - <alloc[2e1b2a31b91974c5]::vec::Vec<u8> as core[a373ad73a504971]::io::write::Write>::write_fmt
[INFO] [stdout]    3:     0x572973faeb26 - std[617be2ca0a6fd877]::panicking::default_hook::{closure#0}
[INFO] [stdout]    4:     0x572973fcbe49 - std[617be2ca0a6fd877]::panicking::default_hook
[INFO] [stdout]    5:     0x572973f5fa40 - test[aada8e7e76ba119b]::test_main_inner::{closure#0}
[INFO] [stdout]    6:     0x572973fcc002 - std[617be2ca0a6fd877]::panicking::panic_with_hook
[INFO] [stdout]    7:     0x572973faebd2 - std[617be2ca0a6fd877]::panicking::panic_handler::{closure#0}
[INFO] [stdout]    8:     0x572973fa7639 - std[617be2ca0a6fd877]::sys::backtrace::__rust_end_short_backtrace::<std[617be2ca0a6fd877]::panicking::panic_handler::{closure#0}, !>
[INFO] [stdout]    9:     0x572973faf7dd - __rustc[ea4f61d10b84890b]::rust_begin_unwind
[INFO] [stdout]   10:     0x572973fe987c - core[a373ad73a504971]::panicking::panic_fmt
[INFO] [stdout]   11:     0x572973f35c0f - e2e[9c05bd5cede49022]::dnx
[INFO] [stdout]   12:     0x572973f36454 - e2e[9c05bd5cede49022]::dnx_ok
[INFO] [stdout]   13:     0x572973f41c09 - <e2e[9c05bd5cede49022]::test_help_shows_global_flags::{closure#0} as core[a373ad73a504971]::ops::function::FnOnce<()>>::call_once
[INFO] [stdout]   14:     0x572973f52e8b - test[aada8e7e76ba119b]::__rust_begin_short_backtrace::<core[a373ad73a504971]::result::Result<(), alloc[2e1b2a31b91974c5]::string::String>, fn() -> core[a373ad73a504971]::result::Result<(), alloc[2e1b2a31b91974c5]::string::String>>
[INFO] [stdout]   15:     0x572973f60065 - test[aada8e7e76ba119b]::run_test::{closure#0}
[INFO] [stdout]   16:     0x572973f59954 - std[617be2ca0a6fd877]::sys::backtrace::__rust_begin_short_backtrace::<test[aada8e7e76ba119b]::run_test::{closure#1}, ()>
[INFO] [stdout]   17:     0x572973f630f2 - <std[617be2ca0a6fd877]::thread::lifecycle::spawn_unchecked<test[aada8e7e76ba119b]::run_test::{closure#1}, ()>::{closure#1} as core[a373ad73a504971]::ops::function::FnOnce<()>>::call_once::{shim:vtable#0}
[INFO] [stdout]   18:     0x572973fd38af - <std[617be2ca0a6fd877]::sys::thread::unix::Thread>::new::thread_start
[INFO] [stdout]   19:     0x708dddb66dfa - <unknown>
[INFO] [stdout]   20:     0x708dddbfa3d4 - clone
[INFO] [stdout]   21:                0x0 - <unknown>
[INFO] [stdout] 
[INFO] [stdout] ---- test_install_frozen_valid_lockfile stdout ----
[INFO] [stdout] 
[INFO] [stdout] thread 'test_install_frozen_valid_lockfile' (2525) panicked at tests/e2e.rs:22:5:
[INFO] [stdout] dnx binary not found at /opt/rustwide/target/release/build/dnx-cli/fdfa56a0e55180fe/dnx. Run `cargo build` first.
[INFO] [stdout] stack backtrace:
[INFO] [stdout]    0:     0x572973fd4591 - <<std[617be2ca0a6fd877]::sys::backtrace::BacktraceLock>::print::DisplayBacktrace as core[a373ad73a504971]::fmt::Display>::fmt
[INFO] [stdout]    1:     0x572973fe914a - core[a373ad73a504971]::fmt::write
[INFO] [stdout]    2:     0x572973fd8b1c - <alloc[2e1b2a31b91974c5]::vec::Vec<u8> as core[a373ad73a504971]::io::write::Write>::write_fmt
[INFO] [stdout]    3:     0x572973faeb26 - std[617be2ca0a6fd877]::panicking::default_hook::{closure#0}
[INFO] [stdout]    4:     0x572973fcbe49 - std[617be2ca0a6fd877]::panicking::default_hook
[INFO] [stdout]    5:     0x572973f5fa40 - test[aada8e7e76ba119b]::test_main_inner::{closure#0}
[INFO] [stdout]    6:     0x572973fcc002 - std[617be2ca0a6fd877]::panicking::panic_with_hook
[INFO] [stdout]    7:     0x572973faebd2 - std[617be2ca0a6fd877]::panicking::panic_handler::{closure#0}
[INFO] [stdout]    8:     0x572973fa7639 - std[617be2ca0a6fd877]::sys::backtrace::__rust_end_short_backtrace::<std[617be2ca0a6fd877]::panicking::panic_handler::{closure#0}, !>
[INFO] [stdout]    9:     0x572973faf7dd - __rustc[ea4f61d10b84890b]::rust_begin_unwind
[INFO] [stdout]   10:     0x572973fe987c - core[a373ad73a504971]::panicking::panic_fmt
[INFO] [stdout]   11:     0x572973f35c0f - e2e[9c05bd5cede49022]::dnx
[INFO] [stdout]   12:     0x572973f36454 - e2e[9c05bd5cede49022]::dnx_ok
[INFO] [stdout]   13:     0x572973f42253 - <e2e[9c05bd5cede49022]::test_install_frozen_valid_lockfile::{closure#0} as core[a373ad73a504971]::ops::function::FnOnce<()>>::call_once
[INFO] [stdout]   14:     0x572973f52e8b - test[aada8e7e76ba119b]::__rust_begin_short_backtrace::<core[a373ad73a504971]::result::Result<(), alloc[2e1b2a31b91974c5]::string::String>, fn() -> core[a373ad73a504971]::result::Result<(), alloc[2e1b2a31b91974c5]::string::String>>
[INFO] [stdout]   15:     0x572973f60065 - test[aada8e7e76ba119b]::run_test::{closure#0}
[INFO] [stdout]   16:     0x572973f59954 - std[617be2ca0a6fd877]::sys::backtrace::__rust_begin_short_backtrace::<test[aada8e7e76ba119b]::run_test::{closure#1}, ()>
[INFO] [stdout]   17:     0x572973f630f2 - <std[617be2ca0a6fd877]::thread::lifecycle::spawn_unchecked<test[aada8e7e76ba119b]::run_test::{closure#1}, ()>::{closure#1} as core[a373ad73a504971]::ops::function::FnOnce<()>>::call_once::{shim:vtable#0}
[INFO] [stdout]   18:     0x572973fd38af - <std[617be2ca0a6fd877]::sys::thread::unix::Thread>::new::thread_start
[INFO] [stdout]   19:     0x708dddb66dfa - <unknown>
[INFO] [stdout]   20:     0x708dddbfa3d4 - clone
[INFO] [stdout]   21:                0x0 - <unknown>
[INFO] [stdout] 
[INFO] [stdout] ---- test_help stdout ----
[INFO] [stdout] 
[INFO] [stdout] thread 'test_help' (2518) panicked at tests/e2e.rs:22:5:
[INFO] [stdout] dnx binary not found at /opt/rustwide/target/release/build/dnx-cli/fdfa56a0e55180fe/dnx. Run `cargo build` first.
[INFO] [stdout] stack backtrace:
[INFO] [stdout]    0:     0x572973fd4591 - <<std[617be2ca0a6fd877]::sys::backtrace::BacktraceLock>::print::DisplayBacktrace as core[a373ad73a504971]::fmt::Display>::fmt
[INFO] [stdout]    1:     0x572973fe914a - core[a373ad73a504971]::fmt::write
[INFO] [stdout]    2:     0x572973fd8b1c - <alloc[2e1b2a31b91974c5]::vec::Vec<u8> as core[a373ad73a504971]::io::write::Write>::write_fmt
[INFO] [stdout]    3:     0x572973faeb26 - std[617be2ca0a6fd877]::panicking::default_hook::{closure#0}
[INFO] [stdout]    4:     0x572973fcbe49 - std[617be2ca0a6fd877]::panicking::default_hook
[INFO] [stdout]    5:     0x572973f5fa40 - test[aada8e7e76ba119b]::test_main_inner::{closure#0}
[INFO] [stdout]    6:     0x572973fcc002 - std[617be2ca0a6fd877]::panicking::panic_with_hook
[INFO] [stdout]    7:     0x572973faebd2 - std[617be2ca0a6fd877]::panicking::panic_handler::{closure#0}
[INFO] [stdout]    8:     0x572973fa7639 - std[617be2ca0a6fd877]::sys::backtrace::__rust_end_short_backtrace::<std[617be2ca0a6fd877]::panicking::panic_handler::{closure#0}, !>
[INFO] [stdout]    9:     0x572973faf7dd - __rustc[ea4f61d10b84890b]::rust_begin_unwind
[INFO] [stdout]   10:     0x572973fe987c - core[a373ad73a504971]::panicking::panic_fmt
[INFO] [stdout]   11:     0x572973f35c0f - e2e[9c05bd5cede49022]::dnx
[INFO] [stdout]   12:     0x572973f36454 - e2e[9c05bd5cede49022]::dnx_ok
[INFO] [stdout]   13:     0x572973f42927 - <e2e[9c05bd5cede49022]::test_help::{closure#0} as core[a373ad73a504971]::ops::function::FnOnce<()>>::call_once
[INFO] [stdout]   14:     0x572973f52e8b - test[aada8e7e76ba119b]::__rust_begin_short_backtrace::<core[a373ad73a504971]::result::Result<(), alloc[2e1b2a31b91974c5]::string::String>, fn() -> core[a373ad73a504971]::result::Result<(), alloc[2e1b2a31b91974c5]::string::String>>
[INFO] [stdout]   15:     0x572973f60065 - test[aada8e7e76ba119b]::run_test::{closure#0}
[INFO] [stdout]   16:     0x572973f59954 - std[617be2ca0a6fd877]::sys::backtrace::__rust_begin_short_backtrace::<test[aada8e7e76ba119b]::run_test::{closure#1}, ()>
[INFO] [stdout]   17:     0x572973f630f2 - <std[617be2ca0a6fd877]::thread::lifecycle::spawn_unchecked<test[aada8e7e76ba119b]::run_test::{closure#1}, ()>::{closure#1} as core[a373ad73a504971]::ops::function::FnOnce<()>>::call_once::{shim:vtable#0}
[INFO] [stdout]   18:     0x572973fd38af - <std[617be2ca0a6fd877]::sys::thread::unix::Thread>::new::thread_start
[INFO] [stdout]   19:     0x708dddb66dfa - <unknown>
[INFO] [stdout]   20:     0x708dddbfa3d4 - clone
[INFO] [stdout]   21:                0x0 - <unknown>
[INFO] [stdout] 
[INFO] [stdout] ---- test_add_package stdout ----
[INFO] [stdout] 
[INFO] [stdout] thread 'test_add_package' (2505) panicked at tests/e2e.rs:22:5:
[INFO] [stdout] dnx binary not found at /opt/rustwide/target/release/build/dnx-cli/fdfa56a0e55180fe/dnx. Run `cargo build` first.
[INFO] [stdout] stack backtrace:
[INFO] [stdout]    0:     0x572973fd4591 - <<std[617be2ca0a6fd877]::sys::backtrace::BacktraceLock>::print::DisplayBacktrace as core[a373ad73a504971]::fmt::Display>::fmt
[INFO] [stdout]    1:     0x572973fe914a - core[a373ad73a504971]::fmt::write
[INFO] [stdout]    2:     0x572973fd8b1c - <alloc[2e1b2a31b91974c5]::vec::Vec<u8> as core[a373ad73a504971]::io::write::Write>::write_fmt
[INFO] [stdout]    3:     0x572973faeb26 - std[617be2ca0a6fd877]::panicking::default_hook::{closure#0}
[INFO] [stdout]    4:     0x572973fcbe49 - std[617be2ca0a6fd877]::panicking::default_hook
[INFO] [stdout]    5:     0x572973f5fa40 - test[aada8e7e76ba119b]::test_main_inner::{closure#0}
[INFO] [stdout]    6:     0x572973fcc002 - std[617be2ca0a6fd877]::panicking::panic_with_hook
[INFO] [stdout]    7:     0x572973faebd2 - std[617be2ca0a6fd877]::panicking::panic_handler::{closure#0}
[INFO] [stdout]    8:     0x572973fa7639 - std[617be2ca0a6fd877]::sys::backtrace::__rust_end_short_backtrace::<std[617be2ca0a6fd877]::panicking::panic_handler::{closure#0}, !>
[INFO] [stdout]    9:     0x572973faf7dd - __rustc[ea4f61d10b84890b]::rust_begin_unwind
[INFO] [stdout]   10:     0x572973fe987c - core[a373ad73a504971]::panicking::panic_fmt
[INFO] [stdout]   11:     0x572973f35c0f - e2e[9c05bd5cede49022]::dnx
[INFO] [stdout]   12:     0x572973f36454 - e2e[9c05bd5cede49022]::dnx_ok
[INFO] [stdout]   13:     0x572973f393fb - <e2e[9c05bd5cede49022]::test_add_package::{closure#0} as core[a373ad73a504971]::ops::function::FnOnce<()>>::call_once
[INFO] [stdout]   14:     0x572973f52e8b - test[aada8e7e76ba119b]::__rust_begin_short_backtrace::<core[a373ad73a504971]::result::Result<(), alloc[2e1b2a31b91974c5]::string::String>, fn() -> core[a373ad73a504971]::result::Result<(), alloc[2e1b2a31b91974c5]::string::String>>
[INFO] [stdout]   15:     0x572973f60065 - test[aada8e7e76ba119b]::run_test::{closure#0}
[INFO] [stdout]   16:     0x572973f59954 - std[617be2ca0a6fd877]::sys::backtrace::__rust_begin_short_backtrace::<test[aada8e7e76ba119b]::run_test::{closure#1}, ()>
[INFO] [stdout]   17:     0x572973f630f2 - <std[617be2ca0a6fd877]::thread::lifecycle::spawn_unchecked<test[aada8e7e76ba119b]::run_test::{closure#1}, ()>::{closure#1} as core[a373ad73a504971]::ops::function::FnOnce<()>>::call_once::{shim:vtable#0}
[INFO] [stdout]   18:     0x572973fd38af - <std[617be2ca0a6fd877]::sys::thread::unix::Thread>::new::thread_start
[INFO] [stdout]   19:     0x708dddb66dfa - <unknown>
[INFO] [stdout]   20:     0x708dddbfa3d4 - clone
[INFO] [stdout]   21:                0x0 - <unknown>
[INFO] [stdout] 
[INFO] [stdout] ---- test_init stdout ----
[INFO] [stdout] 
[INFO] [stdout] thread 'test_init' (2520) panicked at tests/e2e.rs:22:5:
[INFO] [stdout] dnx binary not found at /opt/rustwide/target/release/build/dnx-cli/fdfa56a0e55180fe/dnx. Run `cargo build` first.
[INFO] [stdout] stack backtrace:
[INFO] [stdout]    0:     0x572973fd4591 - <<std[617be2ca0a6fd877]::sys::backtrace::BacktraceLock>::print::DisplayBacktrace as core[a373ad73a504971]::fmt::Display>::fmt
[INFO] [stdout]    1:     0x572973fe914a - core[a373ad73a504971]::fmt::write
[INFO] [stdout]    2:     0x572973fd8b1c - <alloc[2e1b2a31b91974c5]::vec::Vec<u8> as core[a373ad73a504971]::io::write::Write>::write_fmt
[INFO] [stdout]    3:     0x572973faeb26 - std[617be2ca0a6fd877]::panicking::default_hook::{closure#0}
[INFO] [stdout]    4:     0x572973fcbe49 - std[617be2ca0a6fd877]::panicking::default_hook
[INFO] [stdout]    5:     0x572973f5fa40 - test[aada8e7e76ba119b]::test_main_inner::{closure#0}
[INFO] [stdout]    6:     0x572973fcc002 - std[617be2ca0a6fd877]::panicking::panic_with_hook
[INFO] [stdout]    7:     0x572973faebd2 - std[617be2ca0a6fd877]::panicking::panic_handler::{closure#0}
[INFO] [stdout]    8:     0x572973fa7639 - std[617be2ca0a6fd877]::sys::backtrace::__rust_end_short_backtrace::<std[617be2ca0a6fd877]::panicking::panic_handler::{closure#0}, !>
[INFO] [stdout]    9:     0x572973faf7dd - __rustc[ea4f61d10b84890b]::rust_begin_unwind
[INFO] [stdout]   10:     0x572973fe987c - core[a373ad73a504971]::panicking::panic_fmt
[INFO] [stdout]   11:     0x572973f35c0f - e2e[9c05bd5cede49022]::dnx
[INFO] [stdout]   12:     0x572973f36454 - e2e[9c05bd5cede49022]::dnx_ok
[INFO] [stdout]   13:     0x572973f42b4a - <e2e[9c05bd5cede49022]::test_init::{closure#0} as core[a373ad73a504971]::ops::function::FnOnce<()>>::call_once
[INFO] [stdout]   14:     0x572973f52e8b - test[aada8e7e76ba119b]::__rust_begin_short_backtrace::<core[a373ad73a504971]::result::Result<(), alloc[2e1b2a31b91974c5]::string::String>, fn() -> core[a373ad73a504971]::result::Result<(), alloc[2e1b2a31b91974c5]::string::String>>
[INFO] [stdout]   15:     0x572973f60065 - test[aada8e7e76ba119b]::run_test::{closure#0}
[INFO] [stdout]   16:     0x572973f59954 - std[617be2ca0a6fd877]::sys::backtrace::__rust_begin_short_backtrace::<test[aada8e7e76ba119b]::run_test::{closure#1}, ()>
[INFO] [stdout]   17:     0x572973f630f2 - <std[617be2ca0a6fd877]::thread::lifecycle::spawn_unchecked<test[aada8e7e76ba119b]::run_test::{closure#1}, ()>::{closure#1} as core[a373ad73a504971]::ops::function::FnOnce<()>>::call_once::{shim:vtable#0}
[INFO] [stdout]   18:     0x572973fd38af - <std[617be2ca0a6fd877]::sys::thread::unix::Thread>::new::thread_start
[INFO] [stdout]   19:     0x708dddb66dfa - <unknown>
[INFO] [stdout]   20:     0x708dddbfa3d4 - clone
[INFO] [stdout]   21:                0x0 - <unknown>
[INFO] [stdout] 
[INFO] [stdout] ---- test_completions_powershell stdout ----
[INFO] [stdout] 
[INFO] [stdout] thread 'test_completions_powershell' (2513) panicked at tests/e2e.rs:22:5:
[INFO] [stdout] dnx binary not found at /opt/rustwide/target/release/build/dnx-cli/fdfa56a0e55180fe/dnx. Run `cargo build` first.
[INFO] [stdout] stack backtrace:
[INFO] [stdout]    0:     0x572973fd4591 - <<std[617be2ca0a6fd877]::sys::backtrace::BacktraceLock>::print::DisplayBacktrace as core[a373ad73a504971]::fmt::Display>::fmt
[INFO] [stdout]    1:     0x572973fe914a - core[a373ad73a504971]::fmt::write
[INFO] [stdout]    2:     0x572973fd8b1c - <alloc[2e1b2a31b91974c5]::vec::Vec<u8> as core[a373ad73a504971]::io::write::Write>::write_fmt
[INFO] [stdout]    3:     0x572973faeb26 - std[617be2ca0a6fd877]::panicking::default_hook::{closure#0}
[INFO] [stdout]    4:     0x572973fcbe49 - std[617be2ca0a6fd877]::panicking::default_hook
[INFO] [stdout]    5:     0x572973f5fa40 - test[aada8e7e76ba119b]::test_main_inner::{closure#0}
[INFO] [stdout]    6:     0x572973fcc002 - std[617be2ca0a6fd877]::panicking::panic_with_hook
[INFO] [stdout]    7:     0x572973faebd2 - std[617be2ca0a6fd877]::panicking::panic_handler::{closure#0}
[INFO] [stdout]    8:     0x572973fa7639 - std[617be2ca0a6fd877]::sys::backtrace::__rust_end_short_backtrace::<std[617be2ca0a6fd877]::panicking::panic_handler::{closure#0}, !>
[INFO] [stdout]    9:     0x572973faf7dd - __rustc[ea4f61d10b84890b]::rust_begin_unwind
[INFO] [stdout]   10:     0x572973fe987c - core[a373ad73a504971]::panicking::panic_fmt
[INFO] [stdout]   11:     0x572973f35c0f - e2e[9c05bd5cede49022]::dnx
[INFO] [stdout]   12:     0x572973f36454 - e2e[9c05bd5cede49022]::dnx_ok
[INFO] [stdout]   13:     0x572973f415f3 - <e2e[9c05bd5cede49022]::test_completions_powershell::{closure#0} as core[a373ad73a504971]::ops::function::FnOnce<()>>::call_once
[INFO] [stdout]   14:     0x572973f52e8b - test[aada8e7e76ba119b]::__rust_begin_short_backtrace::<core[a373ad73a504971]::result::Result<(), alloc[2e1b2a31b91974c5]::string::String>, fn() -> core[a373ad73a504971]::result::Result<(), alloc[2e1b2a31b91974c5]::string::String>>
[INFO] [stdout]   15:     0x572973f60065 - test[aada8e7e76ba119b]::run_test::{closure#0}
[INFO] [stdout]   16:     0x572973f59954 - std[617be2ca0a6fd877]::sys::backtrace::__rust_begin_short_backtrace::<test[aada8e7e76ba119b]::run_test::{closure#1}, ()>
[INFO] [stdout]   17:     0x572973f630f2 - <std[617be2ca0a6fd877]::thread::lifecycle::spawn_unchecked<test[aada8e7e76ba119b]::run_test::{closure#1}, ()>::{closure#1} as core[a373ad73a504971]::ops::function::FnOnce<()>>::call_once::{shim:vtable#0}
[INFO] [stdout]   18:     0x572973fd38af - <std[617be2ca0a6fd877]::sys::thread::unix::Thread>::new::thread_start
[INFO] [stdout]   19:     0x708dddb66dfa - <unknown>
[INFO] [stdout]   20:     0x708dddbfa3d4 - clone
[INFO] [stdout]   21:                0x0 - <unknown>
[INFO] [stdout] 
[INFO] [stdout] ---- test_dedupe stdout ----
[INFO] [stdout] 
[INFO] [stdout] thread 'test_dedupe' (2515) panicked at tests/e2e.rs:22:5:
[INFO] [stdout] dnx binary not found at /opt/rustwide/target/release/build/dnx-cli/fdfa56a0e55180fe/dnx. Run `cargo build` first.
[INFO] [stdout] stack backtrace:
[INFO] [stdout]    0:     0x572973fd4591 - <<std[617be2ca0a6fd877]::sys::backtrace::BacktraceLock>::print::DisplayBacktrace as core[a373ad73a504971]::fmt::Display>::fmt
[INFO] [stdout]    1:     0x572973fe914a - core[a373ad73a504971]::fmt::write
[INFO] [stdout]    2:     0x572973fd8b1c - <alloc[2e1b2a31b91974c5]::vec::Vec<u8> as core[a373ad73a504971]::io::write::Write>::write_fmt
[INFO] [stdout]    3:     0x572973faeb26 - std[617be2ca0a6fd877]::panicking::default_hook::{closure#0}
[INFO] [stdout]    4:     0x572973fcbe49 - std[617be2ca0a6fd877]::panicking::default_hook
[INFO] [stdout]    5:     0x572973f5fa40 - test[aada8e7e76ba119b]::test_main_inner::{closure#0}
[INFO] [stdout]    6:     0x572973fcc002 - std[617be2ca0a6fd877]::panicking::panic_with_hook
[INFO] [stdout]    7:     0x572973faebd2 - std[617be2ca0a6fd877]::panicking::panic_handler::{closure#0}
[INFO] [stdout]    8:     0x572973fa7639 - std[617be2ca0a6fd877]::sys::backtrace::__rust_end_short_backtrace::<std[617be2ca0a6fd877]::panicking::panic_handler::{closure#0}, !>
[INFO] [stdout]    9:     0x572973faf7dd - __rustc[ea4f61d10b84890b]::rust_begin_unwind
[INFO] [stdout]   10:     0x572973fe987c - core[a373ad73a504971]::panicking::panic_fmt
[INFO] [stdout]   11:     0x572973f35c0f - e2e[9c05bd5cede49022]::dnx
[INFO] [stdout]   12:     0x572973f36454 - e2e[9c05bd5cede49022]::dnx_ok
[INFO] [stdout]   13:     0x572973f376df - <e2e[9c05bd5cede49022]::test_dedupe::{closure#0} as core[a373ad73a504971]::ops::function::FnOnce<()>>::call_once
[INFO] [stdout]   14:     0x572973f52e8b - test[aada8e7e76ba119b]::__rust_begin_short_backtrace::<core[a373ad73a504971]::result::Result<(), alloc[2e1b2a31b91974c5]::string::String>, fn() -> core[a373ad73a504971]::result::Result<(), alloc[2e1b2a31b91974c5]::string::String>>
[INFO] [stdout]   15:     0x572973f60065 - test[aada8e7e76ba119b]::run_test::{closure#0}
[INFO] [stdout]   16:     0x572973f59954 - std[617be2ca0a6fd877]::sys::backtrace::__rust_begin_short_backtrace::<test[aada8e7e76ba119b]::run_test::{closure#1}, ()>
[INFO] [stdout]   17:     0x572973f630f2 - <std[617be2ca0a6fd877]::thread::lifecycle::spawn_unchecked<test[aada8e7e76ba119b]::run_test::{closure#1}, ()>::{closure#1} as core[a373ad73a504971]::ops::function::FnOnce<()>>::call_once::{shim:vtable#0}
[INFO] [stdout]   18:     0x572973fd38af - <std[617be2ca0a6fd877]::sys::thread::unix::Thread>::new::thread_start
[INFO] [stdout]   19:     0x708dddb66dfa - <unknown>
[INFO] [stdout]   20:     0x708dddbfa3d4 - clone
[INFO] [stdout]   21:                0x0 - <unknown>
[INFO] [stdout] 
[INFO] [stdout] ---- test_install_basic stdout ----
[INFO] [stdout] 
[INFO] [stdout] thread 'test_install_basic' (2523) panicked at tests/e2e.rs:22:5:
[INFO] [stdout] dnx binary not found at /opt/rustwide/target/release/build/dnx-cli/fdfa56a0e55180fe/dnx. Run `cargo build` first.
[INFO] [stdout] stack backtrace:
[INFO] [stdout]    0:     0x572973fd4591 - <<std[617be2ca0a6fd877]::sys::backtrace::BacktraceLock>::print::DisplayBacktrace as core[a373ad73a504971]::fmt::Display>::fmt
[INFO] [stdout]    1:     0x572973fe914a - core[a373ad73a504971]::fmt::write
[INFO] [stdout]    2:     0x572973fd8b1c - <alloc[2e1b2a31b91974c5]::vec::Vec<u8> as core[a373ad73a504971]::io::write::Write>::write_fmt
[INFO] [stdout]    3:     0x572973faeb26 - std[617be2ca0a6fd877]::panicking::default_hook::{closure#0}
[INFO] [stdout]    4:     0x572973fcbe49 - std[617be2ca0a6fd877]::panicking::default_hook
[INFO] [stdout]    5:     0x572973f5fa40 - test[aada8e7e76ba119b]::test_main_inner::{closure#0}
[INFO] [stdout]    6:     0x572973fcc002 - std[617be2ca0a6fd877]::panicking::panic_with_hook
[INFO] [stdout]    7:     0x572973faebd2 - std[617be2ca0a6fd877]::panicking::panic_handler::{closure#0}
[INFO] [stdout]    8:     0x572973fa7639 - std[617be2ca0a6fd877]::sys::backtrace::__rust_end_short_backtrace::<std[617be2ca0a6fd877]::panicking::panic_handler::{closure#0}, !>
[INFO] [stdout]    9:     0x572973faf7dd - __rustc[ea4f61d10b84890b]::rust_begin_unwind
[INFO] [stdout]   10:     0x572973fe987c - core[a373ad73a504971]::panicking::panic_fmt
[INFO] [stdout]   11:     0x572973f35c0f - e2e[9c05bd5cede49022]::dnx
[INFO] [stdout]   12:     0x572973f36454 - e2e[9c05bd5cede49022]::dnx_ok
[INFO] [stdout]   13:     0x572973f3a563 - <e2e[9c05bd5cede49022]::test_install_basic::{closure#0} as core[a373ad73a504971]::ops::function::FnOnce<()>>::call_once
[INFO] [stdout]   14:     0x572973f52e8b - test[aada8e7e76ba119b]::__rust_begin_short_backtrace::<core[a373ad73a504971]::result::Result<(), alloc[2e1b2a31b91974c5]::string::String>, fn() -> core[a373ad73a504971]::result::Result<(), alloc[2e1b2a31b91974c5]::string::String>>
[INFO] [stdout]   15:     0x572973f60065 - test[aada8e7e76ba119b]::run_test::{closure#0}
[INFO] [stdout]   16:     0x572973f59954 - std[617be2ca0a6fd877]::sys::backtrace::__rust_begin_short_backtrace::<test[aada8e7e76ba119b]::run_test::{closure#1}, ()>
[INFO] [stdout]   17:     0x572973f630f2 - <std[617be2ca0a6fd877]::thread::lifecycle::spawn_unchecked<test[aada8e7e76ba119b]::run_test::{closure#1}, ()>::{closure#1} as core[a373ad73a504971]::ops::function::FnOnce<()>>::call_once::{shim:vtable#0}
[INFO] [stdout]   18:     0x572973fd38af - <std[617be2ca0a6fd877]::sys::thread::unix::Thread>::new::thread_start
[INFO] [stdout]   19:     0x708dddb66dfa - <unknown>
[INFO] [stdout]   20:     0x708dddbfa3d4 - clone
[INFO] [stdout]   21:                0x0 - <unknown>
[INFO] [stdout] 
[INFO] [stdout] ---- test_cache_dir stdout ----
[INFO] [stdout] 
[INFO] [stdout] thread 'test_cache_dir' (2509) panicked at tests/e2e.rs:22:5:
[INFO] [stdout] dnx binary not found at /opt/rustwide/target/release/build/dnx-cli/fdfa56a0e55180fe/dnx. Run `cargo build` first.
[INFO] [stdout] stack backtrace:
[INFO] [stdout]    0:     0x572973fd4591 - <<std[617be2ca0a6fd877]::sys::backtrace::BacktraceLock>::print::DisplayBacktrace as core[a373ad73a504971]::fmt::Display>::fmt
[INFO] [stdout]    1:     0x572973fe914a - core[a373ad73a504971]::fmt::write
[INFO] [stdout]    2:     0x572973fd8b1c - <alloc[2e1b2a31b91974c5]::vec::Vec<u8> as core[a373ad73a504971]::io::write::Write>::write_fmt
[INFO] [stdout]    3:     0x572973faeb26 - std[617be2ca0a6fd877]::panicking::default_hook::{closure#0}
[INFO] [stdout]    4:     0x572973fcbe49 - std[617be2ca0a6fd877]::panicking::default_hook
[INFO] [stdout]    5:     0x572973f5fa40 - test[aada8e7e76ba119b]::test_main_inner::{closure#0}
[INFO] [stdout]    6:     0x572973fcc002 - std[617be2ca0a6fd877]::panicking::panic_with_hook
[INFO] [stdout]    7:     0x572973faebd2 - std[617be2ca0a6fd877]::panicking::panic_handler::{closure#0}
[INFO] [stdout]    8:     0x572973fa7639 - std[617be2ca0a6fd877]::sys::backtrace::__rust_end_short_backtrace::<std[617be2ca0a6fd877]::panicking::panic_handler::{closure#0}, !>
[INFO] [stdout]    9:     0x572973faf7dd - __rustc[ea4f61d10b84890b]::rust_begin_unwind
[INFO] [stdout]   10:     0x572973fe987c - core[a373ad73a504971]::panicking::panic_fmt
[INFO] [stdout]   11:     0x572973f35c0f - e2e[9c05bd5cede49022]::dnx
[INFO] [stdout]   12:     0x572973f36454 - e2e[9c05bd5cede49022]::dnx_ok
[INFO] [stdout]   13:     0x572973f385fa - <e2e[9c05bd5cede49022]::test_cache_dir::{closure#0} as core[a373ad73a504971]::ops::function::FnOnce<()>>::call_once
[INFO] [stdout]   14:     0x572973f52e8b - test[aada8e7e76ba119b]::__rust_begin_short_backtrace::<core[a373ad73a504971]::result::Result<(), alloc[2e1b2a31b91974c5]::string::String>, fn() -> core[a373ad73a504971]::result::Result<(), alloc[2e1b2a31b91974c5]::string::String>>
[INFO] [stdout]   15:     0x572973f60065 - test[aada8e7e76ba119b]::run_test::{closure#0}
[INFO] [stdout]   16:     0x572973f59954 - std[617be2ca0a6fd877]::sys::backtrace::__rust_begin_short_backtrace::<test[aada8e7e76ba119b]::run_test::{closure#1}, ()>
[INFO] [stdout]   17:     0x572973f630f2 - <std[617be2ca0a6fd877]::thread::lifecycle::spawn_unchecked<test[aada8e7e76ba119b]::run_test::{closure#1}, ()>::{closure#1} as core[a373ad73a504971]::ops::function::FnOnce<()>>::call_once::{shim:vtable#0}
[INFO] [stdout]   18:     0x572973fd38af - <std[617be2ca0a6fd877]::sys::thread::unix::Thread>::new::thread_start
[INFO] [stdout]   19:     0x708dddb66dfa - <unknown>
[INFO] [stdout]   20:     0x708dddbfa3d4 - clone
[INFO] [stdout]   21:                0x0 - <unknown>
[INFO] [stdout] 
[INFO] [stdout] ---- test_add_specific_version stdout ----
[INFO] [stdout] 
[INFO] [stdout] thread 'test_add_specific_version' (2507) panicked at tests/e2e.rs:22:5:
[INFO] [stdout] dnx binary not found at /opt/rustwide/target/release/build/dnx-cli/fdfa56a0e55180fe/dnx. Run `cargo build` first.
[INFO] [stdout] stack backtrace:
[INFO] [stdout]    0:     0x572973fd4591 - <<std[617be2ca0a6fd877]::sys::backtrace::BacktraceLock>::print::DisplayBacktrace as core[a373ad73a504971]::fmt::Display>::fmt
[INFO] [stdout]    1:     0x572973fe914a - core[a373ad73a504971]::fmt::write
[INFO] [stdout]    2:     0x572973fd8b1c - <alloc[2e1b2a31b91974c5]::vec::Vec<u8> as core[a373ad73a504971]::io::write::Write>::write_fmt
[INFO] [stdout]    3:     0x572973faeb26 - std[617be2ca0a6fd877]::panicking::default_hook::{closure#0}
[INFO] [stdout]    4:     0x572973fcbe49 - std[617be2ca0a6fd877]::panicking::default_hook
[INFO] [stdout]    5:     0x572973f5fa40 - test[aada8e7e76ba119b]::test_main_inner::{closure#0}
[INFO] [stdout]    6:     0x572973fcc002 - std[617be2ca0a6fd877]::panicking::panic_with_hook
[INFO] [stdout]    7:     0x572973faebd2 - std[617be2ca0a6fd877]::panicking::panic_handler::{closure#0}
[INFO] [stdout]    8:     0x572973fa7639 - std[617be2ca0a6fd877]::sys::backtrace::__rust_end_short_backtrace::<std[617be2ca0a6fd877]::panicking::panic_handler::{closure#0}, !>
[INFO] [stdout]    9:     0x572973faf7dd - __rustc[ea4f61d10b84890b]::rust_begin_unwind
[INFO] [stdout]   10:     0x572973fe987c - core[a373ad73a504971]::panicking::panic_fmt
[INFO] [stdout]   11:     0x572973f35c0f - e2e[9c05bd5cede49022]::dnx
[INFO] [stdout]   12:     0x572973f36454 - e2e[9c05bd5cede49022]::dnx_ok
[INFO] [stdout]   13:     0x572973f4020b - <e2e[9c05bd5cede49022]::test_add_specific_version::{closure#0} as core[a373ad73a504971]::ops::function::FnOnce<()>>::call_once
[INFO] [stdout]   14:     0x572973f52e8b - test[aada8e7e76ba119b]::__rust_begin_short_backtrace::<core[a373ad73a504971]::result::Result<(), alloc[2e1b2a31b91974c5]::string::String>, fn() -> core[a373ad73a504971]::result::Result<(), alloc[2e1b2a31b91974c5]::string::String>>
[INFO] [stdout]   15:     0x572973f60065 - test[aada8e7e76ba119b]::run_test::{closure#0}
[INFO] [stdout]   16:     0x572973f59954 - std[617be2ca0a6fd877]::sys::backtrace::__rust_begin_short_backtrace::<test[aada8e7e76ba119b]::run_test::{closure#1}, ()>
[INFO] [stdout]   17:     0x572973f630f2 - <std[617be2ca0a6fd877]::thread::lifecycle::spawn_unchecked<test[aada8e7e76ba119b]::run_test::{closure#1}, ()>::{closure#1} as core[a373ad73a504971]::ops::function::FnOnce<()>>::call_once::{shim:vtable#0}
[INFO] [stdout]   18:     0x572973fd38af - <std[617be2ca0a6fd877]::sys::thread::unix::Thread>::new::thread_start
[INFO] [stdout]   19:     0x708dddb66dfa - <unknown>
[INFO] [stdout]   20:     0x708dddbfa3d4 - clone
[INFO] [stdout]   21:                0x0 - <unknown>
[INFO] [stdout] 
[INFO] [stdout] ---- test_install_shorthand stdout ----
[INFO] [stdout] 
[INFO] [stdout] thread 'test_install_shorthand' (2531) panicked at tests/e2e.rs:22:5:
[INFO] [stdout] dnx binary not found at /opt/rustwide/target/release/build/dnx-cli/fdfa56a0e55180fe/dnx. Run `cargo build` first.
[INFO] [stdout] stack backtrace:
[INFO] [stdout]    0:     0x572973fd4591 - <<std[617be2ca0a6fd877]::sys::backtrace::BacktraceLock>::print::DisplayBacktrace as core[a373ad73a504971]::fmt::Display>::fmt
[INFO] [stdout]    1:     0x572973fe914a - core[a373ad73a504971]::fmt::write
[INFO] [stdout]    2:     0x572973fd8b1c - <alloc[2e1b2a31b91974c5]::vec::Vec<u8> as core[a373ad73a504971]::io::write::Write>::write_fmt
[INFO] [stdout]    3:     0x572973faeb26 - std[617be2ca0a6fd877]::panicking::default_hook::{closure#0}
[INFO] [stdout]    4:     0x572973fcbe49 - std[617be2ca0a6fd877]::panicking::default_hook
[INFO] [stdout]    5:     0x572973f5fa40 - test[aada8e7e76ba119b]::test_main_inner::{closure#0}
[INFO] [stdout]    6:     0x572973fcc002 - std[617be2ca0a6fd877]::panicking::panic_with_hook
[INFO] [stdout]    7:     0x572973faebd2 - std[617be2ca0a6fd877]::panicking::panic_handler::{closure#0}
[INFO] [stdout]    8:     0x572973fa7639 - std[617be2ca0a6fd877]::sys::backtrace::__rust_end_short_backtrace::<std[617be2ca0a6fd877]::panicking::panic_handler::{closure#0}, !>
[INFO] [stdout]    9:     0x572973faf7dd - __rustc[ea4f61d10b84890b]::rust_begin_unwind
[INFO] [stdout]   10:     0x572973fe987c - core[a373ad73a504971]::panicking::panic_fmt
[INFO] [stdout]   11:     0x572973f35c0f - e2e[9c05bd5cede49022]::dnx
[INFO] [stdout]   12:     0x572973f36454 - e2e[9c05bd5cede49022]::dnx_ok
[INFO] [stdout]   13:     0x572973f3dd8c - <e2e[9c05bd5cede49022]::test_install_shorthand::{closure#0} as core[a373ad73a504971]::ops::function::FnOnce<()>>::call_once
[INFO] [stdout]   14:     0x572973f52e8b - test[aada8e7e76ba119b]::__rust_begin_short_backtrace::<core[a373ad73a504971]::result::Result<(), alloc[2e1b2a31b91974c5]::string::String>, fn() -> core[a373ad73a504971]::result::Result<(), alloc[2e1b2a31b91974c5]::string::String>>
[INFO] [stdout]   15:     0x572973f60065 - test[aada8e7e76ba119b]::run_test::{closure#0}
[INFO] [stdout]   16:     0x572973f59954 - std[617be2ca0a6fd877]::sys::backtrace::__rust_begin_short_backtrace::<test[aada8e7e76ba119b]::run_test::{closure#1}, ()>
[INFO] [stdout]   17:     0x572973f630f2 - <std[617be2ca0a6fd877]::thread::lifecycle::spawn_unchecked<test[aada8e7e76ba119b]::run_test::{closure#1}, ()>::{closure#1} as core[a373ad73a504971]::ops::function::FnOnce<()>>::call_once::{shim:vtable#0}
[INFO] [stdout]   18:     0x572973fd38af - <std[617be2ca0a6fd877]::sys::thread::unix::Thread>::new::thread_start
[INFO] [stdout]   19:     0x708dddb66dfa - <unknown>
[INFO] [stdout]   20:     0x708dddbfa3d4 - clone
[INFO] [stdout]   21:                0x0 - <unknown>
[INFO] [stdout] 
[INFO] [stdout] ---- test_install_no_lockfile_flag stdout ----
[INFO] [stdout] 
[INFO] [stdout] thread 'test_install_no_lockfile_flag' (2530) panicked at tests/e2e.rs:22:5:
[INFO] [stdout] dnx binary not found at /opt/rustwide/target/release/build/dnx-cli/fdfa56a0e55180fe/dnx. Run `cargo build` first.
[INFO] [stdout] stack backtrace:
[INFO] [stdout]    0:     0x572973fd4591 - <<std[617be2ca0a6fd877]::sys::backtrace::BacktraceLock>::print::DisplayBacktrace as core[a373ad73a504971]::fmt::Display>::fmt
[INFO] [stdout]    1:     0x572973fe914a - core[a373ad73a504971]::fmt::write
[INFO] [stdout]    2:     0x572973fd8b1c - <alloc[2e1b2a31b91974c5]::vec::Vec<u8> as core[a373ad73a504971]::io::write::Write>::write_fmt
[INFO] [stdout]    3:     0x572973faeb26 - std[617be2ca0a6fd877]::panicking::default_hook::{closure#0}
[INFO] [stdout]    4:     0x572973fcbe49 - std[617be2ca0a6fd877]::panicking::default_hook
[INFO] [stdout]    5:     0x572973f5fa40 - test[aada8e7e76ba119b]::test_main_inner::{closure#0}
[INFO] [stdout]    6:     0x572973fcc002 - std[617be2ca0a6fd877]::panicking::panic_with_hook
[INFO] [stdout]    7:     0x572973faebd2 - std[617be2ca0a6fd877]::panicking::panic_handler::{closure#0}
[INFO] [stdout]    8:     0x572973fa7639 - std[617be2ca0a6fd877]::sys::backtrace::__rust_end_short_backtrace::<std[617be2ca0a6fd877]::panicking::panic_handler::{closure#0}, !>
[INFO] [stdout]    9:     0x572973faf7dd - __rustc[ea4f61d10b84890b]::rust_begin_unwind
[INFO] [stdout]   10:     0x572973fe987c - core[a373ad73a504971]::panicking::panic_fmt
[INFO] [stdout]   11:     0x572973f35c0f - e2e[9c05bd5cede49022]::dnx
[INFO] [stdout]   12:     0x572973f36454 - e2e[9c05bd5cede49022]::dnx_ok
[INFO] [stdout]   13:     0x572973f41e96 - <e2e[9c05bd5cede49022]::test_install_no_lockfile_flag::{closure#0} as core[a373ad73a504971]::ops::function::FnOnce<()>>::call_once
[INFO] [stdout]   14:     0x572973f52e8b - test[aada8e7e76ba119b]::__rust_begin_short_backtrace::<core[a373ad73a504971]::result::Result<(), alloc[2e1b2a31b91974c5]::string::String>, fn() -> core[a373ad73a504971]::result::Result<(), alloc[2e1b2a31b91974c5]::string::String>>
[INFO] [stdout]   15:     0x572973f60065 - test[aada8e7e76ba119b]::run_test::{closure#0}
[INFO] [stdout]   16:     0x572973f59954 - std[617be2ca0a6fd877]::sys::backtrace::__rust_begin_short_backtrace::<test[aada8e7e76ba119b]::run_test::{closure#1}, ()>
[INFO] [stdout]   17:     0x572973f630f2 - <std[617be2ca0a6fd877]::thread::lifecycle::spawn_unchecked<test[aada8e7e76ba119b]::run_test::{closure#1}, ()>::{closure#1} as core[a373ad73a504971]::ops::function::FnOnce<()>>::call_once::{shim:vtable#0}
[INFO] [stdout]   18:     0x572973fd38af - <std[617be2ca0a6fd877]::sys::thread::unix::Thread>::new::thread_start
[INFO] [stdout]   19:     0x708dddb66dfa - <unknown>
[INFO] [stdout]   20:     0x708dddbfa3d4 - clone
[INFO] [stdout]   21:                0x0 - <unknown>
[INFO] [stdout] 
[INFO] [stdout] ---- test_install_shows_progress stdout ----
[INFO] [stdout] 
[INFO] [stdout] thread 'test_install_shows_progress' (2532) panicked at tests/e2e.rs:22:5:
[INFO] [stdout] dnx binary not found at /opt/rustwide/target/release/build/dnx-cli/fdfa56a0e55180fe/dnx. Run `cargo build` first.
[INFO] [stdout] stack backtrace:
[INFO] [stdout]    0:     0x572973fd4591 - <<std[617be2ca0a6fd877]::sys::backtrace::BacktraceLock>::print::DisplayBacktrace as core[a373ad73a504971]::fmt::Display>::fmt
[INFO] [stdout]    1:     0x572973fe914a - core[a373ad73a504971]::fmt::write
[INFO] [stdout]    2:     0x572973fd8b1c - <alloc[2e1b2a31b91974c5]::vec::Vec<u8> as core[a373ad73a504971]::io::write::Write>::write_fmt
[INFO] [stdout]    3:     0x572973faeb26 - std[617be2ca0a6fd877]::panicking::default_hook::{closure#0}
[INFO] [stdout]    4:     0x572973fcbe49 - std[617be2ca0a6fd877]::panicking::default_hook
[INFO] [stdout]    5:     0x572973f5fa40 - test[aada8e7e76ba119b]::test_main_inner::{closure#0}
[INFO] [stdout]    6:     0x572973fcc002 - std[617be2ca0a6fd877]::panicking::panic_with_hook
[INFO] [stdout]    7:     0x572973faebd2 - std[617be2ca0a6fd877]::panicking::panic_handler::{closure#0}
[INFO] [stdout]    8:     0x572973fa7639 - std[617be2ca0a6fd877]::sys::backtrace::__rust_end_short_backtrace::<std[617be2ca0a6fd877]::panicking::panic_handler::{closure#0}, !>
[INFO] [stdout]    9:     0x572973faf7dd - __rustc[ea4f61d10b84890b]::rust_begin_unwind
[INFO] [stdout]   10:     0x572973fe987c - core[a373ad73a504971]::panicking::panic_fmt
[INFO] [stdout]   11:     0x572973f35c0f - e2e[9c05bd5cede49022]::dnx
[INFO] [stdout]   12:     0x572973f36454 - e2e[9c05bd5cede49022]::dnx_ok
[INFO] [stdout]   13:     0x572973f417c7 - <e2e[9c05bd5cede49022]::test_install_shows_progress::{closure#0} as core[a373ad73a504971]::ops::function::FnOnce<()>>::call_once
[INFO] [stdout]   14:     0x572973f52e8b - test[aada8e7e76ba119b]::__rust_begin_short_backtrace::<core[a373ad73a504971]::result::Result<(), alloc[2e1b2a31b91974c5]::string::String>, fn() -> core[a373ad73a504971]::result::Result<(), alloc[2e1b2a31b91974c5]::string::String>>
[INFO] [stdout]   15:     0x572973f60065 - test[aada8e7e76ba119b]::run_test::{closure#0}
[INFO] [stdout]   16:     0x572973f59954 - std[617be2ca0a6fd877]::sys::backtrace::__rust_begin_short_backtrace::<test[aada8e7e76ba119b]::run_test::{closure#1}, ()>
[INFO] [stdout]   17:     0x572973f630f2 - <std[617be2ca0a6fd877]::thread::lifecycle::spawn_unchecked<test[aada8e7e76ba119b]::run_test::{closure#1}, ()>::{closure#1} as core[a373ad73a504971]::ops::function::FnOnce<()>>::call_once::{shim:vtable#0}
[INFO] [stdout]   18:     0x572973fd38af - <std[617be2ca0a6fd877]::sys::thread::unix::Thread>::new::thread_start
[INFO] [stdout]   19:     0x708dddb66dfa - <unknown>
[INFO] [stdout]   20:     0x708dddbfa3d4 - clone
[INFO] [stdout]   21:                0x0 - <unknown>
[INFO] [stdout] 
[INFO] [stdout] ---- test_licenses stdout ----
[INFO] [stdout] 
[INFO] [stdout] thread 'test_licenses' (2536) panicked at tests/e2e.rs:22:5:
[INFO] [stdout] dnx binary not found at /opt/rustwide/target/release/build/dnx-cli/fdfa56a0e55180fe/dnx. Run `cargo build` first.
[INFO] [stdout] stack backtrace:
[INFO] [stdout]    0:     0x572973fd4591 - <<std[617be2ca0a6fd877]::sys::backtrace::BacktraceLock>::print::DisplayBacktrace as core[a373ad73a504971]::fmt::Display>::fmt
[INFO] [stdout]    1:     0x572973fe914a - core[a373ad73a504971]::fmt::write
[INFO] [stdout]    2:     0x572973fd8b1c - <alloc[2e1b2a31b91974c5]::vec::Vec<u8> as core[a373ad73a504971]::io::write::Write>::write_fmt
[INFO] [stdout]    3:     0x572973faeb26 - std[617be2ca0a6fd877]::panicking::default_hook::{closure#0}
[INFO] [stdout]    4:     0x572973fcbe49 - std[617be2ca0a6fd877]::panicking::default_hook
[INFO] [stdout]    5:     0x572973f5fa40 - test[aada8e7e76ba119b]::test_main_inner::{closure#0}
[INFO] [stdout]    6:     0x572973fcc002 - std[617be2ca0a6fd877]::panicking::panic_with_hook
[INFO] [stdout]    7:     0x572973faebd2 - std[617be2ca0a6fd877]::panicking::panic_handler::{closure#0}
[INFO] [stdout]    8:     0x572973fa7639 - std[617be2ca0a6fd877]::sys::backtrace::__rust_end_short_backtrace::<std[617be2ca0a6fd877]::panicking::panic_handler::{closure#0}, !>
[INFO] [stdout]    9:     0x572973faf7dd - __rustc[ea4f61d10b84890b]::rust_begin_unwind
[INFO] [stdout]   10:     0x572973fe987c - core[a373ad73a504971]::panicking::panic_fmt
[INFO] [stdout]   11:     0x572973f35c0f - e2e[9c05bd5cede49022]::dnx
[INFO] [stdout]   12:     0x572973f36454 - e2e[9c05bd5cede49022]::dnx_ok
[INFO] [stdout]   13:     0x572973f38117 - <e2e[9c05bd5cede49022]::test_licenses::{closure#0} as core[a373ad73a504971]::ops::function::FnOnce<()>>::call_once
[INFO] [stdout]   14:     0x572973f52e8b - test[aada8e7e76ba119b]::__rust_begin_short_backtrace::<core[a373ad73a504971]::result::Result<(), alloc[2e1b2a31b91974c5]::string::String>, fn() -> core[a373ad73a504971]::result::Result<(), alloc[2e1b2a31b91974c5]::string::String>>
[INFO] [stdout]   15:     0x572973f60065 - test[aada8e7e76ba119b]::run_test::{closure#0}
[INFO] [stdout]   16:     0x572973f59954 - std[617be2ca0a6fd877]::sys::backtrace::__rust_begin_short_backtrace::<test[aada8e7e76ba119b]::run_test::{closure#1}, ()>
[INFO] [stdout]   17:     0x572973f630f2 - <std[617be2ca0a6fd877]::thread::lifecycle::spawn_unchecked<test[aada8e7e76ba119b]::run_test::{closure#1}, ()>::{closure#1} as core[a373ad73a504971]::ops::function::FnOnce<()>>::call_once::{shim:vtable#0}
[INFO] [stdout]   18:     0x572973fd38af - <std[617be2ca0a6fd877]::sys::thread::unix::Thread>::new::thread_start
[INFO] [stdout]   19:     0x708dddb66dfa - <unknown>
[INFO] [stdout]   20:     0x708dddbfa3d4 - clone
[INFO] [stdout]   21:                0x0 - <unknown>
[INFO] [stdout] 
[INFO] [stdout] ---- test_init_already_exists stdout ----
[INFO] [stdout] 
[INFO] [stdout] thread 'test_init_already_exists' (2521) panicked at tests/e2e.rs:22:5:
[INFO] [stdout] dnx binary not found at /opt/rustwide/target/release/build/dnx-cli/fdfa56a0e55180fe/dnx. Run `cargo build` first.
[INFO] [stdout] stack backtrace:
[INFO] [stdout]    0:     0x572973fd4591 - <<std[617be2ca0a6fd877]::sys::backtrace::BacktraceLock>::print::DisplayBacktrace as core[a373ad73a504971]::fmt::Display>::fmt
[INFO] [stdout]    1:     0x572973fe914a - core[a373ad73a504971]::fmt::write
[INFO] [stdout]    2:     0x572973fd8b1c - <alloc[2e1b2a31b91974c5]::vec::Vec<u8> as core[a373ad73a504971]::io::write::Write>::write_fmt
[INFO] [stdout]    3:     0x572973faeb26 - std[617be2ca0a6fd877]::panicking::default_hook::{closure#0}
[INFO] [stdout]    4:     0x572973fcbe49 - std[617be2ca0a6fd877]::panicking::default_hook
[INFO] [stdout]    5:     0x572973f5fa40 - test[aada8e7e76ba119b]::test_main_inner::{closure#0}
[INFO] [stdout]    6:     0x572973fcc002 - std[617be2ca0a6fd877]::panicking::panic_with_hook
[INFO] [stdout]    7:     0x572973faebd2 - std[617be2ca0a6fd877]::panicking::panic_handler::{closure#0}
[INFO] [stdout]    8:     0x572973fa7639 - std[617be2ca0a6fd877]::sys::backtrace::__rust_end_short_backtrace::<std[617be2ca0a6fd877]::panicking::panic_handler::{closure#0}, !>
[INFO] [stdout]    9:     0x572973faf7dd - __rustc[ea4f61d10b84890b]::rust_begin_unwind
[INFO] [stdout]   10:     0x572973fe987c - core[a373ad73a504971]::panicking::panic_fmt
[INFO] [stdout]   11:     0x572973f35c0f - e2e[9c05bd5cede49022]::dnx
[INFO] [stdout]   12:     0x572973f36454 - e2e[9c05bd5cede49022]::dnx_ok
[INFO] [stdout]   13:     0x572973f3fe6b - <e2e[9c05bd5cede49022]::test_init_already_exists::{closure#0} as core[a373ad73a504971]::ops::function::FnOnce<()>>::call_once
[INFO] [stdout]   14:     0x572973f52e8b - test[aada8e7e76ba119b]::__rust_begin_short_backtrace::<core[a373ad73a504971]::result::Result<(), alloc[2e1b2a31b91974c5]::string::String>, fn() -> core[a373ad73a504971]::result::Result<(), alloc[2e1b2a31b91974c5]::string::String>>
[INFO] [stdout]   15:     0x572973f60065 - test[aada8e7e76ba119b]::run_test::{closure#0}
[INFO] [stdout]   16:     0x572973f59954 - std[617be2ca0a6fd877]::sys::backtrace::__rust_begin_short_backtrace::<test[aada8e7e76ba119b]::run_test::{closure#1}, ()>
[INFO] [stdout]   17:     0x572973f630f2 - <std[617be2ca0a6fd877]::thread::lifecycle::spawn_unchecked<test[aada8e7e76ba119b]::run_test::{closure#1}, ()>::{closure#1} as core[a373ad73a504971]::ops::function::FnOnce<()>>::call_once::{shim:vtable#0}
[INFO] [stdout]   18:     0x572973fd38af - <std[617be2ca0a6fd877]::sys::thread::unix::Thread>::new::thread_start
[INFO] [stdout]   19:     0x708dddb66dfa - <unknown>
[INFO] [stdout]   20:     0x708dddbfa3d4 - clone
[INFO] [stdout]   21:                0x0 - <unknown>
[INFO] [stdout] 
[INFO] [stdout] ---- test_cache_list stdout ----
[INFO] [stdout] 
[INFO] [stdout] thread 'test_cache_list' (2510) panicked at tests/e2e.rs:22:5:
[INFO] [stdout] dnx binary not found at /opt/rustwide/target/release/build/dnx-cli/fdfa56a0e55180fe/dnx. Run `cargo build` first.
[INFO] [stdout] stack backtrace:
[INFO] [stdout]    0:     0x572973fd4591 - <<std[617be2ca0a6fd877]::sys::backtrace::BacktraceLock>::print::DisplayBacktrace as core[a373ad73a504971]::fmt::Display>::fmt
[INFO] [stdout]    1:     0x572973fe914a - core[a373ad73a504971]::fmt::write
[INFO] [stdout]    2:     0x572973fd8b1c - <alloc[2e1b2a31b91974c5]::vec::Vec<u8> as core[a373ad73a504971]::io::write::Write>::write_fmt
[INFO] [stdout]    3:     0x572973faeb26 - std[617be2ca0a6fd877]::panicking::default_hook::{closure#0}
[INFO] [stdout]    4:     0x572973fcbe49 - std[617be2ca0a6fd877]::panicking::default_hook
[INFO] [stdout]    5:     0x572973f5fa40 - test[aada8e7e76ba119b]::test_main_inner::{closure#0}
[INFO] [stdout]    6:     0x572973fcc002 - std[617be2ca0a6fd877]::panicking::panic_with_hook
[INFO] [stdout]    7:     0x572973faebd2 - std[617be2ca0a6fd877]::panicking::panic_handler::{closure#0}
[INFO] [stdout]    8:     0x572973fa7639 - std[617be2ca0a6fd877]::sys::backtrace::__rust_end_short_backtrace::<std[617be2ca0a6fd877]::panicking::panic_handler::{closure#0}, !>
[INFO] [stdout]    9:     0x572973faf7dd - __rustc[ea4f61d10b84890b]::rust_begin_unwind
[INFO] [stdout]   10:     0x572973fe987c - core[a373ad73a504971]::panicking::panic_fmt
[INFO] [stdout]   11:     0x572973f35c0f - e2e[9c05bd5cede49022]::dnx
[INFO] [stdout]   12:     0x572973f36454 - e2e[9c05bd5cede49022]::dnx_ok
[INFO] [stdout]   13:     0x572973f38867 - <e2e[9c05bd5cede49022]::test_cache_list::{closure#0} as core[a373ad73a504971]::ops::function::FnOnce<()>>::call_once
[INFO] [stdout]   14:     0x572973f52e8b - test[aada8e7e76ba119b]::__rust_begin_short_backtrace::<core[a373ad73a504971]::result::Result<(), alloc[2e1b2a31b91974c5]::string::String>, fn() -> core[a373ad73a504971]::result::Result<(), alloc[2e1b2a31b91974c5]::string::String>>
[INFO] [stdout]   15:     0x572973f60065 - test[aada8e7e76ba119b]::run_test::{closure#0}
[INFO] [stdout]   16:     0x572973f59954 - std[617be2ca0a6fd877]::sys::backtrace::__rust_begin_short_backtrace::<test[aada8e7e76ba119b]::run_test::{closure#1}, ()>
[INFO] [stdout]   17:     0x572973f630f2 - <std[617be2ca0a6fd877]::thread::lifecycle::spawn_unchecked<test[aada8e7e76ba119b]::run_test::{closure#1}, ()>::{closure#1} as core[a373ad73a504971]::ops::function::FnOnce<()>>::call_once::{shim:vtable#0}
[INFO] [stdout]   18:     0x572973fd38af - <std[617be2ca0a6fd877]::sys::thread::unix::Thread>::new::thread_start
[INFO] [stdout]   19:     0x708dddb66dfa - <unknown>
[INFO] [stdout]   20:     0x708dddbfa3d4 - clone
[INFO] [stdout]   21:                0x0 - <unknown>
[INFO] [stdout] 
[INFO] [stdout] ---- test_install_frozen_no_lockfile stdout ----
[INFO] [stdout] 
[INFO] [stdout] thread 'test_install_frozen_no_lockfile' (2524) panicked at tests/e2e.rs:22:5:
[INFO] [stdout] dnx binary not found at /opt/rustwide/target/release/build/dnx-cli/fdfa56a0e55180fe/dnx. Run `cargo build` first.
[INFO] [stdout] stack backtrace:
[INFO] [stdout]    0:     0x572973fd4591 - <<std[617be2ca0a6fd877]::sys::backtrace::BacktraceLock>::print::DisplayBacktrace as core[a373ad73a504971]::fmt::Display>::fmt
[INFO] [stdout]    1:     0x572973fe914a - core[a373ad73a504971]::fmt::write
[INFO] [stdout]    2:     0x572973fd8b1c - <alloc[2e1b2a31b91974c5]::vec::Vec<u8> as core[a373ad73a504971]::io::write::Write>::write_fmt
[INFO] [stdout]    3:     0x572973faeb26 - std[617be2ca0a6fd877]::panicking::default_hook::{closure#0}
[INFO] [stdout]    4:     0x572973fcbe49 - std[617be2ca0a6fd877]::panicking::default_hook
[INFO] [stdout]    5:     0x572973f5fa40 - test[aada8e7e76ba119b]::test_main_inner::{closure#0}
[INFO] [stdout]    6:     0x572973fcc002 - std[617be2ca0a6fd877]::panicking::panic_with_hook
[INFO] [stdout]    7:     0x572973faebd2 - std[617be2ca0a6fd877]::panicking::panic_handler::{closure#0}
[INFO] [stdout]    8:     0x572973fa7639 - std[617be2ca0a6fd877]::sys::backtrace::__rust_end_short_backtrace::<std[617be2ca0a6fd877]::panicking::panic_handler::{closure#0}, !>
[INFO] [stdout]    9:     0x572973faf7dd - __rustc[ea4f61d10b84890b]::rust_begin_unwind
[INFO] [stdout]   10:     0x572973fe987c - core[a373ad73a504971]::panicking::panic_fmt
[INFO] [stdout]   11:     0x572973f35c0f - e2e[9c05bd5cede49022]::dnx
[INFO] [stdout]   12:     0x572973f3669f - e2e[9c05bd5cede49022]::dnx_fail
[INFO] [stdout]   13:     0x572973f42077 - <e2e[9c05bd5cede49022]::test_install_frozen_no_lockfile::{closure#0} as core[a373ad73a504971]::ops::function::FnOnce<()>>::call_once
[INFO] [stdout]   14:     0x572973f52e8b - test[aada8e7e76ba119b]::__rust_begin_short_backtrace::<core[a373ad73a504971]::result::Result<(), alloc[2e1b2a31b91974c5]::string::String>, fn() -> core[a373ad73a504971]::result::Result<(), alloc[2e1b2a31b91974c5]::string::String>>
[INFO] [stdout]   15:     0x572973f60065 - test[aada8e7e76ba119b]::run_test::{closure#0}
[INFO] [stdout]   16:     0x572973f59954 - std[617be2ca0a6fd877]::sys::backtrace::__rust_begin_short_backtrace::<test[aada8e7e76ba119b]::run_test::{closure#1}, ()>
[INFO] [stdout]   17:     0x572973f630f2 - <std[617be2ca0a6fd877]::thread::lifecycle::spawn_unchecked<test[aada8e7e76ba119b]::run_test::{closure#1}, ()>::{closure#1} as core[a373ad73a504971]::ops::function::FnOnce<()>>::call_once::{shim:vtable#0}
[INFO] [stdout]   18:     0x572973fd38af - <std[617be2ca0a6fd877]::sys::thread::unix::Thread>::new::thread_start
[INFO] [stdout]   19:     0x708dddb66dfa - <unknown>
[INFO] [stdout]   20:     0x708dddbfa3d4 - clone
[INFO] [stdout]   21:                0x0 - <unknown>
[INFO] [stdout] 
[INFO] [stdout] ---- test_list stdout ----
[INFO] [stdout] 
[INFO] [stdout] thread 'test_list' (2539) panicked at tests/e2e.rs:22:5:
[INFO] [stdout] dnx binary not found at /opt/rustwide/target/release/build/dnx-cli/fdfa56a0e55180fe/dnx. Run `cargo build` first.
[INFO] [stdout] stack backtrace:
[INFO] [stdout]    0:     0x572973fd4591 - <<std[617be2ca0a6fd877]::sys::backtrace::BacktraceLock>::print::DisplayBacktrace as core[a373ad73a504971]::fmt::Display>::fmt
[INFO] [stdout]    1:     0x572973fe914a - core[a373ad73a504971]::fmt::write
[INFO] [stdout]    2:     0x572973fd8b1c - <alloc[2e1b2a31b91974c5]::vec::Vec<u8> as core[a373ad73a504971]::io::write::Write>::write_fmt
[INFO] [stdout]    3:     0x572973faeb26 - std[617be2ca0a6fd877]::panicking::default_hook::{closure#0}
[INFO] [stdout]    4:     0x572973fcbe49 - std[617be2ca0a6fd877]::panicking::default_hook
[INFO] [stdout]    5:     0x572973f5fa40 - test[aada8e7e76ba119b]::test_main_inner::{closure#0}
[INFO] [stdout]    6:     0x572973fcc002 - std[617be2ca0a6fd877]::panicking::panic_with_hook
[INFO] [stdout]    7:     0x572973faebd2 - std[617be2ca0a6fd877]::panicking::panic_handler::{closure#0}
[INFO] [stdout]    8:     0x572973fa7639 - std[617be2ca0a6fd877]::sys::backtrace::__rust_end_short_backtrace::<std[617be2ca0a6fd877]::panicking::panic_handler::{closure#0}, !>
[INFO] [stdout]    9:     0x572973faf7dd - __rustc[ea4f61d10b84890b]::rust_begin_unwind
[INFO] [stdout]   10:     0x572973fe987c - core[a373ad73a504971]::panicking::panic_fmt
[INFO] [stdout]   11:     0x572973f35c0f - e2e[9c05bd5cede49022]::dnx
[INFO] [stdout]   12:     0x572973f36454 - e2e[9c05bd5cede49022]::dnx_ok
[INFO] [stdout]   13:     0x572973f42f66 - <e2e[9c05bd5cede49022]::test_list::{closure#0} as core[a373ad73a504971]::ops::function::FnOnce<()>>::call_once
[INFO] [stdout]   14:     0x572973f52e8b - test[aada8e7e76ba119b]::__rust_begin_short_backtrace::<core[a373ad73a504971]::result::Result<(), alloc[2e1b2a31b91974c5]::string::String>, fn() -> core[a373ad73a504971]::result::Result<(), alloc[2e1b2a31b91974c5]::string::String>>
[INFO] [stdout]   15:     0x572973f60065 - test[aada8e7e76ba119b]::run_test::{closure#0}
[INFO] [stdout]   16:     0x572973f59954 - std[617be2ca0a6fd877]::sys::backtrace::__rust_begin_short_backtrace::<test[aada8e7e76ba119b]::run_test::{closure#1}, ()>
[INFO] [stdout]   17:     0x572973f630f2 - <std[617be2ca0a6fd877]::thread::lifecycle::spawn_unchecked<test[aada8e7e76ba119b]::run_test::{closure#1}, ()>::{closure#1} as core[a373ad73a504971]::ops::function::FnOnce<()>>::call_once::{shim:vtable#0}
[INFO] [stdout]   18:     0x572973fd38af - <std[617be2ca0a6fd877]::sys::thread::unix::Thread>::new::thread_start
[INFO] [stdout]   19:     0x708dddb66dfa - <unknown>
[INFO] [stdout]   20:     0x708dddbfa3d4 - clone
[INFO] [stdout]   21:                0x0 - <unknown>
[INFO] [stdout] 
[INFO] [stdout] ---- test_install_warm_fast stdout ----
[INFO] [stdout] 
[INFO] [stdout] thread 'test_install_warm_fast' (2533) panicked at tests/e2e.rs:22:5:
[INFO] [stdout] dnx binary not found at /opt/rustwide/target/release/build/dnx-cli/fdfa56a0e55180fe/dnx. Run `cargo build` first.
[INFO] [stdout] stack backtrace:
[INFO] [stdout]    0:     0x572973fd4591 - <<std[617be2ca0a6fd877]::sys::backtrace::BacktraceLock>::print::DisplayBacktrace as core[a373ad73a504971]::fmt::Display>::fmt
[INFO] [stdout]    1:     0x572973fe914a - core[a373ad73a504971]::fmt::write
[INFO] [stdout]    2:     0x572973fd8b1c - <alloc[2e1b2a31b91974c5]::vec::Vec<u8> as core[a373ad73a504971]::io::write::Write>::write_fmt
[INFO] [stdout]    3:     0x572973faeb26 - std[617be2ca0a6fd877]::panicking::default_hook::{closure#0}
[INFO] [stdout]    4:     0x572973fcbe49 - std[617be2ca0a6fd877]::panicking::default_hook
[INFO] [stdout]    5:     0x572973f5fa40 - test[aada8e7e76ba119b]::test_main_inner::{closure#0}
[INFO] [stdout]    6:     0x572973fcc002 - std[617be2ca0a6fd877]::panicking::panic_with_hook
[INFO] [stdout]    7:     0x572973faebd2 - std[617be2ca0a6fd877]::panicking::panic_handler::{closure#0}
[INFO] [stdout]    8:     0x572973fa7639 - std[617be2ca0a6fd877]::sys::backtrace::__rust_end_short_backtrace::<std[617be2ca0a6fd877]::panicking::panic_handler::{closure#0}, !>
[INFO] [stdout]    9:     0x572973faf7dd - __rustc[ea4f61d10b84890b]::rust_begin_unwind
[INFO] [stdout]   10:     0x572973fe987c - core[a373ad73a504971]::panicking::panic_fmt
[INFO] [stdout]   11:     0x572973f35c0f - e2e[9c05bd5cede49022]::dnx
[INFO] [stdout]   12:     0x572973f36454 - e2e[9c05bd5cede49022]::dnx_ok
[INFO] [stdout]   13:     0x572973f3e029 - <e2e[9c05bd5cede49022]::test_install_warm_fast::{closure#0} as core[a373ad73a504971]::ops::function::FnOnce<()>>::call_once
[INFO] [stdout]   14:     0x572973f52e8b - test[aada8e7e76ba119b]::__rust_begin_short_backtrace::<core[a373ad73a504971]::result::Result<(), alloc[2e1b2a31b91974c5]::string::String>, fn() -> core[a373ad73a504971]::result::Result<(), alloc[2e1b2a31b91974c5]::string::String>>
[INFO] [stdout]   15:     0x572973f60065 - test[aada8e7e76ba119b]::run_test::{closure#0}
[INFO] [stdout]   16:     0x572973f59954 - std[617be2ca0a6fd877]::sys::backtrace::__rust_begin_short_backtrace::<test[aada8e7e76ba119b]::run_test::{closure#1}, ()>
[INFO] [stdout]   17:     0x572973f630f2 - <std[617be2ca0a6fd877]::thread::lifecycle::spawn_unchecked<test[aada8e7e76ba119b]::run_test::{closure#1}, ()>::{closure#1} as core[a373ad73a504971]::ops::function::FnOnce<()>>::call_once::{shim:vtable#0}
[INFO] [stdout]   18:     0x572973fd38af - <std[617be2ca0a6fd877]::sys::thread::unix::Thread>::new::thread_start
[INFO] [stdout]   19:     0x708dddb66dfa - <unknown>
[INFO] [stdout]   20:     0x708dddbfa3d4 - clone
[INFO] [stdout]   21:                0x0 - <unknown>
[INFO] [stdout] 
[INFO] [stdout] ---- test_link_and_unlink stdout ----
[INFO] [stdout] 
[INFO] [stdout] thread 'test_link_and_unlink' (2538) panicked at tests/e2e.rs:22:5:
[INFO] [stdout] dnx binary not found at /opt/rustwide/target/release/build/dnx-cli/fdfa56a0e55180fe/dnx. Run `cargo build` first.
[INFO] [stdout] stack backtrace:
[INFO] [stdout]    0:     0x572973fd4591 - <<std[617be2ca0a6fd877]::sys::backtrace::BacktraceLock>::print::DisplayBacktrace as core[a373ad73a504971]::fmt::Display>::fmt
[INFO] [stdout]    1:     0x572973fe914a - core[a373ad73a504971]::fmt::write
[INFO] [stdout]    2:     0x572973fd8b1c - <alloc[2e1b2a31b91974c5]::vec::Vec<u8> as core[a373ad73a504971]::io::write::Write>::write_fmt
[INFO] [stdout]    3:     0x572973faeb26 - std[617be2ca0a6fd877]::panicking::default_hook::{closure#0}
[INFO] [stdout]    4:     0x572973fcbe49 - std[617be2ca0a6fd877]::panicking::default_hook
[INFO] [stdout]    5:     0x572973f5fa40 - test[aada8e7e76ba119b]::test_main_inner::{closure#0}
[INFO] [stdout]    6:     0x572973fcc002 - std[617be2ca0a6fd877]::panicking::panic_with_hook
[INFO] [stdout]    7:     0x572973faebd2 - std[617be2ca0a6fd877]::panicking::panic_handler::{closure#0}
[INFO] [stdout]    8:     0x572973fa7639 - std[617be2ca0a6fd877]::sys::backtrace::__rust_end_short_backtrace::<std[617be2ca0a6fd877]::panicking::panic_handler::{closure#0}, !>
[INFO] [stdout]    9:     0x572973faf7dd - __rustc[ea4f61d10b84890b]::rust_begin_unwind
[INFO] [stdout]   10:     0x572973fe987c - core[a373ad73a504971]::panicking::panic_fmt
[INFO] [stdout]   11:     0x572973f35c0f - e2e[9c05bd5cede49022]::dnx
[INFO] [stdout]   12:     0x572973f36454 - e2e[9c05bd5cede49022]::dnx_ok
[INFO] [stdout]   13:     0x572973f3bdc4 - <e2e[9c05bd5cede49022]::test_link_and_unlink::{closure#0} as core[a373ad73a504971]::ops::function::FnOnce<()>>::call_once
[INFO] [stdout]   14:     0x572973f52e8b - test[aada8e7e76ba119b]::__rust_begin_short_backtrace::<core[a373ad73a504971]::result::Result<(), alloc[2e1b2a31b91974c5]::string::String>, fn() -> core[a373ad73a504971]::result::Result<(), alloc[2e1b2a31b91974c5]::string::String>>
[INFO] [stdout]   15:     0x572973f60065 - test[aada8e7e76ba119b]::run_test::{closure#0}
[INFO] [stdout]   16:     0x572973f59954 - std[617be2ca0a6fd877]::sys::backtrace::__rust_begin_short_backtrace::<test[aada8e7e76ba119b]::run_test::{closure#1}, ()>
[INFO] [stdout]   17:     0x572973f630f2 - <std[617be2ca0a6fd877]::thread::lifecycle::spawn_unchecked<test[aada8e7e76ba119b]::run_test::{closure#1}, ()>::{closure#1} as core[a373ad73a504971]::ops::function::FnOnce<()>>::call_once::{shim:vtable#0}
[INFO] [stdout]   18:     0x572973fd38af - <std[617be2ca0a6fd877]::sys::thread::unix::Thread>::new::thread_start
[INFO] [stdout]   19:     0x708dddb66dfa - <unknown>
[INFO] [stdout]   20:     0x708dddbfa3d4 - clone
[INFO] [stdout]   21:                0x0 - <unknown>
[INFO] [stdout] 
[INFO] [stdout] ---- test_install_idempotent stdout ----
[INFO] [stdout] 
[INFO] [stdout] thread 'test_install_idempotent' (2527) panicked at tests/e2e.rs:22:5:
[INFO] [stdout] dnx binary not found at /opt/rustwide/target/release/build/dnx-cli/fdfa56a0e55180fe/dnx. Run `cargo build` first.
[INFO] [stdout] stack backtrace:
[INFO] [stdout]    0:     0x572973fd4591 - <<std[617be2ca0a6fd877]::sys::backtrace::BacktraceLock>::print::DisplayBacktrace as core[a373ad73a504971]::fmt::Display>::fmt
[INFO] [stdout]    1:     0x572973fe914a - core[a373ad73a504971]::fmt::write
[INFO] [stdout]    2:     0x572973fd8b1c - <alloc[2e1b2a31b91974c5]::vec::Vec<u8> as core[a373ad73a504971]::io::write::Write>::write_fmt
[INFO] [stdout]    3:     0x572973faeb26 - std[617be2ca0a6fd877]::panicking::default_hook::{closure#0}
[INFO] [stdout]    4:     0x572973fcbe49 - std[617be2ca0a6fd877]::panicking::default_hook
[INFO] [stdout]    5:     0x572973f5fa40 - test[aada8e7e76ba119b]::test_main_inner::{closure#0}
[INFO] [stdout]    6:     0x572973fcc002 - std[617be2ca0a6fd877]::panicking::panic_with_hook
[INFO] [stdout]    7:     0x572973faebd2 - std[617be2ca0a6fd877]::panicking::panic_handler::{closure#0}
[INFO] [stdout]    8:     0x572973fa7639 - std[617be2ca0a6fd877]::sys::backtrace::__rust_end_short_backtrace::<std[617be2ca0a6fd877]::panicking::panic_handler::{closure#0}, !>
[INFO] [stdout]    9:     0x572973faf7dd - __rustc[ea4f61d10b84890b]::rust_begin_unwind
[INFO] [stdout]   10:     0x572973fe987c - core[a373ad73a504971]::panicking::panic_fmt
[INFO] [stdout]   11:     0x572973f35c0f - e2e[9c05bd5cede49022]::dnx
[INFO] [stdout]   12:     0x572973f36454 - e2e[9c05bd5cede49022]::dnx_ok
[INFO] [stdout]   13:     0x572973f3f6b3 - <e2e[9c05bd5cede49022]::test_install_idempotent::{closure#0} as core[a373ad73a504971]::ops::function::FnOnce<()>>::call_once
[INFO] [stdout]   14:     0x572973f52e8b - test[aada8e7e76ba119b]::__rust_begin_short_backtrace::<core[a373ad73a504971]::result::Result<(), alloc[2e1b2a31b91974c5]::string::String>, fn() -> core[a373ad73a504971]::result::Result<(), alloc[2e1b2a31b91974c5]::string::String>>
[INFO] [stdout]   15:     0x572973f60065 - test[aada8e7e76ba119b]::run_test::{closure#0}
[INFO] [stdout]   16:     0x572973f59954 - std[617be2ca0a6fd877]::sys::backtrace::__rust_begin_short_backtrace::<test[aada8e7e76ba119b]::run_test::{closure#1}, ()>
[INFO] [stdout]   17:     0x572973f630f2 - <std[617be2ca0a6fd877]::thread::lifecycle::spawn_unchecked<test[aada8e7e76ba119b]::run_test::{closure#1}, ()>::{closure#1} as core[a373ad73a504971]::ops::function::FnOnce<()>>::call_once::{shim:vtable#0}
[INFO] [stdout]   18:     0x572973fd38af - <std[617be2ca0a6fd877]::sys::thread::unix::Thread>::new::thread_start
[INFO] [stdout]   19:     0x708dddb66dfa - <unknown>
[INFO] [stdout]   20:     0x708dddbfa3d4 - clone
[INFO] [stdout]   21:                0x0 - <unknown>
[INFO] [stdout] 
[INFO] [stdout] ---- test_invalid_log_level stdout ----
[INFO] [stdout] 
[INFO] [stdout] thread 'test_invalid_log_level' (2535) panicked at tests/e2e.rs:22:5:
[INFO] [stdout] dnx binary not found at /opt/rustwide/target/release/build/dnx-cli/fdfa56a0e55180fe/dnx. Run `cargo build` first.
[INFO] [stdout] stack backtrace:
[INFO] [stdout]    0:     0x572973fd4591 - <<std[617be2ca0a6fd877]::sys::backtrace::BacktraceLock>::print::DisplayBacktrace as core[a373ad73a504971]::fmt::Display>::fmt
[INFO] [stdout]    1:     0x572973fe914a - core[a373ad73a504971]::fmt::write
[INFO] [stdout]    2:     0x572973fd8b1c - <alloc[2e1b2a31b91974c5]::vec::Vec<u8> as core[a373ad73a504971]::io::write::Write>::write_fmt
[INFO] [stdout]    3:     0x572973faeb26 - std[617be2ca0a6fd877]::panicking::default_hook::{closure#0}
[INFO] [stdout]    4:     0x572973fcbe49 - std[617be2ca0a6fd877]::panicking::default_hook
[INFO] [stdout]    5:     0x572973f5fa40 - test[aada8e7e76ba119b]::test_main_inner::{closure#0}
[INFO] [stdout]    6:     0x572973fcc002 - std[617be2ca0a6fd877]::panicking::panic_with_hook
[INFO] [stdout]    7:     0x572973faebd2 - std[617be2ca0a6fd877]::panicking::panic_handler::{closure#0}
[INFO] [stdout]    8:     0x572973fa7639 - std[617be2ca0a6fd877]::sys::backtrace::__rust_end_short_backtrace::<std[617be2ca0a6fd877]::panicking::panic_handler::{closure#0}, !>
[INFO] [stdout]    9:     0x572973faf7dd - __rustc[ea4f61d10b84890b]::rust_begin_unwind
[INFO] [stdout]   10:     0x572973fe987c - core[a373ad73a504971]::panicking::panic_fmt
[INFO] [stdout]   11:     0x572973f35c0f - e2e[9c05bd5cede49022]::dnx
[INFO] [stdout]   12:     0x572973f3e1ca - <e2e[9c05bd5cede49022]::test_invalid_log_level::{closure#0} as core[a373ad73a504971]::ops::function::FnOnce<()>>::call_once
[INFO] [stdout]   13:     0x572973f52e8b - test[aada8e7e76ba119b]::__rust_begin_short_backtrace::<core[a373ad73a504971]::result::Result<(), alloc[2e1b2a31b91974c5]::string::String>, fn() -> core[a373ad73a504971]::result::Result<(), alloc[2e1b2a31b91974c5]::string::String>>
[INFO] [stdout]   14:     0x572973f60065 - test[aada8e7e76ba119b]::run_test::{closure#0}
[INFO] [stdout]   15:     0x572973f59954 - std[617be2ca0a6fd877]::sys::backtrace::__rust_begin_short_backtrace::<test[aada8e7e76ba119b]::run_test::{closure#1}, ()>
[INFO] [stdout]   16:     0x572973f630f2 - <std[617be2ca0a6fd877]::thread::lifecycle::spawn_unchecked<test[aada8e7e76ba119b]::run_test::{closure#1}, ()>::{closure#1} as core[a373ad73a504971]::ops::function::FnOnce<()>>::call_once::{shim:vtable#0}
[INFO] [stdout]   17:     0x572973fd38af - <std[617be2ca0a6fd877]::sys::thread::unix::Thread>::new::thread_start
[INFO] [stdout]   18:     0x708dddb66dfa - <unknown>
[INFO] [stdout]   19:     0x708dddbfa3d4 - clone
[INFO] [stdout]   20:                0x0 - <unknown>
[INFO] [stdout] 
[INFO] [stdout] ---- test_licenses_json stdout ----
[INFO] [stdout] 
[INFO] [stdout] thread 'test_licenses_json' (2537) panicked at tests/e2e.rs:22:5:
[INFO] [stdout] dnx binary not found at /opt/rustwide/target/release/build/dnx-cli/fdfa56a0e55180fe/dnx. Run `cargo build` first.
[INFO] [stdout] stack backtrace:
[INFO] [stdout]    0:     0x572973fd4591 - <<std[617be2ca0a6fd877]::sys::backtrace::BacktraceLock>::print::DisplayBacktrace as core[a373ad73a504971]::fmt::Display>::fmt
[INFO] [stdout]    1:     0x572973fe914a - core[a373ad73a504971]::fmt::write
[INFO] [stdout]    2:     0x572973fd8b1c - <alloc[2e1b2a31b91974c5]::vec::Vec<u8> as core[a373ad73a504971]::io::write::Write>::write_fmt
[INFO] [stdout]    3:     0x572973faeb26 - std[617be2ca0a6fd877]::panicking::default_hook::{closure#0}
[INFO] [stdout]    4:     0x572973fcbe49 - std[617be2ca0a6fd877]::panicking::default_hook
[INFO] [stdout]    5:     0x572973f5fa40 - test[aada8e7e76ba119b]::test_main_inner::{closure#0}
[INFO] [stdout]    6:     0x572973fcc002 - std[617be2ca0a6fd877]::panicking::panic_with_hook
[INFO] [stdout]    7:     0x572973faebd2 - std[617be2ca0a6fd877]::panicking::panic_handler::{closure#0}
[INFO] [stdout]    8:     0x572973fa7639 - std[617be2ca0a6fd877]::sys::backtrace::__rust_end_short_backtrace::<std[617be2ca0a6fd877]::panicking::panic_handler::{closure#0}, !>
[INFO] [stdout]    9:     0x572973faf7dd - __rustc[ea4f61d10b84890b]::rust_begin_unwind
[INFO] [stdout]   10:     0x572973fe987c - core[a373ad73a504971]::panicking::panic_fmt
[INFO] [stdout]   11:     0x572973f35c0f - e2e[9c05bd5cede49022]::dnx
[INFO] [stdout]   12:     0x572973f36454 - e2e[9c05bd5cede49022]::dnx_ok
[INFO] [stdout]   13:     0x572973f3a934 - <e2e[9c05bd5cede49022]::test_licenses_json::{closure#0} as core[a373ad73a504971]::ops::function::FnOnce<()>>::call_once
[INFO] [stdout]   14:     0x572973f52e8b - test[aada8e7e76ba119b]::__rust_begin_short_backtrace::<core[a373ad73a504971]::result::Result<(), alloc[2e1b2a31b91974c5]::string::String>, fn() -> core[a373ad73a504971]::result::Result<(), alloc[2e1b2a31b91974c5]::string::String>>
[INFO] [stdout]   15:     0x572973f60065 - test[aada8e7e76ba119b]::run_test::{closure#0}
[INFO] [stdout]   16:     0x572973f59954 - std[617be2ca0a6fd877]::sys::backtrace::__rust_begin_short_backtrace::<test[aada8e7e76ba119b]::run_test::{closure#1}, ()>
[INFO] [stdout]   17:     0x572973f630f2 - <std[617be2ca0a6fd877]::thread::lifecycle::spawn_unchecked<test[aada8e7e76ba119b]::run_test::{closure#1}, ()>::{closure#1} as core[a373ad73a504971]::ops::function::FnOnce<()>>::call_once::{shim:vtable#0}
[INFO] [stdout]   18:     0x572973fd38af - <std[617be2ca0a6fd877]::sys::thread::unix::Thread>::new::thread_start
[INFO] [stdout]   19:     0x708dddb66dfa - <unknown>
[INFO] [stdout]   20:     0x708dddbfa3d4 - clone
[INFO] [stdout]   21:                0x0 - <unknown>
[INFO] [stdout] 
[INFO] [stdout] ---- test_install_no_deps stdout ----
[INFO] [stdout] 
[INFO] [stdout] thread 'test_install_no_deps' (2529) panicked at tests/e2e.rs:22:5:
[INFO] [stdout] dnx binary not found at /opt/rustwide/target/release/build/dnx-cli/fdfa56a0e55180fe/dnx. Run `cargo build` first.
[INFO] [stdout] stack backtrace:
[INFO] [stdout]    0:     0x572973fd4591 - <<std[617be2ca0a6fd877]::sys::backtrace::BacktraceLock>::print::DisplayBacktrace as core[a373ad73a504971]::fmt::Display>::fmt
[INFO] [stdout]    1:     0x572973fe914a - core[a373ad73a504971]::fmt::write
[INFO] [stdout]    2:     0x572973fd8b1c - <alloc[2e1b2a31b91974c5]::vec::Vec<u8> as core[a373ad73a504971]::io::write::Write>::write_fmt
[INFO] [stdout]    3:     0x572973faeb26 - std[617be2ca0a6fd877]::panicking::default_hook::{closure#0}
[INFO] [stdout]    4:     0x572973fcbe49 - std[617be2ca0a6fd877]::panicking::default_hook
[INFO] [stdout]    5:     0x572973f5fa40 - test[aada8e7e76ba119b]::test_main_inner::{closure#0}
[INFO] [stdout]    6:     0x572973fcc002 - std[617be2ca0a6fd877]::panicking::panic_with_hook
[INFO] [stdout]    7:     0x572973faebd2 - std[617be2ca0a6fd877]::panicking::panic_handler::{closure#0}
[INFO] [stdout]    8:     0x572973fa7639 - std[617be2ca0a6fd877]::sys::backtrace::__rust_end_short_backtrace::<std[617be2ca0a6fd877]::panicking::panic_handler::{closure#0}, !>
[INFO] [stdout]    9:     0x572973faf7dd - __rustc[ea4f61d10b84890b]::rust_begin_unwind
[INFO] [stdout]   10:     0x572973fe987c - core[a373ad73a504971]::panicking::panic_fmt
[INFO] [stdout]   11:     0x572973f35c0f - e2e[9c05bd5cede49022]::dnx
[INFO] [stdout]   12:     0x572973f36454 - e2e[9c05bd5cede49022]::dnx_ok
[INFO] [stdout]   13:     0x572973f3b812 - <e2e[9c05bd5cede49022]::test_install_no_deps::{closure#0} as core[a373ad73a504971]::ops::function::FnOnce<()>>::call_once
[INFO] [stdout]   14:     0x572973f52e8b - test[aada8e7e76ba119b]::__rust_begin_short_backtrace::<core[a373ad73a504971]::result::Result<(), alloc[2e1b2a31b91974c5]::string::String>, fn() -> core[a373ad73a504971]::result::Result<(), alloc[2e1b2a31b91974c5]::string::String>>
[INFO] [stdout]   15:     0x572973f60065 - test[aada8e7e76ba119b]::run_test::{closure#0}
[INFO] [stdout]   16:     0x572973f59954 - std[617be2ca0a6fd877]::sys::backtrace::__rust_begin_short_backtrace::<test[aada8e7e76ba119b]::run_test::{closure#1}, ()>
[INFO] [stdout]   17:     0x572973f630f2 - <std[617be2ca0a6fd877]::thread::lifecycle::spawn_unchecked<test[aada8e7e76ba119b]::run_test::{closure#1}, ()>::{closure#1} as core[a373ad73a504971]::ops::function::FnOnce<()>>::call_once::{shim:vtable#0}
[INFO] [stdout]   18:     0x572973fd38af - <std[617be2ca0a6fd877]::sys::thread::unix::Thread>::new::thread_start
[INFO] [stdout]   19:     0x708dddb66dfa - <unknown>
[INFO] [stdout]   20:     0x708dddbfa3d4 - clone
[INFO] [stdout]   21:                0x0 - <unknown>
[INFO] [stdout] 
[INFO] [stdout] ---- test_install_multiple_deps stdout ----
[INFO] [stdout] 
[INFO] [stdout] thread 'test_install_multiple_deps' (2528) panicked at tests/e2e.rs:22:5:
[INFO] [stdout] dnx binary not found at /opt/rustwide/target/release/build/dnx-cli/fdfa56a0e55180fe/dnx. Run `cargo build` first.
[INFO] [stdout] stack backtrace:
[INFO] [stdout]    0:     0x572973fd4591 - <<std[617be2ca0a6fd877]::sys::backtrace::BacktraceLock>::print::DisplayBacktrace as core[a373ad73a504971]::fmt::Display>::fmt
[INFO] [stdout]    1:     0x572973fe914a - core[a373ad73a504971]::fmt::write
[INFO] [stdout]    2:     0x572973fd8b1c - <alloc[2e1b2a31b91974c5]::vec::Vec<u8> as core[a373ad73a504971]::io::write::Write>::write_fmt
[INFO] [stdout]    3:     0x572973faeb26 - std[617be2ca0a6fd877]::panicking::default_hook::{closure#0}
[INFO] [stdout]    4:     0x572973fcbe49 - std[617be2ca0a6fd877]::panicking::default_hook
[INFO] [stdout]    5:     0x572973f5fa40 - test[aada8e7e76ba119b]::test_main_inner::{closure#0}
[INFO] [stdout]    6:     0x572973fcc002 - std[617be2ca0a6fd877]::panicking::panic_with_hook
[INFO] [stdout]    7:     0x572973faebd2 - std[617be2ca0a6fd877]::panicking::panic_handler::{closure#0}
[INFO] [stdout]    8:     0x572973fa7639 - std[617be2ca0a6fd877]::sys::backtrace::__rust_end_short_backtrace::<std[617be2ca0a6fd877]::panicking::panic_handler::{closure#0}, !>
[INFO] [stdout]    9:     0x572973faf7dd - __rustc[ea4f61d10b84890b]::rust_begin_unwind
[INFO] [stdout]   10:     0x572973fe987c - core[a373ad73a504971]::panicking::panic_fmt
[INFO] [stdout]   11:     0x572973f35c0f - e2e[9c05bd5cede49022]::dnx
[INFO] [stdout]   12:     0x572973f36454 - e2e[9c05bd5cede49022]::dnx_ok
[INFO] [stdout]   13:     0x572973f406a6 - <e2e[9c05bd5cede49022]::test_install_multiple_deps::{closure#0} as core[a373ad73a504971]::ops::function::FnOnce<()>>::call_once
[INFO] [stdout]   14:     0x572973f52e8b - test[aada8e7e76ba119b]::__rust_begin_short_backtrace::<core[a373ad73a504971]::result::Result<(), alloc[2e1b2a31b91974c5]::string::String>, fn() -> core[a373ad73a504971]::result::Result<(), alloc[2e1b2a31b91974c5]::string::String>>
[INFO] [stdout]   15:     0x572973f60065 - test[aada8e7e76ba119b]::run_test::{closure#0}
[INFO] [stdout]   16:     0x572973f59954 - std[617be2ca0a6fd877]::sys::backtrace::__rust_begin_short_backtrace::<test[aada8e7e76ba119b]::run_test::{closure#1}, ()>
[INFO] [stdout]   17:     0x572973f630f2 - <std[617be2ca0a6fd877]::thread::lifecycle::spawn_unchecked<test[aada8e7e76ba119b]::run_test::{closure#1}, ()>::{closure#1} as core[a373ad73a504971]::ops::function::FnOnce<()>>::call_once::{shim:vtable#0}
[INFO] [stdout]   18:     0x572973fd38af - <std[617be2ca0a6fd877]::sys::thread::unix::Thread>::new::thread_start
[INFO] [stdout]   19:     0x708dddb66dfa - <unknown>
[INFO] [stdout]   20:     0x708dddbfa3d4 - clone
[INFO] [stdout]   21:                0x0 - <unknown>
[INFO] [stdout] 
[INFO] [stdout] ---- test_list_depth_zero stdout ----
[INFO] [stdout] 
[INFO] [stdout] thread 'test_list_depth_zero' (2541) panicked at tests/e2e.rs:22:5:
[INFO] [stdout] dnx binary not found at /opt/rustwide/target/release/build/dnx-cli/fdfa56a0e55180fe/dnx. Run `cargo build` first.
[INFO] [stdout] stack backtrace:
[INFO] [stdout]    0:     0x572973fd4591 - <<std[617be2ca0a6fd877]::sys::backtrace::BacktraceLock>::print::DisplayBacktrace as core[a373ad73a504971]::fmt::Display>::fmt
[INFO] [stdout]    1:     0x572973fe914a - core[a373ad73a504971]::fmt::write
[INFO] [stdout]    2:     0x572973fd8b1c - <alloc[2e1b2a31b91974c5]::vec::Vec<u8> as core[a373ad73a504971]::io::write::Write>::write_fmt
[INFO] [stdout]    3:     0x572973faeb26 - std[617be2ca0a6fd877]::panicking::default_hook::{closure#0}
[INFO] [stdout]    4:     0x572973fcbe49 - std[617be2ca0a6fd877]::panicking::default_hook
[INFO] [stdout]    5:     0x572973f5fa40 - test[aada8e7e76ba119b]::test_main_inner::{closure#0}
[INFO] [stdout]    6:     0x572973fcc002 - std[617be2ca0a6fd877]::panicking::panic_with_hook
[INFO] [stdout]    7:     0x572973faebd2 - std[617be2ca0a6fd877]::panicking::panic_handler::{closure#0}
[INFO] [stdout]    8:     0x572973fa7639 - std[617be2ca0a6fd877]::sys::backtrace::__rust_end_short_backtrace::<std[617be2ca0a6fd877]::panicking::panic_handler::{closure#0}, !>
[INFO] [stdout]    9:     0x572973faf7dd - __rustc[ea4f61d10b84890b]::rust_begin_unwind
[INFO] [stdout]   10:     0x572973fe987c - core[a373ad73a504971]::panicking::panic_fmt
[INFO] [stdout]   11:     0x572973f35c0f - e2e[9c05bd5cede49022]::dnx
[INFO] [stdout]   12:     0x572973f36454 - e2e[9c05bd5cede49022]::dnx_ok
[INFO] [stdout]   13:     0x572973f3c416 - <e2e[9c05bd5cede49022]::test_list_depth_zero::{closure#0} as core[a373ad73a504971]::ops::function::FnOnce<()>>::call_once
[INFO] [stdout]   14:     0x572973f52e8b - test[aada8e7e76ba119b]::__rust_begin_short_backtrace::<core[a373ad73a504971]::result::Result<(), alloc[2e1b2a31b91974c5]::string::String>, fn() -> core[a373ad73a504971]::result::Result<(), alloc[2e1b2a31b91974c5]::string::String>>
[INFO] [stdout]   15:     0x572973f60065 - test[aada8e7e76ba119b]::run_test::{closure#0}
[INFO] [stdout]   16:     0x572973f59954 - std[617be2ca0a6fd877]::sys::backtrace::__rust_begin_short_backtrace::<test[aada8e7e76ba119b]::run_test::{closure#1}, ()>
[INFO] [stdout]   17:     0x572973f630f2 - <std[617be2ca0a6fd877]::thread::lifecycle::spawn_unchecked<test[aada8e7e76ba119b]::run_test::{closure#1}, ()>::{closure#1} as core[a373ad73a504971]::ops::function::FnOnce<()>>::call_once::{shim:vtable#0}
[INFO] [stdout]   18:     0x572973fd38af - <std[617be2ca0a6fd877]::sys::thread::unix::Thread>::new::thread_start
[INFO] [stdout]   19:     0x708dddb66dfa - <unknown>
[INFO] [stdout]   20:     0x708dddbfa3d4 - clone
[INFO] [stdout]   21:                0x0 - <unknown>
[INFO] [stdout] 
[INFO] [stdout] ---- test_list_alias stdout ----
[INFO] [stdout] 
[INFO] [stdout] thread 'test_list_alias' (2540) panicked at tests/e2e.rs:22:5:
[INFO] [stdout] dnx binary not found at /opt/rustwide/target/release/build/dnx-cli/fdfa56a0e55180fe/dnx. Run `cargo build` first.
[INFO] [stdout] stack backtrace:
[INFO] [stdout]    0:     0x572973fd4591 - <<std[617be2ca0a6fd877]::sys::backtrace::BacktraceLock>::print::DisplayBacktrace as core[a373ad73a504971]::fmt::Display>::fmt
[INFO] [stdout]    1:     0x572973fe914a - core[a373ad73a504971]::fmt::write
[INFO] [stdout]    2:     0x572973fd8b1c - <alloc[2e1b2a31b91974c5]::vec::Vec<u8> as core[a373ad73a504971]::io::write::Write>::write_fmt
[INFO] [stdout]    3:     0x572973faeb26 - std[617be2ca0a6fd877]::panicking::default_hook::{closure#0}
[INFO] [stdout]    4:     0x572973fcbe49 - std[617be2ca0a6fd877]::panicking::default_hook
[INFO] [stdout]    5:     0x572973f5fa40 - test[aada8e7e76ba119b]::test_main_inner::{closure#0}
[INFO] [stdout]    6:     0x572973fcc002 - std[617be2ca0a6fd877]::panicking::panic_with_hook
[INFO] [stdout]    7:     0x572973faebd2 - std[617be2ca0a6fd877]::panicking::panic_handler::{closure#0}
[INFO] [stdout]    8:     0x572973fa7639 - std[617be2ca0a6fd877]::sys::backtrace::__rust_end_short_backtrace::<std[617be2ca0a6fd877]::panicking::panic_handler::{closure#0}, !>
[INFO] [stdout]    9:     0x572973faf7dd - __rustc[ea4f61d10b84890b]::rust_begin_unwind
[INFO] [stdout]   10:     0x572973fe987c - core[a373ad73a504971]::panicking::panic_fmt
[INFO] [stdout]   11:     0x572973f35c0f - e2e[9c05bd5cede49022]::dnx
[INFO] [stdout]   12:     0x572973f36454 - e2e[9c05bd5cede49022]::dnx_ok
[INFO] [stdout]   13:     0x572973f38c46 - <e2e[9c05bd5cede49022]::test_list_alias::{closure#0} as core[a373ad73a504971]::ops::function::FnOnce<()>>::call_once
[INFO] [stdout]   14:     0x572973f52e8b - test[aada8e7e76ba119b]::__rust_begin_short_backtrace::<core[a373ad73a504971]::result::Result<(), alloc[2e1b2a31b91974c5]::string::String>, fn() -> core[a373ad73a504971]::result::Result<(), alloc[2e1b2a31b91974c5]::string::String>>
[INFO] [stdout]   15:     0x572973f60065 - test[aada8e7e76ba119b]::run_test::{closure#0}
[INFO] [stdout]   16:     0x572973f59954 - std[617be2ca0a6fd877]::sys::backtrace::__rust_begin_short_backtrace::<test[aada8e7e76ba119b]::run_test::{closure#1}, ()>
[INFO] [stdout]   17:     0x572973f630f2 - <std[617be2ca0a6fd877]::thread::lifecycle::spawn_unchecked<test[aada8e7e76ba119b]::run_test::{closure#1}, ()>::{closure#1} as core[a373ad73a504971]::ops::function::FnOnce<()>>::call_once::{shim:vtable#0}
[INFO] [stdout]   18:     0x572973fd38af - <std[617be2ca0a6fd877]::sys::thread::unix::Thread>::new::thread_start
[INFO] [stdout]   19:     0x708dddb66dfa - <unknown>
[INFO] [stdout]   20:     0x708dddbfa3d4 - clone
[INFO] [stdout]   21:                0x0 - <unknown>
[INFO] [stdout] 
[INFO] [stdout] ---- test_log_level_flag stdout ----
[INFO] [stdout] 
[INFO] [stdout] thread 'test_log_level_flag' (2542) panicked at tests/e2e.rs:22:5:
[INFO] [stdout] dnx binary not found at /opt/rustwide/target/release/build/dnx-cli/fdfa56a0e55180fe/dnx. Run `cargo build` first.
[INFO] [stdout] stack backtrace:
[INFO] [stdout]    0:     0x572973fd4591 - <<std[617be2ca0a6fd877]::sys::backtrace::BacktraceLock>::print::DisplayBacktrace as core[a373ad73a504971]::fmt::Display>::fmt
[INFO] [stdout]    1:     0x572973fe914a - core[a373ad73a504971]::fmt::write
[INFO] [stdout]    2:     0x572973fd8b1c - <alloc[2e1b2a31b91974c5]::vec::Vec<u8> as core[a373ad73a504971]::io::write::Write>::write_fmt
[INFO] [stdout]    3:     0x572973faeb26 - std[617be2ca0a6fd877]::panicking::default_hook::{closure#0}
[INFO] [stdout]    4:     0x572973fcbe49 - std[617be2ca0a6fd877]::panicking::default_hook
[INFO] [stdout]    5:     0x572973f5fa40 - test[aada8e7e76ba119b]::test_main_inner::{closure#0}
[INFO] [stdout]    6:     0x572973fcc002 - std[617be2ca0a6fd877]::panicking::panic_with_hook
[INFO] [stdout]    7:     0x572973faebd2 - std[617be2ca0a6fd877]::panicking::panic_handler::{closure#0}
[INFO] [stdout]    8:     0x572973fa7639 - std[617be2ca0a6fd877]::sys::backtrace::__rust_end_short_backtrace::<std[617be2ca0a6fd877]::panicking::panic_handler::{closure#0}, !>
[INFO] [stdout]    9:     0x572973faf7dd - __rustc[ea4f61d10b84890b]::rust_begin_unwind
[INFO] [stdout]   10:     0x572973fe987c - core[a373ad73a504971]::panicking::panic_fmt
[INFO] [stdout]   11:     0x572973f35c0f - e2e[9c05bd5cede49022]::dnx
[INFO] [stdout]   12:     0x572973f36454 - e2e[9c05bd5cede49022]::dnx_ok
[INFO] [stdout]   13:     0x572973f3ae87 - <e2e[9c05bd5cede49022]::test_log_level_flag::{closure#0} as core[a373ad73a504971]::ops::function::FnOnce<()>>::call_once
[INFO] [stdout]   14:     0x572973f52e8b - test[aada8e7e76ba119b]::__rust_begin_short_backtrace::<core[a373ad73a504971]::result::Result<(), alloc[2e1b2a31b91974c5]::string::String>, fn() -> core[a373ad73a504971]::result::Result<(), alloc[2e1b2a31b91974c5]::string::String>>
[INFO] [stdout]   15:     0x572973f60065 - test[aada8e7e76ba119b]::run_test::{closure#0}
[INFO] [stdout]   16:     0x572973f59954 - std[617be2ca0a6fd877]::sys::backtrace::__rust_begin_short_backtrace::<test[aada8e7e76ba119b]::run_test::{closure#1}, ()>
[INFO] [stdout]   17:     0x572973f630f2 - <std[617be2ca0a6fd877]::thread::lifecycle::spawn_unchecked<test[aada8e7e76ba119b]::run_test::{closure#1}, ()>::{closure#1} as core[a373ad73a504971]::ops::function::FnOnce<()>>::call_once::{shim:vtable#0}
[INFO] [stdout]   18:     0x572973fd38af - <std[617be2ca0a6fd877]::sys::thread::unix::Thread>::new::thread_start
[INFO] [stdout]   19:     0x708dddb66dfa - <unknown>
[INFO] [stdout]   20:     0x708dddbfa3d4 - clone
[INFO] [stdout]   21:                0x0 - <unknown>
[INFO] [stdout] 
[INFO] [stdout] ---- test_log_level_quiet stdout ----
[INFO] [stdout] 
[INFO] [stdout] thread 'test_log_level_quiet' (2543) panicked at tests/e2e.rs:22:5:
[INFO] [stdout] dnx binary not found at /opt/rustwide/target/release/build/dnx-cli/fdfa56a0e55180fe/dnx. Run `cargo build` first.
[INFO] [stdout] stack backtrace:
[INFO] [stdout]    0:     0x572973fd4591 - <<std[617be2ca0a6fd877]::sys::backtrace::BacktraceLock>::print::DisplayBacktrace as core[a373ad73a504971]::fmt::Display>::fmt
[INFO] [stdout]    1:     0x572973fe914a - core[a373ad73a504971]::fmt::write
[INFO] [stdout]    2:     0x572973fd8b1c - <alloc[2e1b2a31b91974c5]::vec::Vec<u8> as core[a373ad73a504971]::io::write::Write>::write_fmt
[INFO] [stdout]    3:     0x572973faeb26 - std[617be2ca0a6fd877]::panicking::default_hook::{closure#0}
[INFO] [stdout]    4:     0x572973fcbe49 - std[617be2ca0a6fd877]::panicking::default_hook
[INFO] [stdout]    5:     0x572973f5fa40 - test[aada8e7e76ba119b]::test_main_inner::{closure#0}
[INFO] [stdout]    6:     0x572973fcc002 - std[617be2ca0a6fd877]::panicking::panic_with_hook
[INFO] [stdout]    7:     0x572973faebd2 - std[617be2ca0a6fd877]::panicking::panic_handler::{closure#0}
[INFO] [stdout]    8:     0x572973fa7639 - std[617be2ca0a6fd877]::sys::backtrace::__rust_end_short_backtrace::<std[617be2ca0a6fd877]::panicking::panic_handler::{closure#0}, !>
[INFO] [stdout]    9:     0x572973faf7dd - __rustc[ea4f61d10b84890b]::rust_begin_unwind
[INFO] [stdout]   10:     0x572973fe987c - core[a373ad73a504971]::panicking::panic_fmt
[INFO] [stdout]   11:     0x572973f35c0f - e2e[9c05bd5cede49022]::dnx
[INFO] [stdout]   12:     0x572973f36454 - e2e[9c05bd5cede49022]::dnx_ok
[INFO] [stdout]   13:     0x572973f3c5ff - <e2e[9c05bd5cede49022]::test_log_level_quiet::{closure#0} as core[a373ad73a504971]::ops::function::FnOnce<()>>::call_once
[INFO] [stdout]   14:     0x572973f52e8b - test[aada8e7e76ba119b]::__rust_begin_short_backtrace::<core[a373ad73a504971]::result::Result<(), alloc[2e1b2a31b91974c5]::string::String>, fn() -> core[a373ad73a504971]::result::Result<(), alloc[2e1b2a31b91974c5]::string::String>>
[INFO] [stdout]   15:     0x572973f60065 - test[aada8e7e76ba119b]::run_test::{closure#0}
[INFO] [stdout]   16:     0x572973f59954 - std[617be2ca0a6fd877]::sys::backtrace::__rust_begin_short_backtrace::<test[aada8e7e76ba119b]::run_test::{closure#1}, ()>
[INFO] [stdout]   17:     0x572973f630f2 - <std[617be2ca0a6fd877]::thread::lifecycle::spawn_unchecked<test[aada8e7e76ba119b]::run_test::{closure#1}, ()>::{closure#1} as core[a373ad73a504971]::ops::function::FnOnce<()>>::call_once::{shim:vtable#0}
[INFO] [stdout]   18:     0x572973fd38af - <std[617be2ca0a6fd877]::sys::thread::unix::Thread>::new::thread_start
[INFO] [stdout]   19:     0x708dddb66dfa - <unknown>
[INFO] [stdout]   20:     0x708dddbfa3d4 - clone
[INFO] [stdout]   21:                0x0 - <unknown>
[INFO] [stdout] 
[INFO] [stdout] ---- test_install_with_dev_deps stdout ----
[INFO] [stdout] 
[INFO] [stdout] thread 'test_install_with_dev_deps' (2534) panicked at tests/e2e.rs:22:5:
[INFO] [stdout] dnx binary not found at /opt/rustwide/target/release/build/dnx-cli/fdfa56a0e55180fe/dnx. Run `cargo build` first.
[INFO] [stdout] stack backtrace:
[INFO] [stdout]    0:     0x572973fd4591 - <<std[617be2ca0a6fd877]::sys::backtrace::BacktraceLock>::print::DisplayBacktrace as core[a373ad73a504971]::fmt::Display>::fmt
[INFO] [stdout]    1:     0x572973fe914a - core[a373ad73a504971]::fmt::write
[INFO] [stdout]    2:     0x572973fd8b1c - <alloc[2e1b2a31b91974c5]::vec::Vec<u8> as core[a373ad73a504971]::io::write::Write>::write_fmt
[INFO] [stdout]    3:     0x572973faeb26 - std[617be2ca0a6fd877]::panicking::default_hook::{closure#0}
[INFO] [stdout]    4:     0x572973fcbe49 - std[617be2ca0a6fd877]::panicking::default_hook
[INFO] [stdout]    5:     0x572973f5fa40 - test[aada8e7e76ba119b]::test_main_inner::{closure#0}
[INFO] [stdout]    6:     0x572973fcc002 - std[617be2ca0a6fd877]::panicking::panic_with_hook
[INFO] [stdout]    7:     0x572973faebd2 - std[617be2ca0a6fd877]::panicking::panic_handler::{closure#0}
[INFO] [stdout]    8:     0x572973fa7639 - std[617be2ca0a6fd877]::sys::backtrace::__rust_end_short_backtrace::<std[617be2ca0a6fd877]::panicking::panic_handler::{closure#0}, !>
[INFO] [stdout]    9:     0x572973faf7dd - __rustc[ea4f61d10b84890b]::rust_begin_unwind
[INFO] [stdout]   10:     0x572973fe987c - core[a373ad73a504971]::panicking::panic_fmt
[INFO] [stdout]   11:     0x572973f35c0f - e2e[9c05bd5cede49022]::dnx
[INFO] [stdout]   12:     0x572973f36454 - e2e[9c05bd5cede49022]::dnx_ok
[INFO] [stdout]   13:     0x572973f40f2b - <e2e[9c05bd5cede49022]::test_install_with_dev_deps::{closure#0} as core[a373ad73a504971]::ops::function::FnOnce<()>>::call_once
[INFO] [stdout]   14:     0x572973f52e8b - test[aada8e7e76ba119b]::__rust_begin_short_backtrace::<core[a373ad73a504971]::result::Result<(), alloc[2e1b2a31b91974c5]::string::String>, fn() -> core[a373ad73a504971]::result::Result<(), alloc[2e1b2a31b91974c5]::string::String>>
[INFO] [stdout]   15:     0x572973f60065 - test[aada8e7e76ba119b]::run_test::{closure#0}
[INFO] [stdout]   16:     0x572973f59954 - std[617be2ca0a6fd877]::sys::backtrace::__rust_begin_short_backtrace::<test[aada8e7e76ba119b]::run_test::{closure#1}, ()>
[INFO] [stdout]   17:     0x572973f630f2 - <std[617be2ca0a6fd877]::thread::lifecycle::spawn_unchecked<test[aada8e7e76ba119b]::run_test::{closure#1}, ()>::{closure#1} as core[a373ad73a504971]::ops::function::FnOnce<()>>::call_once::{shim:vtable#0}
[INFO] [stdout]   18:     0x572973fd38af - <std[617be2ca0a6fd877]::sys::thread::unix::Thread>::new::thread_start
[INFO] [stdout]   19:     0x708dddb66dfa - <unknown>
[INFO] [stdout]   20:     0x708dddbfa3d4 - clone
[INFO] [stdout]   21:                0x0 - <unknown>
[INFO] [stdout] 
[INFO] [stdout] ---- test_patch_missing_version stdout ----
[INFO] [stdout] 
[INFO] [stdout] thread 'test_patch_missing_version' (2547) panicked at tests/e2e.rs:22:5:
[INFO] [stdout] dnx binary not found at /opt/rustwide/target/release/build/dnx-cli/fdfa56a0e55180fe/dnx. Run `cargo build` first.
[INFO] [stdout] stack backtrace:
[INFO] [stdout]    0:     0x572973fd4591 - <<std[617be2ca0a6fd877]::sys::backtrace::BacktraceLock>::print::DisplayBacktrace as core[a373ad73a504971]::fmt::Display>::fmt
[INFO] [stdout]    1:     0x572973fe914a - core[a373ad73a504971]::fmt::write
[INFO] [stdout]    2:     0x572973fd8b1c - <alloc[2e1b2a31b91974c5]::vec::Vec<u8> as core[a373ad73a504971]::io::write::Write>::write_fmt
[INFO] [stdout]    3:     0x572973faeb26 - std[617be2ca0a6fd877]::panicking::default_hook::{closure#0}
[INFO] [stdout]    4:     0x572973fcbe49 - std[617be2ca0a6fd877]::panicking::default_hook
[INFO] [stdout]    5:     0x572973f5fa40 - test[aada8e7e76ba119b]::test_main_inner::{closure#0}
[INFO] [stdout]    6:     0x572973fcc002 - std[617be2ca0a6fd877]::panicking::panic_with_hook
[INFO] [stdout]    7:     0x572973faebd2 - std[617be2ca0a6fd877]::panicking::panic_handler::{closure#0}
[INFO] [stdout]    8:     0x572973fa7639 - std[617be2ca0a6fd877]::sys::backtrace::__rust_end_short_backtrace::<std[617be2ca0a6fd877]::panicking::panic_handler::{closure#0}, !>
[INFO] [stdout]    9:     0x572973faf7dd - __rustc[ea4f61d10b84890b]::rust_begin_unwind
[INFO] [stdout]   10:     0x572973fe987c - core[a373ad73a504971]::panicking::panic_fmt
[INFO] [stdout]   11:     0x572973f35c0f - e2e[9c05bd5cede49022]::dnx
[INFO] [stdout]   12:     0x572973f3669f - e2e[9c05bd5cede49022]::dnx_fail
[INFO] [stdout]   13:     0x572973f4143a - <e2e[9c05bd5cede49022]::test_patch_missing_version::{closure#0} as core[a373ad73a504971]::ops::function::FnOnce<()>>::call_once
[INFO] [stdout]   14:     0x572973f52e8b - test[aada8e7e76ba119b]::__rust_begin_short_backtrace::<core[a373ad73a504971]::result::Result<(), alloc[2e1b2a31b91974c5]::string::String>, fn() -> core[a373ad73a504971]::result::Result<(), alloc[2e1b2a31b91974c5]::string::String>>
[INFO] [stdout]   15:     0x572973f60065 - test[aada8e7e76ba119b]::run_test::{closure#0}
[INFO] [stdout]   16:     0x572973f59954 - std[617be2ca0a6fd877]::sys::backtrace::__rust_begin_short_backtrace::<test[aada8e7e76ba119b]::run_test::{closure#1}, ()>
[INFO] [stdout]   17:     0x572973f630f2 - <std[617be2ca0a6fd877]::thread::lifecycle::spawn_unchecked<test[aada8e7e76ba119b]::run_test::{closure#1}, ()>::{closure#1} as core[a373ad73a504971]::ops::function::FnOnce<()>>::call_once::{shim:vtable#0}
[INFO] [stdout]   18:     0x572973fd38af - <std[617be2ca0a6fd877]::sys::thread::unix::Thread>::new::thread_start
[INFO] [stdout]   19:     0x708dddb66dfa - <unknown>
[INFO] [stdout]   20:     0x708dddbfa3d4 - clone
[INFO] [stdout]   21:                0x0 - <unknown>
[INFO] [stdout] 
[INFO] [stdout] ---- test_prune stdout ----
[INFO] [stdout] 
[INFO] [stdout] thread 'test_prune' (2548) panicked at tests/e2e.rs:22:5:
[INFO] [stdout] dnx binary not found at /opt/rustwide/target/release/build/dnx-cli/fdfa56a0e55180fe/dnx. Run `cargo build` first.
[INFO] [stdout] stack backtrace:
[INFO] [stdout]    0:     0x572973fd4591 - <<std[617be2ca0a6fd877]::sys::backtrace::BacktraceLock>::print::DisplayBacktrace as core[a373ad73a504971]::fmt::Display>::fmt
[INFO] [stdout]    1:     0x572973fe914a - core[a373ad73a504971]::fmt::write
[INFO] [stdout]    2:     0x572973fd8b1c - <alloc[2e1b2a31b91974c5]::vec::Vec<u8> as core[a373ad73a504971]::io::write::Write>::write_fmt
[INFO] [stdout]    3:     0x572973faeb26 - std[617be2ca0a6fd877]::panicking::default_hook::{closure#0}
[INFO] [stdout]    4:     0x572973fcbe49 - std[617be2ca0a6fd877]::panicking::default_hook
[INFO] [stdout]    5:     0x572973f5fa40 - test[aada8e7e76ba119b]::test_main_inner::{closure#0}
[INFO] [stdout]    6:     0x572973fcc002 - std[617be2ca0a6fd877]::panicking::panic_with_hook
[INFO] [stdout]    7:     0x572973faebd2 - std[617be2ca0a6fd877]::panicking::panic_handler::{closure#0}
[INFO] [stdout]    8:     0x572973fa7639 - std[617be2ca0a6fd877]::sys::backtrace::__rust_end_short_backtrace::<std[617be2ca0a6fd877]::panicking::panic_handler::{closure#0}, !>
[INFO] [stdout]    9:     0x572973faf7dd - __rustc[ea4f61d10b84890b]::rust_begin_unwind
[INFO] [stdout]   10:     0x572973fe987c - core[a373ad73a504971]::panicking::panic_fmt
[INFO] [stdout]   11:     0x572973f35c0f - e2e[9c05bd5cede49022]::dnx
[INFO] [stdout]   12:     0x572973f36454 - e2e[9c05bd5cede49022]::dnx_ok
[INFO] [stdout]   13:     0x572973f37497 - <e2e[9c05bd5cede49022]::test_prune::{closure#0} as core[a373ad73a504971]::ops::function::FnOnce<()>>::call_once
[INFO] [stdout]   14:     0x572973f52e8b - test[aada8e7e76ba119b]::__rust_begin_short_backtrace::<core[a373ad73a504971]::result::Result<(), alloc[2e1b2a31b91974c5]::string::String>, fn() -> core[a373ad73a504971]::result::Result<(), alloc[2e1b2a31b91974c5]::string::String>>
[INFO] [stdout]   15:     0x572973f60065 - test[aada8e7e76ba119b]::run_test::{closure#0}
[INFO] [stdout]   16:     0x572973f59954 - std[617be2ca0a6fd877]::sys::backtrace::__rust_begin_short_backtrace::<test[aada8e7e76ba119b]::run_test::{closure#1}, ()>
[INFO] [stdout]   17:     0x572973f630f2 - <std[617be2ca0a6fd877]::thread::lifecycle::spawn_unchecked<test[aada8e7e76ba119b]::run_test::{closure#1}, ()>::{closure#1} as core[a373ad73a504971]::ops::function::FnOnce<()>>::call_once::{shim:vtable#0}
[INFO] [stdout]   18:     0x572973fd38af - <std[617be2ca0a6fd877]::sys::thread::unix::Thread>::new::thread_start
[INFO] [stdout]   19:     0x708dddb66dfa - <unknown>
[INFO] [stdout]   20:     0x708dddbfa3d4 - clone
[INFO] [stdout]   21:                0x0 - <unknown>
[INFO] [stdout] 
[INFO] [stdout] ---- test_quiet_flag stdout ----
[INFO] [stdout] 
[INFO] [stdout] thread 'test_quiet_flag' (2550) panicked at tests/e2e.rs:22:5:
[INFO] [stdout] dnx binary not found at /opt/rustwide/target/release/build/dnx-cli/fdfa56a0e55180fe/dnx. Run `cargo build` first.
[INFO] [stdout] stack backtrace:
[INFO] [stdout]    0:     0x572973fd4591 - <<std[617be2ca0a6fd877]::sys::backtrace::BacktraceLock>::print::DisplayBacktrace as core[a373ad73a504971]::fmt::Display>::fmt
[INFO] [stdout]    1:     0x572973fe914a - core[a373ad73a504971]::fmt::write
[INFO] [stdout]    2:     0x572973fd8b1c - <alloc[2e1b2a31b91974c5]::vec::Vec<u8> as core[a373ad73a504971]::io::write::Write>::write_fmt
[INFO] [stdout]    3:     0x572973faeb26 - std[617be2ca0a6fd877]::panicking::default_hook::{closure#0}
[INFO] [stdout]    4:     0x572973fcbe49 - std[617be2ca0a6fd877]::panicking::default_hook
[INFO] [stdout]    5:     0x572973f5fa40 - test[aada8e7e76ba119b]::test_main_inner::{closure#0}
[INFO] [stdout]    6:     0x572973fcc002 - std[617be2ca0a6fd877]::panicking::panic_with_hook
[INFO] [stdout]    7:     0x572973faebd2 - std[617be2ca0a6fd877]::panicking::panic_handler::{closure#0}
[INFO] [stdout]    8:     0x572973fa7639 - std[617be2ca0a6fd877]::sys::backtrace::__rust_end_short_backtrace::<std[617be2ca0a6fd877]::panicking::panic_handler::{closure#0}, !>
[INFO] [stdout]    9:     0x572973faf7dd - __rustc[ea4f61d10b84890b]::rust_begin_unwind
[INFO] [stdout]   10:     0x572973fe987c - core[a373ad73a504971]::panicking::panic_fmt
[INFO] [stdout]   11:     0x572973f35c0f - e2e[9c05bd5cede49022]::dnx
[INFO] [stdout]   12:     0x572973f36454 - e2e[9c05bd5cede49022]::dnx_ok
[INFO] [stdout]   13:     0x572973f38e2f - <e2e[9c05bd5cede49022]::test_quiet_flag::{closure#0} as core[a373ad73a504971]::ops::function::FnOnce<()>>::call_once
[INFO] [stdout]   14:     0x572973f52e8b - test[aada8e7e76ba119b]::__rust_begin_short_backtrace::<core[a373ad73a504971]::result::Result<(), alloc[2e1b2a31b91974c5]::string::String>, fn() -> core[a373ad73a504971]::result::Result<(), alloc[2e1b2a31b91974c5]::string::String>>
[INFO] [stdout]   15:     0x572973f60065 - test[aada8e7e76ba119b]::run_test::{closure#0}
[INFO] [stdout]   16:     0x572973f59954 - std[617be2ca0a6fd877]::sys::backtrace::__rust_begin_short_backtrace::<test[aada8e7e76ba119b]::run_test::{closure#1}, ()>
[INFO] [stdout]   17:     0x572973f630f2 - <std[617be2ca0a6fd877]::thread::lifecycle::spawn_unchecked<test[aada8e7e76ba119b]::run_test::{closure#1}, ()>::{closure#1} as core[a373ad73a504971]::ops::function::FnOnce<()>>::call_once::{shim:vtable#0}
[INFO] [stdout]   18:     0x572973fd38af - <std[617be2ca0a6fd877]::sys::thread::unix::Thread>::new::thread_start
[INFO] [stdout]   19:     0x708dddb66dfa - <unknown>
[INFO] [stdout]   20:     0x708dddbfa3d4 - clone
[INFO] [stdout]   21:                0x0 - <unknown>
[INFO] [stdout] 
[INFO] [stdout] ---- test_rebuild stdout ----
[INFO] [stdout] 
[INFO] [stdout] thread 'test_rebuild' (2551) panicked at tests/e2e.rs:22:5:
[INFO] [stdout] dnx binary not found at /opt/rustwide/target/release/build/dnx-cli/fdfa56a0e55180fe/dnx. Run `cargo build` first.
[INFO] [stdout] stack backtrace:
[INFO] [stdout]    0:     0x572973fd4591 - <<std[617be2ca0a6fd877]::sys::backtrace::BacktraceLock>::print::DisplayBacktrace as core[a373ad73a504971]::fmt::Display>::fmt
[INFO] [stdout]    1:     0x572973fe914a - core[a373ad73a504971]::fmt::write
[INFO] [stdout]    2:     0x572973fd8b1c - <alloc[2e1b2a31b91974c5]::vec::Vec<u8> as core[a373ad73a504971]::io::write::Write>::write_fmt
[INFO] [stdout]    3:     0x572973faeb26 - std[617be2ca0a6fd877]::panicking::default_hook::{closure#0}
[INFO] [stdout]    4:     0x572973fcbe49 - std[617be2ca0a6fd877]::panicking::default_hook
[INFO] [stdout]    5:     0x572973f5fa40 - test[aada8e7e76ba119b]::test_main_inner::{closure#0}
[INFO] [stdout]    6:     0x572973fcc002 - std[617be2ca0a6fd877]::panicking::panic_with_hook
[INFO] [stdout]    7:     0x572973faebd2 - std[617be2ca0a6fd877]::panicking::panic_handler::{closure#0}
[INFO] [stdout]    8:     0x572973fa7639 - std[617be2ca0a6fd877]::sys::backtrace::__rust_end_short_backtrace::<std[617be2ca0a6fd877]::panicking::panic_handler::{closure#0}, !>
[INFO] [stdout]    9:     0x572973faf7dd - __rustc[ea4f61d10b84890b]::rust_begin_unwind
[INFO] [stdout]   10:     0x572973fe987c - core[a373ad73a504971]::panicking::panic_fmt
[INFO] [stdout]   11:     0x572973f35c0f - e2e[9c05bd5cede49022]::dnx
[INFO] [stdout]   12:     0x572973f36454 - e2e[9c05bd5cede49022]::dnx_ok
[INFO] [stdout]   13:     0x572973f37ccf - <e2e[9c05bd5cede49022]::test_rebuild::{closure#0} as core[a373ad73a504971]::ops::function::FnOnce<()>>::call_once
[INFO] [stdout]   14:     0x572973f52e8b - test[aada8e7e76ba119b]::__rust_begin_short_backtrace::<core[a373ad73a504971]::result::Result<(), alloc[2e1b2a31b91974c5]::string::String>, fn() -> core[a373ad73a504971]::result::Result<(), alloc[2e1b2a31b91974c5]::string::String>>
[INFO] [stdout]   15:     0x572973f60065 - test[aada8e7e76ba119b]::run_test::{closure#0}
[INFO] [stdout]   16:     0x572973f59954 - std[617be2ca0a6fd877]::sys::backtrace::__rust_begin_short_backtrace::<test[aada8e7e76ba119b]::run_test::{closure#1}, ()>
[INFO] [stdout]   17:     0x572973f630f2 - <std[617be2ca0a6fd877]::thread::lifecycle::spawn_unchecked<test[aada8e7e76ba119b]::run_test::{closure#1}, ()>::{closure#1} as core[a373ad73a504971]::ops::function::FnOnce<()>>::call_once::{shim:vtable#0}
[INFO] [stdout]   18:     0x572973fd38af - <std[617be2ca0a6fd877]::sys::thread::unix::Thread>::new::thread_start
[INFO] [stdout]   19:     0x708dddb66dfa - <unknown>
[INFO] [stdout]   20:     0x708dddbfa3d4 - clone
[INFO] [stdout]   21:                0x0 - <unknown>
[INFO] [stdout] 
[INFO] [stdout] ---- test_shortcut_dev stdout ----
[INFO] [stdout] 
[INFO] [stdout] thread 'test_shortcut_dev' (2559) panicked at tests/e2e.rs:22:5:
[INFO] [stdout] dnx binary not found at /opt/rustwide/target/release/build/dnx-cli/fdfa56a0e55180fe/dnx. Run `cargo build` first.
[INFO] [stdout] stack backtrace:
[INFO] [stdout]    0:     0x572973fd4591 - <<std[617be2ca0a6fd877]::sys::backtrace::BacktraceLock>::print::DisplayBacktrace as core[a373ad73a504971]::fmt::Display>::fmt
[INFO] [stdout]    1:     0x572973fe914a - core[a373ad73a504971]::fmt::write
[INFO] [stdout]    2:     0x572973fd8b1c - <alloc[2e1b2a31b91974c5]::vec::Vec<u8> as core[a373ad73a504971]::io::write::Write>::write_fmt
[INFO] [stdout]    3:     0x572973faeb26 - std[617be2ca0a6fd877]::panicking::default_hook::{closure#0}
[INFO] [stdout]    4:     0x572973fcbe49 - std[617be2ca0a6fd877]::panicking::default_hook
[INFO] [stdout]    5:     0x572973f5fa40 - test[aada8e7e76ba119b]::test_main_inner::{closure#0}
[INFO] [stdout]    6:     0x572973fcc002 - std[617be2ca0a6fd877]::panicking::panic_with_hook
[INFO] [stdout]    7:     0x572973faebd2 - std[617be2ca0a6fd877]::panicking::panic_handler::{closure#0}
[INFO] [stdout]    8:     0x572973fa7639 - std[617be2ca0a6fd877]::sys::backtrace::__rust_end_short_backtrace::<std[617be2ca0a6fd877]::panicking::panic_handler::{closure#0}, !>
[INFO] [stdout]    9:     0x572973faf7dd - __rustc[ea4f61d10b84890b]::rust_begin_unwind
[INFO] [stdout]   10:     0x572973fe987c - core[a373ad73a504971]::panicking::panic_fmt
[INFO] [stdout]   11:     0x572973f35c0f - e2e[9c05bd5cede49022]::dnx
[INFO] [stdout]   12:     0x572973f36454 - e2e[9c05bd5cede49022]::dnx_ok
[INFO] [stdout]   13:     0x572973f39cab - <e2e[9c05bd5cede49022]::test_shortcut_dev::{closure#0} as core[a373ad73a504971]::ops::function::FnOnce<()>>::call_once
[INFO] [stdout]   14:     0x572973f52e8b - test[aada8e7e76ba119b]::__rust_begin_short_backtrace::<core[a373ad73a504971]::result::Result<(), alloc[2e1b2a31b91974c5]::string::String>, fn() -> core[a373ad73a504971]::result::Result<(), alloc[2e1b2a31b91974c5]::string::String>>
[INFO] [stdout]   15:     0x572973f60065 - test[aada8e7e76ba119b]::run_test::{closure#0}
[INFO] [stdout]   16:     0x572973f59954 - std[617be2ca0a6fd877]::sys::backtrace::__rust_begin_short_backtrace::<test[aada8e7e76ba119b]::run_test::{closure#1}, ()>
[INFO] [stdout]   17:     0x572973f630f2 - <std[617be2ca0a6fd877]::thread::lifecycle::spawn_unchecked<test[aada8e7e76ba119b]::run_test::{closure#1}, ()>::{closure#1} as core[a373ad73a504971]::ops::function::FnOnce<()>>::call_once::{shim:vtable#0}
[INFO] [stdout]   18:     0x572973fd38af - <std[617be2ca0a6fd877]::sys::thread::unix::Thread>::new::thread_start
[INFO] [stdout]   19:     0x708dddb66dfa - <unknown>
[INFO] [stdout]   20:     0x708dddbfa3d4 - clone
[INFO] [stdout]   21:                0x0 - <unknown>
[INFO] [stdout] 
[INFO] [stdout] ---- test_run_nonexistent_script stdout ----
[INFO] [stdout] 
[INFO] [stdout] thread 'test_run_nonexistent_script' (2555) panicked at tests/e2e.rs:22:5:
[INFO] [stdout] dnx binary not found at /opt/rustwide/target/release/build/dnx-cli/fdfa56a0e55180fe/dnx. Run `cargo build` first.
[INFO] [stdout] stack backtrace:
[INFO] [stdout]    0:     0x572973fd4591 - <<std[617be2ca0a6fd877]::sys::backtrace::BacktraceLock>::print::DisplayBacktrace as core[a373ad73a504971]::fmt::Display>::fmt
[INFO] [stdout]    1:     0x572973fe914a - core[a373ad73a504971]::fmt::write
[INFO] [stdout]    2:     0x572973fd8b1c - <alloc[2e1b2a31b91974c5]::vec::Vec<u8> as core[a373ad73a504971]::io::write::Write>::write_fmt
[INFO] [stdout]    3:     0x572973faeb26 - std[617be2ca0a6fd877]::panicking::default_hook::{closure#0}
[INFO] [stdout]    4:     0x572973fcbe49 - std[617be2ca0a6fd877]::panicking::default_hook
[INFO] [stdout]    5:     0x572973f5fa40 - test[aada8e7e76ba119b]::test_main_inner::{closure#0}
[INFO] [stdout]    6:     0x572973fcc002 - std[617be2ca0a6fd877]::panicking::panic_with_hook
[INFO] [stdout]    7:     0x572973faebd2 - std[617be2ca0a6fd877]::panicking::panic_handler::{closure#0}
[INFO] [stdout]    8:     0x572973fa7639 - std[617be2ca0a6fd877]::sys::backtrace::__rust_end_short_backtrace::<std[617be2ca0a6fd877]::panicking::panic_handler::{closure#0}, !>
[INFO] [stdout]    9:     0x572973faf7dd - __rustc[ea4f61d10b84890b]::rust_begin_unwind
[INFO] [stdout]   10:     0x572973fe987c - core[a373ad73a504971]::panicking::panic_fmt
[INFO] [stdout]   11:     0x572973f35c0f - e2e[9c05bd5cede49022]::dnx
[INFO] [stdout]   12:     0x572973f3669f - e2e[9c05bd5cede49022]::dnx_fail
[INFO] [stdout]   13:     0x572973f41a22 - <e2e[9c05bd5cede49022]::test_run_nonexistent_script::{closure#0} as core[a373ad73a504971]::ops::function::FnOnce<()>>::call_once
[INFO] [stdout]   14:     0x572973f52e8b - test[aada8e7e76ba119b]::__rust_begin_short_backtrace::<core[a373ad73a504971]::result::Result<(), alloc[2e1b2a31b91974c5]::string::String>, fn() -> core[a373ad73a504971]::result::Result<(), alloc[2e1b2a31b91974c5]::string::String>>
[INFO] [stdout]   15:     0x572973f60065 - test[aada8e7e76ba119b]::run_test::{closure#0}
[INFO] [stdout]   16:     0x572973f59954 - std[617be2ca0a6fd877]::sys::backtrace::__rust_begin_short_backtrace::<test[aada8e7e76ba119b]::run_test::{closure#1}, ()>
[INFO] [stdout]   17:     0x572973f630f2 - <std[617be2ca0a6fd877]::thread::lifecycle::spawn_unchecked<test[aada8e7e76ba119b]::run_test::{closure#1}, ()>::{closure#1} as core[a373ad73a504971]::ops::function::FnOnce<()>>::call_once::{shim:vtable#0}
[INFO] [stdout]   18:     0x572973fd38af - <std[617be2ca0a6fd877]::sys::thread::unix::Thread>::new::thread_start
[INFO] [stdout]   19:     0x708dddb66dfa - <unknown>
[INFO] [stdout]   20:     0x708dddbfa3d4 - clone
[INFO] [stdout]   21:                0x0 - <unknown>
[INFO] [stdout] 
[INFO] [stdout] ---- test_no_package_json stdout ----
[INFO] [stdout] 
[INFO] [stdout] thread 'test_no_package_json' (2544) panicked at tests/e2e.rs:22:5:
[INFO] [stdout] dnx binary not found at /opt/rustwide/target/release/build/dnx-cli/fdfa56a0e55180fe/dnx. Run `cargo build` first.
[INFO] [stdout] stack backtrace:
[INFO] [stdout]    0:     0x572973fd4591 - <<std[617be2ca0a6fd877]::sys::backtrace::BacktraceLock>::print::DisplayBacktrace as core[a373ad73a504971]::fmt::Display>::fmt
[INFO] [stdout]    1:     0x572973fe914a - core[a373ad73a504971]::fmt::write
[INFO] [stdout]    2:     0x572973fd8b1c - <alloc[2e1b2a31b91974c5]::vec::Vec<u8> as core[a373ad73a504971]::io::write::Write>::write_fmt
[INFO] [stdout]    3:     0x572973faeb26 - std[617be2ca0a6fd877]::panicking::default_hook::{closure#0}
[INFO] [stdout]    4:     0x572973fcbe49 - std[617be2ca0a6fd877]::panicking::default_hook
[INFO] [stdout]    5:     0x572973f5fa40 - test[aada8e7e76ba119b]::test_main_inner::{closure#0}
[INFO] [stdout]    6:     0x572973fcc002 - std[617be2ca0a6fd877]::panicking::panic_with_hook
[INFO] [stdout]    7:     0x572973faebd2 - std[617be2ca0a6fd877]::panicking::panic_handler::{closure#0}
[INFO] [stdout]    8:     0x572973fa7639 - std[617be2ca0a6fd877]::sys::backtrace::__rust_end_short_backtrace::<std[617be2ca0a6fd877]::panicking::panic_handler::{closure#0}, !>
[INFO] [stdout]    9:     0x572973faf7dd - __rustc[ea4f61d10b84890b]::rust_begin_unwind
[INFO] [stdout]   10:     0x572973fe987c - core[a373ad73a504971]::panicking::panic_fmt
[INFO] [stdout]   11:     0x572973f35c0f - e2e[9c05bd5cede49022]::dnx
[INFO] [stdout]   12:     0x572973f3669f - e2e[9c05bd5cede49022]::dnx_fail
[INFO] [stdout]   13:     0x572973f3c7bc - <e2e[9c05bd5cede49022]::test_no_package_json::{closure#0} as core[a373ad73a504971]::ops::function::FnOnce<()>>::call_once
[INFO] [stdout]   14:     0x572973f52e8b - test[aada8e7e76ba119b]::__rust_begin_short_backtrace::<core[a373ad73a504971]::result::Result<(), alloc[2e1b2a31b91974c5]::string::String>, fn() -> core[a373ad73a504971]::result::Result<(), alloc[2e1b2a31b91974c5]::string::String>>
[INFO] [stdout]   15:     0x572973f60065 - test[aada8e7e76ba119b]::run_test::{closure#0}
[INFO] [stdout]   16:     0x572973f59954 - std[617be2ca0a6fd877]::sys::backtrace::__rust_begin_short_backtrace::<test[aada8e7e76ba119b]::run_test::{closure#1}, ()>
[INFO] [stdout]   17:     0x572973f630f2 - <std[617be2ca0a6fd877]::thread::lifecycle::spawn_unchecked<test[aada8e7e76ba119b]::run_test::{closure#1}, ()>::{closure#1} as core[a373ad73a504971]::ops::function::FnOnce<()>>::call_once::{shim:vtable#0}
[INFO] [stdout]   18:     0x572973fd38af - <std[617be2ca0a6fd877]::sys::thread::unix::Thread>::new::thread_start
[INFO] [stdout]   19:     0x708dddb66dfa - <unknown>
[INFO] [stdout]   20:     0x708dddbfa3d4 - clone
[INFO] [stdout]   21:                0x0 - <unknown>
[INFO] [stdout] 
[INFO] [stdout] ---- test_store_status stdout ----
[INFO] [stdout] 
[INFO] [stdout] thread 'test_store_status' (2563) panicked at tests/e2e.rs:22:5:
[INFO] [stdout] dnx binary not found at /opt/rustwide/target/release/build/dnx-cli/fdfa56a0e55180fe/dnx. Run `cargo build` first.
[INFO] [stdout] stack backtrace:
[INFO] [stdout]    0:     0x572973fd4591 - <<std[617be2ca0a6fd877]::sys::backtrace::BacktraceLock>::print::DisplayBacktrace as core[a373ad73a504971]::fmt::Display>::fmt
[INFO] [stdout]    1:     0x572973fe914a - core[a373ad73a504971]::fmt::write
[INFO] [stdout]    2:     0x572973fd8b1c - <alloc[2e1b2a31b91974c5]::vec::Vec<u8> as core[a373ad73a504971]::io::write::Write>::write_fmt
[INFO] [stdout]    3:     0x572973faeb26 - std[617be2ca0a6fd877]::panicking::default_hook::{closure#0}
[INFO] [stdout]    4:     0x572973fcbe49 - std[617be2ca0a6fd877]::panicking::default_hook
[INFO] [stdout]    5:     0x572973f5fa40 - test[aada8e7e76ba119b]::test_main_inner::{closure#0}
[INFO] [stdout]    6:     0x572973fcc002 - std[617be2ca0a6fd877]::panicking::panic_with_hook
[INFO] [stdout]    7:     0x572973faebd2 - std[617be2ca0a6fd877]::panicking::panic_handler::{closure#0}
[INFO] [stdout]    8:     0x572973fa7639 - std[617be2ca0a6fd877]::sys::backtrace::__rust_end_short_backtrace::<std[617be2ca0a6fd877]::panicking::panic_handler::{closure#0}, !>
[INFO] [stdout]    9:     0x572973faf7dd - __rustc[ea4f61d10b84890b]::rust_begin_unwind
[INFO] [stdout]   10:     0x572973fe987c - core[a373ad73a504971]::panicking::panic_fmt
[INFO] [stdout]   11:     0x572973f35c0f - e2e[9c05bd5cede49022]::dnx
[INFO] [stdout]   12:     0x572973f36454 - e2e[9c05bd5cede49022]::dnx_ok
[INFO] [stdout]   13:     0x572973f39e57 - <e2e[9c05bd5cede49022]::test_store_status::{closure#0} as core[a373ad73a504971]::ops::function::FnOnce<()>>::call_once
[INFO] [stdout]   14:     0x572973f52e8b - test[aada8e7e76ba119b]::__rust_begin_short_backtrace::<core[a373ad73a504971]::result::Result<(), alloc[2e1b2a31b91974c5]::string::String>, fn() -> core[a373ad73a504971]::result::Result<(), alloc[2e1b2a31b91974c5]::string::String>>
[INFO] [stdout]   15:     0x572973f60065 - test[aada8e7e76ba119b]::run_test::{closure#0}
[INFO] [stdout]   16:     0x572973f59954 - std[617be2ca0a6fd877]::sys::backtrace::__rust_begin_short_backtrace::<test[aada8e7e76ba119b]::run_test::{closure#1}, ()>
[INFO] [stdout]   17:     0x572973f630f2 - <std[617be2ca0a6fd877]::thread::lifecycle::spawn_unchecked<test[aada8e7e76ba119b]::run_test::{closure#1}, ()>::{closure#1} as core[a373ad73a504971]::ops::function::FnOnce<()>>::call_once::{shim:vtable#0}
[INFO] [stdout]   18:     0x572973fd38af - <std[617be2ca0a6fd877]::sys::thread::unix::Thread>::new::thread_start
[INFO] [stdout]   19:     0x708dddb66dfa - <unknown>
[INFO] [stdout]   20:     0x708dddbfa3d4 - clone
[INFO] [stdout]   21:                0x0 - <unknown>
[INFO] [stdout] 
[INFO] [stdout] ---- test_outdated stdout ----
[INFO] [stdout] 
[INFO] [stdout] thread 'test_outdated' (2545) panicked at tests/e2e.rs:22:5:
[INFO] [stdout] dnx binary not found at /opt/rustwide/target/release/build/dnx-cli/fdfa56a0e55180fe/dnx. Run `cargo build` first.
[INFO] [stdout] stack backtrace:
[INFO] [stdout]    0:     0x572973fd4591 - <<std[617be2ca0a6fd877]::sys::backtrace::BacktraceLock>::print::DisplayBacktrace as core[a373ad73a504971]::fmt::Display>::fmt
[INFO] [stdout]    1:     0x572973fe914a - core[a373ad73a504971]::fmt::write
[INFO] [stdout]    2:     0x572973fd8b1c - <alloc[2e1b2a31b91974c5]::vec::Vec<u8> as core[a373ad73a504971]::io::write::Write>::write_fmt
[INFO] [stdout]    3:     0x572973faeb26 - std[617be2ca0a6fd877]::panicking::default_hook::{closure#0}
[INFO] [stdout]    4:     0x572973fcbe49 - std[617be2ca0a6fd877]::panicking::default_hook
[INFO] [stdout]    5:     0x572973f5fa40 - test[aada8e7e76ba119b]::test_main_inner::{closure#0}
[INFO] [stdout]    6:     0x572973fcc002 - std[617be2ca0a6fd877]::panicking::panic_with_hook
[INFO] [stderr] error: test failed, to rerun pass `--test e2e`
[INFO] [stdout]    7:     0x572973faebd2 - std[617be2ca0a6fd877]::panicking::panic_handler::{closure#0}
[INFO] [stdout]    8:     0x572973fa7639 - std[617be2ca0a6fd877]::sys::backtrace::__rust_end_short_backtrace::<std[617be2ca0a6fd877]::panicking::panic_handler::{closure#0}, !>
[INFO] [stdout]    9:     0x572973faf7dd - __rustc[ea4f61d10b84890b]::rust_begin_unwind
[INFO] [stdout]   10:     0x572973fe987c - core[a373ad73a504971]::panicking::panic_fmt
[INFO] [stdout]   11:     0x572973f35c0f - e2e[9c05bd5cede49022]::dnx
[INFO] [stdout]   12:     0x572973f36454 - e2e[9c05bd5cede49022]::dnx_ok
[INFO] [stdout]   13:     0x572973f38375 - <e2e[9c05bd5cede49022]::test_outdated::{closure#0} as core[a373ad73a504971]::ops::function::FnOnce<()>>::call_once
[INFO] [stdout]   14:     0x572973f52e8b - test[aada8e7e76ba119b]::__rust_begin_short_backtrace::<core[a373ad73a504971]::result::Result<(), alloc[2e1b2a31b91974c5]::string::String>, fn() -> core[a373ad73a504971]::result::Result<(), alloc[2e1b2a31b91974c5]::string::String>>
[INFO] [stdout]   15:     0x572973f60065 - test[aada8e7e76ba119b]::run_test::{closure#0}
[INFO] [stdout]   16:     0x572973f59954 - std[617be2ca0a6fd877]::sys::backtrace::__rust_begin_short_backtrace::<test[aada8e7e76ba119b]::run_test::{closure#1}, ()>
[INFO] [stdout]   17:     0x572973f630f2 - <std[617be2ca0a6fd877]::thread::lifecycle::spawn_unchecked<test[aada8e7e76ba119b]::run_test::{closure#1}, ()>::{closure#1} as core[a373ad73a504971]::ops::function::FnOnce<()>>::call_once::{shim:vtable#0}
[INFO] [stdout]   18:     0x572973fd38af - <std[617be2ca0a6fd877]::sys::thread::unix::Thread>::new::thread_start
[INFO] [stdout]   19:     0x708dddb66dfa - <unknown>
[INFO] [stdout]   20:     0x708dddbfa3d4 - clone
[INFO] [stdout]   21:                0x0 - <unknown>
[INFO] [stdout] 
[INFO] [stdout] ---- test_remove_alias stdout ----
[INFO] [stdout] 
[INFO] [stdout] thread 'test_remove_alias' (2552) panicked at tests/e2e.rs:22:5:
[INFO] [stdout] dnx binary not found at /opt/rustwide/target/release/build/dnx-cli/fdfa56a0e55180fe/dnx. Run `cargo build` first.
[INFO] [stdout] stack backtrace:
[INFO] [stdout]    0:     0x572973fd4591 - <<std[617be2ca0a6fd877]::sys::backtrace::BacktraceLock>::print::DisplayBacktrace as core[a373ad73a504971]::fmt::Display>::fmt
[INFO] [stdout]    1:     0x572973fe914a - core[a373ad73a504971]::fmt::write
[INFO] [stdout]    2:     0x572973fd8b1c - <alloc[2e1b2a31b91974c5]::vec::Vec<u8> as core[a373ad73a504971]::io::write::Write>::write_fmt
[INFO] [stdout]    3:     0x572973faeb26 - std[617be2ca0a6fd877]::panicking::default_hook::{closure#0}
[INFO] [stdout]    4:     0x572973fcbe49 - std[617be2ca0a6fd877]::panicking::default_hook
[INFO] [stdout]    5:     0x572973f5fa40 - test[aada8e7e76ba119b]::test_main_inner::{closure#0}
[INFO] [stdout]    6:     0x572973fcc002 - std[617be2ca0a6fd877]::panicking::panic_with_hook
[INFO] [stdout]    7:     0x572973faebd2 - std[617be2ca0a6fd877]::panicking::panic_handler::{closure#0}
[INFO] [stdout]    8:     0x572973fa7639 - std[617be2ca0a6fd877]::sys::backtrace::__rust_end_short_backtrace::<std[617be2ca0a6fd877]::panicking::panic_handler::{closure#0}, !>
[INFO] [stdout]    9:     0x572973faf7dd - __rustc[ea4f61d10b84890b]::rust_begin_unwind
[INFO] [stdout]   10:     0x572973fe987c - core[a373ad73a504971]::panicking::panic_fmt
[INFO] [stdout]   11:     0x572973f35c0f - e2e[9c05bd5cede49022]::dnx
[INFO] [stdout]   12:     0x572973f36454 - e2e[9c05bd5cede49022]::dnx_ok
[INFO] [stdout]   13:     0x572973f39a30 - <e2e[9c05bd5cede49022]::test_remove_alias::{closure#0} as core[a373ad73a504971]::ops::function::FnOnce<()>>::call_once
[INFO] [stdout]   14:     0x572973f52e8b - test[aada8e7e76ba119b]::__rust_begin_short_backtrace::<core[a373ad73a504971]::result::Result<(), alloc[2e1b2a31b91974c5]::string::String>, fn() -> core[a373ad73a504971]::result::Result<(), alloc[2e1b2a31b91974c5]::string::String>>
[INFO] [stdout]   15:     0x572973f60065 - test[aada8e7e76ba119b]::run_test::{closure#0}
[INFO] [stdout]   16:     0x572973f59954 - std[617be2ca0a6fd877]::sys::backtrace::__rust_begin_short_backtrace::<test[aada8e7e76ba119b]::run_test::{closure#1}, ()>
[INFO] [stdout]   17:     0x572973f630f2 - <std[617be2ca0a6fd877]::thread::lifecycle::spawn_unchecked<test[aada8e7e76ba119b]::run_test::{closure#1}, ()>::{closure#1} as core[a373ad73a504971]::ops::function::FnOnce<()>>::call_once::{shim:vtable#0}
[INFO] [stdout]   18:     0x572973fd38af - <std[617be2ca0a6fd877]::sys::thread::unix::Thread>::new::thread_start
[INFO] [stdout]   19:     0x708dddb66dfa - <unknown>
[INFO] [stdout]   20:     0x708dddbfa3d4 - clone
[INFO] [stdout]   21:                0x0 - <unknown>
[INFO] [stdout] 
[INFO] [stdout] ---- test_remove_package stdout ----
[INFO] [stdout] 
[INFO] [stdout] thread 'test_remove_package' (2553) panicked at tests/e2e.rs:22:5:
[INFO] [stdout] dnx binary not found at /opt/rustwide/target/release/build/dnx-cli/fdfa56a0e55180fe/dnx. Run `cargo build` first.
[INFO] [stdout] stack backtrace:
[INFO] [stdout]    0:     0x572973fd4591 - <<std[617be2ca0a6fd877]::sys::backtrace::BacktraceLock>::print::DisplayBacktrace as core[a373ad73a504971]::fmt::Display>::fmt
[INFO] [stdout]    1:     0x572973fe914a - core[a373ad73a504971]::fmt::write
[INFO] [stdout]    2:     0x572973fd8b1c - <alloc[2e1b2a31b91974c5]::vec::Vec<u8> as core[a373ad73a504971]::io::write::Write>::write_fmt
[INFO] [stdout]    3:     0x572973faeb26 - std[617be2ca0a6fd877]::panicking::default_hook::{closure#0}
[INFO] [stdout]    4:     0x572973fcbe49 - std[617be2ca0a6fd877]::panicking::default_hook
[INFO] [stdout]    5:     0x572973f5fa40 - test[aada8e7e76ba119b]::test_main_inner::{closure#0}
[INFO] [stdout]    6:     0x572973fcc002 - std[617be2ca0a6fd877]::panicking::panic_with_hook
[INFO] [stdout]    7:     0x572973faebd2 - std[617be2ca0a6fd877]::panicking::panic_handler::{closure#0}
[INFO] [stdout]    8:     0x572973fa7639 - std[617be2ca0a6fd877]::sys::backtrace::__rust_end_short_backtrace::<std[617be2ca0a6fd877]::panicking::panic_handler::{closure#0}, !>
[INFO] [stdout]    9:     0x572973faf7dd - __rustc[ea4f61d10b84890b]::rust_begin_unwind
[INFO] [stdout]   10:     0x572973fe987c - core[a373ad73a504971]::panicking::panic_fmt
[INFO] [stdout]   11:     0x572973f35c0f - e2e[9c05bd5cede49022]::dnx
[INFO] [stdout]   12:     0x572973f36454 - e2e[9c05bd5cede49022]::dnx_ok
[INFO] [stdout]   13:     0x572973f3b060 - <e2e[9c05bd5cede49022]::test_remove_package::{closure#0} as core[a373ad73a504971]::ops::function::FnOnce<()>>::call_once
[INFO] [stdout]   14:     0x572973f52e8b - test[aada8e7e76ba119b]::__rust_begin_short_backtrace::<core[a373ad73a504971]::result::Result<(), alloc[2e1b2a31b91974c5]::string::String>, fn() -> core[a373ad73a504971]::result::Result<(), alloc[2e1b2a31b91974c5]::string::String>>
[INFO] [stdout]   15:     0x572973f60065 - test[aada8e7e76ba119b]::run_test::{closure#0}
[INFO] [stdout]   16:     0x572973f59954 - std[617be2ca0a6fd877]::sys::backtrace::__rust_begin_short_backtrace::<test[aada8e7e76ba119b]::run_test::{closure#1}, ()>
[INFO] [stdout]   17:     0x572973f630f2 - <std[617be2ca0a6fd877]::thread::lifecycle::spawn_unchecked<test[aada8e7e76ba119b]::run_test::{closure#1}, ()>::{closure#1} as core[a373ad73a504971]::ops::function::FnOnce<()>>::call_once::{shim:vtable#0}
[INFO] [stdout]   18:     0x572973fd38af - <std[617be2ca0a6fd877]::sys::thread::unix::Thread>::new::thread_start
[INFO] [stdout]   19:     0x708dddb66dfa - <unknown>
[INFO] [stdout]   20:     0x708dddbfa3d4 - clone
[INFO] [stdout]   21:                0x0 - <unknown>
[INFO] [stdout] 
[INFO] [stdout] ---- test_pack stdout ----
[INFO] [stdout] 
[INFO] [stdout] thread 'test_pack' (2546) panicked at tests/e2e.rs:22:5:
[INFO] [stdout] dnx binary not found at /opt/rustwide/target/release/build/dnx-cli/fdfa56a0e55180fe/dnx. Run `cargo build` first.
[INFO] [stdout] stack backtrace:
[INFO] [stdout]    0:     0x572973fd4591 - <<std[617be2ca0a6fd877]::sys::backtrace::BacktraceLock>::print::DisplayBacktrace as core[a373ad73a504971]::fmt::Display>::fmt
[INFO] [stdout]    1:     0x572973fe914a - core[a373ad73a504971]::fmt::write
[INFO] [stdout]    2:     0x572973fd8b1c - <alloc[2e1b2a31b91974c5]::vec::Vec<u8> as core[a373ad73a504971]::io::write::Write>::write_fmt
[INFO] [stdout]    3:     0x572973faeb26 - std[617be2ca0a6fd877]::panicking::default_hook::{closure#0}
[INFO] [stdout]    4:     0x572973fcbe49 - std[617be2ca0a6fd877]::panicking::default_hook
[INFO] [stdout]    5:     0x572973f5fa40 - test[aada8e7e76ba119b]::test_main_inner::{closure#0}
[INFO] [stdout]    6:     0x572973fcc002 - std[617be2ca0a6fd877]::panicking::panic_with_hook
[INFO] [stdout]    7:     0x572973faebd2 - std[617be2ca0a6fd877]::panicking::panic_handler::{closure#0}
[INFO] [stdout]    8:     0x572973fa7639 - std[617be2ca0a6fd877]::sys::backtrace::__rust_end_short_backtrace::<std[617be2ca0a6fd877]::panicking::panic_handler::{closure#0}, !>
[INFO] [stdout]    9:     0x572973faf7dd - __rustc[ea4f61d10b84890b]::rust_begin_unwind
[INFO] [stdout]   10:     0x572973fe987c - core[a373ad73a504971]::panicking::panic_fmt
[INFO] [stdout]   11:     0x572973f35c0f - e2e[9c05bd5cede49022]::dnx
[INFO] [stdout]   12:     0x572973f43144 - <e2e[9c05bd5cede49022]::test_pack::{closure#0} as core[a373ad73a504971]::ops::function::FnOnce<()>>::call_once
[INFO] [stdout]   13:     0x572973f52e8b - test[aada8e7e76ba119b]::__rust_begin_short_backtrace::<core[a373ad73a504971]::result::Result<(), alloc[2e1b2a31b91974c5]::string::String>, fn() -> core[a373ad73a504971]::result::Result<(), alloc[2e1b2a31b91974c5]::string::String>>
[INFO] [stdout]   14:     0x572973f60065 - test[aada8e7e76ba119b]::run_test::{closure#0}
[INFO] [stdout]   15:     0x572973f59954 - std[617be2ca0a6fd877]::sys::backtrace::__rust_begin_short_backtrace::<test[aada8e7e76ba119b]::run_test::{closure#1}, ()>
[INFO] [stdout]   16:     0x572973f630f2 - <std[617be2ca0a6fd877]::thread::lifecycle::spawn_unchecked<test[aada8e7e76ba119b]::run_test::{closure#1}, ()>::{closure#1} as core[a373ad73a504971]::ops::function::FnOnce<()>>::call_once::{shim:vtable#0}
[INFO] [stdout]   17:     0x572973fd38af - <std[617be2ca0a6fd877]::sys::thread::unix::Thread>::new::thread_start
[INFO] [stdout]   18:     0x708dddb66dfa - <unknown>
[INFO] [stdout]   19:     0x708dddbfa3d4 - clone
[INFO] [stdout]   20:                0x0 - <unknown>
[INFO] [stdout] 
[INFO] [stdout] ---- test_update stdout ----
[INFO] [stdout] 
[INFO] [stdout] thread 'test_update' (2564) panicked at tests/e2e.rs:22:5:
[INFO] [stdout] dnx binary not found at /opt/rustwide/target/release/build/dnx-cli/fdfa56a0e55180fe/dnx. Run `cargo build` first.
[INFO] [stdout] stack backtrace:
[INFO] [stdout]    0:     0x572973fd4591 - <<std[617be2ca0a6fd877]::sys::backtrace::BacktraceLock>::print::DisplayBacktrace as core[a373ad73a504971]::fmt::Display>::fmt
[INFO] [stdout]    1:     0x572973fe914a - core[a373ad73a504971]::fmt::write
[INFO] [stdout]    2:     0x572973fd8b1c - <alloc[2e1b2a31b91974c5]::vec::Vec<u8> as core[a373ad73a504971]::io::write::Write>::write_fmt
[INFO] [stdout]    3:     0x572973faeb26 - std[617be2ca0a6fd877]::panicking::default_hook::{closure#0}
[INFO] [stdout]    4:     0x572973fcbe49 - std[617be2ca0a6fd877]::panicking::default_hook
[INFO] [stdout]    5:     0x572973f5fa40 - test[aada8e7e76ba119b]::test_main_inner::{closure#0}
[INFO] [stdout]    6:     0x572973fcc002 - std[617be2ca0a6fd877]::panicking::panic_with_hook
[INFO] [stdout]    7:     0x572973faebd2 - std[617be2ca0a6fd877]::panicking::panic_handler::{closure#0}
[INFO] [stdout]    8:     0x572973fa7639 - std[617be2ca0a6fd877]::sys::backtrace::__rust_end_short_backtrace::<std[617be2ca0a6fd877]::panicking::panic_handler::{closure#0}, !>
[INFO] [stdout]    9:     0x572973faf7dd - __rustc[ea4f61d10b84890b]::rust_begin_unwind
[INFO] [stdout]   10:     0x572973fe987c - core[a373ad73a504971]::panicking::panic_fmt
[INFO] [stdout]   11:     0x572973f35c0f - e2e[9c05bd5cede49022]::dnx
[INFO] [stdout]   12:     0x572973f36454 - e2e[9c05bd5cede49022]::dnx_ok
[INFO] [stdout]   13:     0x572973f37aa1 - <e2e[9c05bd5cede49022]::test_update::{closure#0} as core[a373ad73a504971]::ops::function::FnOnce<()>>::call_once
[INFO] [stdout]   14:     0x572973f52e8b - test[aada8e7e76ba119b]::__rust_begin_short_backtrace::<core[a373ad73a504971]::result::Result<(), alloc[2e1b2a31b91974c5]::string::String>, fn() -> core[a373ad73a504971]::result::Result<(), alloc[2e1b2a31b91974c5]::string::String>>
[INFO] [stdout]   15:     0x572973f60065 - test[aada8e7e76ba119b]::run_test::{closure#0}
[INFO] [stdout]   16:     0x572973f59954 - std[617be2ca0a6fd877]::sys::backtrace::__rust_begin_short_backtrace::<test[aada8e7e76ba119b]::run_test::{closure#1}, ()>
[INFO] [stdout]   17:     0x572973f630f2 - <std[617be2ca0a6fd877]::thread::lifecycle::spawn_unchecked<test[aada8e7e76ba119b]::run_test::{closure#1}, ()>::{closure#1} as core[a373ad73a504971]::ops::function::FnOnce<()>>::call_once::{shim:vtable#0}
[INFO] [stdout]   18:     0x572973fd38af - <std[617be2ca0a6fd877]::sys::thread::unix::Thread>::new::thread_start
[INFO] [stdout]   19:     0x708dddb66dfa - <unknown>
[INFO] [stdout]   20:     0x708dddbfa3d4 - clone
[INFO] [stdout]   21:                0x0 - <unknown>
[INFO] [stdout] 
[INFO] [stdout] ---- test_publish_dry_run stdout ----
[INFO] [stdout] 
[INFO] [stdout] thread 'test_publish_dry_run' (2549) panicked at tests/e2e.rs:22:5:
[INFO] [stdout] dnx binary not found at /opt/rustwide/target/release/build/dnx-cli/fdfa56a0e55180fe/dnx. Run `cargo build` first.
[INFO] [stdout] stack backtrace:
[INFO] [stdout]    0:     0x572973fd4591 - <<std[617be2ca0a6fd877]::sys::backtrace::BacktraceLock>::print::DisplayBacktrace as core[a373ad73a504971]::fmt::Display>::fmt
[INFO] [stdout]    1:     0x572973fe914a - core[a373ad73a504971]::fmt::write
[INFO] [stdout]    2:     0x572973fd8b1c - <alloc[2e1b2a31b91974c5]::vec::Vec<u8> as core[a373ad73a504971]::io::write::Write>::write_fmt
[INFO] [stdout]    3:     0x572973faeb26 - std[617be2ca0a6fd877]::panicking::default_hook::{closure#0}
[INFO] [stdout]    4:     0x572973fcbe49 - std[617be2ca0a6fd877]::panicking::default_hook
[INFO] [stdout]    5:     0x572973f5fa40 - test[aada8e7e76ba119b]::test_main_inner::{closure#0}
[INFO] [stdout]    6:     0x572973fcc002 - std[617be2ca0a6fd877]::panicking::panic_with_hook
[INFO] [stdout]    7:     0x572973faebd2 - std[617be2ca0a6fd877]::panicking::panic_handler::{closure#0}
[INFO] [stdout]    8:     0x572973fa7639 - std[617be2ca0a6fd877]::sys::backtrace::__rust_end_short_backtrace::<std[617be2ca0a6fd877]::panicking::panic_handler::{closure#0}, !>
[INFO] [stdout]    9:     0x572973faf7dd - __rustc[ea4f61d10b84890b]::rust_begin_unwind
[INFO] [stdout]   10:     0x572973fe987c - core[a373ad73a504971]::panicking::panic_fmt
[INFO] [stdout]   11:     0x572973f35c0f - e2e[9c05bd5cede49022]::dnx
[INFO] [stdout]   12:     0x572973f3c9d4 - <e2e[9c05bd5cede49022]::test_publish_dry_run::{closure#0} as core[a373ad73a504971]::ops::function::FnOnce<()>>::call_once
[INFO] [stdout]   13:     0x572973f52e8b - test[aada8e7e76ba119b]::__rust_begin_short_backtrace::<core[a373ad73a504971]::result::Result<(), alloc[2e1b2a31b91974c5]::string::String>, fn() -> core[a373ad73a504971]::result::Result<(), alloc[2e1b2a31b91974c5]::string::String>>
[INFO] [stdout]   14:     0x572973f60065 - test[aada8e7e76ba119b]::run_test::{closure#0}
[INFO] [stdout]   15:     0x572973f59954 - std[617be2ca0a6fd877]::sys::backtrace::__rust_begin_short_backtrace::<test[aada8e7e76ba119b]::run_test::{closure#1}, ()>
[INFO] [stdout]   16:     0x572973f630f2 - <std[617be2ca0a6fd877]::thread::lifecycle::spawn_unchecked<test[aada8e7e76ba119b]::run_test::{closure#1}, ()>::{closure#1} as core[a373ad73a504971]::ops::function::FnOnce<()>>::call_once::{shim:vtable#0}
[INFO] [stdout]   17:     0x572973fd38af - <std[617be2ca0a6fd877]::sys::thread::unix::Thread>::new::thread_start
[INFO] [stdout]   18:     0x708dddb66dfa - <unknown>
[INFO] [stdout]   19:     0x708dddbfa3d4 - clone
[INFO] [stdout]   20:                0x0 - <unknown>
[INFO] [stdout] 
[INFO] [stdout] ---- test_run_pre_post_hooks stdout ----
[INFO] [stdout] 
[INFO] [stdout] thread 'test_run_pre_post_hooks' (2556) panicked at tests/e2e.rs:22:5:
[INFO] [stdout] dnx binary not found at /opt/rustwide/target/release/build/dnx-cli/fdfa56a0e55180fe/dnx. Run `cargo build` first.
[INFO] [stdout] stack backtrace:
[INFO] [stdout]    0:     0x572973fd4591 - <<std[617be2ca0a6fd877]::sys::backtrace::BacktraceLock>::print::DisplayBacktrace as core[a373ad73a504971]::fmt::Display>::fmt
[INFO] [stdout]    1:     0x572973fe914a - core[a373ad73a504971]::fmt::write
[INFO] [stdout]    2:     0x572973fd8b1c - <alloc[2e1b2a31b91974c5]::vec::Vec<u8> as core[a373ad73a504971]::io::write::Write>::write_fmt
[INFO] [stdout]    3:     0x572973faeb26 - std[617be2ca0a6fd877]::panicking::default_hook::{closure#0}
[INFO] [stdout]    4:     0x572973fcbe49 - std[617be2ca0a6fd877]::panicking::default_hook
[INFO] [stdout]    5:     0x572973f5fa40 - test[aada8e7e76ba119b]::test_main_inner::{closure#0}
[INFO] [stdout]    6:     0x572973fcc002 - std[617be2ca0a6fd877]::panicking::panic_with_hook
[INFO] [stdout]    7:     0x572973faebd2 - std[617be2ca0a6fd877]::panicking::panic_handler::{closure#0}
[INFO] [stdout]    8:     0x572973fa7639 - std[617be2ca0a6fd877]::sys::backtrace::__rust_end_short_backtrace::<std[617be2ca0a6fd877]::panicking::panic_handler::{closure#0}, !>
[INFO] [stdout]    9:     0x572973faf7dd - __rustc[ea4f61d10b84890b]::rust_begin_unwind
[INFO] [stdout]   10:     0x572973fe987c - core[a373ad73a504971]::panicking::panic_fmt
[INFO] [stdout]   11:     0x572973f35c0f - e2e[9c05bd5cede49022]::dnx
[INFO] [stdout]   12:     0x572973f36454 - e2e[9c05bd5cede49022]::dnx_ok
[INFO] [stdout]   13:     0x572973f3fa6a - <e2e[9c05bd5cede49022]::test_run_pre_post_hooks::{closure#0} as core[a373ad73a504971]::ops::function::FnOnce<()>>::call_once
[INFO] [stdout]   14:     0x572973f52e8b - test[aada8e7e76ba119b]::__rust_begin_short_backtrace::<core[a373ad73a504971]::result::Result<(), alloc[2e1b2a31b91974c5]::string::String>, fn() -> core[a373ad73a504971]::result::Result<(), alloc[2e1b2a31b91974c5]::string::String>>
[INFO] [stdout]   15:     0x572973f60065 - test[aada8e7e76ba119b]::run_test::{closure#0}
[INFO] [stdout]   16:     0x572973f59954 - std[617be2ca0a6fd877]::sys::backtrace::__rust_begin_short_backtrace::<test[aada8e7e76ba119b]::run_test::{closure#1}, ()>
[INFO] [stdout]   17:     0x572973f630f2 - <std[617be2ca0a6fd877]::thread::lifecycle::spawn_unchecked<test[aada8e7e76ba119b]::run_test::{closure#1}, ()>::{closure#1} as core[a373ad73a504971]::ops::function::FnOnce<()>>::call_once::{shim:vtable#0}
[INFO] [stdout]   18:     0x572973fd38af - <std[617be2ca0a6fd877]::sys::thread::unix::Thread>::new::thread_start
[INFO] [stdout]   19:     0x708dddb66dfa - <unknown>
[INFO] [stdout]   20:     0x708dddbfa3d4 - clone
[INFO] [stdout]   21:                0x0 - <unknown>
[INFO] [stdout] 
[INFO] [stdout] ---- test_store_path stdout ----
[INFO] [stdout] 
[INFO] [stdout] thread 'test_store_path' (2562) panicked at tests/e2e.rs:22:5:
[INFO] [stdout] dnx binary not found at /opt/rustwide/target/release/build/dnx-cli/fdfa56a0e55180fe/dnx. Run `cargo build` first.
[INFO] [stdout] stack backtrace:
[INFO] [stdout]    0:     0x572973fd4591 - <<std[617be2ca0a6fd877]::sys::backtrace::BacktraceLock>::print::DisplayBacktrace as core[a373ad73a504971]::fmt::Display>::fmt
[INFO] [stdout]    1:     0x572973fe914a - core[a373ad73a504971]::fmt::write
[INFO] [stdout]    2:     0x572973fd8b1c - <alloc[2e1b2a31b91974c5]::vec::Vec<u8> as core[a373ad73a504971]::io::write::Write>::write_fmt
[INFO] [stdout]    3:     0x572973faeb26 - std[617be2ca0a6fd877]::panicking::default_hook::{closure#0}
[INFO] [stdout]    4:     0x572973fcbe49 - std[617be2ca0a6fd877]::panicking::default_hook
[INFO] [stdout]    5:     0x572973f5fa40 - test[aada8e7e76ba119b]::test_main_inner::{closure#0}
[INFO] [stdout]    6:     0x572973fcc002 - std[617be2ca0a6fd877]::panicking::panic_with_hook
[INFO] [stdout]    7:     0x572973faebd2 - std[617be2ca0a6fd877]::panicking::panic_handler::{closure#0}
[INFO] [stdout]    8:     0x572973fa7639 - std[617be2ca0a6fd877]::sys::backtrace::__rust_end_short_backtrace::<std[617be2ca0a6fd877]::panicking::panic_handler::{closure#0}, !>
[INFO] [stdout]    9:     0x572973faf7dd - __rustc[ea4f61d10b84890b]::rust_begin_unwind
[INFO] [stdout]   10:     0x572973fe987c - core[a373ad73a504971]::panicking::panic_fmt
[INFO] [stdout]   11:     0x572973f35c0f - e2e[9c05bd5cede49022]::dnx
[INFO] [stdout]   12:     0x572973f36454 - e2e[9c05bd5cede49022]::dnx_ok
[INFO] [stdout]   13:     0x572973f3919a - <e2e[9c05bd5cede49022]::test_store_path::{closure#0} as core[a373ad73a504971]::ops::function::FnOnce<()>>::call_once
[INFO] [stdout]   14:     0x572973f52e8b - test[aada8e7e76ba119b]::__rust_begin_short_backtrace::<core[a373ad73a504971]::result::Result<(), alloc[2e1b2a31b91974c5]::string::String>, fn() -> core[a373ad73a504971]::result::Result<(), alloc[2e1b2a31b91974c5]::string::String>>
[INFO] [stdout]   15:     0x572973f60065 - test[aada8e7e76ba119b]::run_test::{closure#0}
[INFO] [stdout]   16:     0x572973f59954 - std[617be2ca0a6fd877]::sys::backtrace::__rust_begin_short_backtrace::<test[aada8e7e76ba119b]::run_test::{closure#1}, ()>
[INFO] [stdout]   17:     0x572973f630f2 - <std[617be2ca0a6fd877]::thread::lifecycle::spawn_unchecked<test[aada8e7e76ba119b]::run_test::{closure#1}, ()>::{closure#1} as core[a373ad73a504971]::ops::function::FnOnce<()>>::call_once::{shim:vtable#0}
[INFO] [stdout]   18:     0x572973fd38af - <std[617be2ca0a6fd877]::sys::thread::unix::Thread>::new::thread_start
[INFO] [stdout]   19:     0x708dddb66dfa - <unknown>
[INFO] [stdout]   20:     0x708dddbfa3d4 - clone
[INFO] [stdout]   21:                0x0 - <unknown>
[INFO] [stdout] 
[INFO] [stdout] ---- test_shortcut_start stdout ----
[INFO] [stdout] 
[INFO] [stdout] thread 'test_shortcut_start' (2560) panicked at tests/e2e.rs:22:5:
[INFO] [stdout] dnx binary not found at /opt/rustwide/target/release/build/dnx-cli/fdfa56a0e55180fe/dnx. Run `cargo build` first.
[INFO] [stdout] stack backtrace:
[INFO] [stdout]    0:     0x572973fd4591 - <<std[617be2ca0a6fd877]::sys::backtrace::BacktraceLock>::print::DisplayBacktrace as core[a373ad73a504971]::fmt::Display>::fmt
[INFO] [stdout]    1:     0x572973fe914a - core[a373ad73a504971]::fmt::write
[INFO] [stdout]    2:     0x572973fd8b1c - <alloc[2e1b2a31b91974c5]::vec::Vec<u8> as core[a373ad73a504971]::io::write::Write>::write_fmt
[INFO] [stdout]    3:     0x572973faeb26 - std[617be2ca0a6fd877]::panicking::default_hook::{closure#0}
[INFO] [stdout]    4:     0x572973fcbe49 - std[617be2ca0a6fd877]::panicking::default_hook
[INFO] [stdout]    5:     0x572973f5fa40 - test[aada8e7e76ba119b]::test_main_inner::{closure#0}
[INFO] [stdout]    6:     0x572973fcc002 - std[617be2ca0a6fd877]::panicking::panic_with_hook
[INFO] [stdout]    7:     0x572973faebd2 - std[617be2ca0a6fd877]::panicking::panic_handler::{closure#0}
[INFO] [stdout]    8:     0x572973fa7639 - std[617be2ca0a6fd877]::sys::backtrace::__rust_end_short_backtrace::<std[617be2ca0a6fd877]::panicking::panic_handler::{closure#0}, !>
[INFO] [stdout]    9:     0x572973faf7dd - __rustc[ea4f61d10b84890b]::rust_begin_unwind
[INFO] [stdout]   10:     0x572973fe987c - core[a373ad73a504971]::panicking::panic_fmt
[INFO] [stdout]   11:     0x572973f35c0f - e2e[9c05bd5cede49022]::dnx
[INFO] [stdout]   12:     0x572973f36454 - e2e[9c05bd5cede49022]::dnx_ok
[INFO] [stdout]   13:     0x572973f3b47b - <e2e[9c05bd5cede49022]::test_shortcut_start::{closure#0} as core[a373ad73a504971]::ops::function::FnOnce<()>>::call_once
[INFO] [stdout]   14:     0x572973f52e8b - test[aada8e7e76ba119b]::__rust_begin_short_backtrace::<core[a373ad73a504971]::result::Result<(), alloc[2e1b2a31b91974c5]::string::String>, fn() -> core[a373ad73a504971]::result::Result<(), alloc[2e1b2a31b91974c5]::string::String>>
[INFO] [stdout]   15:     0x572973f60065 - test[aada8e7e76ba119b]::run_test::{closure#0}
[INFO] [stdout]   16:     0x572973f59954 - std[617be2ca0a6fd877]::sys::backtrace::__rust_begin_short_backtrace::<test[aada8e7e76ba119b]::run_test::{closure#1}, ()>
[INFO] [stdout]   17:     0x572973f630f2 - <std[617be2ca0a6fd877]::thread::lifecycle::spawn_unchecked<test[aada8e7e76ba119b]::run_test::{closure#1}, ()>::{closure#1} as core[a373ad73a504971]::ops::function::FnOnce<()>>::call_once::{shim:vtable#0}
[INFO] [stdout]   18:     0x572973fd38af - <std[617be2ca0a6fd877]::sys::thread::unix::Thread>::new::thread_start
[INFO] [stdout]   19:     0x708dddb66dfa - <unknown>
[INFO] [stdout]   20:     0x708dddbfa3d4 - clone
[INFO] [stdout]   21:                0x0 - <unknown>
[INFO] [stdout] 
[INFO] [stdout] ---- test_run_no_package_json stdout ----
[INFO] [stdout] 
[INFO] [stdout] thread 'test_run_no_package_json' (2554) panicked at tests/e2e.rs:22:5:
[INFO] [stdout] dnx binary not found at /opt/rustwide/target/release/build/dnx-cli/fdfa56a0e55180fe/dnx. Run `cargo build` first.
[INFO] [stdout] stack backtrace:
[INFO] [stdout]    0:     0x572973fd4591 - <<std[617be2ca0a6fd877]::sys::backtrace::BacktraceLock>::print::DisplayBacktrace as core[a373ad73a504971]::fmt::Display>::fmt
[INFO] [stdout]    1:     0x572973fe914a - core[a373ad73a504971]::fmt::write
[INFO] [stdout]    2:     0x572973fd8b1c - <alloc[2e1b2a31b91974c5]::vec::Vec<u8> as core[a373ad73a504971]::io::write::Write>::write_fmt
[INFO] [stdout]    3:     0x572973faeb26 - std[617be2ca0a6fd877]::panicking::default_hook::{closure#0}
[INFO] [stdout]    4:     0x572973fcbe49 - std[617be2ca0a6fd877]::panicking::default_hook
[INFO] [stdout]    5:     0x572973f5fa40 - test[aada8e7e76ba119b]::test_main_inner::{closure#0}
[INFO] [stdout]    6:     0x572973fcc002 - std[617be2ca0a6fd877]::panicking::panic_with_hook
[INFO] [stdout]    7:     0x572973faebd2 - std[617be2ca0a6fd877]::panicking::panic_handler::{closure#0}
[INFO] [stdout]    8:     0x572973fa7639 - std[617be2ca0a6fd877]::sys::backtrace::__rust_end_short_backtrace::<std[617be2ca0a6fd877]::panicking::panic_handler::{closure#0}, !>
[INFO] [stdout]    9:     0x572973faf7dd - __rustc[ea4f61d10b84890b]::rust_begin_unwind
[INFO] [stdout]   10:     0x572973fe987c - core[a373ad73a504971]::panicking::panic_fmt
[INFO] [stdout]   11:     0x572973f35c0f - e2e[9c05bd5cede49022]::dnx
[INFO] [stdout]   12:     0x572973f3669f - e2e[9c05bd5cede49022]::dnx_fail
[INFO] [stdout]   13:     0x572973f40017 - <e2e[9c05bd5cede49022]::test_run_no_package_json::{closure#0} as core[a373ad73a504971]::ops::function::FnOnce<()>>::call_once
[INFO] [stdout]   14:     0x572973f52e8b - test[aada8e7e76ba119b]::__rust_begin_short_backtrace::<core[a373ad73a504971]::result::Result<(), alloc[2e1b2a31b91974c5]::string::String>, fn() -> core[a373ad73a504971]::result::Result<(), alloc[2e1b2a31b91974c5]::string::String>>
[INFO] [stdout]   15:     0x572973f60065 - test[aada8e7e76ba119b]::run_test::{closure#0}
[INFO] [stdout]   16:     0x572973f59954 - std[617be2ca0a6fd877]::sys::backtrace::__rust_begin_short_backtrace::<test[aada8e7e76ba119b]::run_test::{closure#1}, ()>
[INFO] [stdout]   17:     0x572973f630f2 - <std[617be2ca0a6fd877]::thread::lifecycle::spawn_unchecked<test[aada8e7e76ba119b]::run_test::{closure#1}, ()>::{closure#1} as core[a373ad73a504971]::ops::function::FnOnce<()>>::call_once::{shim:vtable#0}
[INFO] [stdout]   18:     0x572973fd38af - <std[617be2ca0a6fd877]::sys::thread::unix::Thread>::new::thread_start
[INFO] [stdout]   19:     0x708dddb66dfa - <unknown>
[INFO] [stdout]   20:     0x708dddbfa3d4 - clone
[INFO] [stdout]   21:                0x0 - <unknown>
[INFO] [stdout] 
[INFO] [stdout] ---- test_shortcut_test stdout ----
[INFO] [stdout] 
[INFO] [stdout] thread 'test_shortcut_test' (2561) panicked at tests/e2e.rs:22:5:
[INFO] [stdout] dnx binary not found at /opt/rustwide/target/release/build/dnx-cli/fdfa56a0e55180fe/dnx. Run `cargo build` first.
[INFO] [stdout] stack backtrace:
[INFO] [stdout]    0:     0x572973fd4591 - <<std[617be2ca0a6fd877]::sys::backtrace::BacktraceLock>::print::DisplayBacktrace as core[a373ad73a504971]::fmt::Display>::fmt
[INFO] [stdout]    1:     0x572973fe914a - core[a373ad73a504971]::fmt::write
[INFO] [stdout]    2:     0x572973fd8b1c - <alloc[2e1b2a31b91974c5]::vec::Vec<u8> as core[a373ad73a504971]::io::write::Write>::write_fmt
[INFO] [stdout]    3:     0x572973faeb26 - std[617be2ca0a6fd877]::panicking::default_hook::{closure#0}
[INFO] [stdout]    4:     0x572973fcbe49 - std[617be2ca0a6fd877]::panicking::default_hook
[INFO] [stdout]    5:     0x572973f5fa40 - test[aada8e7e76ba119b]::test_main_inner::{closure#0}
[INFO] [stdout]    6:     0x572973fcc002 - std[617be2ca0a6fd877]::panicking::panic_with_hook
[INFO] [stdout]    7:     0x572973faebd2 - std[617be2ca0a6fd877]::panicking::panic_handler::{closure#0}
[INFO] [stdout]    8:     0x572973fa7639 - std[617be2ca0a6fd877]::sys::backtrace::__rust_end_short_backtrace::<std[617be2ca0a6fd877]::panicking::panic_handler::{closure#0}, !>
[INFO] [stdout]    9:     0x572973faf7dd - __rustc[ea4f61d10b84890b]::rust_begin_unwind
[INFO] [stdout]   10:     0x572973fe987c - core[a373ad73a504971]::panicking::panic_fmt
[INFO] [stdout]   11:     0x572973f35c0f - e2e[9c05bd5cede49022]::dnx
[INFO] [stdout]   12:     0x572973f36454 - e2e[9c05bd5cede49022]::dnx_ok
[INFO] [stdout]   13:     0x572973f3ab8b - <e2e[9c05bd5cede49022]::test_shortcut_test::{closure#0} as core[a373ad73a504971]::ops::function::FnOnce<()>>::call_once
[INFO] [stdout]   14:     0x572973f52e8b - test[aada8e7e76ba119b]::__rust_begin_short_backtrace::<core[a373ad73a504971]::result::Result<(), alloc[2e1b2a31b91974c5]::string::String>, fn() -> core[a373ad73a504971]::result::Result<(), alloc[2e1b2a31b91974c5]::string::String>>
[INFO] [stdout]   15:     0x572973f60065 - test[aada8e7e76ba119b]::run_test::{closure#0}
[INFO] [stdout]   16:     0x572973f59954 - std[617be2ca0a6fd877]::sys::backtrace::__rust_begin_short_backtrace::<test[aada8e7e76ba119b]::run_test::{closure#1}, ()>
[INFO] [stdout]   17:     0x572973f630f2 - <std[617be2ca0a6fd877]::thread::lifecycle::spawn_unchecked<test[aada8e7e76ba119b]::run_test::{closure#1}, ()>::{closure#1} as core[a373ad73a504971]::ops::function::FnOnce<()>>::call_once::{shim:vtable#0}
[INFO] [stdout]   18:     0x572973fd38af - <std[617be2ca0a6fd877]::sys::thread::unix::Thread>::new::thread_start
[INFO] [stdout]   19:     0x708dddb66dfa - <unknown>
[INFO] [stdout]   20:     0x708dddbfa3d4 - clone
[INFO] [stdout]   21:                0x0 - <unknown>
[INFO] [stdout] 
[INFO] [stdout] ---- test_run_script stdout ----
[INFO] [stdout] 
[INFO] [stdout] thread 'test_run_script' (2557) panicked at tests/e2e.rs:22:5:
[INFO] [stdout] dnx binary not found at /opt/rustwide/target/release/build/dnx-cli/fdfa56a0e55180fe/dnx. Run `cargo build` first.
[INFO] [stdout] stack backtrace:
[INFO] [stdout]    0:     0x572973fd4591 - <<std[617be2ca0a6fd877]::sys::backtrace::BacktraceLock>::print::DisplayBacktrace as core[a373ad73a504971]::fmt::Display>::fmt
[INFO] [stdout]    1:     0x572973fe914a - core[a373ad73a504971]::fmt::write
[INFO] [stdout]    2:     0x572973fd8b1c - <alloc[2e1b2a31b91974c5]::vec::Vec<u8> as core[a373ad73a504971]::io::write::Write>::write_fmt
[INFO] [stdout]    3:     0x572973faeb26 - std[617be2ca0a6fd877]::panicking::default_hook::{closure#0}
[INFO] [stdout]    4:     0x572973fcbe49 - std[617be2ca0a6fd877]::panicking::default_hook
[INFO] [stdout]    5:     0x572973f5fa40 - test[aada8e7e76ba119b]::test_main_inner::{closure#0}
[INFO] [stdout]    6:     0x572973fcc002 - std[617be2ca0a6fd877]::panicking::panic_with_hook
[INFO] [stdout]    7:     0x572973faebd2 - std[617be2ca0a6fd877]::panicking::panic_handler::{closure#0}
[INFO] [stdout]    8:     0x572973fa7639 - std[617be2ca0a6fd877]::sys::backtrace::__rust_end_short_backtrace::<std[617be2ca0a6fd877]::panicking::panic_handler::{closure#0}, !>
[INFO] [stdout]    9:     0x572973faf7dd - __rustc[ea4f61d10b84890b]::rust_begin_unwind
[INFO] [stdout]   10:     0x572973fe987c - core[a373ad73a504971]::panicking::panic_fmt
[INFO] [stdout]   11:     0x572973f35c0f - e2e[9c05bd5cede49022]::dnx
[INFO] [stdout]   12:     0x572973f36454 - e2e[9c05bd5cede49022]::dnx_ok
[INFO] [stdout]   13:     0x572973f38fda - <e2e[9c05bd5cede49022]::test_run_script::{closure#0} as core[a373ad73a504971]::ops::function::FnOnce<()>>::call_once
[INFO] [stdout]   14:     0x572973f52e8b - test[aada8e7e76ba119b]::__rust_begin_short_backtrace::<core[a373ad73a504971]::result::Result<(), alloc[2e1b2a31b91974c5]::string::String>, fn() -> core[a373ad73a504971]::result::Result<(), alloc[2e1b2a31b91974c5]::string::String>>
[INFO] [stdout]   15:     0x572973f60065 - test[aada8e7e76ba119b]::run_test::{closure#0}
[INFO] [stdout]   16:     0x572973f59954 - std[617be2ca0a6fd877]::sys::backtrace::__rust_begin_short_backtrace::<test[aada8e7e76ba119b]::run_test::{closure#1}, ()>
[INFO] [stdout]   17:     0x572973f630f2 - <std[617be2ca0a6fd877]::thread::lifecycle::spawn_unchecked<test[aada8e7e76ba119b]::run_test::{closure#1}, ()>::{closure#1} as core[a373ad73a504971]::ops::function::FnOnce<()>>::call_once::{shim:vtable#0}
[INFO] [stdout]   18:     0x572973fd38af - <std[617be2ca0a6fd877]::sys::thread::unix::Thread>::new::thread_start
[INFO] [stdout]   19:     0x708dddb66dfa - <unknown>
[INFO] [stdout]   20:     0x708dddbfa3d4 - clone
[INFO] [stdout]   21:                0x0 - <unknown>
[INFO] [stdout] 
[INFO] [stdout] ---- test_shortcut_build stdout ----
[INFO] [stdout] 
[INFO] [stdout] thread 'test_shortcut_build' (2558) panicked at tests/e2e.rs:22:5:
[INFO] [stdout] dnx binary not found at /opt/rustwide/target/release/build/dnx-cli/fdfa56a0e55180fe/dnx. Run `cargo build` first.
[INFO] [stdout] stack backtrace:
[INFO] [stdout]    0:     0x572973fd4591 - <<std[617be2ca0a6fd877]::sys::backtrace::BacktraceLock>::print::DisplayBacktrace as core[a373ad73a504971]::fmt::Display>::fmt
[INFO] [stdout]    1:     0x572973fe914a - core[a373ad73a504971]::fmt::write
[INFO] [stdout]    2:     0x572973fd8b1c - <alloc[2e1b2a31b91974c5]::vec::Vec<u8> as core[a373ad73a504971]::io::write::Write>::write_fmt
[INFO] [stdout]    3:     0x572973faeb26 - std[617be2ca0a6fd877]::panicking::default_hook::{closure#0}
[INFO] [stdout]    4:     0x572973fcbe49 - std[617be2ca0a6fd877]::panicking::default_hook
[INFO] [stdout]    5:     0x572973f5fa40 - test[aada8e7e76ba119b]::test_main_inner::{closure#0}
[INFO] [stdout]    6:     0x572973fcc002 - std[617be2ca0a6fd877]::panicking::panic_with_hook
[INFO] [stdout]    7:     0x572973faebd2 - std[617be2ca0a6fd877]::panicking::panic_handler::{closure#0}
[INFO] [stdout]    8:     0x572973fa7639 - std[617be2ca0a6fd877]::sys::backtrace::__rust_end_short_backtrace::<std[617be2ca0a6fd877]::panicking::panic_handler::{closure#0}, !>
[INFO] [stdout]    9:     0x572973faf7dd - __rustc[ea4f61d10b84890b]::rust_begin_unwind
[INFO] [stdout]   10:     0x572973fe987c - core[a373ad73a504971]::panicking::panic_fmt
[INFO] [stdout]   11:     0x572973f35c0f - e2e[9c05bd5cede49022]::dnx
[INFO] [stdout]   12:     0x572973f36454 - e2e[9c05bd5cede49022]::dnx_ok
[INFO] [stdout]   13:     0x572973f3b2db - <e2e[9c05bd5cede49022]::test_shortcut_build::{closure#0} as core[a373ad73a504971]::ops::function::FnOnce<()>>::call_once
[INFO] [stdout]   14:     0x572973f52e8b - test[aada8e7e76ba119b]::__rust_begin_short_backtrace::<core[a373ad73a504971]::result::Result<(), alloc[2e1b2a31b91974c5]::string::String>, fn() -> core[a373ad73a504971]::result::Result<(), alloc[2e1b2a31b91974c5]::string::String>>
[INFO] [stdout]   15:     0x572973f60065 - test[aada8e7e76ba119b]::run_test::{closure#0}
[INFO] [stdout]   16:     0x572973f59954 - std[617be2ca0a6fd877]::sys::backtrace::__rust_begin_short_backtrace::<test[aada8e7e76ba119b]::run_test::{closure#1}, ()>
[INFO] [stdout]   17:     0x572973f630f2 - <std[617be2ca0a6fd877]::thread::lifecycle::spawn_unchecked<test[aada8e7e76ba119b]::run_test::{closure#1}, ()>::{closure#1} as core[a373ad73a504971]::ops::function::FnOnce<()>>::call_once::{shim:vtable#0}
[INFO] [stdout]   18:     0x572973fd38af - <std[617be2ca0a6fd877]::sys::thread::unix::Thread>::new::thread_start
[INFO] [stdout]   19:     0x708dddb66dfa - <unknown>
[INFO] [stdout]   20:     0x708dddbfa3d4 - clone
[INFO] [stdout]   21:                0x0 - <unknown>
[INFO] [stdout] 
[INFO] [stdout] ---- test_update_alias stdout ----
[INFO] [stdout] 
[INFO] [stdout] thread 'test_update_alias' (2565) panicked at tests/e2e.rs:22:5:
[INFO] [stdout] dnx binary not found at /opt/rustwide/target/release/build/dnx-cli/fdfa56a0e55180fe/dnx. Run `cargo build` first.
[INFO] [stdout] stack backtrace:
[INFO] [stdout]    0:     0x572973fd4591 - <<std[617be2ca0a6fd877]::sys::backtrace::BacktraceLock>::print::DisplayBacktrace as core[a373ad73a504971]::fmt::Display>::fmt
[INFO] [stdout]    1:     0x572973fe914a - core[a373ad73a504971]::fmt::write
[INFO] [stdout]    2:     0x572973fd8b1c - <alloc[2e1b2a31b91974c5]::vec::Vec<u8> as core[a373ad73a504971]::io::write::Write>::write_fmt
[INFO] [stdout]    3:     0x572973faeb26 - std[617be2ca0a6fd877]::panicking::default_hook::{closure#0}
[INFO] [stdout]    4:     0x572973fcbe49 - std[617be2ca0a6fd877]::panicking::default_hook
[INFO] [stdout]    5:     0x572973f5fa40 - test[aada8e7e76ba119b]::test_main_inner::{closure#0}
[INFO] [stdout]    6:     0x572973fcc002 - std[617be2ca0a6fd877]::panicking::panic_with_hook
[INFO] [stdout]    7:     0x572973faebd2 - std[617be2ca0a6fd877]::panicking::panic_handler::{closure#0}
[INFO] [stdout]    8:     0x572973fa7639 - std[617be2ca0a6fd877]::sys::backtrace::__rust_end_short_backtrace::<std[617be2ca0a6fd877]::panicking::panic_handler::{closure#0}, !>
[INFO] [stdout]    9:     0x572973faf7dd - __rustc[ea4f61d10b84890b]::rust_begin_unwind
[INFO] [stdout]   10:     0x572973fe987c - core[a373ad73a504971]::panicking::panic_fmt
[INFO] [stdout]   11:     0x572973f35c0f - e2e[9c05bd5cede49022]::dnx
[INFO] [stdout]   12:     0x572973f36454 - e2e[9c05bd5cede49022]::dnx_ok
[INFO] [stdout]   13:     0x572973f3a053 - <e2e[9c05bd5cede49022]::test_update_alias::{closure#0} as core[a373ad73a504971]::ops::function::FnOnce<()>>::call_once
[INFO] [stdout]   14:     0x572973f52e8b - test[aada8e7e76ba119b]::__rust_begin_short_backtrace::<core[a373ad73a504971]::result::Result<(), alloc[2e1b2a31b91974c5]::string::String>, fn() -> core[a373ad73a504971]::result::Result<(), alloc[2e1b2a31b91974c5]::string::String>>
[INFO] [stdout]   15:     0x572973f60065 - test[aada8e7e76ba119b]::run_test::{closure#0}
[INFO] [stdout]   16:     0x572973f59954 - std[617be2ca0a6fd877]::sys::backtrace::__rust_begin_short_backtrace::<test[aada8e7e76ba119b]::run_test::{closure#1}, ()>
[INFO] [stdout]   17:     0x572973f630f2 - <std[617be2ca0a6fd877]::thread::lifecycle::spawn_unchecked<test[aada8e7e76ba119b]::run_test::{closure#1}, ()>::{closure#1} as core[a373ad73a504971]::ops::function::FnOnce<()>>::call_once::{shim:vtable#0}
[INFO] [stdout]   18:     0x572973fd38af - <std[617be2ca0a6fd877]::sys::thread::unix::Thread>::new::thread_start
[INFO] [stdout]   19:     0x708dddb66dfa - <unknown>
[INFO] [stdout]   20:     0x708dddbfa3d4 - clone
[INFO] [stdout]   21:                0x0 - <unknown>
[INFO] [stdout] 
[INFO] [stdout] ---- test_update_latest stdout ----
[INFO] [stdout] 
[INFO] [stdout] thread 'test_update_latest' (2566) panicked at tests/e2e.rs:22:5:
[INFO] [stdout] dnx binary not found at /opt/rustwide/target/release/build/dnx-cli/fdfa56a0e55180fe/dnx. Run `cargo build` first.
[INFO] [stdout] stack backtrace:
[INFO] [stdout]    0:     0x572973fd4591 - <<std[617be2ca0a6fd877]::sys::backtrace::BacktraceLock>::print::DisplayBacktrace as core[a373ad73a504971]::fmt::Display>::fmt
[INFO] [stdout]    1:     0x572973fe914a - core[a373ad73a504971]::fmt::write
[INFO] [stdout]    2:     0x572973fd8b1c - <alloc[2e1b2a31b91974c5]::vec::Vec<u8> as core[a373ad73a504971]::io::write::Write>::write_fmt
[INFO] [stdout]    3:     0x572973faeb26 - std[617be2ca0a6fd877]::panicking::default_hook::{closure#0}
[INFO] [stdout]    4:     0x572973fcbe49 - std[617be2ca0a6fd877]::panicking::default_hook
[INFO] [stdout]    5:     0x572973f5fa40 - test[aada8e7e76ba119b]::test_main_inner::{closure#0}
[INFO] [stdout]    6:     0x572973fcc002 - std[617be2ca0a6fd877]::panicking::panic_with_hook
[INFO] [stdout]    7:     0x572973faebd2 - std[617be2ca0a6fd877]::panicking::panic_handler::{closure#0}
[INFO] [stdout]    8:     0x572973fa7639 - std[617be2ca0a6fd877]::sys::backtrace::__rust_end_short_backtrace::<std[617be2ca0a6fd877]::panicking::panic_handler::{closure#0}, !>
[INFO] [stdout]    9:     0x572973faf7dd - __rustc[ea4f61d10b84890b]::rust_begin_unwind
[INFO] [stdout]   10:     0x572973fe987c - core[a373ad73a504971]::panicking::panic_fmt
[INFO] [stdout]   11:     0x572973f35c0f - e2e[9c05bd5cede49022]::dnx
[INFO] [stdout]   12:     0x572973f36454 - e2e[9c05bd5cede49022]::dnx_ok
[INFO] [stdout]   13:     0x572973f3ad33 - <e2e[9c05bd5cede49022]::test_update_latest::{closure#0} as core[a373ad73a504971]::ops::function::FnOnce<()>>::call_once
[INFO] [stdout]   14:     0x572973f52e8b - test[aada8e7e76ba119b]::__rust_begin_short_backtrace::<core[a373ad73a504971]::result::Result<(), alloc[2e1b2a31b91974c5]::string::String>, fn() -> core[a373ad73a504971]::result::Result<(), alloc[2e1b2a31b91974c5]::string::String>>
[INFO] [stdout]   15:     0x572973f60065 - test[aada8e7e76ba119b]::run_test::{closure#0}
[INFO] [stdout]   16:     0x572973f59954 - std[617be2ca0a6fd877]::sys::backtrace::__rust_begin_short_backtrace::<test[aada8e7e76ba119b]::run_test::{closure#1}, ()>
[INFO] [stdout]   17:     0x572973f630f2 - <std[617be2ca0a6fd877]::thread::lifecycle::spawn_unchecked<test[aada8e7e76ba119b]::run_test::{closure#1}, ()>::{closure#1} as core[a373ad73a504971]::ops::function::FnOnce<()>>::call_once::{shim:vtable#0}
[INFO] [stdout]   18:     0x572973fd38af - <std[617be2ca0a6fd877]::sys::thread::unix::Thread>::new::thread_start
[INFO] [stdout]   19:     0x708dddb66dfa - <unknown>
[INFO] [stdout]   20:     0x708dddbfa3d4 - clone
[INFO] [stdout]   21:                0x0 - <unknown>
[INFO] [stdout] 
[INFO] [stdout] ---- test_warm_install_shows_up_to_date stdout ----
[INFO] [stdout] 
[INFO] [stdout] thread 'test_warm_install_shows_up_to_date' (2570) panicked at tests/e2e.rs:22:5:
[INFO] [stdout] dnx binary not found at /opt/rustwide/target/release/build/dnx-cli/fdfa56a0e55180fe/dnx. Run `cargo build` first.
[INFO] [stdout] stack backtrace:
[INFO] [stdout]    0:     0x572973fd4591 - <<std[617be2ca0a6fd877]::sys::backtrace::BacktraceLock>::print::DisplayBacktrace as core[a373ad73a504971]::fmt::Display>::fmt
[INFO] [stdout]    1:     0x572973fe914a - core[a373ad73a504971]::fmt::write
[INFO] [stdout]    2:     0x572973fd8b1c - <alloc[2e1b2a31b91974c5]::vec::Vec<u8> as core[a373ad73a504971]::io::write::Write>::write_fmt
[INFO] [stdout]    3:     0x572973faeb26 - std[617be2ca0a6fd877]::panicking::default_hook::{closure#0}
[INFO] [stdout]    4:     0x572973fcbe49 - std[617be2ca0a6fd877]::panicking::default_hook
[INFO] [stdout]    5:     0x572973f5fa40 - test[aada8e7e76ba119b]::test_main_inner::{closure#0}
[INFO] [stdout]    6:     0x572973fcc002 - std[617be2ca0a6fd877]::panicking::panic_with_hook
[INFO] [stdout]    7:     0x572973faebd2 - std[617be2ca0a6fd877]::panicking::panic_handler::{closure#0}
[INFO] [stdout]    8:     0x572973fa7639 - std[617be2ca0a6fd877]::sys::backtrace::__rust_end_short_backtrace::<std[617be2ca0a6fd877]::panicking::panic_handler::{closure#0}, !>
[INFO] [stdout]    9:     0x572973faf7dd - __rustc[ea4f61d10b84890b]::rust_begin_unwind
[INFO] [stdout]   10:     0x572973fe987c - core[a373ad73a504971]::panicking::panic_fmt
[INFO] [stdout]   11:     0x572973f35c0f - e2e[9c05bd5cede49022]::dnx
[INFO] [stdout]   12:     0x572973f36454 - e2e[9c05bd5cede49022]::dnx_ok
[INFO] [stdout]   13:     0x572973f423a7 - <e2e[9c05bd5cede49022]::test_warm_install_shows_up_to_date::{closure#0} as core[a373ad73a504971]::ops::function::FnOnce<()>>::call_once
[INFO] [stdout]   14:     0x572973f52e8b - test[aada8e7e76ba119b]::__rust_begin_short_backtrace::<core[a373ad73a504971]::result::Result<(), alloc[2e1b2a31b91974c5]::string::String>, fn() -> core[a373ad73a504971]::result::Result<(), alloc[2e1b2a31b91974c5]::string::String>>
[INFO] [stdout]   15:     0x572973f60065 - test[aada8e7e76ba119b]::run_test::{closure#0}
[INFO] [stdout]   16:     0x572973f59954 - std[617be2ca0a6fd877]::sys::backtrace::__rust_begin_short_backtrace::<test[aada8e7e76ba119b]::run_test::{closure#1}, ()>
[INFO] [stdout]   17:     0x572973f630f2 - <std[617be2ca0a6fd877]::thread::lifecycle::spawn_unchecked<test[aada8e7e76ba119b]::run_test::{closure#1}, ()>::{closure#1} as core[a373ad73a504971]::ops::function::FnOnce<()>>::call_once::{shim:vtable#0}
[INFO] [stdout]   18:     0x572973fd38af - <std[617be2ca0a6fd877]::sys::thread::unix::Thread>::new::thread_start
[INFO] [stdout]   19:     0x708dddb66dfa - <unknown>
[INFO] [stdout]   20:     0x708dddbfa3d4 - clone
[INFO] [stdout]   21:                0x0 - <unknown>
[INFO] [stdout] 
[INFO] [stdout] ---- test_why_not_installed stdout ----
[INFO] [stdout] 
[INFO] [stdout] thread 'test_why_not_installed' (2572) panicked at tests/e2e.rs:22:5:
[INFO] [stdout] dnx binary not found at /opt/rustwide/target/release/build/dnx-cli/fdfa56a0e55180fe/dnx. Run `cargo build` first.
[INFO] [stdout] stack backtrace:
[INFO] [stdout]    0:     0x572973fd4591 - <<std[617be2ca0a6fd877]::sys::backtrace::BacktraceLock>::print::DisplayBacktrace as core[a373ad73a504971]::fmt::Display>::fmt
[INFO] [stdout]    1:     0x572973fe914a - core[a373ad73a504971]::fmt::write
[INFO] [stdout]    2:     0x572973fd8b1c - <alloc[2e1b2a31b91974c5]::vec::Vec<u8> as core[a373ad73a504971]::io::write::Write>::write_fmt
[INFO] [stdout]    3:     0x572973faeb26 - std[617be2ca0a6fd877]::panicking::default_hook::{closure#0}
[INFO] [stdout]    4:     0x572973fcbe49 - std[617be2ca0a6fd877]::panicking::default_hook
[INFO] [stdout]    5:     0x572973f5fa40 - test[aada8e7e76ba119b]::test_main_inner::{closure#0}
[INFO] [stdout]    6:     0x572973fcc002 - std[617be2ca0a6fd877]::panicking::panic_with_hook
[INFO] [stdout]    7:     0x572973faebd2 - std[617be2ca0a6fd877]::panicking::panic_handler::{closure#0}
[INFO] [stdout]    8:     0x572973fa7639 - std[617be2ca0a6fd877]::sys::backtrace::__rust_end_short_backtrace::<std[617be2ca0a6fd877]::panicking::panic_handler::{closure#0}, !>
[INFO] [stdout]    9:     0x572973faf7dd - __rustc[ea4f61d10b84890b]::rust_begin_unwind
[INFO] [stdout]   10:     0x572973fe987c - core[a373ad73a504971]::panicking::panic_fmt
[INFO] [stdout]   11:     0x572973f35c0f - e2e[9c05bd5cede49022]::dnx
[INFO] [stdout]   12:     0x572973f36454 - e2e[9c05bd5cede49022]::dnx_ok
[INFO] [stdout]   13:     0x572973f3e3a6 - <e2e[9c05bd5cede49022]::test_why_not_installed::{closure#0} as core[a373ad73a504971]::ops::function::FnOnce<()>>::call_once
[INFO] [stdout]   14:     0x572973f52e8b - test[aada8e7e76ba119b]::__rust_begin_short_backtrace::<core[a373ad73a504971]::result::Result<(), alloc[2e1b2a31b91974c5]::string::String>, fn() -> core[a373ad73a504971]::result::Result<(), alloc[2e1b2a31b91974c5]::string::String>>
[INFO] [stdout]   15:     0x572973f60065 - test[aada8e7e76ba119b]::run_test::{closure#0}
[INFO] [stdout]   16:     0x572973f59954 - std[617be2ca0a6fd877]::sys::backtrace::__rust_begin_short_backtrace::<test[aada8e7e76ba119b]::run_test::{closure#1}, ()>
[INFO] [stdout]   17:     0x572973f630f2 - <std[617be2ca0a6fd877]::thread::lifecycle::spawn_unchecked<test[aada8e7e76ba119b]::run_test::{closure#1}, ()>::{closure#1} as core[a373ad73a504971]::ops::function::FnOnce<()>>::call_once::{shim:vtable#0}
[INFO] [stdout]   18:     0x572973fd38af - <std[617be2ca0a6fd877]::sys::thread::unix::Thread>::new::thread_start
[INFO] [stdout]   19:     0x708dddb66dfa - <unknown>
[INFO] [stdout]   20:     0x708dddbfa3d4 - clone
[INFO] [stdout]   21:                0x0 - <unknown>
[INFO] [stdout] 
[INFO] [stdout] ---- test_verbose_flag stdout ----
[INFO] [stdout] 
[INFO] [stdout] thread 'test_verbose_flag' (2568) panicked at tests/e2e.rs:22:5:
[INFO] [stdout] dnx binary not found at /opt/rustwide/target/release/build/dnx-cli/fdfa56a0e55180fe/dnx. Run `cargo build` first.
[INFO] [stdout] stack backtrace:
[INFO] [stdout]    0:     0x572973fd4591 - <<std[617be2ca0a6fd877]::sys::backtrace::BacktraceLock>::print::DisplayBacktrace as core[a373ad73a504971]::fmt::Display>::fmt
[INFO] [stdout]    1:     0x572973fe914a - core[a373ad73a504971]::fmt::write
[INFO] [stdout]    2:     0x572973fd8b1c - <alloc[2e1b2a31b91974c5]::vec::Vec<u8> as core[a373ad73a504971]::io::write::Write>::write_fmt
[INFO] [stdout]    3:     0x572973faeb26 - std[617be2ca0a6fd877]::panicking::default_hook::{closure#0}
[INFO] [stdout]    4:     0x572973fcbe49 - std[617be2ca0a6fd877]::panicking::default_hook
[INFO] [stdout]    5:     0x572973f5fa40 - test[aada8e7e76ba119b]::test_main_inner::{closure#0}
[INFO] [stdout]    6:     0x572973fcc002 - std[617be2ca0a6fd877]::panicking::panic_with_hook
[INFO] [stdout]    7:     0x572973faebd2 - std[617be2ca0a6fd877]::panicking::panic_handler::{closure#0}
[INFO] [stdout]    8:     0x572973fa7639 - std[617be2ca0a6fd877]::sys::backtrace::__rust_end_short_backtrace::<std[617be2ca0a6fd877]::panicking::panic_handler::{closure#0}, !>
[INFO] [stdout]    9:     0x572973faf7dd - __rustc[ea4f61d10b84890b]::rust_begin_unwind
[INFO] [stdout]   10:     0x572973fe987c - core[a373ad73a504971]::panicking::panic_fmt
[INFO] [stdout]   11:     0x572973f35c0f - e2e[9c05bd5cede49022]::dnx
[INFO] [stdout]   12:     0x572973f36454 - e2e[9c05bd5cede49022]::dnx_ok
[INFO] [stdout]   13:     0x572973f3a1a7 - <e2e[9c05bd5cede49022]::test_verbose_flag::{closure#0} as core[a373ad73a504971]::ops::function::FnOnce<()>>::call_once
[INFO] [stdout]   14:     0x572973f52e8b - test[aada8e7e76ba119b]::__rust_begin_short_backtrace::<core[a373ad73a504971]::result::Result<(), alloc[2e1b2a31b91974c5]::string::String>, fn() -> core[a373ad73a504971]::result::Result<(), alloc[2e1b2a31b91974c5]::string::String>>
[INFO] [stdout]   15:     0x572973f60065 - test[aada8e7e76ba119b]::run_test::{closure#0}
[INFO] [stdout]   16:     0x572973f59954 - std[617be2ca0a6fd877]::sys::backtrace::__rust_begin_short_backtrace::<test[aada8e7e76ba119b]::run_test::{closure#1}, ()>
[INFO] [stdout]   17:     0x572973f630f2 - <std[617be2ca0a6fd877]::thread::lifecycle::spawn_unchecked<test[aada8e7e76ba119b]::run_test::{closure#1}, ()>::{closure#1} as core[a373ad73a504971]::ops::function::FnOnce<()>>::call_once::{shim:vtable#0}
[INFO] [stdout]   18:     0x572973fd38af - <std[617be2ca0a6fd877]::sys::thread::unix::Thread>::new::thread_start
[INFO] [stdout]   19:     0x708dddb66dfa - <unknown>
[INFO] [stdout]   20:     0x708dddbfa3d4 - clone
[INFO] [stdout]   21:                0x0 - <unknown>
[INFO] [stdout] 
[INFO] [stdout] ---- test_why_transitive stdout ----
[INFO] [stdout] 
[INFO] [stdout] thread 'test_why_transitive' (2573) panicked at tests/e2e.rs:22:5:
[INFO] [stdout] dnx binary not found at /opt/rustwide/target/release/build/dnx-cli/fdfa56a0e55180fe/dnx. Run `cargo build` first.
[INFO] [stdout] stack backtrace:
[INFO] [stdout]    0:     0x572973fd4591 - <<std[617be2ca0a6fd877]::sys::backtrace::BacktraceLock>::print::DisplayBacktrace as core[a373ad73a504971]::fmt::Display>::fmt
[INFO] [stdout]    1:     0x572973fe914a - core[a373ad73a504971]::fmt::write
[INFO] [stdout]    2:     0x572973fd8b1c - <alloc[2e1b2a31b91974c5]::vec::Vec<u8> as core[a373ad73a504971]::io::write::Write>::write_fmt
[INFO] [stdout]    3:     0x572973faeb26 - std[617be2ca0a6fd877]::panicking::default_hook::{closure#0}
[INFO] [stdout]    4:     0x572973fcbe49 - std[617be2ca0a6fd877]::panicking::default_hook
[INFO] [stdout]    5:     0x572973f5fa40 - test[aada8e7e76ba119b]::test_main_inner::{closure#0}
[INFO] [stdout]    6:     0x572973fcc002 - std[617be2ca0a6fd877]::panicking::panic_with_hook
[INFO] [stdout]    7:     0x572973faebd2 - std[617be2ca0a6fd877]::panicking::panic_handler::{closure#0}
[INFO] [stdout]    8:     0x572973fa7639 - std[617be2ca0a6fd877]::sys::backtrace::__rust_end_short_backtrace::<std[617be2ca0a6fd877]::panicking::panic_handler::{closure#0}, !>
[INFO] [stdout]    9:     0x572973faf7dd - __rustc[ea4f61d10b84890b]::rust_begin_unwind
[INFO] [stdout]   10:     0x572973fe987c - core[a373ad73a504971]::panicking::panic_fmt
[INFO] [stdout]   11:     0x572973f35c0f - e2e[9c05bd5cede49022]::dnx
[INFO] [stdout]   12:     0x572973f36454 - e2e[9c05bd5cede49022]::dnx_ok
[INFO] [stdout]   13:     0x572973f3b626 - <e2e[9c05bd5cede49022]::test_why_transitive::{closure#0} as core[a373ad73a504971]::ops::function::FnOnce<()>>::call_once
[INFO] [stdout]   14:     0x572973f52e8b - test[aada8e7e76ba119b]::__rust_begin_short_backtrace::<core[a373ad73a504971]::result::Result<(), alloc[2e1b2a31b91974c5]::string::String>, fn() -> core[a373ad73a504971]::result::Result<(), alloc[2e1b2a31b91974c5]::string::String>>
[INFO] [stdout]   15:     0x572973f60065 - test[aada8e7e76ba119b]::run_test::{closure#0}
[INFO] [stdout]   16:     0x572973f59954 - std[617be2ca0a6fd877]::sys::backtrace::__rust_begin_short_backtrace::<test[aada8e7e76ba119b]::run_test::{closure#1}, ()>
[INFO] [stdout]   17:     0x572973f630f2 - <std[617be2ca0a6fd877]::thread::lifecycle::spawn_unchecked<test[aada8e7e76ba119b]::run_test::{closure#1}, ()>::{closure#1} as core[a373ad73a504971]::ops::function::FnOnce<()>>::call_once::{shim:vtable#0}
[INFO] [stdout]   18:     0x572973fd38af - <std[617be2ca0a6fd877]::sys::thread::unix::Thread>::new::thread_start
[INFO] [stdout]   19:     0x708dddb66dfa - <unknown>
[INFO] [stdout]   20:     0x708dddbfa3d4 - clone
[INFO] [stdout]   21:                0x0 - <unknown>
[INFO] [stdout] 
[INFO] [stdout] ---- test_why stdout ----
[INFO] [stdout] 
[INFO] [stdout] thread 'test_why' (2571) panicked at tests/e2e.rs:22:5:
[INFO] [stdout] dnx binary not found at /opt/rustwide/target/release/build/dnx-cli/fdfa56a0e55180fe/dnx. Run `cargo build` first.
[INFO] [stdout] stack backtrace:
[INFO] [stdout]    0:     0x572973fd4591 - <<std[617be2ca0a6fd877]::sys::backtrace::BacktraceLock>::print::DisplayBacktrace as core[a373ad73a504971]::fmt::Display>::fmt
[INFO] [stdout]    1:     0x572973fe914a - core[a373ad73a504971]::fmt::write
[INFO] [stdout]    2:     0x572973fd8b1c - <alloc[2e1b2a31b91974c5]::vec::Vec<u8> as core[a373ad73a504971]::io::write::Write>::write_fmt
[INFO] [stdout]    3:     0x572973faeb26 - std[617be2ca0a6fd877]::panicking::default_hook::{closure#0}
[INFO] [stdout]    4:     0x572973fcbe49 - std[617be2ca0a6fd877]::panicking::default_hook
[INFO] [stdout]    5:     0x572973f5fa40 - test[aada8e7e76ba119b]::test_main_inner::{closure#0}
[INFO] [stdout]    6:     0x572973fcc002 - std[617be2ca0a6fd877]::panicking::panic_with_hook
[INFO] [stdout]    7:     0x572973faebd2 - std[617be2ca0a6fd877]::panicking::panic_handler::{closure#0}
[INFO] [stdout]    8:     0x572973fa7639 - std[617be2ca0a6fd877]::sys::backtrace::__rust_end_short_backtrace::<std[617be2ca0a6fd877]::panicking::panic_handler::{closure#0}, !>
[INFO] [stdout]    9:     0x572973faf7dd - __rustc[ea4f61d10b84890b]::rust_begin_unwind
[INFO] [stdout]   10:     0x572973fe987c - core[a373ad73a504971]::panicking::panic_fmt
[INFO] [stdout]   11:     0x572973f35c0f - e2e[9c05bd5cede49022]::dnx
[INFO] [stdout]   12:     0x572973f36454 - e2e[9c05bd5cede49022]::dnx_ok
[INFO] [stdout]   13:     0x572973f425f7 - <e2e[9c05bd5cede49022]::test_why::{closure#0} as core[a373ad73a504971]::ops::function::FnOnce<()>>::call_once
[INFO] [stdout]   14:     0x572973f52e8b - test[aada8e7e76ba119b]::__rust_begin_short_backtrace::<core[a373ad73a504971]::result::Result<(), alloc[2e1b2a31b91974c5]::string::String>, fn() -> core[a373ad73a504971]::result::Result<(), alloc[2e1b2a31b91974c5]::string::String>>
[INFO] [stdout]   15:     0x572973f60065 - test[aada8e7e76ba119b]::run_test::{closure#0}
[INFO] [stdout]   16:     0x572973f59954 - std[617be2ca0a6fd877]::sys::backtrace::__rust_begin_short_backtrace::<test[aada8e7e76ba119b]::run_test::{closure#1}, ()>
[INFO] [stdout]   17:     0x572973f630f2 - <std[617be2ca0a6fd877]::thread::lifecycle::spawn_unchecked<test[aada8e7e76ba119b]::run_test::{closure#1}, ()>::{closure#1} as core[a373ad73a504971]::ops::function::FnOnce<()>>::call_once::{shim:vtable#0}
[INFO] [stdout]   18:     0x572973fd38af - <std[617be2ca0a6fd877]::sys::thread::unix::Thread>::new::thread_start
[INFO] [stdout]   19:     0x708dddb66dfa - <unknown>
[INFO] [stdout]   20:     0x708dddbfa3d4 - clone
[INFO] [stdout]   21:                0x0 - <unknown>
[INFO] [stdout] 
[INFO] [stdout] ---- test_version stdout ----
[INFO] [stdout] 
[INFO] [stdout] thread 'test_version' (2569) panicked at tests/e2e.rs:22:5:
[INFO] [stdout] dnx binary not found at /opt/rustwide/target/release/build/dnx-cli/fdfa56a0e55180fe/dnx. Run `cargo build` first.
[INFO] [stdout] stack backtrace:
[INFO] [stdout]    0:     0x572973fd4591 - <<std[617be2ca0a6fd877]::sys::backtrace::BacktraceLock>::print::DisplayBacktrace as core[a373ad73a504971]::fmt::Display>::fmt
[INFO] [stdout]    1:     0x572973fe914a - core[a373ad73a504971]::fmt::write
[INFO] [stdout]    2:     0x572973fd8b1c - <alloc[2e1b2a31b91974c5]::vec::Vec<u8> as core[a373ad73a504971]::io::write::Write>::write_fmt
[INFO] [stdout]    3:     0x572973faeb26 - std[617be2ca0a6fd877]::panicking::default_hook::{closure#0}
[INFO] [stdout]    4:     0x572973fcbe49 - std[617be2ca0a6fd877]::panicking::default_hook
[INFO] [stdout]    5:     0x572973f5fa40 - test[aada8e7e76ba119b]::test_main_inner::{closure#0}
[INFO] [stdout]    6:     0x572973fcc002 - std[617be2ca0a6fd877]::panicking::panic_with_hook
[INFO] [stdout]    7:     0x572973faebd2 - std[617be2ca0a6fd877]::panicking::panic_handler::{closure#0}
[INFO] [stdout]    8:     0x572973fa7639 - std[617be2ca0a6fd877]::sys::backtrace::__rust_end_short_backtrace::<std[617be2ca0a6fd877]::panicking::panic_handler::{closure#0}, !>
[INFO] [stdout]    9:     0x572973faf7dd - __rustc[ea4f61d10b84890b]::rust_begin_unwind
[INFO] [stdout]   10:     0x572973fe987c - core[a373ad73a504971]::panicking::panic_fmt
[INFO] [stdout]   11:     0x572973f35c0f - e2e[9c05bd5cede49022]::dnx
[INFO] [stdout]   12:     0x572973f36454 - e2e[9c05bd5cede49022]::dnx_ok
[INFO] [stdout]   13:     0x572973f37eec - <e2e[9c05bd5cede49022]::test_version::{closure#0} as core[a373ad73a504971]::ops::function::FnOnce<()>>::call_once
[INFO] [stdout]   14:     0x572973f52e8b - test[aada8e7e76ba119b]::__rust_begin_short_backtrace::<core[a373ad73a504971]::result::Result<(), alloc[2e1b2a31b91974c5]::string::String>, fn() -> core[a373ad73a504971]::result::Result<(), alloc[2e1b2a31b91974c5]::string::String>>
[INFO] [stdout]   15:     0x572973f60065 - test[aada8e7e76ba119b]::run_test::{closure#0}
[INFO] [stdout]   16:     0x572973f59954 - std[617be2ca0a6fd877]::sys::backtrace::__rust_begin_short_backtrace::<test[aada8e7e76ba119b]::run_test::{closure#1}, ()>
[INFO] [stdout]   17:     0x572973f630f2 - <std[617be2ca0a6fd877]::thread::lifecycle::spawn_unchecked<test[aada8e7e76ba119b]::run_test::{closure#1}, ()>::{closure#1} as core[a373ad73a504971]::ops::function::FnOnce<()>>::call_once::{shim:vtable#0}
[INFO] [stdout]   18:     0x572973fd38af - <std[617be2ca0a6fd877]::sys::thread::unix::Thread>::new::thread_start
[INFO] [stdout]   19:     0x708dddb66dfa - <unknown>
[INFO] [stdout]   20:     0x708dddbfa3d4 - clone
[INFO] [stdout]   21:                0x0 - <unknown>
[INFO] [stdout] 
[INFO] [stdout] ---- test_update_specific stdout ----
[INFO] [stdout] 
[INFO] [stdout] thread 'test_update_specific' (2567) panicked at tests/e2e.rs:22:5:
[INFO] [stdout] dnx binary not found at /opt/rustwide/target/release/build/dnx-cli/fdfa56a0e55180fe/dnx. Run `cargo build` first.
[INFO] [stdout] stack backtrace:
[INFO] [stdout]    0:     0x572973fd4591 - <<std[617be2ca0a6fd877]::sys::backtrace::BacktraceLock>::print::DisplayBacktrace as core[a373ad73a504971]::fmt::Display>::fmt
[INFO] [stdout]    1:     0x572973fe914a - core[a373ad73a504971]::fmt::write
[INFO] [stdout]    2:     0x572973fd8b1c - <alloc[2e1b2a31b91974c5]::vec::Vec<u8> as core[a373ad73a504971]::io::write::Write>::write_fmt
[INFO] [stdout]    3:     0x572973faeb26 - std[617be2ca0a6fd877]::panicking::default_hook::{closure#0}
[INFO] [stdout]    4:     0x572973fcbe49 - std[617be2ca0a6fd877]::panicking::default_hook
[INFO] [stdout]    5:     0x572973f5fa40 - test[aada8e7e76ba119b]::test_main_inner::{closure#0}
[INFO] [stdout]    6:     0x572973fcc002 - std[617be2ca0a6fd877]::panicking::panic_with_hook
[INFO] [stdout]    7:     0x572973faebd2 - std[617be2ca0a6fd877]::panicking::panic_handler::{closure#0}
[INFO] [stdout]    8:     0x572973fa7639 - std[617be2ca0a6fd877]::sys::backtrace::__rust_end_short_backtrace::<std[617be2ca0a6fd877]::panicking::panic_handler::{closure#0}, !>
[INFO] [stdout]    9:     0x572973faf7dd - __rustc[ea4f61d10b84890b]::rust_begin_unwind
[INFO] [stdout]   10:     0x572973fe987c - core[a373ad73a504971]::panicking::panic_fmt
[INFO] [stdout]   11:     0x572973f35c0f - e2e[9c05bd5cede49022]::dnx
[INFO] [stdout]   12:     0x572973f36454 - e2e[9c05bd5cede49022]::dnx_ok
[INFO] [stdout]   13:     0x572973f3cad3 - <e2e[9c05bd5cede49022]::test_update_specific::{closure#0} as core[a373ad73a504971]::ops::function::FnOnce<()>>::call_once
[INFO] [stdout]   14:     0x572973f52e8b - test[aada8e7e76ba119b]::__rust_begin_short_backtrace::<core[a373ad73a504971]::result::Result<(), alloc[2e1b2a31b91974c5]::string::String>, fn() -> core[a373ad73a504971]::result::Result<(), alloc[2e1b2a31b91974c5]::string::String>>
[INFO] [stdout]   15:     0x572973f60065 - test[aada8e7e76ba119b]::run_test::{closure#0}
[INFO] [stdout]   16:     0x572973f59954 - std[617be2ca0a6fd877]::sys::backtrace::__rust_begin_short_backtrace::<test[aada8e7e76ba119b]::run_test::{closure#1}, ()>
[INFO] [stdout]   17:     0x572973f630f2 - <std[617be2ca0a6fd877]::thread::lifecycle::spawn_unchecked<test[aada8e7e76ba119b]::run_test::{closure#1}, ()>::{closure#1} as core[a373ad73a504971]::ops::function::FnOnce<()>>::call_once::{shim:vtable#0}
[INFO] [stdout]   18:     0x572973fd38af - <std[617be2ca0a6fd877]::sys::thread::unix::Thread>::new::thread_start
[INFO] [stdout]   19:     0x708dddb66dfa - <unknown>
[INFO] [stdout]   20:     0x708dddbfa3d4 - clone
[INFO] [stdout]   21:                0x0 - <unknown>
[INFO] [stdout] 
[INFO] [stdout] ---- test_workspace_filter stdout ----
[INFO] [stdout] 
[INFO] [stdout] thread 'test_workspace_filter' (2574) panicked at tests/e2e.rs:22:5:
[INFO] [stdout] dnx binary not found at /opt/rustwide/target/release/build/dnx-cli/fdfa56a0e55180fe/dnx. Run `cargo build` first.
[INFO] [stdout] stack backtrace:
[INFO] [stdout]    0:     0x572973fd4591 - <<std[617be2ca0a6fd877]::sys::backtrace::BacktraceLock>::print::DisplayBacktrace as core[a373ad73a504971]::fmt::Display>::fmt
[INFO] [stdout]    1:     0x572973fe914a - core[a373ad73a504971]::fmt::write
[INFO] [stdout]    2:     0x572973fd8b1c - <alloc[2e1b2a31b91974c5]::vec::Vec<u8> as core[a373ad73a504971]::io::write::Write>::write_fmt
[INFO] [stdout]    3:     0x572973faeb26 - std[617be2ca0a6fd877]::panicking::default_hook::{closure#0}
[INFO] [stdout]    4:     0x572973fcbe49 - std[617be2ca0a6fd877]::panicking::default_hook
[INFO] [stdout]    5:     0x572973f5fa40 - test[aada8e7e76ba119b]::test_main_inner::{closure#0}
[INFO] [stdout]    6:     0x572973fcc002 - std[617be2ca0a6fd877]::panicking::panic_with_hook
[INFO] [stdout]    7:     0x572973faebd2 - std[617be2ca0a6fd877]::panicking::panic_handler::{closure#0}
[INFO] [stdout]    8:     0x572973fa7639 - std[617be2ca0a6fd877]::sys::backtrace::__rust_end_short_backtrace::<std[617be2ca0a6fd877]::panicking::panic_handler::{closure#0}, !>
[INFO] [stdout]    9:     0x572973faf7dd - __rustc[ea4f61d10b84890b]::rust_begin_unwind
[INFO] [stdout]   10:     0x572973fe987c - core[a373ad73a504971]::panicking::panic_fmt
[INFO] [stdout]   11:     0x572973f35c0f - e2e[9c05bd5cede49022]::dnx
[INFO] [stdout]   12:     0x572973f36454 - e2e[9c05bd5cede49022]::dnx_ok
[INFO] [stdout]   13:     0x572973f3d6ff - <e2e[9c05bd5cede49022]::test_workspace_filter::{closure#0} as core[a373ad73a504971]::ops::function::FnOnce<()>>::call_once
[INFO] [stdout]   14:     0x572973f52e8b - test[aada8e7e76ba119b]::__rust_begin_short_backtrace::<core[a373ad73a504971]::result::Result<(), alloc[2e1b2a31b91974c5]::string::String>, fn() -> core[a373ad73a504971]::result::Result<(), alloc[2e1b2a31b91974c5]::string::String>>
[INFO] [stdout]   15:     0x572973f60065 - test[aada8e7e76ba119b]::run_test::{closure#0}
[INFO] [stdout]   16:     0x572973f59954 - std[617be2ca0a6fd877]::sys::backtrace::__rust_begin_short_backtrace::<test[aada8e7e76ba119b]::run_test::{closure#1}, ()>
[INFO] [stdout]   17:     0x572973f630f2 - <std[617be2ca0a6fd877]::thread::lifecycle::spawn_unchecked<test[aada8e7e76ba119b]::run_test::{closure#1}, ()>::{closure#1} as core[a373ad73a504971]::ops::function::FnOnce<()>>::call_once::{shim:vtable#0}
[INFO] [stdout]   18:     0x572973fd38af - <std[617be2ca0a6fd877]::sys::thread::unix::Thread>::new::thread_start
[INFO] [stdout]   19:     0x708dddb66dfa - <unknown>
[INFO] [stdout]   20:     0x708dddbfa3d4 - clone
[INFO] [stdout]   21:                0x0 - <unknown>
[INFO] [stdout] 
[INFO] [stdout] ---- test_workspace_install stdout ----
[INFO] [stdout] 
[INFO] [stdout] thread 'test_workspace_install' (2575) panicked at tests/e2e.rs:22:5:
[INFO] [stdout] dnx binary not found at /opt/rustwide/target/release/build/dnx-cli/fdfa56a0e55180fe/dnx. Run `cargo build` first.
[INFO] [stdout] stack backtrace:
[INFO] [stdout]    0:     0x572973fd4591 - <<std[617be2ca0a6fd877]::sys::backtrace::BacktraceLock>::print::DisplayBacktrace as core[a373ad73a504971]::fmt::Display>::fmt
[INFO] [stdout]    1:     0x572973fe914a - core[a373ad73a504971]::fmt::write
[INFO] [stdout]    2:     0x572973fd8b1c - <alloc[2e1b2a31b91974c5]::vec::Vec<u8> as core[a373ad73a504971]::io::write::Write>::write_fmt
[INFO] [stdout]    3:     0x572973faeb26 - std[617be2ca0a6fd877]::panicking::default_hook::{closure#0}
[INFO] [stdout]    4:     0x572973fcbe49 - std[617be2ca0a6fd877]::panicking::default_hook
[INFO] [stdout]    5:     0x572973f5fa40 - test[aada8e7e76ba119b]::test_main_inner::{closure#0}
[INFO] [stdout]    6:     0x572973fcc002 - std[617be2ca0a6fd877]::panicking::panic_with_hook
[INFO] [stdout]    7:     0x572973faebd2 - std[617be2ca0a6fd877]::panicking::panic_handler::{closure#0}
[INFO] [stdout]    8:     0x572973fa7639 - std[617be2ca0a6fd877]::sys::backtrace::__rust_end_short_backtrace::<std[617be2ca0a6fd877]::panicking::panic_handler::{closure#0}, !>
[INFO] [stdout]    9:     0x572973faf7dd - __rustc[ea4f61d10b84890b]::rust_begin_unwind
[INFO] [stdout]   10:     0x572973fe987c - core[a373ad73a504971]::panicking::panic_fmt
[INFO] [stdout]   11:     0x572973f35c0f - e2e[9c05bd5cede49022]::dnx
[INFO] [stdout]   12:     0x572973f36454 - e2e[9c05bd5cede49022]::dnx_ok
[INFO] [stdout]   13:     0x572973f3ed40 - <e2e[9c05bd5cede49022]::test_workspace_install::{closure#0} as core[a373ad73a504971]::ops::function::FnOnce<()>>::call_once
[INFO] [stdout]   14:     0x572973f52e8b - test[aada8e7e76ba119b]::__rust_begin_short_backtrace::<core[a373ad73a504971]::result::Result<(), alloc[2e1b2a31b91974c5]::string::String>, fn() -> core[a373ad73a504971]::result::Result<(), alloc[2e1b2a31b91974c5]::string::String>>
[INFO] [stdout]   15:     0x572973f60065 - test[aada8e7e76ba119b]::run_test::{closure#0}
[INFO] [stdout]   16:     0x572973f59954 - std[617be2ca0a6fd877]::sys::backtrace::__rust_begin_short_backtrace::<test[aada8e7e76ba119b]::run_test::{closure#1}, ()>
[INFO] [stdout]   17:     0x572973f630f2 - <std[617be2ca0a6fd877]::thread::lifecycle::spawn_unchecked<test[aada8e7e76ba119b]::run_test::{closure#1}, ()>::{closure#1} as core[a373ad73a504971]::ops::function::FnOnce<()>>::call_once::{shim:vtable#0}
[INFO] [stdout]   18:     0x572973fd38af - <std[617be2ca0a6fd877]::sys::thread::unix::Thread>::new::thread_start
[INFO] [stdout]   19:     0x708dddb66dfa - <unknown>
[INFO] [stdout]   20:     0x708dddbfa3d4 - clone
[INFO] [stdout]   21:                0x0 - <unknown>
[INFO] [stdout] 
[INFO] [stdout] 
[INFO] [stdout] failures:
[INFO] [stdout]     test_add_dev_dependency
[INFO] [stdout]     test_add_multiple_packages
[INFO] [stdout]     test_add_package
[INFO] [stdout]     test_add_peer_dependency
[INFO] [stdout]     test_add_specific_version
[INFO] [stdout]     test_audit
[INFO] [stdout]     test_cache_dir
[INFO] [stdout]     test_cache_list
[INFO] [stdout]     test_cache_verify
[INFO] [stdout]     test_completions_bash
[INFO] [stdout]     test_completions_powershell
[INFO] [stdout]     test_debug_flag
[INFO] [stdout]     test_dedupe
[INFO] [stdout]     test_doctor
[INFO] [stdout]     test_exec
[INFO] [stdout]     test_help
[INFO] [stdout]     test_help_shows_global_flags
[INFO] [stdout]     test_init
[INFO] [stdout]     test_init_already_exists
[INFO] [stdout]     test_install_alias
[INFO] [stdout]     test_install_basic
[INFO] [stdout]     test_install_frozen_no_lockfile
[INFO] [stdout]     test_install_frozen_valid_lockfile
[INFO] [stdout]     test_install_help
[INFO] [stdout]     test_install_idempotent
[INFO] [stdout]     test_install_multiple_deps
[INFO] [stdout]     test_install_no_deps
[INFO] [stdout]     test_install_no_lockfile_flag
[INFO] [stdout]     test_install_shorthand
[INFO] [stdout]     test_install_shows_progress
[INFO] [stdout]     test_install_warm_fast
[INFO] [stdout]     test_install_with_dev_deps
[INFO] [stdout]     test_invalid_log_level
[INFO] [stdout]     test_licenses
[INFO] [stdout]     test_licenses_json
[INFO] [stdout]     test_link_and_unlink
[INFO] [stdout]     test_list
[INFO] [stdout]     test_list_alias
[INFO] [stdout]     test_list_depth_zero
[INFO] [stdout]     test_log_level_flag
[INFO] [stdout]     test_log_level_quiet
[INFO] [stdout]     test_no_package_json
[INFO] [stdout]     test_outdated
[INFO] [stdout]     test_pack
[INFO] [stdout]     test_patch_missing_version
[INFO] [stdout]     test_prune
[INFO] [stdout]     test_publish_dry_run
[INFO] [stdout]     test_quiet_flag
[INFO] [stdout]     test_rebuild
[INFO] [stdout]     test_remove_alias
[INFO] [stdout]     test_remove_package
[INFO] [stdout]     test_run_no_package_json
[INFO] [stdout]     test_run_nonexistent_script
[INFO] [stdout]     test_run_pre_post_hooks
[INFO] [stdout]     test_run_script
[INFO] [stdout]     test_shortcut_build
[INFO] [stdout]     test_shortcut_dev
[INFO] [stdout]     test_shortcut_start
[INFO] [stdout]     test_shortcut_test
[INFO] [stdout]     test_store_path
[INFO] [stdout]     test_store_status
[INFO] [stdout]     test_update
[INFO] [stdout]     test_update_alias
[INFO] [stdout]     test_update_latest
[INFO] [stdout]     test_update_specific
[INFO] [stdout]     test_verbose_flag
[INFO] [stdout]     test_version
[INFO] [stdout]     test_warm_install_shows_up_to_date
[INFO] [stdout]     test_why
[INFO] [stdout]     test_why_not_installed
[INFO] [stdout]     test_why_transitive
[INFO] [stdout]     test_workspace_filter
[INFO] [stdout]     test_workspace_install
[INFO] [stdout] 
[INFO] [stdout] test result: FAILED. 0 passed; 73 failed; 0 ignored; 0 measured; 0 filtered out; finished in 0.03s
[INFO] [stdout] 
[INFO] running `Command { std: "docker" "inspect" "4982678b3e229055aa9dddfb17fedf8fe7be7cee86418fbb696e55807bdfe986", kill_on_drop: false }`
[INFO] running `Command { std: "docker" "rm" "-f" "4982678b3e229055aa9dddfb17fedf8fe7be7cee86418fbb696e55807bdfe986", kill_on_drop: false }`
[INFO] [stdout] 4982678b3e229055aa9dddfb17fedf8fe7be7cee86418fbb696e55807bdfe986
