[INFO] fetching crate dnsname 0.1.4...
[INFO] testing dnsname-0.1.4 against 1.100.0-beta.1+cargoflags=--release for beta-release-1.100-2
[INFO] extracting crate dnsname 0.1.4 into /workspace/builds/worker-0-tc2/source
[INFO] started tweaking crates.io crate dnsname 0.1.4
[INFO] finished tweaking crates.io crate dnsname 0.1.4
[INFO] tweaked toml for crates.io crate dnsname 0.1.4 written to /workspace/builds/worker-0-tc2/source/Cargo.toml
[INFO] validating manifest of crates.io crate dnsname 0.1.4 on toolchain 1.100.0-beta.1
[INFO] running `Command { std: CARGO_HOME="/workspace/cargo-home" RUSTUP_HOME="/workspace/rustup-home" "/workspace/cargo-home/bin/cargo" "+1.100.0-beta.1" "metadata" "--manifest-path" "Cargo.toml" "--no-deps", kill_on_drop: false }`
[INFO] crate crates.io crate dnsname 0.1.4 already has a lockfile, it will not be regenerated
[INFO] running `Command { std: CARGO_HOME="/workspace/cargo-home" RUSTUP_HOME="/workspace/rustup-home" "/workspace/cargo-home/bin/cargo" "+1.100.0-beta.1" "fetch" "--manifest-path" "Cargo.toml", kill_on_drop: false }`
[INFO] running `Command { std: "docker" "create" "-v" "/var/lib/crater-agent-workspace/builds/worker-0-tc2/source:/opt/rustwide/workdir:ro,Z" "-v" "/var/lib/crater-agent-workspace/builds/worker-0-tc2/target:/opt/rustwide/target:rw,Z" "-v" "/var/lib/crater-agent-workspace/cargo-home:/opt/rustwide/cargo-home:ro,Z" "-v" "/var/lib/crater-agent-workspace/rustup-home:/opt/rustwide/rustup-home:ro,Z" "-m" "1610612736" "--network" "none" "ghcr.io/rust-lang/crates-build-env/linux@sha256:77db811e55d90add9212f6832c23229e3de5f1c1f9905e8cb07319ea15df73ac" "sleep" "infinity", kill_on_drop: false }`
[INFO] [stdout] f486fe2f9bc0c9a7cfc92af68475a0458f7592f6b87681368ebab9f2cdbda486
[INFO] running `Command { std: "docker" "start" "f486fe2f9bc0c9a7cfc92af68475a0458f7592f6b87681368ebab9f2cdbda486", kill_on_drop: false }`
[INFO] running `Command { std: "docker" "inspect" "f486fe2f9bc0c9a7cfc92af68475a0458f7592f6b87681368ebab9f2cdbda486", kill_on_drop: false }`
[INFO] running `Command { std: "docker" "exec" "-e" "SOURCE_DIR=/opt/rustwide/workdir" "-e" "CARGO_HOME=/opt/rustwide/cargo-home" "-e" "RUSTUP_HOME=/opt/rustwide/rustup-home" "-e" "CARGO_TARGET_DIR=/opt/rustwide/target" "-w" "/opt/rustwide/workdir" "--user" "0:0" "f486fe2f9bc0c9a7cfc92af68475a0458f7592f6b87681368ebab9f2cdbda486" "/opt/rustwide/cargo-home/bin/cargo" "+1.100.0-beta.1" "metadata" "--no-deps" "--format-version=1", kill_on_drop: false }`
[INFO] running `Command { std: "docker" "inspect" "f486fe2f9bc0c9a7cfc92af68475a0458f7592f6b87681368ebab9f2cdbda486", kill_on_drop: false }`
[INFO] running `Command { std: "docker" "exec" "-e" "SOURCE_DIR=/opt/rustwide/workdir" "-e" "CARGO_HOME=/opt/rustwide/cargo-home" "-e" "RUSTUP_HOME=/opt/rustwide/rustup-home" "-e" "CARGO_TARGET_DIR=/opt/rustwide/target" "-e" "CARGO_INCREMENTAL=0" "-e" "RUST_BACKTRACE=full" "-e" "RUSTFLAGS=--cap-lints=warn" "-e" "RUSTDOCFLAGS=--cap-lints=warn" "-w" "/opt/rustwide/workdir" "--user" "0:0" "f486fe2f9bc0c9a7cfc92af68475a0458f7592f6b87681368ebab9f2cdbda486" "/opt/rustwide/cargo-home/bin/cargo" "+1.100.0-beta.1" "build" "--frozen" "--message-format=json" "--release", kill_on_drop: false }`
[INFO] [stderr]    Compiling psl-types v2.0.11
[INFO] [stderr]    Compiling psl v2.1.218
[INFO] [stderr]    Compiling dnsname v0.1.4 (/opt/rustwide/workdir)
[INFO] [stderr]     Finished `release` profile [optimized] target(s) in 23.46s
[INFO] running `Command { std: "docker" "inspect" "f486fe2f9bc0c9a7cfc92af68475a0458f7592f6b87681368ebab9f2cdbda486", kill_on_drop: false }`
[INFO] running `Command { std: "docker" "exec" "-e" "SOURCE_DIR=/opt/rustwide/workdir" "-e" "CARGO_HOME=/opt/rustwide/cargo-home" "-e" "RUSTUP_HOME=/opt/rustwide/rustup-home" "-e" "CARGO_TARGET_DIR=/opt/rustwide/target" "-e" "CARGO_INCREMENTAL=0" "-e" "RUST_BACKTRACE=full" "-e" "RUSTFLAGS=--cap-lints=warn" "-e" "RUSTDOCFLAGS=--cap-lints=warn" "-w" "/opt/rustwide/workdir" "--user" "0:0" "f486fe2f9bc0c9a7cfc92af68475a0458f7592f6b87681368ebab9f2cdbda486" "/opt/rustwide/cargo-home/bin/cargo" "+1.100.0-beta.1" "test" "--frozen" "--no-run" "--message-format=json" "--release", kill_on_drop: false }`
[INFO] [stderr]    Compiling zerocopy v0.8.56
[INFO] [stderr]    Compiling bitflags v2.13.1
[INFO] [stderr]    Compiling wait-timeout v0.2.1
[INFO] [stderr]    Compiling bit-vec v0.8.0
[INFO] [stderr]    Compiling unarray v0.1.4
[INFO] [stderr]    Compiling rand_xorshift v0.4.0
[INFO] [stderr]    Compiling rand v0.9.5
[INFO] [stderr]    Compiling getrandom v0.4.3
[INFO] [stderr]    Compiling rustix v1.1.4
[INFO] [stderr]    Compiling bit-set v0.8.0
[INFO] [stderr]    Compiling tempfile v3.27.0
[INFO] [stderr]    Compiling rusty-fork v0.3.1
[INFO] [stderr]    Compiling ppv-lite86 v0.2.21
[INFO] [stderr]    Compiling rand_chacha v0.9.0
[INFO] [stderr]    Compiling proptest v1.9.0
[INFO] [stderr]    Compiling dnsname v0.1.4 (/opt/rustwide/workdir)
[INFO] [stdout] warning: unused doc comment
[INFO] [stdout]    --> src/lib.rs:655:5
[INFO] [stdout]     |
[INFO] [stdout] 655 | /     /// PROPERTY: `same_registrable_domain` is symmetric for every input
[INFO] [stdout] 656 | |     /// pair, and `registrable_domain` is idempotent (resolving a resolved
[INFO] [stdout] 657 | |     /// domain returns the same domain). Both are invariants downstream
[INFO] [stdout] 658 | |     /// grouping logic relies on; fixed-seed proptest keeps the run
[INFO] [stdout] 659 | |     /// deterministic.
[INFO] [stdout]     | |_____-----------------^
[INFO] [stdout]     |       |
[INFO] [stdout]     |       rustdoc does not generate documentation for macro invocations
[INFO] [stdout]     |
[INFO] [stdout]     = help: to document an item produced by a macro, the macro must produce the documentation as part of its expansion
[INFO] [stdout]     = note: `#[warn(unused_doc_comments)]` (part of `#[warn(unused)]`) on by default
[INFO] [stdout] 
[INFO] [stdout] 
[INFO] [stderr]     Finished `release` profile [optimized] target(s) in 37.05s
[INFO] running `Command { std: "docker" "inspect" "f486fe2f9bc0c9a7cfc92af68475a0458f7592f6b87681368ebab9f2cdbda486", kill_on_drop: false }`
[INFO] running `Command { std: "docker" "exec" "-e" "SOURCE_DIR=/opt/rustwide/workdir" "-e" "CARGO_HOME=/opt/rustwide/cargo-home" "-e" "RUSTUP_HOME=/opt/rustwide/rustup-home" "-e" "CARGO_TARGET_DIR=/opt/rustwide/target" "-e" "CARGO_INCREMENTAL=0" "-e" "RUST_BACKTRACE=full" "-e" "RUSTFLAGS=--cap-lints=warn" "-e" "RUSTDOCFLAGS=--cap-lints=warn" "-w" "/opt/rustwide/workdir" "--user" "0:0" "f486fe2f9bc0c9a7cfc92af68475a0458f7592f6b87681368ebab9f2cdbda486" "/opt/rustwide/cargo-home/bin/cargo" "+1.100.0-beta.1" "test" "--frozen" "--release", kill_on_drop: false }`
[INFO] [stderr] warning: unused doc comment
[INFO] [stderr]    --> src/lib.rs:655:5
[INFO] [stderr]     |
[INFO] [stderr] 655 | /     /// PROPERTY: `same_registrable_domain` is symmetric for every input
[INFO] [stderr] 656 | |     /// pair, and `registrable_domain` is idempotent (resolving a resolved
[INFO] [stderr] 657 | |     /// domain returns the same domain). Both are invariants downstream
[INFO] [stderr] 658 | |     /// grouping logic relies on; fixed-seed proptest keeps the run
[INFO] [stderr] 659 | |     /// deterministic.
[INFO] [stderr]     | |_____-----------------^
[INFO] [stderr]     |       |
[INFO] [stderr]     |       rustdoc does not generate documentation for macro invocations
[INFO] [stderr]     |
[INFO] [stderr]     = help: to document an item produced by a macro, the macro must produce the documentation as part of its expansion
[INFO] [stderr]     = note: `#[warn(unused_doc_comments)]` (part of `#[warn(unused)]`) on by default
[INFO] [stderr] 
[INFO] [stderr] warning: `dnsname` (lib test) generated 1 warning
[INFO] [stderr]     Finished `release` profile [optimized] target(s) in 0.05s
[INFO] [stderr]      Running unittests src/lib.rs (/opt/rustwide/target/release/build/dnsname/20a645e20d23c07f/out/dnsname-20a645e20d23c07f)
[INFO] [stdout] 
[INFO] [stdout] running 34 tests
[INFO] [stdout] test tests::aliases_match_registrable_domain ... ok
[INFO] [stdout] test tests::bare_punycode_prefix_label_is_rejected ... ok
[INFO] [stdout] test tests::ip_literals_are_not_subdomains ... ok
[INFO] [stdout] test tests::alternate_ipv4_spellings_are_rejected_as_ip_literals ... ok
[INFO] [stdout] test tests::ipv4_literal_has_no_registrable_domain ... ok
[INFO] [stdout] test tests::empty_labels_and_numeric_tlds_are_rejected ... ok
[INFO] [stdout] test tests::hosts_with_control_bytes_or_interior_whitespace_are_rejected ... ok
[INFO] [stdout] test tests::ipv6_literal_has_no_registrable_domain ... ok
[INFO] [stdout] test tests::out_of_range_ipv4_like_name_with_numeric_tld_returns_none ... ok
[INFO] [stdout] test tests::malformed_wildcard_positions_are_rejected ... ok
[INFO] [stdout] test tests::psl_dependency_is_pinned ... FAILED
[INFO] [stdout] test tests::public_suffix_on_bare_suffix_returns_itself ... ok
[INFO] [stdout] test tests::public_suffix_basic ... ok
[INFO] [stdout] test tests::normalize_borrows_already_normalized_host_and_owns_only_when_changed ... ok
[INFO] [stdout] test tests::is_subdomain_of_is_label_based_not_psl_based ... ok
[INFO] [stdout] test tests::punycode_alabel_is_accepted ... ok
[INFO] [stdout] test tests::registrable_tolerates_repeated_trailing_dots ... ok
[INFO] [stdout] test tests::registrable_simple_com ... ok
[INFO] [stdout] test tests::registrable_domain_is_subset_of_public_suffix ... ok
[INFO] [stdout] test tests::same_registrable ... ok
[INFO] [stdout] test tests::registrable_multilabel_suffix_couk ... ok
[INFO] [stdout] test tests::registrable_normalizes_leading_and_trailing_dots ... ok
[INFO] [stdout] test tests::resolved_names_are_ascii_without_lossy_replacement ... ok
[INFO] [stdout] test tests::registrable_normalizes_case_and_trailing_dot ... ok
[INFO] [stdout] test tests::subdomain_label_boundary ... ok
[INFO] [stdout] test tests::underscore_and_hyphen_labels_still_resolve ... ok
[INFO] [stdout] test tests::subdomain_of_empty_parent_is_false ... ok
[INFO] [stdout] test tests::unicode_u_label_is_rejected ... ok
[INFO] [stdout] test tests::resolved_hosts_are_never_control_or_uppercase_prop ... ok
[INFO] [stdout] test tests::url_delimiters_ports_and_paths_are_rejected ... ok
[INFO] [stdout] test tests::registrable_none_for_bare_suffix_and_empty ... ok
[INFO] [stdout] test tests::registrable_domain_is_idempotent_prop ... ok
[INFO] [stdout] test tests::registrable_domain_is_subset_of_public_suffix_prop ... ok
[INFO] [stdout] test tests::same_registrable_domain_is_symmetric_prop ... ok
[INFO] [stderr] error: test failed, to rerun pass `--lib`
[INFO] [stdout] 
[INFO] [stdout] failures:
[INFO] [stdout] 
[INFO] [stdout] ---- tests::psl_dependency_is_pinned stdout ----
[INFO] [stdout] 
[INFO] [stdout] thread 'tests::psl_dependency_is_pinned' (408) panicked at src/lib.rs:707:14:
[INFO] [stdout] Cargo.toml must declare a psl dependency
[INFO] [stdout] stack backtrace:
[INFO] [stdout]    0:     0x59fc7a425db1 - <<std[617be2ca0a6fd877]::sys::backtrace::BacktraceLock>::print::DisplayBacktrace as core[a373ad73a504971]::fmt::Display>::fmt
[INFO] [stdout]    1:     0x59fc7a43b5ba - core[a373ad73a504971]::fmt::write
[INFO] [stdout]    2:     0x59fc7a42a42c - <alloc[2e1b2a31b91974c5]::vec::Vec<u8> as core[a373ad73a504971]::io::write::Write>::write_fmt
[INFO] [stdout]    3:     0x59fc7a400ce6 - std[617be2ca0a6fd877]::panicking::default_hook::{closure#0}
[INFO] [stdout]    4:     0x59fc7a41e299 - std[617be2ca0a6fd877]::panicking::default_hook
[INFO] [stdout]    5:     0x59fc7a368d00 - test[aada8e7e76ba119b]::test_main_inner::{closure#0}
[INFO] [stdout]    6:     0x59fc7a41e452 - std[617be2ca0a6fd877]::panicking::panic_with_hook
[INFO] [stdout]    7:     0x59fc7a400d92 - std[617be2ca0a6fd877]::panicking::panic_handler::{closure#0}
[INFO] [stdout]    8:     0x59fc7a3f9959 - std[617be2ca0a6fd877]::sys::backtrace::__rust_end_short_backtrace::<std[617be2ca0a6fd877]::panicking::panic_handler::{closure#0}, !>
[INFO] [stdout]    9:     0x59fc7a40199d - __rustc[ea4f61d10b84890b]::rust_begin_unwind
[INFO] [stdout]   10:     0x59fc7a43bd9c - core[a373ad73a504971]::panicking::panic_fmt
[INFO] [stdout]   11:     0x59fc7a43baf4 - core[a373ad73a504971]::option::expect_failed
[INFO] [stdout]   12:     0x59fc7a350a1d - <dnsname[69c8a92652cbb8af]::tests::psl_dependency_is_pinned::{closure#0} as core[a373ad73a504971]::ops::function::FnOnce<()>>::call_once
[INFO] [stdout]   13:     0x59fc7a35c14b - test[aada8e7e76ba119b]::__rust_begin_short_backtrace::<core[a373ad73a504971]::result::Result<(), alloc[2e1b2a31b91974c5]::string::String>, fn() -> core[a373ad73a504971]::result::Result<(), alloc[2e1b2a31b91974c5]::string::String>>
[INFO] [stdout]   14:     0x59fc7a369325 - test[aada8e7e76ba119b]::run_test::{closure#0}
[INFO] [stdout]   15:     0x59fc7a362c14 - std[617be2ca0a6fd877]::sys::backtrace::__rust_begin_short_backtrace::<test[aada8e7e76ba119b]::run_test::{closure#1}, ()>
[INFO] [stdout]   16:     0x59fc7a36c3b2 - <std[617be2ca0a6fd877]::thread::lifecycle::spawn_unchecked<test[aada8e7e76ba119b]::run_test::{closure#1}, ()>::{closure#1} as core[a373ad73a504971]::ops::function::FnOnce<()>>::call_once::{shim:vtable#0}
[INFO] [stdout]   17:     0x59fc7a42560f - <std[617be2ca0a6fd877]::sys::thread::unix::Thread>::new::thread_start
[INFO] [stdout]   18:     0x6ffd75f72dfa - <unknown>
[INFO] [stdout]   19:     0x6ffd760063d4 - clone
[INFO] [stdout]   20:                0x0 - <unknown>
[INFO] [stdout] 
[INFO] [stdout] 
[INFO] [stdout] failures:
[INFO] [stdout]     tests::psl_dependency_is_pinned
[INFO] [stdout] 
[INFO] [stdout] test result: FAILED. 33 passed; 1 failed; 0 ignored; 0 measured; 0 filtered out; finished in 0.02s
[INFO] [stdout] 
[INFO] running `Command { std: "docker" "inspect" "f486fe2f9bc0c9a7cfc92af68475a0458f7592f6b87681368ebab9f2cdbda486", kill_on_drop: false }`
[INFO] running `Command { std: "docker" "rm" "-f" "f486fe2f9bc0c9a7cfc92af68475a0458f7592f6b87681368ebab9f2cdbda486", kill_on_drop: false }`
[INFO] [stdout] f486fe2f9bc0c9a7cfc92af68475a0458f7592f6b87681368ebab9f2cdbda486
