[INFO] fetching crate dnscrypt 0.3.0...
[INFO] testing dnscrypt-0.3.0 against 1.99.0-beta.8+cargoflags=--release for beta-release-1.100-2
[INFO] extracting crate dnscrypt 0.3.0 into /workspace/builds/worker-4-tc1/source
[INFO] started tweaking crates.io crate dnscrypt 0.3.0
[INFO] removed 0 missing tests
[INFO] finished tweaking crates.io crate dnscrypt 0.3.0
[INFO] tweaked toml for crates.io crate dnscrypt 0.3.0 written to /workspace/builds/worker-4-tc1/source/Cargo.toml
[INFO] validating manifest of crates.io crate dnscrypt 0.3.0 on toolchain 1.99.0-beta.8
[INFO] running `Command { std: CARGO_HOME="/workspace/cargo-home" RUSTUP_HOME="/workspace/rustup-home" "/workspace/cargo-home/bin/cargo" "+1.99.0-beta.8" "metadata" "--manifest-path" "Cargo.toml" "--no-deps", kill_on_drop: false }`
[INFO] crate crates.io crate dnscrypt 0.3.0 already has a lockfile, it will not be regenerated
[INFO] running `Command { std: CARGO_HOME="/workspace/cargo-home" RUSTUP_HOME="/workspace/rustup-home" "/workspace/cargo-home/bin/cargo" "+1.99.0-beta.8" "fetch" "--manifest-path" "Cargo.toml", kill_on_drop: false }`
[INFO] [stderr]  Downloading crates ...
[INFO] [stderr]   Downloaded x25519-dalek v3.0.0
[INFO] running `Command { std: "docker" "create" "-v" "/var/lib/crater-agent-workspace/builds/worker-4-tc1/source:/opt/rustwide/workdir:ro,Z" "-v" "/var/lib/crater-agent-workspace/builds/worker-4-tc1/target:/opt/rustwide/target:rw,Z" "-v" "/var/lib/crater-agent-workspace/cargo-home:/opt/rustwide/cargo-home:ro,Z" "-v" "/var/lib/crater-agent-workspace/rustup-home:/opt/rustwide/rustup-home:ro,Z" "-m" "1610612736" "--network" "none" "ghcr.io/rust-lang/crates-build-env/linux@sha256:77db811e55d90add9212f6832c23229e3de5f1c1f9905e8cb07319ea15df73ac" "sleep" "infinity", kill_on_drop: false }`
[INFO] [stdout] 07a25903c5699c5f5d625b7fc3521b5ec020c7b20ec3e6e0c9863b1b40b594f7
[INFO] running `Command { std: "docker" "start" "07a25903c5699c5f5d625b7fc3521b5ec020c7b20ec3e6e0c9863b1b40b594f7", kill_on_drop: false }`
[INFO] running `Command { std: "docker" "inspect" "07a25903c5699c5f5d625b7fc3521b5ec020c7b20ec3e6e0c9863b1b40b594f7", kill_on_drop: false }`
[INFO] running `Command { std: "docker" "exec" "-e" "SOURCE_DIR=/opt/rustwide/workdir" "-e" "CARGO_HOME=/opt/rustwide/cargo-home" "-e" "RUSTUP_HOME=/opt/rustwide/rustup-home" "-e" "CARGO_TARGET_DIR=/opt/rustwide/target" "-w" "/opt/rustwide/workdir" "--user" "0:0" "07a25903c5699c5f5d625b7fc3521b5ec020c7b20ec3e6e0c9863b1b40b594f7" "/opt/rustwide/cargo-home/bin/cargo" "+1.99.0-beta.8" "metadata" "--no-deps" "--format-version=1", kill_on_drop: false }`
[INFO] running `Command { std: "docker" "inspect" "07a25903c5699c5f5d625b7fc3521b5ec020c7b20ec3e6e0c9863b1b40b594f7", kill_on_drop: false }`
[INFO] running `Command { std: "docker" "exec" "-e" "SOURCE_DIR=/opt/rustwide/workdir" "-e" "CARGO_HOME=/opt/rustwide/cargo-home" "-e" "RUSTUP_HOME=/opt/rustwide/rustup-home" "-e" "CARGO_TARGET_DIR=/opt/rustwide/target" "-e" "CARGO_INCREMENTAL=0" "-e" "RUST_BACKTRACE=full" "-e" "RUSTFLAGS=--cap-lints=warn" "-e" "RUSTDOCFLAGS=--cap-lints=warn" "-w" "/opt/rustwide/workdir" "--user" "0:0" "07a25903c5699c5f5d625b7fc3521b5ec020c7b20ec3e6e0c9863b1b40b594f7" "/opt/rustwide/cargo-home/bin/cargo" "+1.99.0-beta.8" "build" "--frozen" "--message-format=json" "--release", kill_on_drop: false }`
[INFO] [stderr]    Compiling syn v3.0.6
[INFO] [stderr]    Compiling smallvec v1.16.2
[INFO] [stderr]    Compiling hybrid-array v0.4.15
[INFO] [stderr]    Compiling futures-task v0.3.34
[INFO] [stderr]    Compiling slab v0.4.12
[INFO] [stderr]    Compiling syn v2.0.119
[INFO] [stderr]    Compiling form_urlencoded v1.2.2
[INFO] [stderr]    Compiling sync_wrapper v1.0.2
[INFO] [stderr]    Compiling mio v1.2.3
[INFO] [stderr]    Compiling futures-channel v0.3.34
[INFO] [stderr]    Compiling ipnet v2.12.2
[INFO] [stderr]    Compiling signature v3.0.0
[INFO] [stderr]    Compiling getrandom v0.4.3
[INFO] [stderr]    Compiling ed25519 v3.0.0
[INFO] [stderr]    Compiling futures-util v0.3.34
[INFO] [stderr]    Compiling crypto-common v0.2.2
[INFO] [stderr]    Compiling block-buffer v0.12.1
[INFO] [stderr]    Compiling inout v0.2.2
[INFO] [stderr]    Compiling digest v0.11.3
[INFO] [stderr]    Compiling cipher v0.5.2
[INFO] [stderr]    Compiling universal-hash v0.6.1
[INFO] [stderr]    Compiling poly1305 v0.9.1
[INFO] [stderr]    Compiling sha2 v0.11.0
[INFO] [stderr]    Compiling chacha20 v0.10.2
[INFO] [stderr]    Compiling salsa20 v0.11.0
[INFO] [stderr]    Compiling curve25519-dalek-derive v0.1.1
[INFO] [stderr]    Compiling curve25519-dalek v5.0.0
[INFO] [stderr]    Compiling synstructure v0.14.0
[INFO] [stderr]    Compiling x25519-dalek v3.0.0
[INFO] [stderr]    Compiling zerovec-derive v0.11.6
[INFO] [stderr]    Compiling displaydoc v0.2.7
[INFO] [stderr]    Compiling tokio-macros v2.7.2
[INFO] [stderr]    Compiling ed25519-dalek v3.0.0
[INFO] [stderr]    Compiling zerofrom-derive v0.1.8
[INFO] [stderr]    Compiling yoke-derive v0.8.3
[INFO] [stderr]    Compiling tokio v1.53.1
[INFO] [stderr]    Compiling zerofrom v0.1.8
[INFO] [stderr]    Compiling yoke v0.8.3
[INFO] [stderr]    Compiling zerovec v0.11.8
[INFO] [stderr]    Compiling zerotrie v0.2.5
[INFO] [stderr]    Compiling tinystr v0.8.4
[INFO] [stderr]    Compiling potential_utf v0.1.6
[INFO] [stderr]    Compiling icu_collections v2.3.0
[INFO] [stderr]    Compiling icu_locale_core v2.3.0
[INFO] [stderr]    Compiling icu_provider v2.3.1
[INFO] [stderr]    Compiling icu_normalizer v2.3.0
[INFO] [stderr]    Compiling icu_properties v2.3.0
[INFO] [stderr]    Compiling idna_adapter v1.2.2
[INFO] [stderr]    Compiling idna v1.1.0
[INFO] [stderr]    Compiling url v2.5.8
[INFO] [stderr]    Compiling hyper v1.11.1
[INFO] [stderr]    Compiling tower v0.5.3
[INFO] [stderr]    Compiling tower-http v0.6.11
[INFO] [stderr]    Compiling hyper-util v0.1.21
[INFO] [stderr]    Compiling reqwest v0.13.5
[INFO] [stderr]    Compiling dnscrypt v0.3.0 (/opt/rustwide/workdir)
[INFO] [stderr]     Finished `release` profile [optimized] target(s) in 35.28s
[INFO] running `Command { std: "docker" "inspect" "07a25903c5699c5f5d625b7fc3521b5ec020c7b20ec3e6e0c9863b1b40b594f7", kill_on_drop: false }`
[INFO] running `Command { std: "docker" "exec" "-e" "SOURCE_DIR=/opt/rustwide/workdir" "-e" "CARGO_HOME=/opt/rustwide/cargo-home" "-e" "RUSTUP_HOME=/opt/rustwide/rustup-home" "-e" "CARGO_TARGET_DIR=/opt/rustwide/target" "-e" "CARGO_INCREMENTAL=0" "-e" "RUST_BACKTRACE=full" "-e" "RUSTFLAGS=--cap-lints=warn" "-e" "RUSTDOCFLAGS=--cap-lints=warn" "-w" "/opt/rustwide/workdir" "--user" "0:0" "07a25903c5699c5f5d625b7fc3521b5ec020c7b20ec3e6e0c9863b1b40b594f7" "/opt/rustwide/cargo-home/bin/cargo" "+1.99.0-beta.8" "test" "--frozen" "--no-run" "--message-format=json" "--release", kill_on_drop: false }`
[INFO] [stderr]    Compiling getrandom v0.4.3
[INFO] [stderr]    Compiling chacha20 v0.10.2
[INFO] [stderr]    Compiling tokio v1.53.1
[INFO] [stderr]    Compiling x25519-dalek v3.0.0
[INFO] [stderr]    Compiling rand v0.10.3
[INFO] [stderr]    Compiling tower v0.5.3
[INFO] [stderr]    Compiling hyper v1.11.1
[INFO] [stderr]    Compiling tower-http v0.6.11
[INFO] [stderr]    Compiling hyper-util v0.1.21
[INFO] [stderr]    Compiling reqwest v0.13.5
[INFO] [stderr]    Compiling dnscrypt v0.3.0 (/opt/rustwide/workdir)
[INFO] [stderr]     Finished `release` profile [optimized] target(s) in 32.71s
[INFO] running `Command { std: "docker" "inspect" "07a25903c5699c5f5d625b7fc3521b5ec020c7b20ec3e6e0c9863b1b40b594f7", kill_on_drop: false }`
[INFO] running `Command { std: "docker" "exec" "-e" "SOURCE_DIR=/opt/rustwide/workdir" "-e" "CARGO_HOME=/opt/rustwide/cargo-home" "-e" "RUSTUP_HOME=/opt/rustwide/rustup-home" "-e" "CARGO_TARGET_DIR=/opt/rustwide/target" "-e" "CARGO_INCREMENTAL=0" "-e" "RUST_BACKTRACE=full" "-e" "RUSTFLAGS=--cap-lints=warn" "-e" "RUSTDOCFLAGS=--cap-lints=warn" "-w" "/opt/rustwide/workdir" "--user" "0:0" "07a25903c5699c5f5d625b7fc3521b5ec020c7b20ec3e6e0c9863b1b40b594f7" "/opt/rustwide/cargo-home/bin/cargo" "+1.99.0-beta.8" "test" "--frozen" "--release", kill_on_drop: false }`
[INFO] [stderr]     Finished `release` profile [optimized] target(s) in 0.12s
[INFO] [stderr]      Running unittests src/lib.rs (/opt/rustwide/target/release/deps/dnscrypt-9122291857a546e9)
[INFO] [stdout] 
[INFO] [stdout] running 41 tests
[INFO] [stdout] test crypto::tests::test_derive_key_depends_on_suite ... ok
[INFO] [stdout] test client::tests::test_local_names_never_reach_the_resolver ... ok
[INFO] [stdout] test cache::tests::test_eviction_keeps_size_bounded_and_drops_soonest_expiry ... ok
[INFO] [stdout] test crypto::tests::test_open_rejects_tampering_wrong_key_and_short_input ... ok
[INFO] [stdout] test crypto::tests::test_seal_open_roundtrip ... ok
[INFO] [stdout] test client::tests::test_lookup_and_query_reuse_sessions_and_cache ... ok
[INFO] [stdout] test client::tests::test_server_failure_fails_over_without_invalidating ... ok
[INFO] [stdout] test client::tests::test_relays_carry_all_traffic_but_never_to_their_own_ip ... ok
[INFO] [stdout] test cert::tests::test_verify_cert_rejects_invalid_certs ... ok
[INFO] [stdout] test client::tests::test_cert_refresh_renews_and_survives_failed_refresh ... ok
[INFO] [stdout] test client::tests::test_concurrent_lookups_share_one_handshake ... ok
[INFO] [stdout] test client::tests::test_establish_and_input_errors ... ok
[INFO] [stdout] test client::tests::test_addresses_prioritizes_auth_failure_then_addresses ... ok
[INFO] [stdout] test cache::tests::test_put_get_respects_ttl_and_type ... ok
[INFO] [stdout] test cert::tests::test_verify_cert_accepts_both_suites ... ok
[INFO] [stdout] test error::tests::test_all_resolvers_failed_lists_every_failure_and_network_keeps_source ... ok
[INFO] [stdout] test local::tests::test_classify_hosts_loopback_and_special_zones ... ok
[INFO] [stdout] test net::tests::test_relay_query_matches_spec_example ... ok
[INFO] [stdout] test packet::tests::test_answers_never_read_past_truncated_input ... ok
[INFO] [stdout] test packet::tests::test_build_query_layout_and_padding ... ok
[INFO] [stdout] test packet::tests::test_pad_unpad_roundtrip ... ok
[INFO] [stdout] test packet::tests::test_domain_name_rejects_invalid ... ok
[INFO] [stdout] test net::tests::test_tcp_exchange_roundtrip_and_size_limit ... ok
[INFO] [stdout] test packet::tests::test_is_in_zone_matches_whole_labels_only ... ok
[INFO] [stdout] test response::tests::test_records_expose_addresses_text_and_min_ttl ... ok
[INFO] [stdout] test session::tests::test_establish_does_not_wait_for_covered_providers ... ok
[INFO] [stdout] test session::tests::test_establish_tells_missing_from_invalid_certificates ... ok
[INFO] [stdout] test session::tests::test_open_rejects_malformed_responses ... ok
[INFO] [stdout] test session::tests::test_query_rejects_inner_txid_mismatch ... ok
[INFO] [stdout] test session::tests::test_session_rejects_low_order_resolver_key ... ok
[INFO] [stdout] test packet::tests::test_domain_name_encodes_and_normalizes ... ok
[INFO] [stdout] test reqwest_resolver::tests::test_resolve_yields_lookup_addresses ... ok
[INFO] [stdout] test session::tests::test_truncated_udp_retries_over_tcp_with_fresh_nonce ... ok
[INFO] [stdout] test stamp::tests::test_base64url_matches_rfc4648_vectors ... ok
[INFO] [stdout] test stamp::tests::test_stamps_reject_malformed_input ... ok
[INFO] [stdout] test stamp::tests::test_stamps_roundtrip_random_endpoints ... ok
[INFO] [stdout] test session::tests::test_establish_keeps_one_session_per_provider_and_hides_key ... ok
[INFO] [stdout] test net::tests::test_udp_skips_other_sources_and_rejected_replies_on_both_families ... ok
[INFO] [stdout] test client::tests::test_failover_drops_only_the_failed_session ... ok
[INFO] [stdout] test net::tests::test_udp_reports_refused_silent_and_rejecting_servers ... ok
[INFO] [stdout] test client::tests::test_failure_is_reported_and_invalidates_sessions ... ok
[INFO] [stdout] 
[INFO] [stdout] test result: ok. 41 passed; 0 failed; 0 ignored; 0 measured; 0 filtered out; finished in 0.81s
[INFO] [stdout] 
[INFO] [stderr]      Running tests/integration_tests.rs (/opt/rustwide/target/release/deps/integration_tests-4a1e507100b67c1f)
[INFO] [stdout] 
[INFO] [stdout] running 5 tests
[INFO] [stdout] test test_every_default_resolver_individually ... ok
[INFO] [stdout] test test_reqwest_resolver ... ok
[INFO] [stdout] test test_lookup_through_anonymizing_relays ... ok
[INFO] [stdout] test test_default_and_custom_resolvers_reuse_one_client ... FAILED
[INFO] [stdout] test test_query_https_records_with_dnssec_verdict ... FAILED
[INFO] [stdout] 
[INFO] [stdout] failures:
[INFO] [stdout] 
[INFO] [stdout] ---- test_default_and_custom_resolvers_reuse_one_client stdout ----
[INFO] [stdout] 
[INFO] [stdout] thread 'test_default_and_custom_resolvers_reuse_one_client' (1340) panicked at tests/integration_tests.rs:50:51:
[INFO] [stdout] called `Result::unwrap()` on an `Err` value: AllResolversFailed([(9.9.9.9:8443, Network(Os { code: 101, kind: NetworkUnreachable, message: "Network is unreachable" })), (149.112.112.112:8443, Network(Os { code: 101, kind: NetworkUnreachable, message: "Network is unreachable" })), (149.112.112.9:8443, Network(Os { code: 101, kind: NetworkUnreachable, message: "Network is unreachable" })), (94.140.14.14:5443, Network(Os { code: 101, kind: NetworkUnreachable, message: "Network is unreachable" })), (94.140.15.15:5443, Network(Os { code: 101, kind: NetworkUnreachable, message: "Network is unreachable" }))])
[INFO] [stdout] stack backtrace:
[INFO] [stdout]    0:     0x5971da948681 - <<std[70759c8f55707aa4]::sys::backtrace::BacktraceLock>::print::DisplayBacktrace as core[df12db4294e9bfd3]::fmt::Display>::fmt
[INFO] [stdout]    1:     0x5971da95e35a - core[df12db4294e9bfd3]::fmt::write
[INFO] [stdout]    2:     0x5971da94d18c - <alloc[2182bb758b4b3781]::vec::Vec<u8> as core[df12db4294e9bfd3]::io::write::Write>::write_fmt
[INFO] [stdout]    3:     0x5971da9236e6 - std[70759c8f55707aa4]::panicking::default_hook::{closure#0}
[INFO] [stdout]    4:     0x5971da940499 - std[70759c8f55707aa4]::panicking::default_hook
[INFO] [stdout]    5:     0x5971da7e2e70 - test[9d35eded1c95d3be]::test_main_inner::<test[9d35eded1c95d3be]::test_main_static::{closure#0}>::{closure#0}
[INFO] [stdout]    6:     0x5971da9407c2 - std[70759c8f55707aa4]::panicking::panic_with_hook
[INFO] [stdout]    7:     0x5971da923792 - std[70759c8f55707aa4]::panicking::panic_handler::{closure#0}
[INFO] [stdout]    8:     0x5971da91c439 - std[70759c8f55707aa4]::sys::backtrace::__rust_end_short_backtrace::<std[70759c8f55707aa4]::panicking::panic_handler::{closure#0}, !>
[INFO] [stdout]    9:     0x5971da92457d - __rustc[8fa7c3cbc660c2b3]::rust_begin_unwind
[INFO] [stdout]   10:     0x5971da95eabc - core[df12db4294e9bfd3]::panicking::panic_fmt
[INFO] [stdout]   11:     0x5971da95e892 - core[df12db4294e9bfd3]::result::unwrap_failed
[INFO] [stdout]   12:     0x5971da7b8946 - integration_tests[1f4c9fa6328e6915]::test_default_and_custom_resolvers_reuse_one_client::{closure#0}
[INFO] [stdout]   13:     0x5971da7d3cf3 - <tokio[97065fb11fb91124]::runtime::scheduler::current_thread::Context>::enter::<core[df12db4294e9bfd3]::task::poll::Poll<()>, <tokio[97065fb11fb91124]::runtime::scheduler::current_thread::CoreGuard>::block_on<core[df12db4294e9bfd3]::pin::Pin<&mut core[df12db4294e9bfd3]::pin::Pin<&mut dyn core[df12db4294e9bfd3]::future::future::Future<Output = ()>>>>::{closure#0}::{closure#0}>
[INFO] [stdout]   14:     0x5971da7cd0f9 - <std[70759c8f55707aa4]::thread::local::LocalKey<tokio[97065fb11fb91124]::runtime::context::Context>>::with::<tokio[97065fb11fb91124]::runtime::context::set_scheduler<(alloc[2182bb758b4b3781]::boxed::Box<tokio[97065fb11fb91124]::runtime::scheduler::current_thread::Core>, core[df12db4294e9bfd3]::option::Option<()>), <tokio[97065fb11fb91124]::runtime::scheduler::current_thread::CoreGuard>::enter<<tokio[97065fb11fb91124]::runtime::scheduler::current_thread::CoreGuard>::block_on<core[df12db4294e9bfd3]::pin::Pin<&mut core[df12db4294e9bfd3]::pin::Pin<&mut dyn core[df12db4294e9bfd3]::future::future::Future<Output = ()>>>>::{closure#0}, core[df12db4294e9bfd3]::option::Option<()>>::{closure#0}>::{closure#0}, (alloc[2182bb758b4b3781]::boxed::Box<tokio[97065fb11fb91124]::runtime::scheduler::current_thread::Core>, core[df12db4294e9bfd3]::option::Option<()>)>
[INFO] [stdout]   15:     0x5971da7d4247 - <tokio[97065fb11fb91124]::runtime::scheduler::current_thread::CoreGuard>::block_on::<core[df12db4294e9bfd3]::pin::Pin<&mut core[df12db4294e9bfd3]::pin::Pin<&mut dyn core[df12db4294e9bfd3]::future::future::Future<Output = ()>>>>
[INFO] [stdout]   16:     0x5971da7d0016 - tokio[97065fb11fb91124]::runtime::context::runtime::enter_runtime::<<tokio[97065fb11fb91124]::runtime::scheduler::current_thread::CurrentThread>::block_on<core[df12db4294e9bfd3]::pin::Pin<&mut dyn core[df12db4294e9bfd3]::future::future::Future<Output = ()>>>::{closure#0}, ()>
[INFO] [stdout]   17:     0x5971da7cf366 - <tokio[97065fb11fb91124]::runtime::runtime::Runtime>::block_on::<core[df12db4294e9bfd3]::pin::Pin<&mut dyn core[df12db4294e9bfd3]::future::future::Future<Output = ()>>>
[INFO] [stdout]   18:     0x5971da7bdd1e - <integration_tests[1f4c9fa6328e6915]::test_default_and_custom_resolvers_reuse_one_client::{closure#0} as core[df12db4294e9bfd3]::ops::function::FnOnce<()>>::call_once
[INFO] [stdout]   19:     0x5971da7d615b - test[9d35eded1c95d3be]::__rust_begin_short_backtrace::<core[df12db4294e9bfd3]::result::Result<(), alloc[2182bb758b4b3781]::string::String>, fn() -> core[df12db4294e9bfd3]::result::Result<(), alloc[2182bb758b4b3781]::string::String>>
[INFO] [stdout]   20:     0x5971da7e37c5 - test[9d35eded1c95d3be]::run_test::{closure#0}
[INFO] [stdout]   21:     0x5971da7dd084 - std[70759c8f55707aa4]::sys::backtrace::__rust_begin_short_backtrace::<test[9d35eded1c95d3be]::run_test::{closure#1}, ()>
[INFO] [stdout]   22:     0x5971da7e6922 - <std[70759c8f55707aa4]::thread::lifecycle::spawn_unchecked<test[9d35eded1c95d3be]::run_test::{closure#1}, ()>::{closure#1} as core[df12db4294e9bfd3]::ops::function::FnOnce<()>>::call_once::{shim:vtable#0}
[INFO] [stdout]   23:     0x5971da947a99 - <std[70759c8f55707aa4]::sys::thread::unix::Thread>::new::thread_start
[INFO] [stdout]   24:     0x786b6aee8dfa - <unknown>
[INFO] [stdout]   25:     0x786b6af7c3d4 - clone
[INFO] [stdout]   26:                0x0 - <unknown>
[INFO] [stdout] 
[INFO] [stdout] ---- test_query_https_records_with_dnssec_verdict stdout ----
[INFO] [stdout] 
[INFO] [stdout] thread 'test_query_https_records_with_dnssec_verdict' (1343) panicked at tests/integration_tests.rs:95:10:
[INFO] [stdout] called `Result::unwrap()` on an `Err` value: AllResolversFailed([(9.9.9.9:8443, Network(Os { code: 101, kind: NetworkUnreachable, message: "Network is unreachable" })), (149.112.112.112:8443, Network(Os { code: 101, kind: NetworkUnreachable, message: "Network is unreachable" })), (149.112.112.9:8443, Network(Os { code: 101, kind: NetworkUnreachable, message: "Network is unreachable" })), (94.140.14.14:5443, Network(Os { code: 101, kind: NetworkUnreachable, message: "Network is unreachable" })), (94.140.15.15:5443, Network(Os { code: 101, kind: NetworkUnreachable, message: "Network is unreachable" }))])
[INFO] [stdout] stack backtrace:
[INFO] [stdout]    0:     0x5971da948681 - <<std[70759c8f55707aa4]::sys::backtrace::BacktraceLock>::print::DisplayBacktrace as core[df12db4294e9bfd3]::fmt::Display>::fmt
[INFO] [stdout]    1:     0x5971da95e35a - core[df12db4294e9bfd3]::fmt::write
[INFO] [stdout]    2:     0x5971da94d18c - <alloc[2182bb758b4b3781]::vec::Vec<u8> as core[df12db4294e9bfd3]::io::write::Write>::write_fmt
[INFO] [stdout]    3:     0x5971da9236e6 - std[70759c8f55707aa4]::panicking::default_hook::{closure#0}
[INFO] [stdout]    4:     0x5971da940499 - std[70759c8f55707aa4]::panicking::default_hook
[INFO] [stdout]    5:     0x5971da7e2e70 - test[9d35eded1c95d3be]::test_main_inner::<test[9d35eded1c95d3be]::test_main_static::{closure#0}>::{closure#0}
[INFO] [stdout]    6:     0x5971da9407c2 - std[70759c8f55707aa4]::panicking::panic_with_hook
[INFO] [stdout]    7:     0x5971da923792 - std[70759c8f55707aa4]::panicking::panic_handler::{closure#0}
[INFO] [stdout]    8:     0x5971da91c439 - std[70759c8f55707aa4]::sys::backtrace::__rust_end_short_backtrace::<std[70759c8f55707aa4]::panicking::panic_handler::{closure#0}, !>
[INFO] [stdout]    9:     0x5971da92457d - __rustc[8fa7c3cbc660c2b3]::rust_begin_unwind
[INFO] [stdout]   10:     0x5971da95eabc - core[df12db4294e9bfd3]::panicking::panic_fmt
[INFO] [stdout]   11:     0x5971da95e892 - core[df12db4294e9bfd3]::result::unwrap_failed
[INFO] [stdout]   12:     0x5971da7b853c - integration_tests[1f4c9fa6328e6915]::test_query_https_records_with_dnssec_verdict::{closure#0}
[INFO] [stdout]   13:     0x5971da7d3cf3 - <tokio[97065fb11fb91124]::runtime::scheduler::current_thread::Context>::enter::<core[df12db4294e9bfd3]::task::poll::Poll<()>, <tokio[97065fb11fb91124]::runtime::scheduler::current_thread::CoreGuard>::block_on<core[df12db4294e9bfd3]::pin::Pin<&mut core[df12db4294e9bfd3]::pin::Pin<&mut dyn core[df12db4294e9bfd3]::future::future::Future<Output = ()>>>>::{closure#0}::{closure#0}>
[INFO] [stdout]   14:     0x5971da7cd0f9 - <std[70759c8f55707aa4]::thread::local::LocalKey<tokio[97065fb11fb91124]::runtime::context::Context>>::with::<tokio[97065fb11fb91124]::runtime::context::set_scheduler<(alloc[2182bb758b4b3781]::boxed::Box<tokio[97065fb11fb91124]::runtime::scheduler::current_thread::Core>, core[df12db4294e9bfd3]::option::Option<()>), <tokio[97065fb11fb91124]::runtime::scheduler::current_thread::CoreGuard>::enter<<tokio[97065fb11fb91124]::runtime::scheduler::current_thread::CoreGuard>::block_on<core[df12db4294e9bfd3]::pin::Pin<&mut core[df12db4294e9bfd3]::pin::Pin<&mut dyn core[df12db4294e9bfd3]::future::future::Future<Output = ()>>>>::{closure#0}, core[df12db4294e9bfd3]::option::Option<()>>::{closure#0}>::{closure#0}, (alloc[2182bb758b4b3781]::boxed::Box<tokio[97065fb11fb91124]::runtime::scheduler::current_thread::Core>, core[df12db4294e9bfd3]::option::Option<()>)>
[INFO] [stdout]   15:     0x5971da7d4247 - <tokio[97065fb11fb91124]::runtime::scheduler::current_thread::CoreGuard>::block_on::<core[df12db4294e9bfd3]::pin::Pin<&mut core[df12db4294e9bfd3]::pin::Pin<&mut dyn core[df12db4294e9bfd3]::future::future::Future<Output = ()>>>>
[INFO] [stdout]   16:     0x5971da7d0016 - tokio[97065fb11fb91124]::runtime::context::runtime::enter_runtime::<<tokio[97065fb11fb91124]::runtime::scheduler::current_thread::CurrentThread>::block_on<core[df12db4294e9bfd3]::pin::Pin<&mut dyn core[df12db4294e9bfd3]::future::future::Future<Output = ()>>>::{closure#0}, ()>
[INFO] [stdout]   17:     0x5971da7cf366 - <tokio[97065fb11fb91124]::runtime::runtime::Runtime>::block_on::<core[df12db4294e9bfd3]::pin::Pin<&mut dyn core[df12db4294e9bfd3]::future::future::Future<Output = ()>>>
[INFO] [stdout]   18:     0x5971da7bdbbe - <integration_tests[1f4c9fa6328e6915]::test_query_https_records_with_dnssec_verdict::{closure#0} as core[df12db4294e9bfd3]::ops::function::FnOnce<()>>::call_once
[INFO] [stdout]   19:     0x5971da7d615b - test[9d35eded1c95d3be]::__rust_begin_short_backtrace::<core[df12db4294e9bfd3]::result::Result<(), alloc[2182bb758b4b3781]::string::String>, fn() -> core[df12db4294e9bfd3]::result::Result<(), alloc[2182bb758b4b3781]::string::String>>
[INFO] [stdout]   20:     0x5971da7e37c5 - test[9d35eded1c95d3be]::run_test::{closure#0}
[INFO] [stdout]   21:     0x5971da7dd084 - std[70759c8f55707aa4]::sys::backtrace::__rust_begin_short_backtrace::<test[9d35eded1c95d3be]::run_test::{closure#1}, ()>
[INFO] [stdout]   22:     0x5971da7e6922 - <std[70759c8f55707aa4]::thread::lifecycle::spawn_unchecked<test[9d35eded1c95d3be]::run_test::{closure#1}, ()>::{closure#1} as core[df12db4294e9bfd3]::ops::function::FnOnce<()>>::call_once::{shim:vtable#0}
[INFO] [stdout]   23:     0x5971da947a99 - <std[70759c8f55707aa4]::sys::thread::unix::Thread>::new::thread_start
[INFO] [stdout]   24:     0x786b6aee8dfa - <unknown>
[INFO] [stdout]   25:     0x786b6af7c3d4 - clone
[INFO] [stdout]   26:                0x0 - <unknown>
[INFO] [stdout] 
[INFO] [stdout] 
[INFO] [stdout] failures:
[INFO] [stderr] error: test failed, to rerun pass `--test integration_tests`
[INFO] [stdout]     test_default_and_custom_resolvers_reuse_one_client
[INFO] [stdout]     test_query_https_records_with_dnssec_verdict
[INFO] [stdout] 
[INFO] [stdout] test result: FAILED. 3 passed; 2 failed; 0 ignored; 0 measured; 0 filtered out; finished in 0.00s
[INFO] [stdout] 
[INFO] running `Command { std: "docker" "inspect" "07a25903c5699c5f5d625b7fc3521b5ec020c7b20ec3e6e0c9863b1b40b594f7", kill_on_drop: false }`
[INFO] running `Command { std: "docker" "rm" "-f" "07a25903c5699c5f5d625b7fc3521b5ec020c7b20ec3e6e0c9863b1b40b594f7", kill_on_drop: false }`
[INFO] [stdout] 07a25903c5699c5f5d625b7fc3521b5ec020c7b20ec3e6e0c9863b1b40b594f7
