[INFO] fetching crate dns-geolocation-checker 0.2.1...
[INFO] testing dns-geolocation-checker-0.2.1 against 1.99.0-beta.8+cargoflags=--release for beta-release-1.100-2
[INFO] extracting crate dns-geolocation-checker 0.2.1 into /workspace/builds/worker-1-tc1/source
[INFO] started tweaking crates.io crate dns-geolocation-checker 0.2.1
[INFO] finished tweaking crates.io crate dns-geolocation-checker 0.2.1
[INFO] tweaked toml for crates.io crate dns-geolocation-checker 0.2.1 written to /workspace/builds/worker-1-tc1/source/Cargo.toml
[INFO] validating manifest of crates.io crate dns-geolocation-checker 0.2.1 on toolchain 1.99.0-beta.8
[INFO] running `Command { std: CARGO_HOME="/workspace/cargo-home" RUSTUP_HOME="/workspace/rustup-home" "/workspace/cargo-home/bin/cargo" "+1.99.0-beta.8" "metadata" "--manifest-path" "Cargo.toml" "--no-deps", kill_on_drop: false }`
[INFO] crate crates.io crate dns-geolocation-checker 0.2.1 already has a lockfile, it will not be regenerated
[INFO] running `Command { std: CARGO_HOME="/workspace/cargo-home" RUSTUP_HOME="/workspace/rustup-home" "/workspace/cargo-home/bin/cargo" "+1.99.0-beta.8" "fetch" "--manifest-path" "Cargo.toml", kill_on_drop: false }`
[INFO] [stderr]     Updating crates.io index
[INFO] [stderr]  Downloading crates ...
[INFO] [stderr]   Downloaded toml_edit v0.22.14
[INFO] [stderr]   Downloaded toml v0.8.14
[INFO] [stderr]   Downloaded serde_spanned v0.6.6
[INFO] [stderr]   Downloaded winreg v0.52.0
[INFO] [stderr]   Downloaded redox_syscall v0.5.2
[INFO] [stderr]   Downloaded tinyvec v1.7.0
[INFO] [stderr]   Downloaded cc v1.0.105
[INFO] [stderr]   Downloaded rustls-pemfile v2.1.2
[INFO] [stderr]   Downloaded hyper-util v0.1.6
[INFO] [stderr]   Downloaded serde_json v1.0.120
[INFO] [stderr]   Downloaded winnow v0.6.13
[INFO] [stderr]   Downloaded reqwest v0.12.5
[INFO] [stderr]   Downloaded syn v2.0.69
[INFO] [stderr]   Downloaded object v0.36.1
[INFO] [stderr]   Downloaded hyper v1.4.0
[INFO] [stderr]   Downloaded h2 v0.4.5
[INFO] [stderr]   Downloaded hyper-rustls v0.27.2
[INFO] [stderr]   Downloaded rustls-webpki v0.102.5
[INFO] [stderr]   Downloaded rustls v0.23.10
[INFO] [stderr]   Downloaded maxminddb v0.24.0
[INFO] [stderr]   Downloaded hickory-resolver v0.24.1
[INFO] [stderr]   Downloaded ipconfig v0.3.2
[INFO] [stderr]   Downloaded hickory-proto v0.24.1
[INFO] [stderr]   Downloaded enum-as-inner v0.6.0
[INFO] [stderr]   Downloaded hickory-client v0.24.1
[INFO] [stderr]   Downloaded async-trait v0.1.81
[INFO] running `Command { std: "docker" "create" "-v" "/var/lib/crater-agent-workspace/builds/worker-1-tc1/source:/opt/rustwide/workdir:ro,Z" "-v" "/var/lib/crater-agent-workspace/builds/worker-1-tc1/target:/opt/rustwide/target:rw,Z" "-v" "/var/lib/crater-agent-workspace/cargo-home:/opt/rustwide/cargo-home:ro,Z" "-v" "/var/lib/crater-agent-workspace/rustup-home:/opt/rustwide/rustup-home:ro,Z" "-m" "1610612736" "--network" "none" "ghcr.io/rust-lang/crates-build-env/linux@sha256:77db811e55d90add9212f6832c23229e3de5f1c1f9905e8cb07319ea15df73ac" "sleep" "infinity", kill_on_drop: false }`
[INFO] [stdout] d2cc8d2ab4d3ed269dbf6b1e665c4930d2f6fb5119ce60b2d8f24bfd47db30b8
[INFO] running `Command { std: "docker" "start" "d2cc8d2ab4d3ed269dbf6b1e665c4930d2f6fb5119ce60b2d8f24bfd47db30b8", kill_on_drop: false }`
[INFO] running `Command { std: "docker" "inspect" "d2cc8d2ab4d3ed269dbf6b1e665c4930d2f6fb5119ce60b2d8f24bfd47db30b8", kill_on_drop: false }`
[INFO] running `Command { std: "docker" "exec" "-e" "SOURCE_DIR=/opt/rustwide/workdir" "-e" "CARGO_HOME=/opt/rustwide/cargo-home" "-e" "RUSTUP_HOME=/opt/rustwide/rustup-home" "-e" "CARGO_TARGET_DIR=/opt/rustwide/target" "-w" "/opt/rustwide/workdir" "--user" "0:0" "d2cc8d2ab4d3ed269dbf6b1e665c4930d2f6fb5119ce60b2d8f24bfd47db30b8" "/opt/rustwide/cargo-home/bin/cargo" "+1.99.0-beta.8" "metadata" "--no-deps" "--format-version=1", kill_on_drop: false }`
[INFO] running `Command { std: "docker" "inspect" "d2cc8d2ab4d3ed269dbf6b1e665c4930d2f6fb5119ce60b2d8f24bfd47db30b8", kill_on_drop: false }`
[INFO] running `Command { std: "docker" "exec" "-e" "SOURCE_DIR=/opt/rustwide/workdir" "-e" "CARGO_HOME=/opt/rustwide/cargo-home" "-e" "RUSTUP_HOME=/opt/rustwide/rustup-home" "-e" "CARGO_TARGET_DIR=/opt/rustwide/target" "-e" "CARGO_INCREMENTAL=0" "-e" "RUST_BACKTRACE=full" "-e" "RUSTFLAGS=--cap-lints=warn" "-e" "RUSTDOCFLAGS=--cap-lints=warn" "-w" "/opt/rustwide/workdir" "--user" "0:0" "d2cc8d2ab4d3ed269dbf6b1e665c4930d2f6fb5119ce60b2d8f24bfd47db30b8" "/opt/rustwide/cargo-home/bin/cargo" "+1.99.0-beta.8" "build" "--frozen" "--message-format=json" "--release", kill_on_drop: false }`
[INFO] [stderr]    Compiling proc-macro2 v1.0.86
[INFO] [stderr]    Compiling unicode-ident v1.0.12
[INFO] [stderr]    Compiling libc v0.2.155
[INFO] [stderr]    Compiling autocfg v1.3.0
[INFO] [stderr]    Compiling serde v1.0.204
[INFO] [stderr]    Compiling pin-project-lite v0.2.14
[INFO] [stderr]    Compiling tinyvec_macros v0.1.1
[INFO] [stderr]    Compiling smallvec v1.13.2
[INFO] [stderr]    Compiling futures-core v0.3.30
[INFO] [stderr]    Compiling futures-sink v0.3.30
[INFO] [stderr]    Compiling unicode-bidi v0.3.15
[INFO] [stderr]    Compiling futures-io v0.3.30
[INFO] [stderr]    Compiling futures-task v0.3.30
[INFO] [stderr]    Compiling thiserror v1.0.61
[INFO] [stderr]    Compiling once_cell v1.19.0
[INFO] [stderr]    Compiling ppv-lite86 v0.2.17
[INFO] [stderr]    Compiling tinyvec v1.7.0
[INFO] [stderr]    Compiling bytes v1.6.0
[INFO] [stderr]    Compiling heck v0.4.1
[INFO] [stderr]    Compiling data-encoding v2.6.0
[INFO] [stderr]    Compiling futures-channel v0.3.30
[INFO] [stderr]    Compiling match_cfg v0.1.0
[INFO] [stderr]    Compiling equivalent v1.0.1
[INFO] [stderr]    Compiling hashbrown v0.14.5
[INFO] [stderr]    Compiling ipnet v2.9.0
[INFO] [stderr]    Compiling winnow v0.6.13
[INFO] [stderr]    Compiling slab v0.4.9
[INFO] [stderr]    Compiling lock_api v0.4.12
[INFO] [stderr]    Compiling tracing-core v0.1.32
[INFO] [stderr]    Compiling nibble_vec v0.1.0
[INFO] [stderr]    Compiling anyhow v1.0.86
[INFO] [stderr]    Compiling serde_json v1.0.120
[INFO] [stderr]    Compiling quick-error v1.2.3
[INFO] [stderr]    Compiling endian-type v0.1.2
[INFO] [stderr]    Compiling lru-cache v0.1.2
[INFO] [stderr]    Compiling radix_trie v0.2.1
[INFO] [stderr]    Compiling itoa v1.0.11
[INFO] [stderr]    Compiling quote v1.0.36
[INFO] [stderr]    Compiling getrandom v0.2.15
[INFO] [stderr]    Compiling parking_lot_core v0.9.10
[INFO] [stderr]    Compiling signal-hook-registry v1.4.2
[INFO] [stderr]    Compiling syn v2.0.69
[INFO] [stderr]    Compiling num_cpus v1.16.0
[INFO] [stderr]    Compiling mio v0.8.11
[INFO] [stderr]    Compiling rand_core v0.6.4
[INFO] [stderr]    Compiling parking_lot v0.12.3
[INFO] [stderr]    Compiling socket2 v0.5.7
[INFO] [stderr]    Compiling hostname v0.3.1
[INFO] [stderr]    Compiling indexmap v2.2.6
[INFO] [stderr]    Compiling rand_chacha v0.3.1
[INFO] [stderr]    Compiling resolv-conf v0.7.0
[INFO] [stderr]    Compiling unicode-normalization v0.1.23
[INFO] [stderr]    Compiling rand v0.8.5
[INFO] [stderr]    Compiling idna v0.5.0
[INFO] [stderr]    Compiling idna v0.4.0
[INFO] [stderr]    Compiling url v2.5.2
[INFO] [stderr]    Compiling serde_derive v1.0.204
[INFO] [stderr]    Compiling futures-macro v0.3.30
[INFO] [stderr]    Compiling thiserror-impl v1.0.61
[INFO] [stderr]    Compiling tokio-macros v2.3.0
[INFO] [stderr]    Compiling tracing-attributes v0.1.27
[INFO] [stderr]    Compiling enum-as-inner v0.6.0
[INFO] [stderr]    Compiling async-trait v0.1.81
[INFO] [stderr]    Compiling tokio v1.38.0
[INFO] [stderr]    Compiling futures-util v0.3.30
[INFO] [stderr]    Compiling tracing v0.1.40
[INFO] [stderr]    Compiling futures-executor v0.3.30
[INFO] [stderr]    Compiling futures v0.3.30
[INFO] [stderr]    Compiling serde_spanned v0.6.6
[INFO] [stderr]    Compiling toml_datetime v0.6.6
[INFO] [stderr]    Compiling ipnetwork v0.20.0
[INFO] [stderr]    Compiling toml_edit v0.22.14
[INFO] [stderr]    Compiling maxminddb v0.24.0
[INFO] [stderr]    Compiling hickory-proto v0.24.1
[INFO] [stderr]    Compiling toml v0.8.14
[INFO] [stderr]    Compiling hickory-client v0.24.1
[INFO] [stderr]    Compiling hickory-resolver v0.24.1
[INFO] [stderr]    Compiling dns-geolocation-checker v0.2.1 (/opt/rustwide/workdir)
[INFO] [stderr]     Finished `release` profile [optimized] target(s) in 1m 01s
[INFO] running `Command { std: "docker" "inspect" "d2cc8d2ab4d3ed269dbf6b1e665c4930d2f6fb5119ce60b2d8f24bfd47db30b8", kill_on_drop: false }`
[INFO] running `Command { std: "docker" "exec" "-e" "SOURCE_DIR=/opt/rustwide/workdir" "-e" "CARGO_HOME=/opt/rustwide/cargo-home" "-e" "RUSTUP_HOME=/opt/rustwide/rustup-home" "-e" "CARGO_TARGET_DIR=/opt/rustwide/target" "-e" "CARGO_INCREMENTAL=0" "-e" "RUST_BACKTRACE=full" "-e" "RUSTFLAGS=--cap-lints=warn" "-e" "RUSTDOCFLAGS=--cap-lints=warn" "-w" "/opt/rustwide/workdir" "--user" "0:0" "d2cc8d2ab4d3ed269dbf6b1e665c4930d2f6fb5119ce60b2d8f24bfd47db30b8" "/opt/rustwide/cargo-home/bin/cargo" "+1.99.0-beta.8" "test" "--frozen" "--no-run" "--message-format=json" "--release", kill_on_drop: false }`
[INFO] [stderr]    Compiling dns-geolocation-checker v0.2.1 (/opt/rustwide/workdir)
[INFO] [stderr]     Finished `release` profile [optimized] target(s) in 3.74s
[INFO] running `Command { std: "docker" "inspect" "d2cc8d2ab4d3ed269dbf6b1e665c4930d2f6fb5119ce60b2d8f24bfd47db30b8", kill_on_drop: false }`
[INFO] running `Command { std: "docker" "exec" "-e" "SOURCE_DIR=/opt/rustwide/workdir" "-e" "CARGO_HOME=/opt/rustwide/cargo-home" "-e" "RUSTUP_HOME=/opt/rustwide/rustup-home" "-e" "CARGO_TARGET_DIR=/opt/rustwide/target" "-e" "CARGO_INCREMENTAL=0" "-e" "RUST_BACKTRACE=full" "-e" "RUSTFLAGS=--cap-lints=warn" "-e" "RUSTDOCFLAGS=--cap-lints=warn" "-w" "/opt/rustwide/workdir" "--user" "0:0" "d2cc8d2ab4d3ed269dbf6b1e665c4930d2f6fb5119ce60b2d8f24bfd47db30b8" "/opt/rustwide/cargo-home/bin/cargo" "+1.99.0-beta.8" "test" "--frozen" "--release", kill_on_drop: false }`
[INFO] [stderr]     Finished `release` profile [optimized] target(s) in 0.13s
[INFO] [stderr]      Running unittests src/lib.rs (/opt/rustwide/target/release/deps/dns_geolocation_checker-13b0fdae9a6e7d86)
[INFO] [stdout] 
[INFO] [stdout] running 15 tests
[INFO] [stdout] test ip_geo_checker::tests::test_ip_geo_checker_tested_data_set_actual ... ok
[INFO] [stdout] test ip_geo_checker::tests::test_ip_geo_checker_tested_data_set_expected ... ok
[INFO] [stdout] test configs_parser::tests::test_new_with_path ... FAILED
[INFO] [stdout] test dns_client::tests::test_resolve_with_subnet_valid ... FAILED
[INFO] [stdout] test dns_client::tests::test_dns_server_addr_google ... ok
[INFO] [stdout] test dns_client::tests::test_resolve_with_subnet_invalid_subnet ... ok
[INFO] [stdout] test configs_parser::tests::test_parse ... ok
[INFO] [stdout] test dns_client::tests::test_dns_server_addr_cloudflare ... ok
[INFO] [stdout] test ip_geo_checker::tests::test_ip_geo_checker_tested_data_test_failure ... ok
[INFO] [stdout] test ip_geo_checker::tests::test_ip_geo_checker_tested_data_test_success ... ok
[INFO] [stdout] test ip_geo_checker::tests::test_ip_geo_checker_tested_data_set_host ... ok
[INFO] [stdout] test dns_client::tests::test_dns_server_addr_custom ... ok
[INFO] [stdout] test ip_geo_checker::tests::test_ip_geo_checker_tested_data_set_subnet ... ok
[INFO] [stdout] test ip_geo_checker::tests::test_ip_geo_checker_tested_data_set_ip ... ok
[INFO] [stdout] test ip_geo_checker::tests::test_ip_geo_checker_tested_data_set_geoip ... ok
[INFO] [stdout] 
[INFO] [stdout] failures:
[INFO] [stdout] 
[INFO] [stdout] ---- configs_parser::tests::test_new_with_path stdout ----
[INFO] [stdout] 
[INFO] [stdout] thread 'configs_parser::tests::test_new_with_path' (1613) panicked at src/configs_parser.rs:99:47:
[INFO] [stdout] Unable to create directory: Os { code: 30, kind: ReadOnlyFilesystem, message: "Read-only file system" }
[INFO] [stdout] stack backtrace:
[INFO] [stdout]    0:     0x574f4f2e6851 - <<std[70759c8f55707aa4]::sys::backtrace::BacktraceLock>::print::DisplayBacktrace as core[df12db4294e9bfd3]::fmt::Display>::fmt
[INFO] [stdout]    1:     0x574f4f2fd43a - core[df12db4294e9bfd3]::fmt::write
[INFO] [stdout]    2:     0x574f4f2eb8fc - <alloc[2182bb758b4b3781]::vec::Vec<u8> as core[df12db4294e9bfd3]::io::write::Write>::write_fmt
[INFO] [stdout]    3:     0x574f4f2c01c6 - std[70759c8f55707aa4]::panicking::default_hook::{closure#0}
[INFO] [stdout]    4:     0x574f4f2dda29 - std[70759c8f55707aa4]::panicking::default_hook
[INFO] [stdout]    5:     0x574f4f1fc3e0 - test[9d35eded1c95d3be]::test_main_inner::<test[9d35eded1c95d3be]::test_main_static::{closure#0}>::{closure#0}
[INFO] [stdout]    6:     0x574f4f2ddd52 - std[70759c8f55707aa4]::panicking::panic_with_hook
[INFO] [stdout]    7:     0x574f4f2c0272 - std[70759c8f55707aa4]::panicking::panic_handler::{closure#0}
[INFO] [stdout]    8:     0x574f4f2b8639 - std[70759c8f55707aa4]::sys::backtrace::__rust_end_short_backtrace::<std[70759c8f55707aa4]::panicking::panic_handler::{closure#0}, !>
[INFO] [stdout]    9:     0x574f4f2c116d - __rustc[8fa7c3cbc660c2b3]::rust_begin_unwind
[INFO] [stdout]   10:     0x574f4f2fdb9c - core[df12db4294e9bfd3]::panicking::panic_fmt
[INFO] [stdout]   11:     0x574f4f2fd972 - core[df12db4294e9bfd3]::result::unwrap_failed
[INFO] [stdout]   12:     0x574f4f1a0218 - dns_geolocation_checker[8226da3c9f7d8836]::configs_parser::tests::test_new_with_path
[INFO] [stdout]   13:     0x574f4f1bf229 - <dns_geolocation_checker[8226da3c9f7d8836]::configs_parser::tests::test_new_with_path::{closure#0} as core[df12db4294e9bfd3]::ops::function::FnOnce<()>>::call_once
[INFO] [stdout]   14:     0x574f4f1ef6cb - test[9d35eded1c95d3be]::__rust_begin_short_backtrace::<core[df12db4294e9bfd3]::result::Result<(), alloc[2182bb758b4b3781]::string::String>, fn() -> core[df12db4294e9bfd3]::result::Result<(), alloc[2182bb758b4b3781]::string::String>>
[INFO] [stdout]   15:     0x574f4f1fcd35 - test[9d35eded1c95d3be]::run_test::{closure#0}
[INFO] [stdout]   16:     0x574f4f1f65f4 - std[70759c8f55707aa4]::sys::backtrace::__rust_begin_short_backtrace::<test[9d35eded1c95d3be]::run_test::{closure#1}, ()>
[INFO] [stdout]   17:     0x574f4f1ffe92 - <std[70759c8f55707aa4]::thread::lifecycle::spawn_unchecked<test[9d35eded1c95d3be]::run_test::{closure#1}, ()>::{closure#1} as core[df12db4294e9bfd3]::ops::function::FnOnce<()>>::call_once::{shim:vtable#0}
[INFO] [stdout]   18:     0x574f4f2e5819 - <std[70759c8f55707aa4]::sys::thread::unix::Thread>::new::thread_start
[INFO] [stdout]   19:     0x7819c90d7dfa - <unknown>
[INFO] [stdout]   20:     0x7819c916b3d4 - clone
[INFO] [stdout]   21:                0x0 - <unknown>
[INFO] [stdout] 
[INFO] [stdout] ---- dns_client::tests::test_resolve_with_subnet_valid stdout ----
[INFO] [stdout] 
[INFO] [stdout] thread 'dns_client::tests::test_resolve_with_subnet_valid' (1619) panicked at src/dns_client.rs:167:9:
[INFO] [stdout] assertion failed: result.is_ok()
[INFO] [stdout] stack backtrace:
[INFO] [stdout]    0:     0x574f4f2e6851 - <<std[70759c8f55707aa4]::sys::backtrace::BacktraceLock>::print::DisplayBacktrace as core[df12db4294e9bfd3]::fmt::Display>::fmt
[INFO] [stdout]    1:     0x574f4f2fd43a - core[df12db4294e9bfd3]::fmt::write
[INFO] [stdout]    2:     0x574f4f2eb8fc - <alloc[2182bb758b4b3781]::vec::Vec<u8> as core[df12db4294e9bfd3]::io::write::Write>::write_fmt
[INFO] [stdout]    3:     0x574f4f2c01c6 - std[70759c8f55707aa4]::panicking::default_hook::{closure#0}
[INFO] [stdout]    4:     0x574f4f2dda29 - std[70759c8f55707aa4]::panicking::default_hook
[INFO] [stdout]    5:     0x574f4f1fc3e0 - test[9d35eded1c95d3be]::test_main_inner::<test[9d35eded1c95d3be]::test_main_static::{closure#0}>::{closure#0}
[INFO] [stdout]    6:     0x574f4f2ddd52 - std[70759c8f55707aa4]::panicking::panic_with_hook
[INFO] [stdout]    7:     0x574f4f2c02a4 - std[70759c8f55707aa4]::panicking::panic_handler::{closure#0}
[INFO] [stdout]    8:     0x574f4f2b8639 - std[70759c8f55707aa4]::sys::backtrace::__rust_end_short_backtrace::<std[70759c8f55707aa4]::panicking::panic_handler::{closure#0}, !>
[INFO] [stdout]    9:     0x574f4f2c116d - __rustc[8fa7c3cbc660c2b3]::rust_begin_unwind
[INFO] [stdout]   10:     0x574f4f2fdb9c - core[df12db4294e9bfd3]::panicking::panic_fmt
[INFO] [stdout]   11:     0x574f4f2fdb62 - core[df12db4294e9bfd3]::panicking::panic
[INFO] [stdout]   12:     0x574f4f1bae66 - dns_geolocation_checker[8226da3c9f7d8836]::dns_client::tests::test_resolve_with_subnet_valid::{closure#0}
[INFO] [stdout]   13:     0x574f4f1bcfb3 - <tokio[951bc22f25d9797c]::runtime::scheduler::current_thread::Context>::enter::<core[df12db4294e9bfd3]::task::poll::Poll<()>, <tokio[951bc22f25d9797c]::runtime::scheduler::current_thread::CoreGuard>::block_on<core[df12db4294e9bfd3]::pin::Pin<&mut core[df12db4294e9bfd3]::pin::Pin<&mut dyn core[df12db4294e9bfd3]::future::future::Future<Output = ()>>>>::{closure#0}::{closure#0}>
[INFO] [stdout]   14:     0x574f4f1a1972 - <tokio[951bc22f25d9797c]::runtime::context::scoped::Scoped<tokio[951bc22f25d9797c]::runtime::scheduler::Context>>::set::<<tokio[951bc22f25d9797c]::runtime::scheduler::current_thread::CoreGuard>::enter<<tokio[951bc22f25d9797c]::runtime::scheduler::current_thread::CoreGuard>::block_on<core[df12db4294e9bfd3]::pin::Pin<&mut core[df12db4294e9bfd3]::pin::Pin<&mut dyn core[df12db4294e9bfd3]::future::future::Future<Output = ()>>>>::{closure#0}, core[df12db4294e9bfd3]::option::Option<()>>::{closure#0}, (alloc[2182bb758b4b3781]::boxed::Box<tokio[951bc22f25d9797c]::runtime::scheduler::current_thread::Core>, core[df12db4294e9bfd3]::option::Option<()>)>
[INFO] [stdout]   15:     0x574f4f1bd307 - <tokio[951bc22f25d9797c]::runtime::scheduler::current_thread::CoreGuard>::block_on::<core[df12db4294e9bfd3]::pin::Pin<&mut core[df12db4294e9bfd3]::pin::Pin<&mut dyn core[df12db4294e9bfd3]::future::future::Future<Output = ()>>>>
[INFO] [stdout]   16:     0x574f4f1b14f5 - tokio[951bc22f25d9797c]::runtime::context::runtime::enter_runtime::<<tokio[951bc22f25d9797c]::runtime::scheduler::current_thread::CurrentThread>::block_on<core[df12db4294e9bfd3]::pin::Pin<&mut dyn core[df12db4294e9bfd3]::future::future::Future<Output = ()>>>::{closure#0}, ()>
[INFO] [stdout]   17:     0x574f4f1b026e - <tokio[951bc22f25d9797c]::runtime::runtime::Runtime>::block_on::<core[df12db4294e9bfd3]::pin::Pin<&mut dyn core[df12db4294e9bfd3]::future::future::Future<Output = ()>>>
[INFO] [stdout]   18:     0x574f4f1bb66b - dns_geolocation_checker[8226da3c9f7d8836]::dns_client::tests::test_resolve_with_subnet_valid
[INFO] [stdout]   19:     0x574f4f1bf1a9 - <dns_geolocation_checker[8226da3c9f7d8836]::dns_client::tests::test_resolve_with_subnet_valid::{closure#0} as core[df12db4294e9bfd3]::ops::function::FnOnce<()>>::call_once
[INFO] [stdout]   20:     0x574f4f1ef6cb - test[9d35eded1c95d3be]::__rust_begin_short_backtrace::<core[df12db4294e9bfd3]::result::Result<(), alloc[2182bb758b4b3781]::string::String>, fn() -> core[df12db4294e9bfd3]::result::Result<(), alloc[2182bb758b4b3781]::string::String>>
[INFO] [stdout]   21:     0x574f4f1fcd35 - test[9d35eded1c95d3be]::run_test::{closure#0}
[INFO] [stdout]   22:     0x574f4f1f65f4 - std[70759c8f55707aa4]::sys::backtrace::__rust_begin_short_backtrace::<test[9d35eded1c95d3be]::run_test::{closure#1}, ()>
[INFO] [stdout]   23:     0x574f4f1ffe92 - <std[70759c8f55707aa4]::thread::lifecycle::spawn_unchecked<test[9d35eded1c95d3be]::run_test::{closure#1}, ()>::{closure#1} as core[df12db4294e9bfd3]::ops::function::FnOnce<()>>::call_once::{shim:vtable#0}
[INFO] [stdout]   24:     0x574f4f2e5819 - <std[70759c8f55707aa4]::sys::thread::unix::Thread>::new::thread_start
[INFO] [stdout]   25:     0x7819c90d7dfa - <unknown>
[INFO] [stdout]   26:     0x7819c916b3d4 - clone
[INFO] [stdout]   27:                0x0 - <unknown>
[INFO] [stdout] 
[INFO] [stdout] 
[INFO] [stdout] failures:
[INFO] [stdout]     configs_parser::tests::test_new_with_path
[INFO] [stdout]     dns_client::tests::test_resolve_with_subnet_valid
[INFO] [stdout] 
[INFO] [stdout] test result: FAILED. 13 passed; 2 failed; 0 ignored; 0 measured; 0 filtered out; finished in 0.01s
[INFO] [stdout] 
[INFO] [stderr] error: test failed, to rerun pass `--lib`
[INFO] running `Command { std: "docker" "inspect" "d2cc8d2ab4d3ed269dbf6b1e665c4930d2f6fb5119ce60b2d8f24bfd47db30b8", kill_on_drop: false }`
[INFO] running `Command { std: "docker" "rm" "-f" "d2cc8d2ab4d3ed269dbf6b1e665c4930d2f6fb5119ce60b2d8f24bfd47db30b8", kill_on_drop: false }`
[INFO] [stdout] d2cc8d2ab4d3ed269dbf6b1e665c4930d2f6fb5119ce60b2d8f24bfd47db30b8
