[INFO] fetching crate dns-edit 0.2.2...
[INFO] testing dns-edit-0.2.2 against 1.99.0-beta.8+cargoflags=--release for beta-release-1.100-2
[INFO] extracting crate dns-edit 0.2.2 into /workspace/builds/worker-1-tc1/source
[INFO] started tweaking crates.io crate dns-edit 0.2.2
[INFO] finished tweaking crates.io crate dns-edit 0.2.2
[INFO] tweaked toml for crates.io crate dns-edit 0.2.2 written to /workspace/builds/worker-1-tc1/source/Cargo.toml
[INFO] validating manifest of crates.io crate dns-edit 0.2.2 on toolchain 1.99.0-beta.8
[INFO] running `Command { std: CARGO_HOME="/workspace/cargo-home" RUSTUP_HOME="/workspace/rustup-home" "/workspace/cargo-home/bin/cargo" "+1.99.0-beta.8" "metadata" "--manifest-path" "Cargo.toml" "--no-deps", kill_on_drop: false }`
[INFO] crate crates.io crate dns-edit 0.2.2 already has a lockfile, it will not be regenerated
[INFO] running `Command { std: CARGO_HOME="/workspace/cargo-home" RUSTUP_HOME="/workspace/rustup-home" "/workspace/cargo-home/bin/cargo" "+1.99.0-beta.8" "fetch" "--manifest-path" "Cargo.toml", kill_on_drop: false }`
[INFO] [stderr]     Updating crates.io index
[INFO] [stderr]  Downloading crates ...
[INFO] [stderr]   Downloaded tracing-test-macro v0.2.5
[INFO] [stderr]   Downloaded trait-variant v0.1.2
[INFO] [stderr]   Downloaded tokio-rustls v0.26.3
[INFO] [stderr]   Downloaded tracing-test v0.2.5
[INFO] [stderr]   Downloaded macro_rules_attribute-proc_macro v0.2.2
[INFO] [stderr]   Downloaded test-log v0.2.18
[INFO] [stderr]   Downloaded smol-hyper v0.1.1
[INFO] [stderr]   Downloaded smol-macros v0.1.1
[INFO] [stderr]   Downloaded random-string v1.1.0
[INFO] [stderr]   Downloaded test-log-macros v0.2.18
[INFO] [stderr]   Downloaded macro_rules_attribute v0.2.2
[INFO] [stderr]   Downloaded async-process v2.4.0
[INFO] [stderr]   Downloaded async-signal v0.2.12
[INFO] [stderr]   Downloaded async-fs v2.1.3
[INFO] [stderr]   Downloaded thiserror-impl v2.0.16
[INFO] [stderr]   Downloaded async-executor v1.13.3
[INFO] [stderr]   Downloaded async-net v2.0.0
[INFO] [stderr]   Downloaded futures-rustls v0.26.0
[INFO] [stderr]   Downloaded thiserror v2.0.16
[INFO] [stderr]   Downloaded serde v1.0.226
[INFO] [stderr]   Downloaded cmake v0.1.54
[INFO] [stderr]   Downloaded async-io v2.5.0
[INFO] [stderr]   Downloaded serde_derive v1.0.226
[INFO] [stderr]   Downloaded polling v3.10.0
[INFO] [stderr]   Downloaded serde_core v1.0.226
[INFO] [stderr]   Downloaded rustls-webpki v0.103.6
[INFO] [stderr]   Downloaded cc v1.2.38
[INFO] [stderr]   Downloaded webpki-roots v1.0.2
[INFO] [stderr]   Downloaded aws-lc-rs v1.14.0
[INFO] [stderr]   Downloaded smol v2.0.2
[INFO] [stderr]   Downloaded aws-lc-sys v0.31.0
[INFO] running `Command { std: "docker" "create" "-v" "/var/lib/crater-agent-workspace/builds/worker-1-tc1/source:/opt/rustwide/workdir:ro,Z" "-v" "/var/lib/crater-agent-workspace/builds/worker-1-tc1/target:/opt/rustwide/target:rw,Z" "-v" "/var/lib/crater-agent-workspace/cargo-home:/opt/rustwide/cargo-home:ro,Z" "-v" "/var/lib/crater-agent-workspace/rustup-home:/opt/rustwide/rustup-home:ro,Z" "-m" "1610612736" "--network" "none" "ghcr.io/rust-lang/crates-build-env/linux@sha256:77db811e55d90add9212f6832c23229e3de5f1c1f9905e8cb07319ea15df73ac" "sleep" "infinity", kill_on_drop: false }`
[INFO] [stdout] bf8eca28e28662511eb3eb619d22b5d0685606245dfd1b95c0b995adb1ae5a79
[INFO] running `Command { std: "docker" "start" "bf8eca28e28662511eb3eb619d22b5d0685606245dfd1b95c0b995adb1ae5a79", kill_on_drop: false }`
[INFO] running `Command { std: "docker" "inspect" "bf8eca28e28662511eb3eb619d22b5d0685606245dfd1b95c0b995adb1ae5a79", kill_on_drop: false }`
[INFO] running `Command { std: "docker" "exec" "-e" "SOURCE_DIR=/opt/rustwide/workdir" "-e" "CARGO_HOME=/opt/rustwide/cargo-home" "-e" "RUSTUP_HOME=/opt/rustwide/rustup-home" "-e" "CARGO_TARGET_DIR=/opt/rustwide/target" "-w" "/opt/rustwide/workdir" "--user" "0:0" "bf8eca28e28662511eb3eb619d22b5d0685606245dfd1b95c0b995adb1ae5a79" "/opt/rustwide/cargo-home/bin/cargo" "+1.99.0-beta.8" "metadata" "--no-deps" "--format-version=1", kill_on_drop: false }`
[INFO] running `Command { std: "docker" "inspect" "bf8eca28e28662511eb3eb619d22b5d0685606245dfd1b95c0b995adb1ae5a79", kill_on_drop: false }`
[INFO] running `Command { std: "docker" "exec" "-e" "SOURCE_DIR=/opt/rustwide/workdir" "-e" "CARGO_HOME=/opt/rustwide/cargo-home" "-e" "RUSTUP_HOME=/opt/rustwide/rustup-home" "-e" "CARGO_TARGET_DIR=/opt/rustwide/target" "-e" "CARGO_INCREMENTAL=0" "-e" "RUST_BACKTRACE=full" "-e" "RUSTFLAGS=--cap-lints=warn" "-e" "RUSTDOCFLAGS=--cap-lints=warn" "-w" "/opt/rustwide/workdir" "--user" "0:0" "bf8eca28e28662511eb3eb619d22b5d0685606245dfd1b95c0b995adb1ae5a79" "/opt/rustwide/cargo-home/bin/cargo" "+1.99.0-beta.8" "build" "--frozen" "--message-format=json" "--release", kill_on_drop: false }`
[INFO] [stderr]    Compiling libc v0.2.175
[INFO] [stderr]    Compiling crossbeam-utils v0.8.21
[INFO] [stderr]    Compiling proc-macro2 v1.0.101
[INFO] [stderr]    Compiling unicode-ident v1.0.19
[INFO] [stderr]    Compiling futures-io v0.3.31
[INFO] [stderr]    Compiling find-msvc-tools v0.1.2
[INFO] [stderr]    Compiling dunce v1.0.5
[INFO] [stderr]    Compiling rustix v1.1.2
[INFO] [stderr]    Compiling fs_extra v1.3.0
[INFO] [stderr]    Compiling bitflags v2.9.4
[INFO] [stderr]    Compiling linux-raw-sys v0.11.0
[INFO] [stderr]    Compiling async-task v4.7.1
[INFO] [stderr]    Compiling cfg-if v1.0.3
[INFO] [stderr]    Compiling aws-lc-rs v1.14.0
[INFO] [stderr]    Compiling zeroize v1.8.1
[INFO] [stderr]    Compiling http v1.3.1
[INFO] [stderr]    Compiling tracing-core v0.1.34
[INFO] [stderr]    Compiling serde_core v1.0.226
[INFO] [stderr]    Compiling tokio v1.47.1
[INFO] [stderr]    Compiling hashbrown v0.16.0
[INFO] [stderr]    Compiling futures-lite v2.6.1
[INFO] [stderr]    Compiling piper v0.2.4
[INFO] [stderr]    Compiling rustls-pki-types v1.12.0
[INFO] [stderr]    Compiling num-traits v0.2.19
[INFO] [stderr]    Compiling rustls v0.23.32
[INFO] [stderr]    Compiling log v0.4.28
[INFO] [stderr]    Compiling serde v1.0.226
[INFO] [stderr]    Compiling thiserror v2.0.16
[INFO] [stderr]    Compiling serde_json v1.0.145
[INFO] [stderr]    Compiling smallvec v1.15.1
[INFO] [stderr]    Compiling memchr v2.7.5
[INFO] [stderr]    Compiling concurrent-queue v2.5.0
[INFO] [stderr]    Compiling quote v1.0.40
[INFO] [stderr]    Compiling event-listener v5.4.1
[INFO] [stderr]    Compiling jobserver v0.1.34
[INFO] [stderr]    Compiling tracing-log v0.2.0
[INFO] [stderr]    Compiling syn v2.0.106
[INFO] [stderr]    Compiling indexmap v2.11.4
[INFO] [stderr]    Compiling signal-hook-registry v1.4.6
[INFO] [stderr]    Compiling event-listener-strategy v0.5.4
[INFO] [stderr]    Compiling webpki-roots v1.0.2
[INFO] [stderr]    Compiling async-lock v3.4.1
[INFO] [stderr]    Compiling async-channel v2.5.0
[INFO] [stderr]    Compiling cc v1.2.38
[INFO] [stderr]    Compiling blocking v1.6.2
[INFO] [stderr]    Compiling async-executor v1.13.3
[INFO] [stderr]    Compiling async-fs v2.1.3
[INFO] [stderr]    Compiling http-body v1.0.1
[INFO] [stderr]    Compiling http-body-util v0.1.3
[INFO] [stderr]    Compiling cmake v0.1.54
[INFO] [stderr]    Compiling aws-lc-sys v0.31.0
[INFO] [stderr]    Compiling tokio-util v0.7.16
[INFO] [stderr]    Compiling polling v3.10.0
[INFO] [stderr]    Compiling async-io v2.5.0
[INFO] [stderr]    Compiling async-signal v0.2.12
[INFO] [stderr]    Compiling async-net v2.0.0
[INFO] [stderr]    Compiling async-process v2.4.0
[INFO] [stderr]    Compiling smol v2.0.2
[INFO] [stderr]    Compiling tracing-attributes v0.1.30
[INFO] [stderr]    Compiling serde_derive v1.0.226
[INFO] [stderr]    Compiling thiserror-impl v2.0.16
[INFO] [stderr]    Compiling trait-variant v0.1.2
[INFO] [stderr]    Compiling tracing v0.1.41
[INFO] [stderr]    Compiling h2 v0.4.12
[INFO] [stderr]    Compiling chrono v0.4.42
[INFO] [stderr]    Compiling hyper v1.7.0
[INFO] [stderr]    Compiling smol-hyper v0.1.1
[INFO] [stderr]    Compiling rustls-webpki v0.103.6
[INFO] [stderr]    Compiling futures-rustls v0.26.0
[INFO] [stderr]    Compiling dns-edit v0.2.2 (/opt/rustwide/workdir)
[INFO] [stderr]     Finished `release` profile [optimized] target(s) in 1m 33s
[INFO] running `Command { std: "docker" "inspect" "bf8eca28e28662511eb3eb619d22b5d0685606245dfd1b95c0b995adb1ae5a79", kill_on_drop: false }`
[INFO] running `Command { std: "docker" "exec" "-e" "SOURCE_DIR=/opt/rustwide/workdir" "-e" "CARGO_HOME=/opt/rustwide/cargo-home" "-e" "RUSTUP_HOME=/opt/rustwide/rustup-home" "-e" "CARGO_TARGET_DIR=/opt/rustwide/target" "-e" "CARGO_INCREMENTAL=0" "-e" "RUST_BACKTRACE=full" "-e" "RUSTFLAGS=--cap-lints=warn" "-e" "RUSTDOCFLAGS=--cap-lints=warn" "-w" "/opt/rustwide/workdir" "--user" "0:0" "bf8eca28e28662511eb3eb619d22b5d0685606245dfd1b95c0b995adb1ae5a79" "/opt/rustwide/cargo-home/bin/cargo" "+1.99.0-beta.8" "test" "--frozen" "--no-run" "--message-format=json" "--release", kill_on_drop: false }`
[INFO] [stderr]    Compiling regex-syntax v0.8.6
[INFO] [stderr]    Compiling thread_local v1.1.9
[INFO] [stderr]    Compiling sharded-slab v0.1.7
[INFO] [stderr]    Compiling nu-ansi-term v0.50.1
[INFO] [stderr]    Compiling anstream v0.6.20
[INFO] [stderr]    Compiling env_filter v0.1.3
[INFO] [stderr]    Compiling test-log-macros v0.2.18
[INFO] [stderr]    Compiling tracing-test-macro v0.2.5
[INFO] [stderr]    Compiling fastrand v1.9.0
[INFO] [stderr]    Compiling macro_rules_attribute-proc_macro v0.2.2
[INFO] [stderr]    Compiling smol-macros v0.1.1
[INFO] [stderr]    Compiling random-string v1.1.0
[INFO] [stderr]    Compiling macro_rules_attribute v0.2.2
[INFO] [stderr]    Compiling env_logger v0.11.8
[INFO] [stderr]    Compiling regex-automata v0.4.10
[INFO] [stderr]    Compiling matchers v0.2.0
[INFO] [stderr]    Compiling tracing-subscriber v0.3.20
[INFO] [stderr]    Compiling tracing-test v0.2.5
[INFO] [stderr]    Compiling test-log v0.2.18
[INFO] [stderr]    Compiling dns-edit v0.2.2 (/opt/rustwide/workdir)
[INFO] [stderr]     Finished `release` profile [optimized] target(s) in 25.23s
[INFO] running `Command { std: "docker" "inspect" "bf8eca28e28662511eb3eb619d22b5d0685606245dfd1b95c0b995adb1ae5a79", kill_on_drop: false }`
[INFO] running `Command { std: "docker" "exec" "-e" "SOURCE_DIR=/opt/rustwide/workdir" "-e" "CARGO_HOME=/opt/rustwide/cargo-home" "-e" "RUSTUP_HOME=/opt/rustwide/rustup-home" "-e" "CARGO_TARGET_DIR=/opt/rustwide/target" "-e" "CARGO_INCREMENTAL=0" "-e" "RUST_BACKTRACE=full" "-e" "RUSTFLAGS=--cap-lints=warn" "-e" "RUSTDOCFLAGS=--cap-lints=warn" "-w" "/opt/rustwide/workdir" "--user" "0:0" "bf8eca28e28662511eb3eb619d22b5d0685606245dfd1b95c0b995adb1ae5a79" "/opt/rustwide/cargo-home/bin/cargo" "+1.99.0-beta.8" "test" "--frozen" "--release", kill_on_drop: false }`
[INFO] [stderr]     Finished `release` profile [optimized] target(s) in 0.14s
[INFO] [stderr]      Running unittests src/lib.rs (/opt/rustwide/target/release/deps/dns_edit-404bd9768eaa234d)
[INFO] [stdout] 
[INFO] [stdout] running 7 tests
[INFO] [stdout] test dnsimple::tests::smol::smol_create_update ... ignored, DnSimple API test
[INFO] [stdout] test dnsimple::tests::smol::smol_id_fetch ... ignored, DnSimple API test
[INFO] [stdout] test gandi::tests::smol::smol_create_update ... ignored, Gandi API test
[INFO] [stdout] test http::tests::smol_tests::smol_post ... FAILED
[INFO] [stdout] test http::tests::smol_tests::smol_put ... FAILED
[INFO] [stdout] test http::tests::smol_tests::smol_get ... FAILED
[INFO] [stderr] error: test failed, to rerun pass `--lib`
[INFO] [stdout] test http::tests::smol_tests::smol_get_418 ... FAILED
[INFO] [stdout] 
[INFO] [stdout] failures:
[INFO] [stdout] 
[INFO] [stdout] ---- http::tests::smol_tests::smol_post stdout ----
[INFO] [stdout] Error: IoError(Custom { kind: Uncategorized, error: "failed to lookup address information: Temporary failure in name resolution" })
[INFO] [stdout] 
[INFO] [stdout] ---- http::tests::smol_tests::smol_put stdout ----
[INFO] [stdout] Error: IoError(Custom { kind: Uncategorized, error: "failed to lookup address information: Temporary failure in name resolution" })
[INFO] [stdout] 
[INFO] [stdout] ---- http::tests::smol_tests::smol_get stdout ----
[INFO] [stdout] Error: IoError(Custom { kind: Uncategorized, error: "failed to lookup address information: Temporary failure in name resolution" })
[INFO] [stdout] 
[INFO] [stdout] ---- http::tests::smol_tests::smol_get_418 stdout ----
[INFO] [stdout] 
[INFO] [stdout] thread 'http::tests::smol_tests::smol_get_418' (2951) panicked at src/http.rs:236:13:
[INFO] [stdout] Expected error: Err(IoError(Custom { kind: Uncategorized, error: "failed to lookup address information: Temporary failure in name resolution" }))
[INFO] [stdout] stack backtrace:
[INFO] [stdout]    0:     0x5c7960045b61 - <<std[70759c8f55707aa4]::sys::backtrace::BacktraceLock>::print::DisplayBacktrace as core[df12db4294e9bfd3]::fmt::Display>::fmt
[INFO] [stdout]    1:     0x5c796005cd1a - core[df12db4294e9bfd3]::fmt::write
[INFO] [stdout]    2:     0x5c796004a5cc - <alloc[2182bb758b4b3781]::vec::Vec<u8> as core[df12db4294e9bfd3]::io::write::Write>::write_fmt
[INFO] [stdout]    3:     0x5c7960021156 - std[70759c8f55707aa4]::panicking::default_hook::{closure#0}
[INFO] [stdout]    4:     0x5c796003db29 - std[70759c8f55707aa4]::panicking::default_hook
[INFO] [stdout]    5:     0x5c795fc787e0 - test[9d35eded1c95d3be]::test_main_inner::<test[9d35eded1c95d3be]::test_main_static::{closure#0}>::{closure#0}
[INFO] [stdout]    6:     0x5c796003de52 - std[70759c8f55707aa4]::panicking::panic_with_hook
[INFO] [stdout]    7:     0x5c7960021202 - std[70759c8f55707aa4]::panicking::panic_handler::{closure#0}
[INFO] [stdout]    8:     0x5c7960019ea9 - std[70759c8f55707aa4]::sys::backtrace::__rust_end_short_backtrace::<std[70759c8f55707aa4]::panicking::panic_handler::{closure#0}, !>
[INFO] [stdout]    9:     0x5c7960021fed - __rustc[8fa7c3cbc660c2b3]::rust_begin_unwind
[INFO] [stdout]   10:     0x5c796005d4fc - core[df12db4294e9bfd3]::panicking::panic_fmt
[INFO] [stdout]   11:     0x5c795fbeb431 - <std[70759c8f55707aa4]::thread::local::LocalKey<core[df12db4294e9bfd3]::cell::RefCell<(parking[bb0b0b8fa49f1c1a]::Parker, core[df12db4294e9bfd3]::task::wake::Waker, alloc[2182bb758b4b3781]::sync::Arc<core[df12db4294e9bfd3]::sync::atomic::Atomic<bool>>)>>>::with::<async_io[d175c1af6211c095]::driver::block_on<core[df12db4294e9bfd3]::result::Result<(), dns_edit[200779e0685d537e]::errors::Error>, dns_edit[200779e0685d537e]::http::tests::smol_tests::smol_get_418::{closure#1}>::{closure#1}, core[df12db4294e9bfd3]::result::Result<(), dns_edit[200779e0685d537e]::errors::Error>>
[INFO] [stdout]   12:     0x5c795fc37a2b - dns_edit[200779e0685d537e]::http::tests::smol_tests::smol_get_418
[INFO] [stdout]   13:     0x5c795fc245b4 - <dns_edit[200779e0685d537e]::http::tests::smol_tests::smol_get_418::{closure#0} as core[df12db4294e9bfd3]::ops::function::FnOnce<()>>::call_once
[INFO] [stdout]   14:     0x5c795fc6bacb - test[9d35eded1c95d3be]::__rust_begin_short_backtrace::<core[df12db4294e9bfd3]::result::Result<(), alloc[2182bb758b4b3781]::string::String>, fn() -> core[df12db4294e9bfd3]::result::Result<(), alloc[2182bb758b4b3781]::string::String>>
[INFO] [stdout]   15:     0x5c795fc79135 - test[9d35eded1c95d3be]::run_test::{closure#0}
[INFO] [stdout]   16:     0x5c795fc729f4 - std[70759c8f55707aa4]::sys::backtrace::__rust_begin_short_backtrace::<test[9d35eded1c95d3be]::run_test::{closure#1}, ()>
[INFO] [stdout]   17:     0x5c795fc7c292 - <std[70759c8f55707aa4]::thread::lifecycle::spawn_unchecked<test[9d35eded1c95d3be]::run_test::{closure#1}, ()>::{closure#1} as core[df12db4294e9bfd3]::ops::function::FnOnce<()>>::call_once::{shim:vtable#0}
[INFO] [stdout]   18:     0x5c7960045089 - <std[70759c8f55707aa4]::sys::thread::unix::Thread>::new::thread_start
[INFO] [stdout]   19:     0x7e57c8400dfa - <unknown>
[INFO] [stdout]   20:     0x7e57c84943d4 - clone
[INFO] [stdout]   21:                0x0 - <unknown>
[INFO] [stdout] 
[INFO] [stdout] 
[INFO] [stdout] failures:
[INFO] [stdout]     http::tests::smol_tests::smol_get
[INFO] [stdout]     http::tests::smol_tests::smol_get_418
[INFO] [stdout]     http::tests::smol_tests::smol_post
[INFO] [stdout]     http::tests::smol_tests::smol_put
[INFO] [stdout] 
[INFO] [stdout] test result: FAILED. 0 passed; 4 failed; 3 ignored; 0 measured; 0 filtered out; finished in 0.01s
[INFO] [stdout] 
[INFO] running `Command { std: "docker" "inspect" "bf8eca28e28662511eb3eb619d22b5d0685606245dfd1b95c0b995adb1ae5a79", kill_on_drop: false }`
[INFO] running `Command { std: "docker" "rm" "-f" "bf8eca28e28662511eb3eb619d22b5d0685606245dfd1b95c0b995adb1ae5a79", kill_on_drop: false }`
[INFO] [stdout] bf8eca28e28662511eb3eb619d22b5d0685606245dfd1b95c0b995adb1ae5a79
